[INFO] cloning repository https://github.com/firstbench-inc/crawle-rs
[INFO] running `Command { std: "git" "-c" "credential.helper=" "-c" "credential.helper=/workspace/cargo-home/bin/git-credential-null" "clone" "--bare" "https://github.com/firstbench-inc/crawle-rs" "/workspace/cache/git-repos/https%3A%2F%2Fgithub.com%2Ffirstbench-inc%2Fcrawle-rs", kill_on_drop: false }`
[INFO] [stderr] Cloning into bare repository '/workspace/cache/git-repos/https%3A%2F%2Fgithub.com%2Ffirstbench-inc%2Fcrawle-rs'...
[INFO] running `Command { std: "git" "rev-parse" "HEAD", kill_on_drop: false }`
[INFO] [stdout] 0ec444737cefd3a8ba6d3b4b27213897cf95c166
[INFO] testing firstbench-inc/crawle-rs against nightly-2025-01-18 for randomize-layout-2
[INFO] running `Command { std: "git" "clone" "/workspace/cache/git-repos/https%3A%2F%2Fgithub.com%2Ffirstbench-inc%2Fcrawle-rs" "/workspace/builds/worker-4-tc1/source", kill_on_drop: false }`
[INFO] [stderr] Cloning into '/workspace/builds/worker-4-tc1/source'...
[INFO] [stderr] done.
[INFO] validating manifest of git repo https://github.com/firstbench-inc/crawle-rs on toolchain nightly-2025-01-18
[INFO] running `Command { std: CARGO_HOME="/workspace/cargo-home" RUSTUP_HOME="/workspace/rustup-home" "/workspace/cargo-home/bin/cargo" "+nightly-2025-01-18" "metadata" "--manifest-path" "Cargo.toml" "--no-deps", kill_on_drop: false }`
[INFO] started tweaking git repo https://github.com/firstbench-inc/crawle-rs
[INFO] finished tweaking git repo https://github.com/firstbench-inc/crawle-rs
[INFO] tweaked toml for git repo https://github.com/firstbench-inc/crawle-rs written to /workspace/builds/worker-4-tc1/source/Cargo.toml
[INFO] crate git repo https://github.com/firstbench-inc/crawle-rs already has a lockfile, it will not be regenerated
[INFO] running `Command { std: CARGO_HOME="/workspace/cargo-home" RUSTUP_HOME="/workspace/rustup-home" "/workspace/cargo-home/bin/cargo" "+nightly-2025-01-18" "fetch" "--manifest-path" "Cargo.toml", kill_on_drop: false }`
[INFO] [stderr]     Blocking waiting for file lock on package cache
[INFO] [stderr]     Updating crates.io index
[INFO] [stderr]  Downloading crates ...
[INFO] [stderr]   Downloaded sha1_smol v1.0.1
[INFO] [stderr]   Downloaded deadpool v0.10.0
[INFO] [stderr]   Downloaded dtoa-short v0.3.5
[INFO] [stderr]   Downloaded ppv-lite86 v0.2.18
[INFO] [stderr]   Downloaded fastbloom v0.7.1
[INFO] [stderr]   Downloaded bytes v1.7.0
[INFO] [stderr]   Downloaded wide v0.7.26
[INFO] [stderr]   Downloaded zerocopy v0.6.6
[INFO] [stderr]   Downloaded xml5ever v0.18.1
[INFO] [stderr]   Downloaded serde_json v1.0.121
[INFO] [stderr]   Downloaded markup5ever_rcdom v0.3.0
[INFO] [stderr]   Downloaded deadpool-runtime v0.1.4
[INFO] [stderr]   Downloaded wiremock v0.6.1
[INFO] [stderr]   Downloaded redis v0.25.4
[INFO] [stderr]   Downloaded lol_html v1.2.1
[INFO] [stderr]   Downloaded zerocopy-derive v0.6.6
[INFO] running `Command { std: "docker" "create" "-v" "/var/lib/crater-agent-workspace/builds/worker-4-tc1/target:/opt/rustwide/target:rw,Z" "-v" "/var/lib/crater-agent-workspace/builds/worker-4-tc1/source:/opt/rustwide/workdir:ro,Z" "-v" "/var/lib/crater-agent-workspace/cargo-home:/opt/rustwide/cargo-home:ro,Z" "-v" "/var/lib/crater-agent-workspace/rustup-home:/opt/rustwide/rustup-home:ro,Z" "-e" "SOURCE_DIR=/opt/rustwide/workdir" "-e" "CARGO_TARGET_DIR=/opt/rustwide/target" "-e" "CARGO_HOME=/opt/rustwide/cargo-home" "-e" "RUSTUP_HOME=/opt/rustwide/rustup-home" "-w" "/opt/rustwide/workdir" "-m" "1610612736" "--user" "0:0" "--network" "none" "ghcr.io/rust-lang/crates-build-env/linux@sha256:819108c5571ea2e421544af4d832f968d213c87fbe3707a016657f43d2f853bc" "/opt/rustwide/cargo-home/bin/cargo" "+nightly-2025-01-18" "metadata" "--no-deps" "--format-version=1", kill_on_drop: false }`
[INFO] [stdout] fc0560451263c58c12ea0250dbc81c47edd20cf5a9bcdf029bd8d8e04b38faf0
[INFO] running `Command { std: "docker" "start" "-a" "fc0560451263c58c12ea0250dbc81c47edd20cf5a9bcdf029bd8d8e04b38faf0", kill_on_drop: false }`
[INFO] running `Command { std: "docker" "inspect" "fc0560451263c58c12ea0250dbc81c47edd20cf5a9bcdf029bd8d8e04b38faf0", kill_on_drop: false }`
[INFO] running `Command { std: "docker" "rm" "-f" "fc0560451263c58c12ea0250dbc81c47edd20cf5a9bcdf029bd8d8e04b38faf0", kill_on_drop: false }`
[INFO] [stdout] fc0560451263c58c12ea0250dbc81c47edd20cf5a9bcdf029bd8d8e04b38faf0
[INFO] running `Command { std: "docker" "create" "-v" "/var/lib/crater-agent-workspace/builds/worker-4-tc1/target:/opt/rustwide/target:rw,Z" "-v" "/var/lib/crater-agent-workspace/builds/worker-4-tc1/source:/opt/rustwide/workdir:ro,Z" "-v" "/var/lib/crater-agent-workspace/cargo-home:/opt/rustwide/cargo-home:ro,Z" "-v" "/var/lib/crater-agent-workspace/rustup-home:/opt/rustwide/rustup-home:ro,Z" "-e" "SOURCE_DIR=/opt/rustwide/workdir" "-e" "CARGO_TARGET_DIR=/opt/rustwide/target" "-e" "CARGO_INCREMENTAL=0" "-e" "RUST_BACKTRACE=full" "-e" "RUSTFLAGS=--cap-lints=forbid" "-e" "RUSTDOCFLAGS=--cap-lints=forbid" "-e" "CARGO_HOME=/opt/rustwide/cargo-home" "-e" "RUSTUP_HOME=/opt/rustwide/rustup-home" "-w" "/opt/rustwide/workdir" "-m" "1610612736" "--user" "0:0" "--network" "none" "ghcr.io/rust-lang/crates-build-env/linux@sha256:819108c5571ea2e421544af4d832f968d213c87fbe3707a016657f43d2f853bc" "/opt/rustwide/cargo-home/bin/cargo" "+nightly-2025-01-18" "build" "--frozen" "--message-format=json", kill_on_drop: false }`
[INFO] [stdout] b0879f78d3c5b4e40c1f2373ac7145d611f690005e8a0fe57a00e1e0851e10c3
[INFO] running `Command { std: "docker" "start" "-a" "b0879f78d3c5b4e40c1f2373ac7145d611f690005e8a0fe57a00e1e0851e10c3", kill_on_drop: false }`
[INFO] [stderr]    Compiling libc v0.2.155
[INFO] [stderr]    Compiling smallvec v1.13.2
[INFO] [stderr]    Compiling bytes v1.7.0
[INFO] [stderr]    Compiling getrandom v0.1.16
[INFO] [stderr]    Compiling futures-io v0.3.30
[INFO] [stderr]    Compiling serde v1.0.204
[INFO] [stderr]    Compiling log v0.4.22
[INFO] [stderr]    Compiling quote v1.0.36
[INFO] [stderr]    Compiling futures-channel v0.3.30
[INFO] [stderr]    Compiling vcpkg v0.2.15
[INFO] [stderr]    Compiling cc v1.1.7
[INFO] [stderr]    Compiling mio v1.0.1
[INFO] [stderr]    Compiling phf_shared v0.8.0
[INFO] [stderr]    Compiling syn v1.0.109
[INFO] [stderr]    Compiling phf_shared v0.11.2
[INFO] [stderr]    Compiling tracing-core v0.1.32
[INFO] [stderr]    Compiling proc-macro-hack v0.5.20+deprecated
[INFO] [stderr]    Compiling indexmap v2.3.0
[INFO] [stderr]    Compiling foreign-types-shared v0.1.1
[INFO] [stderr]    Compiling parking_lot_core v0.9.10
[INFO] [stderr]    Compiling openssl v0.10.66
[INFO] [stderr]    Compiling atomic-waker v1.1.2
[INFO] [stderr]    Compiling try-lock v0.2.5
[INFO] [stderr]    Compiling foreign-types v0.3.2
[INFO] [stderr]    Compiling syn v2.0.72
[INFO] [stderr]    Compiling tracing v0.1.40
[INFO] [stderr]    Compiling want v0.3.1
[INFO] [stderr]    Compiling serde_json v1.0.121
[INFO] [stderr]    Compiling parking_lot v0.12.3
[INFO] [stderr]    Compiling tower-layer v0.3.2
[INFO] [stderr]    Compiling native-tls v0.2.12
[INFO] [stderr]    Compiling phf v0.11.2
[INFO] [stderr]    Compiling openssl-probe v0.1.5
[INFO] [stderr]    Compiling zerocopy v0.7.35
[INFO] [stderr]    Compiling dtoa v1.0.9
[INFO] [stderr]    Compiling http v1.1.0
[INFO] [stderr]    Compiling matches v0.1.10
[INFO] [stderr]    Compiling nodrop v0.1.14
[INFO] [stderr]    Compiling itoa v0.4.8
[INFO] [stderr]    Compiling stable_deref_trait v1.2.0
[INFO] [stderr]    Compiling dtoa-short v0.3.5
[INFO] [stderr]    Compiling safe_arch v0.7.2
[INFO] [stderr]    Compiling regex-automata v0.4.7
[INFO] [stderr]    Compiling servo_arc v0.1.1
[INFO] [stderr]    Compiling fxhash v0.2.1
[INFO] [stderr]    Compiling thin-slice v0.1.1
[INFO] [stderr]    Compiling rustls-pki-types v1.7.0
[INFO] [stderr]    Compiling deadpool-runtime v0.1.4
[INFO] [stderr]    Compiling siphasher v1.0.1
[INFO] [stderr]    Compiling lazycell v1.3.0
[INFO] [stderr]    Compiling getrandom v0.2.15
[INFO] [stderr]    Compiling ahash v0.8.11
[INFO] [stderr]    Compiling sync_wrapper v1.0.1
[INFO] [stderr]    Compiling sha1_smol v1.0.1
[INFO] [stderr]    Compiling rustls-pemfile v2.1.2
[INFO] [stderr]    Compiling rand_core v0.5.1
[INFO] [stderr]    Compiling rand_core v0.6.4
[INFO] [stderr]    Compiling wide v0.7.26
[INFO] [stderr]    Compiling hashbrown v0.13.2
[INFO] [stderr]    Compiling openssl-sys v0.9.103
[INFO] [stderr]    Compiling rand_pcg v0.2.1
[INFO] [stderr]    Compiling http-body v1.0.1
[INFO] [stderr]    Compiling regex v1.10.5
[INFO] [stderr]    Compiling string_cache v0.8.7
[INFO] [stderr]    Compiling serde_urlencoded v0.7.1
[INFO] [stderr]    Compiling assert-json-diff v2.0.2
[INFO] [stderr]    Compiling zerocopy-derive v0.6.6
[INFO] [stderr]    Compiling tokio-macros v2.4.0
[INFO] [stderr]    Compiling futures-macro v0.3.30
[INFO] [stderr]    Compiling pin-project-internal v1.1.5
[INFO] [stderr]    Compiling openssl-macros v0.1.1
[INFO] [stderr]    Compiling thiserror-impl v1.0.63
[INFO] [stderr]    Compiling cssparser-macros v0.6.1
[INFO] [stderr]    Compiling async-trait v0.1.81
[INFO] [stderr]    Compiling html5ever v0.27.0
[INFO] [stderr]    Compiling derive_more v0.99.18
[INFO] [stderr]    Compiling tokio v1.39.2
[INFO] [stderr]    Compiling zerocopy v0.6.6
[INFO] [stderr]    Compiling futures-util v0.3.30
[INFO] [stderr]    Compiling thiserror v1.0.63
[INFO] [stderr]    Compiling cssparser v0.27.2
[INFO] [stderr]    Compiling pin-project v1.1.5
[INFO] [stderr]    Compiling ppv-lite86 v0.2.18
[INFO] [stderr]    Compiling rand_chacha v0.3.1
[INFO] [stderr]    Compiling rand_chacha v0.2.2
[INFO] [stderr]    Compiling rand v0.8.5
[INFO] [stderr]    Compiling rand v0.7.3
[INFO] [stderr]    Compiling phf_generator v0.11.2
[INFO] [stderr]    Compiling phf_generator v0.10.0
[INFO] [stderr]    Compiling fastbloom v0.7.1
[INFO] [stderr]    Compiling string_cache_codegen v0.5.2
[INFO] [stderr]    Compiling phf_generator v0.8.0
[INFO] [stderr]    Compiling phf_codegen v0.11.2
[INFO] [stderr]    Compiling phf_codegen v0.8.0
[INFO] [stderr]    Compiling phf_macros v0.8.0
[INFO] [stderr]    Compiling selectors v0.22.0
[INFO] [stderr]    Compiling markup5ever v0.12.1
[INFO] [stderr]    Compiling phf v0.8.0
[INFO] [stderr]    Compiling http-body-util v0.1.2
[INFO] [stderr]    Compiling futures-executor v0.3.30
[INFO] [stderr]    Compiling futures v0.3.30
[INFO] [stderr]    Compiling lol_html v1.2.1
[INFO] [stderr]    Compiling xml5ever v0.18.1
[INFO] [stderr]    Compiling tokio-util v0.7.11
[INFO] [stderr]    Compiling tower v0.4.13
[INFO] [stderr]    Compiling tokio-native-tls v0.3.1
[INFO] [stderr]    Compiling deadpool v0.10.0
[INFO] [stderr]    Compiling tokio-socks v0.5.2
[INFO] [stderr]    Compiling markup5ever_rcdom v0.3.0
[INFO] [stderr]    Compiling h2 v0.4.5
[INFO] [stderr]    Compiling combine v4.6.7
[INFO] [stderr]    Compiling hyper v1.4.1
[INFO] [stderr]    Compiling hyper-util v0.1.6
[INFO] [stderr]    Compiling redis v0.25.4
[INFO] [stderr]    Compiling hyper-tls v0.6.0
[INFO] [stderr]    Compiling wiremock v0.6.1
[INFO] [stderr]    Compiling reqwest v0.12.5
[INFO] [stderr]    Compiling crawle-rs v0.1.0 (/opt/rustwide/workdir)
[INFO] [stdout] warning: unused imports: `Add`, `Borrow`, `ControlFlow`, and `rc::Rc`
[INFO] [stdout]  --> src/crawler.rs:2:14
[INFO] [stdout]   |
[INFO] [stdout] 2 |     borrow::{Borrow, BorrowMut},
[INFO] [stdout]   |              ^^^^^^
[INFO] [stdout] ...
[INFO] [stdout] 5 |     ops::{Add, ControlFlow},
[INFO] [stdout]   |           ^^^  ^^^^^^^^^^^
[INFO] [stdout] 6 |     rc::Rc,
[INFO] [stdout]   |     ^^^^^^
[INFO] [stdout]   |
[INFO] [stdout]   = note: `#[warn(unused_imports)]` on by default
[INFO] [stdout] 
[INFO] [stdout] 
[INFO] [stdout] warning: unused import: `fastbloom::BloomFilter`
[INFO] [stdout]   --> src/crawler.rs:13:5
[INFO] [stdout]    |
[INFO] [stdout] 13 | use fastbloom::BloomFilter;
[INFO] [stdout]    |     ^^^^^^^^^^^^^^^^^^^^^^
[INFO] [stdout] 
[INFO] [stdout] 
[INFO] [stdout] warning: unused imports: `Duration` and `interval`
[INFO] [stdout]   --> src/crawler.rs:14:19
[INFO] [stdout]    |
[INFO] [stdout] 14 | use tokio::time::{interval, Duration};
[INFO] [stdout]    |                   ^^^^^^^^  ^^^^^^^^
[INFO] [stdout] 
[INFO] [stdout] 
[INFO] [stdout] warning: unused imports: `JoinSet` and `sync::mpsc`
[INFO] [stdout]   --> src/crawler.rs:16:5
[INFO] [stdout]    |
[INFO] [stdout] 16 |     sync::mpsc,
[INFO] [stdout]    |     ^^^^^^^^^^
[INFO] [stdout] 17 |     task::{self, JoinSet},
[INFO] [stdout]    |                  ^^^^^^^
[INFO] [stdout] 
[INFO] [stdout] 
[INFO] [stdout] warning: unused import: `RedisError`
[INFO] [stdout]   --> src/crawler.rs:20:19
[INFO] [stdout]    |
[INFO] [stdout] 20 | use redis::{self, RedisError, RedisResult};
[INFO] [stdout]    |                   ^^^^^^^^^^
[INFO] [stdout] 
[INFO] [stdout] 
[INFO] [stdout] warning: unused import: `ParseError`
[INFO] [stdout]  --> src/parser.rs:4:11
[INFO] [stdout]   |
[INFO] [stdout] 4 | use url::{ParseError, Url};
[INFO] [stdout]   |           ^^^^^^^^^^
[INFO] [stdout] 
[INFO] [stdout] 
[INFO] [stdout] warning: unused import: `BufReader`
[INFO] [stdout]   --> src/main.rs:12:30
[INFO] [stdout]    |
[INFO] [stdout] 12 | use std::io::{self, BufRead, BufReader, Read};
[INFO] [stdout]    |                              ^^^^^^^^^
[INFO] [stdout] 
[INFO] [stdout] 
[INFO] [stdout] warning: unused import: `std::time::Duration`
[INFO] [stdout]   --> src/main.rs:18:5
[INFO] [stdout]    |
[INFO] [stdout] 18 | use std::time::Duration;
[INFO] [stdout]    |     ^^^^^^^^^^^^^^^^^^^
[INFO] [stdout] 
[INFO] [stdout] 
[INFO] [stdout] warning: unused import: `tokio::sync::Notify`
[INFO] [stdout]   --> src/main.rs:20:5
[INFO] [stdout]    |
[INFO] [stdout] 20 | use tokio::sync::Notify;
[INFO] [stdout]    |     ^^^^^^^^^^^^^^^^^^^
[INFO] [stdout] 
[INFO] [stdout] 
[INFO] [stdout] warning: unused variable: `parser`
[INFO] [stdout]    --> src/crawler.rs:104:13
[INFO] [stdout]     |
[INFO] [stdout] 104 |         let parser = Arc::new(Parser::new());
[INFO] [stdout]     |             ^^^^^^ help: if this is intentional, prefix it with an underscore: `_parser`
[INFO] [stdout]     |
[INFO] [stdout]     = note: `#[warn(unused_variables)]` on by default
[INFO] [stdout] 
[INFO] [stdout] 
[INFO] [stdout] warning: unused variable: `handle_vec`
[INFO] [stdout]    --> src/crawler.rs:106:17
[INFO] [stdout]     |
[INFO] [stdout] 106 |         let mut handle_vec: Vec<task::JoinHandle<()>> = vec![];
[INFO] [stdout]     |                 ^^^^^^^^^^ help: if this is intentional, prefix it with an underscore: `_handle_vec`
[INFO] [stdout] 
[INFO] [stdout] 
[INFO] [stdout] warning: unused variable: `po`
[INFO] [stdout]    --> src/crawler.rs:150:17
[INFO] [stdout]     |
[INFO] [stdout] 150 |             let po = poster.clone();
[INFO] [stdout]     |                 ^^ help: if this is intentional, prefix it with an underscore: `_po`
[INFO] [stdout] 
[INFO] [stdout] 
[INFO] [stdout] warning: unused variable: `handle`
[INFO] [stdout]    --> src/crawler.rs:158:17
[INFO] [stdout]     |
[INFO] [stdout] 158 |             let handle = task::spawn(async move {
[INFO] [stdout]     |                 ^^^^^^ help: if this is intentional, prefix it with an underscore: `_handle`
[INFO] [stdout] 
[INFO] [stdout] 
[INFO] [stdout] warning: unused variable: `instant`
[INFO] [stdout]   --> src/fetcher.rs:26:13
[INFO] [stdout]    |
[INFO] [stdout] 26 |         let instant = Instant::now();
[INFO] [stdout]    |             ^^^^^^^ help: if this is intentional, prefix it with an underscore: `_instant`
[INFO] [stdout] 
[INFO] [stdout] 
[INFO] [stdout] warning: unused variable: `res`
[INFO] [stdout]   --> src/poster.rs:17:13
[INFO] [stdout]    |
[INFO] [stdout] 17 |         let res = match self
[INFO] [stdout]    |             ^^^ help: if this is intentional, prefix it with an underscore: `_res`
[INFO] [stdout] 
[INFO] [stdout] 
[INFO] [stdout] warning: variable does not need to be mutable
[INFO] [stdout]    --> src/crawler.rs:176:33
[INFO] [stdout]     |
[INFO] [stdout] 176 | ...                   let mut post = Poster::new();
[INFO] [stdout]     |                           ----^^^^
[INFO] [stdout]     |                           |
[INFO] [stdout]     |                           help: remove this `mut`
[INFO] [stdout]     |
[INFO] [stdout]     = note: `#[warn(unused_mut)]` on by default
[INFO] [stdout] 
[INFO] [stdout] 
[INFO] [stdout] warning: variable does not need to be mutable
[INFO] [stdout]    --> src/crawler.rs:106:13
[INFO] [stdout]     |
[INFO] [stdout] 106 |         let mut handle_vec: Vec<task::JoinHandle<()>> = vec![];
[INFO] [stdout]     |             ----^^^^^^^^^^
[INFO] [stdout]     |             |
[INFO] [stdout]     |             help: remove this `mut`
[INFO] [stdout] 
[INFO] [stdout] 
[INFO] [stdout] warning: unused variable: `instant`
[INFO] [stdout]   --> src/parser.rs:41:13
[INFO] [stdout]    |
[INFO] [stdout] 41 |         let instant = Instant::now();
[INFO] [stdout]    |             ^^^^^^^ help: if this is intentional, prefix it with an underscore: `_instant`
[INFO] [stdout] 
[INFO] [stdout] 
[INFO] [stdout] warning: unused variable: `seedlist`
[INFO] [stdout]   --> src/main.rs:24:9
[INFO] [stdout]    |
[INFO] [stdout] 24 |     let seedlist: [&str; 252] = [
[INFO] [stdout]    |         ^^^^^^^^ help: if this is intentional, prefix it with an underscore: `_seedlist`
[INFO] [stdout] 
[INFO] [stdout] 
[INFO] [stdout] warning: fields `fetcher`, `poster`, and `parser` are never read
[INFO] [stdout]   --> src/crawler.rs:33:5
[INFO] [stdout]    |
[INFO] [stdout] 31 | pub struct Crawler {
[INFO] [stdout]    |            ------- fields in this struct
[INFO] [stdout] 32 |     to_visit: VecDeque<String>,
[INFO] [stdout] 33 |     fetcher: Arc<Fetcher>,
[INFO] [stdout]    |     ^^^^^^^
[INFO] [stdout] 34 |     poster: Arc<Poster>,
[INFO] [stdout]    |     ^^^^^^
[INFO] [stdout] 35 |     parser: Arc<Parser>,
[INFO] [stdout]    |     ^^^^^^
[INFO] [stdout]    |
[INFO] [stdout]    = note: `#[warn(dead_code)]` on by default
[INFO] [stdout] 
[INFO] [stdout] 
[INFO] [stdout] warning: method `generate_page_data` is never used
[INFO] [stdout]    --> src/crawler.rs:304:8
[INFO] [stdout]     |
[INFO] [stdout] 45  | impl Crawler {
[INFO] [stdout]     | ------------ method in this implementation
[INFO] [stdout] ...
[INFO] [stdout] 304 |     fn generate_page_data<'a, 'b>(
[INFO] [stdout]     |        ^^^^^^^^^^^^^^^^^^
[INFO] [stdout] 
[INFO] [stdout] 
[INFO] [stdout] warning: constant `NONE` is never used
[INFO] [stdout]   --> src/crawler.rs:57:15
[INFO] [stdout]    |
[INFO] [stdout] 57 |         const NONE: Option<String> = None;
[INFO] [stdout]    |               ^^^^
[INFO] [stdout] 
[INFO] [stdout] 
[INFO] [stdout] warning: function `handle_req` is never used
[INFO] [stdout]    --> src/crawler.rs:321:14
[INFO] [stdout]     |
[INFO] [stdout] 321 | pub async fn handle_req(
[INFO] [stdout]     |              ^^^^^^^^^^
[INFO] [stdout] 
[INFO] [stdout] 
[INFO] [stderr]     Finished `dev` profile [unoptimized + debuginfo] target(s) in 55.70s
[INFO] running `Command { std: "docker" "inspect" "b0879f78d3c5b4e40c1f2373ac7145d611f690005e8a0fe57a00e1e0851e10c3", kill_on_drop: false }`
[INFO] running `Command { std: "docker" "rm" "-f" "b0879f78d3c5b4e40c1f2373ac7145d611f690005e8a0fe57a00e1e0851e10c3", kill_on_drop: false }`
[INFO] [stdout] b0879f78d3c5b4e40c1f2373ac7145d611f690005e8a0fe57a00e1e0851e10c3
[INFO] running `Command { std: "docker" "create" "-v" "/var/lib/crater-agent-workspace/builds/worker-4-tc1/target:/opt/rustwide/target:rw,Z" "-v" "/var/lib/crater-agent-workspace/builds/worker-4-tc1/source:/opt/rustwide/workdir:ro,Z" "-v" "/var/lib/crater-agent-workspace/cargo-home:/opt/rustwide/cargo-home:ro,Z" "-v" "/var/lib/crater-agent-workspace/rustup-home:/opt/rustwide/rustup-home:ro,Z" "-e" "SOURCE_DIR=/opt/rustwide/workdir" "-e" "CARGO_TARGET_DIR=/opt/rustwide/target" "-e" "CARGO_INCREMENTAL=0" "-e" "RUST_BACKTRACE=full" "-e" "RUSTFLAGS=--cap-lints=forbid" "-e" "RUSTDOCFLAGS=--cap-lints=forbid" "-e" "CARGO_HOME=/opt/rustwide/cargo-home" "-e" "RUSTUP_HOME=/opt/rustwide/rustup-home" "-w" "/opt/rustwide/workdir" "-m" "1610612736" "--user" "0:0" "--network" "none" "ghcr.io/rust-lang/crates-build-env/linux@sha256:819108c5571ea2e421544af4d832f968d213c87fbe3707a016657f43d2f853bc" "/opt/rustwide/cargo-home/bin/cargo" "+nightly-2025-01-18" "test" "--frozen" "--no-run" "--message-format=json", kill_on_drop: false }`
[INFO] [stdout] 66d028110972cb27ee29b3c04f7696c0e06268b7b668acf499deec58ef760e79
[INFO] running `Command { std: "docker" "start" "-a" "66d028110972cb27ee29b3c04f7696c0e06268b7b668acf499deec58ef760e79", kill_on_drop: false }`
[INFO] [stderr]    Compiling crawle-rs v0.1.0 (/opt/rustwide/workdir)
[INFO] [stdout] warning: unused imports: `Add`, `Borrow`, `ControlFlow`, and `rc::Rc`
[INFO] [stdout]  --> src/crawler.rs:2:14
[INFO] [stdout]   |
[INFO] [stdout] 2 |     borrow::{Borrow, BorrowMut},
[INFO] [stdout]   |              ^^^^^^
[INFO] [stdout] ...
[INFO] [stdout] 5 |     ops::{Add, ControlFlow},
[INFO] [stdout]   |           ^^^  ^^^^^^^^^^^
[INFO] [stdout] 6 |     rc::Rc,
[INFO] [stdout]   |     ^^^^^^
[INFO] [stdout]   |
[INFO] [stdout]   = note: `#[warn(unused_imports)]` on by default
[INFO] [stdout] 
[INFO] [stdout] 
[INFO] [stdout] warning: unused import: `fastbloom::BloomFilter`
[INFO] [stdout]   --> src/crawler.rs:13:5
[INFO] [stdout]    |
[INFO] [stdout] 13 | use fastbloom::BloomFilter;
[INFO] [stdout]    |     ^^^^^^^^^^^^^^^^^^^^^^
[INFO] [stdout] 
[INFO] [stdout] 
[INFO] [stdout] warning: unused imports: `Duration` and `interval`
[INFO] [stdout]   --> src/crawler.rs:14:19
[INFO] [stdout]    |
[INFO] [stdout] 14 | use tokio::time::{interval, Duration};
[INFO] [stdout]    |                   ^^^^^^^^  ^^^^^^^^
[INFO] [stdout] 
[INFO] [stdout] 
[INFO] [stdout] warning: unused imports: `JoinSet` and `sync::mpsc`
[INFO] [stdout]   --> src/crawler.rs:16:5
[INFO] [stdout]    |
[INFO] [stdout] 16 |     sync::mpsc,
[INFO] [stdout]    |     ^^^^^^^^^^
[INFO] [stdout] 17 |     task::{self, JoinSet},
[INFO] [stdout]    |                  ^^^^^^^
[INFO] [stdout] 
[INFO] [stdout] 
[INFO] [stdout] warning: unused import: `RedisError`
[INFO] [stdout]   --> src/crawler.rs:20:19
[INFO] [stdout]    |
[INFO] [stdout] 20 | use redis::{self, RedisError, RedisResult};
[INFO] [stdout]    |                   ^^^^^^^^^^
[INFO] [stdout] 
[INFO] [stdout] 
[INFO] [stdout] warning: unused import: `ParseError`
[INFO] [stdout]  --> src/parser.rs:4:11
[INFO] [stdout]   |
[INFO] [stdout] 4 | use url::{ParseError, Url};
[INFO] [stdout]   |           ^^^^^^^^^^
[INFO] [stdout] 
[INFO] [stdout] 
[INFO] [stdout] warning: unused import: `BufReader`
[INFO] [stdout]   --> src/main.rs:12:30
[INFO] [stdout]    |
[INFO] [stdout] 12 | use std::io::{self, BufRead, BufReader, Read};
[INFO] [stdout]    |                              ^^^^^^^^^
[INFO] [stdout] 
[INFO] [stdout] 
[INFO] [stdout] warning: unused import: `std::time::Duration`
[INFO] [stdout]   --> src/main.rs:18:5
[INFO] [stdout]    |
[INFO] [stdout] 18 | use std::time::Duration;
[INFO] [stdout]    |     ^^^^^^^^^^^^^^^^^^^
[INFO] [stdout] 
[INFO] [stdout] 
[INFO] [stdout] warning: unused import: `tokio::sync::Notify`
[INFO] [stdout]   --> src/main.rs:20:5
[INFO] [stdout]    |
[INFO] [stdout] 20 | use tokio::sync::Notify;
[INFO] [stdout]    |     ^^^^^^^^^^^^^^^^^^^
[INFO] [stdout] 
[INFO] [stdout] 
[INFO] [stdout] warning: unused variable: `parser`
[INFO] [stdout]    --> src/crawler.rs:104:13
[INFO] [stdout]     |
[INFO] [stdout] 104 |         let parser = Arc::new(Parser::new());
[INFO] [stdout]     |             ^^^^^^ help: if this is intentional, prefix it with an underscore: `_parser`
[INFO] [stdout]     |
[INFO] [stdout]     = note: `#[warn(unused_variables)]` on by default
[INFO] [stdout] 
[INFO] [stdout] 
[INFO] [stdout] warning: unused variable: `handle_vec`
[INFO] [stdout]    --> src/crawler.rs:106:17
[INFO] [stdout]     |
[INFO] [stdout] 106 |         let mut handle_vec: Vec<task::JoinHandle<()>> = vec![];
[INFO] [stdout]     |                 ^^^^^^^^^^ help: if this is intentional, prefix it with an underscore: `_handle_vec`
[INFO] [stdout] 
[INFO] [stdout] 
[INFO] [stdout] warning: unused variable: `po`
[INFO] [stdout]    --> src/crawler.rs:150:17
[INFO] [stdout]     |
[INFO] [stdout] 150 |             let po = poster.clone();
[INFO] [stdout]     |                 ^^ help: if this is intentional, prefix it with an underscore: `_po`
[INFO] [stdout] 
[INFO] [stdout] 
[INFO] [stdout] warning: unused variable: `handle`
[INFO] [stdout]    --> src/crawler.rs:158:17
[INFO] [stdout]     |
[INFO] [stdout] 158 |             let handle = task::spawn(async move {
[INFO] [stdout]     |                 ^^^^^^ help: if this is intentional, prefix it with an underscore: `_handle`
[INFO] [stdout] 
[INFO] [stdout] 
[INFO] [stdout] warning: unused variable: `instant`
[INFO] [stdout]   --> src/fetcher.rs:26:13
[INFO] [stdout]    |
[INFO] [stdout] 26 |         let instant = Instant::now();
[INFO] [stdout]    |             ^^^^^^^ help: if this is intentional, prefix it with an underscore: `_instant`
[INFO] [stdout] 
[INFO] [stdout] 
[INFO] [stdout] warning: unused variable: `res`
[INFO] [stdout]   --> src/poster.rs:17:13
[INFO] [stdout]    |
[INFO] [stdout] 17 |         let res = match self
[INFO] [stdout]    |             ^^^ help: if this is intentional, prefix it with an underscore: `_res`
[INFO] [stdout] 
[INFO] [stdout] 
[INFO] [stdout] warning: variable does not need to be mutable
[INFO] [stdout]    --> src/crawler.rs:176:33
[INFO] [stdout]     |
[INFO] [stdout] 176 | ...                   let mut post = Poster::new();
[INFO] [stdout]     |                           ----^^^^
[INFO] [stdout]     |                           |
[INFO] [stdout]     |                           help: remove this `mut`
[INFO] [stdout]     |
[INFO] [stdout]     = note: `#[warn(unused_mut)]` on by default
[INFO] [stdout] 
[INFO] [stdout] 
[INFO] [stdout] warning: variable does not need to be mutable
[INFO] [stdout]    --> src/crawler.rs:106:13
[INFO] [stdout]     |
[INFO] [stdout] 106 |         let mut handle_vec: Vec<task::JoinHandle<()>> = vec![];
[INFO] [stdout]     |             ----^^^^^^^^^^
[INFO] [stdout]     |             |
[INFO] [stdout]     |             help: remove this `mut`
[INFO] [stdout] 
[INFO] [stdout] 
[INFO] [stdout] warning: unused variable: `instant`
[INFO] [stdout]   --> src/parser.rs:41:13
[INFO] [stdout]    |
[INFO] [stdout] 41 |         let instant = Instant::now();
[INFO] [stdout]    |             ^^^^^^^ help: if this is intentional, prefix it with an underscore: `_instant`
[INFO] [stdout] 
[INFO] [stdout] 
[INFO] [stdout] warning: unused variable: `seedlist`
[INFO] [stdout]   --> src/main.rs:24:9
[INFO] [stdout]    |
[INFO] [stdout] 24 |     let seedlist: [&str; 252] = [
[INFO] [stdout]    |         ^^^^^^^^ help: if this is intentional, prefix it with an underscore: `_seedlist`
[INFO] [stdout] 
[INFO] [stdout] 
[INFO] [stdout] warning: fields `fetcher`, `poster`, and `parser` are never read
[INFO] [stdout]   --> src/crawler.rs:33:5
[INFO] [stdout]    |
[INFO] [stdout] 31 | pub struct Crawler {
[INFO] [stdout]    |            ------- fields in this struct
[INFO] [stdout] 32 |     to_visit: VecDeque<String>,
[INFO] [stdout] 33 |     fetcher: Arc<Fetcher>,
[INFO] [stdout]    |     ^^^^^^^
[INFO] [stdout] 34 |     poster: Arc<Poster>,
[INFO] [stdout]    |     ^^^^^^
[INFO] [stdout] 35 |     parser: Arc<Parser>,
[INFO] [stdout]    |     ^^^^^^
[INFO] [stdout]    |
[INFO] [stdout]    = note: `#[warn(dead_code)]` on by default
[INFO] [stdout] 
[INFO] [stdout] 
[INFO] [stdout] warning: method `generate_page_data` is never used
[INFO] [stdout]    --> src/crawler.rs:304:8
[INFO] [stdout]     |
[INFO] [stdout] 45  | impl Crawler {
[INFO] [stdout]     | ------------ method in this implementation
[INFO] [stdout] ...
[INFO] [stdout] 304 |     fn generate_page_data<'a, 'b>(
[INFO] [stdout]     |        ^^^^^^^^^^^^^^^^^^
[INFO] [stdout] 
[INFO] [stdout] 
[INFO] [stdout] warning: constant `NONE` is never used
[INFO] [stdout]   --> src/crawler.rs:57:15
[INFO] [stdout]    |
[INFO] [stdout] 57 |         const NONE: Option<String> = None;
[INFO] [stdout]    |               ^^^^
[INFO] [stdout] 
[INFO] [stdout] 
[INFO] [stdout] warning: function `handle_req` is never used
[INFO] [stdout]    --> src/crawler.rs:321:14
[INFO] [stdout]     |
[INFO] [stdout] 321 | pub async fn handle_req(
[INFO] [stdout]     |              ^^^^^^^^^^
[INFO] [stdout] 
[INFO] [stdout] 
[INFO] [stderr]     Finished `test` profile [unoptimized + debuginfo] target(s) in 3.69s
[INFO] running `Command { std: "docker" "inspect" "66d028110972cb27ee29b3c04f7696c0e06268b7b668acf499deec58ef760e79", kill_on_drop: false }`
[INFO] running `Command { std: "docker" "rm" "-f" "66d028110972cb27ee29b3c04f7696c0e06268b7b668acf499deec58ef760e79", kill_on_drop: false }`
[INFO] [stdout] 66d028110972cb27ee29b3c04f7696c0e06268b7b668acf499deec58ef760e79
[INFO] running `Command { std: "docker" "create" "-v" "/var/lib/crater-agent-workspace/builds/worker-4-tc1/target:/opt/rustwide/target:rw,Z" "-v" "/var/lib/crater-agent-workspace/builds/worker-4-tc1/source:/opt/rustwide/workdir:ro,Z" "-v" "/var/lib/crater-agent-workspace/cargo-home:/opt/rustwide/cargo-home:ro,Z" "-v" "/var/lib/crater-agent-workspace/rustup-home:/opt/rustwide/rustup-home:ro,Z" "-e" "SOURCE_DIR=/opt/rustwide/workdir" "-e" "CARGO_TARGET_DIR=/opt/rustwide/target" "-e" "CARGO_INCREMENTAL=0" "-e" "RUST_BACKTRACE=full" "-e" "RUSTFLAGS=--cap-lints=forbid" "-e" "RUSTDOCFLAGS=--cap-lints=forbid" "-e" "CARGO_HOME=/opt/rustwide/cargo-home" "-e" "RUSTUP_HOME=/opt/rustwide/rustup-home" "-w" "/opt/rustwide/workdir" "-m" "1610612736" "--user" "0:0" "--network" "none" "ghcr.io/rust-lang/crates-build-env/linux@sha256:819108c5571ea2e421544af4d832f968d213c87fbe3707a016657f43d2f853bc" "/opt/rustwide/cargo-home/bin/cargo" "+nightly-2025-01-18" "test" "--frozen", kill_on_drop: false }`
[INFO] [stdout] 0c9d20c9bb9194633e9dcb4253a5a42b8b76b72c8b08e3f686fc796198195e4a
[INFO] running `Command { std: "docker" "start" "-a" "0c9d20c9bb9194633e9dcb4253a5a42b8b76b72c8b08e3f686fc796198195e4a", kill_on_drop: false }`
[INFO] [stderr] warning: unused imports: `Add`, `Borrow`, `ControlFlow`, and `rc::Rc`
[INFO] [stderr]  --> src/crawler.rs:2:14
[INFO] [stderr]   |
[INFO] [stderr] 2 |     borrow::{Borrow, BorrowMut},
[INFO] [stderr]   |              ^^^^^^
[INFO] [stderr] ...
[INFO] [stderr] 5 |     ops::{Add, ControlFlow},
[INFO] [stderr]   |           ^^^  ^^^^^^^^^^^
[INFO] [stderr] 6 |     rc::Rc,
[INFO] [stderr]   |     ^^^^^^
[INFO] [stderr]   |
[INFO] [stderr]   = note: `#[warn(unused_imports)]` on by default
[INFO] [stderr] 
[INFO] [stderr] warning: unused import: `fastbloom::BloomFilter`
[INFO] [stderr]   --> src/crawler.rs:13:5
[INFO] [stderr]    |
[INFO] [stderr] 13 | use fastbloom::BloomFilter;
[INFO] [stderr]    |     ^^^^^^^^^^^^^^^^^^^^^^
[INFO] [stderr] 
[INFO] [stderr] warning: unused imports: `Duration` and `interval`
[INFO] [stderr]   --> src/crawler.rs:14:19
[INFO] [stderr]    |
[INFO] [stderr] 14 | use tokio::time::{interval, Duration};
[INFO] [stderr]    |                   ^^^^^^^^  ^^^^^^^^
[INFO] [stderr] 
[INFO] [stderr] warning: unused imports: `JoinSet` and `sync::mpsc`
[INFO] [stderr]   --> src/crawler.rs:16:5
[INFO] [stderr]    |
[INFO] [stderr] 16 |     sync::mpsc,
[INFO] [stderr]    |     ^^^^^^^^^^
[INFO] [stderr] 17 |     task::{self, JoinSet},
[INFO] [stderr]    |                  ^^^^^^^
[INFO] [stderr] 
[INFO] [stderr] warning: unused import: `RedisError`
[INFO] [stderr]   --> src/crawler.rs:20:19
[INFO] [stderr]    |
[INFO] [stderr] 20 | use redis::{self, RedisError, RedisResult};
[INFO] [stderr]    |                   ^^^^^^^^^^
[INFO] [stderr] 
[INFO] [stderr] warning: unused import: `ParseError`
[INFO] [stderr]  --> src/parser.rs:4:11
[INFO] [stderr]   |
[INFO] [stderr] 4 | use url::{ParseError, Url};
[INFO] [stderr]   |           ^^^^^^^^^^
[INFO] [stderr] 
[INFO] [stderr] warning: unused import: `BufReader`
[INFO] [stderr]   --> src/main.rs:12:30
[INFO] [stderr]    |
[INFO] [stderr] 12 | use std::io::{self, BufRead, BufReader, Read};
[INFO] [stderr]    |                              ^^^^^^^^^
[INFO] [stderr] 
[INFO] [stderr] warning: unused import: `std::time::Duration`
[INFO] [stderr]   --> src/main.rs:18:5
[INFO] [stderr]    |
[INFO] [stderr] 18 | use std::time::Duration;
[INFO] [stderr]    |     ^^^^^^^^^^^^^^^^^^^
[INFO] [stderr] 
[INFO] [stderr] warning: unused import: `tokio::sync::Notify`
[INFO] [stderr]   --> src/main.rs:20:5
[INFO] [stderr]    |
[INFO] [stderr] 20 | use tokio::sync::Notify;
[INFO] [stderr]    |     ^^^^^^^^^^^^^^^^^^^
[INFO] [stderr] 
[INFO] [stderr] warning: unused variable: `parser`
[INFO] [stderr]    --> src/crawler.rs:104:13
[INFO] [stderr]     |
[INFO] [stderr] 104 |         let parser = Arc::new(Parser::new());
[INFO] [stderr]     |             ^^^^^^ help: if this is intentional, prefix it with an underscore: `_parser`
[INFO] [stderr]     |
[INFO] [stderr]     = note: `#[warn(unused_variables)]` on by default
[INFO] [stderr] 
[INFO] [stderr] warning: unused variable: `handle_vec`
[INFO] [stderr]    --> src/crawler.rs:106:17
[INFO] [stderr]     |
[INFO] [stderr] 106 |         let mut handle_vec: Vec<task::JoinHandle<()>> = vec![];
[INFO] [stderr]     |                 ^^^^^^^^^^ help: if this is intentional, prefix it with an underscore: `_handle_vec`
[INFO] [stderr] 
[INFO] [stderr] warning: unused variable: `po`
[INFO] [stderr]    --> src/crawler.rs:150:17
[INFO] [stderr]     |
[INFO] [stderr] 150 |             let po = poster.clone();
[INFO] [stderr]     |                 ^^ help: if this is intentional, prefix it with an underscore: `_po`
[INFO] [stderr] 
[INFO] [stderr] warning: unused variable: `handle`
[INFO] [stderr]    --> src/crawler.rs:158:17
[INFO] [stderr]     |
[INFO] [stderr] 158 |             let handle = task::spawn(async move {
[INFO] [stderr]     |                 ^^^^^^ help: if this is intentional, prefix it with an underscore: `_handle`
[INFO] [stderr] 
[INFO] [stderr] warning: unused variable: `instant`
[INFO] [stderr]   --> src/fetcher.rs:26:13
[INFO] [stderr]    |
[INFO] [stderr] 26 |         let instant = Instant::now();
[INFO] [stderr]    |             ^^^^^^^ help: if this is intentional, prefix it with an underscore: `_instant`
[INFO] [stderr] 
[INFO] [stderr] warning: unused variable: `res`
[INFO] [stderr]   --> src/poster.rs:17:13
[INFO] [stderr]    |
[INFO] [stderr] 17 |         let res = match self
[INFO] [stderr]    |             ^^^ help: if this is intentional, prefix it with an underscore: `_res`
[INFO] [stderr] 
[INFO] [stderr] warning: variable does not need to be mutable
[INFO] [stderr]    --> src/crawler.rs:176:33
[INFO] [stderr]     |
[INFO] [stderr] 176 | ...                   let mut post = Poster::new();
[INFO] [stderr]     |                           ----^^^^
[INFO] [stderr]     |                           |
[INFO] [stderr]     |                           help: remove this `mut`
[INFO] [stderr]     |
[INFO] [stderr]     = note: `#[warn(unused_mut)]` on by default
[INFO] [stderr] 
[INFO] [stderr] warning: variable does not need to be mutable
[INFO] [stderr]    --> src/crawler.rs:106:13
[INFO] [stderr]     |
[INFO] [stderr] 106 |         let mut handle_vec: Vec<task::JoinHandle<()>> = vec![];
[INFO] [stderr]     |             ----^^^^^^^^^^
[INFO] [stderr]     |             |
[INFO] [stderr]     |             help: remove this `mut`
[INFO] [stderr] 
[INFO] [stderr] warning: unused variable: `instant`
[INFO] [stderr]   --> src/parser.rs:41:13
[INFO] [stderr]    |
[INFO] [stderr] 41 |         let instant = Instant::now();
[INFO] [stderr]    |             ^^^^^^^ help: if this is intentional, prefix it with an underscore: `_instant`
[INFO] [stderr] 
[INFO] [stderr] warning: unused variable: `seedlist`
[INFO] [stderr]   --> src/main.rs:24:9
[INFO] [stderr]    |
[INFO] [stderr] 24 |     let seedlist: [&str; 252] = [
[INFO] [stderr]    |         ^^^^^^^^ help: if this is intentional, prefix it with an underscore: `_seedlist`
[INFO] [stderr] 
[INFO] [stderr] warning: fields `fetcher`, `poster`, and `parser` are never read
[INFO] [stderr]   --> src/crawler.rs:33:5
[INFO] [stderr]    |
[INFO] [stderr] 31 | pub struct Crawler {
[INFO] [stderr]    |            ------- fields in this struct
[INFO] [stderr] 32 |     to_visit: VecDeque<String>,
[INFO] [stderr] 33 |     fetcher: Arc<Fetcher>,
[INFO] [stderr]    |     ^^^^^^^
[INFO] [stderr] 34 |     poster: Arc<Poster>,
[INFO] [stderr]    |     ^^^^^^
[INFO] [stderr] 35 |     parser: Arc<Parser>,
[INFO] [stderr]    |     ^^^^^^
[INFO] [stderr]    |
[INFO] [stderr]    = note: `#[warn(dead_code)]` on by default
[INFO] [stderr] 
[INFO] [stderr] warning: method `generate_page_data` is never used
[INFO] [stderr]    --> src/crawler.rs:304:8
[INFO] [stderr]     |
[INFO] [stderr] 45  | impl Crawler {
[INFO] [stderr]     | ------------ method in this implementation
[INFO] [stderr] ...
[INFO] [stderr] 304 |     fn generate_page_data<'a, 'b>(
[INFO] [stderr]     |        ^^^^^^^^^^^^^^^^^^
[INFO] [stderr] 
[INFO] [stderr] warning: constant `NONE` is never used
[INFO] [stderr]   --> src/crawler.rs:57:15
[INFO] [stderr]    |
[INFO] [stderr] 57 |         const NONE: Option<String> = None;
[INFO] [stderr]    |               ^^^^
[INFO] [stderr] 
[INFO] [stderr] warning: function `handle_req` is never used
[INFO] [stderr]    --> src/crawler.rs:321:14
[INFO] [stderr]     |
[INFO] [stderr] 321 | pub async fn handle_req(
[INFO] [stderr]     |              ^^^^^^^^^^
[INFO] [stderr] 
[INFO] [stderr] warning: `crawle-rs` (bin "crawle-rs" test) generated 23 warnings (run `cargo fix --bin "crawle-rs" --tests` to apply 11 suggestions)
[INFO] [stderr]     Finished `test` profile [unoptimized + debuginfo] target(s) in 0.23s
[INFO] [stderr]      Running unittests src/main.rs (/opt/rustwide/target/debug/deps/crawle_rs-23dc178f48bea77e)
[INFO] [stdout] 
[INFO] [stdout] running 8 tests
[INFO] [stdout] test test::parser_tests::test_parse_empty_document ... ok
[INFO] [stdout] test test::parser_tests::test_parse_with_links ... FAILED
[INFO] [stdout] test test::fetcher_test::test_fetch ... FAILED
[INFO] [stdout] test test::poster_test::test_post_url_data ... FAILED
[INFO] [stdout] test test::fetcher_test::test_fetch_tor ... FAILED
[INFO] [stdout] test crawler::tests::test_stash_urls ... FAILED
[INFO] [stdout] test crawler::tests::test_redis_false ... FAILED
[INFO] [stdout] test crawler::tests::test_redis_true ... FAILED
[INFO] [stdout] 
[INFO] [stdout] failures:
[INFO] [stdout] 
[INFO] [stdout] ---- test::parser_tests::test_parse_with_links stdout ----
[INFO] [stdout] 
[INFO] [stdout] thread 'test::parser_tests::test_parse_with_links' panicked at src/test/parser_tests.rs:39:5:
[INFO] [stdout] assertion `left == right` failed
[INFO] [stdout]   left: []
[INFO] [stdout]  right: ["https://example.com", "https://example.org"]
[INFO] [stdout] stack backtrace:
[INFO] [stdout]    0:     0x5c09f6643f2a - std::backtrace_rs::backtrace::libunwind::trace::hb059275cfc8d6126
[INFO] [stdout]                                at /rustc/6067b36314ab5eb2eb47cecc464545ba58e1ad24/library/std/src/../../backtrace/src/backtrace/libunwind.rs:116:5
[INFO] [stdout]    1:     0x5c09f6643f2a - std::backtrace_rs::backtrace::trace_unsynchronized::h2da071e4327ce3ee
[INFO] [stdout]                                at /rustc/6067b36314ab5eb2eb47cecc464545ba58e1ad24/library/std/src/../../backtrace/src/backtrace/mod.rs:66:5
[INFO] [stdout]    2:     0x5c09f6643f2a - std::sys::backtrace::_print_fmt::h842a1474e6f8d23f
[INFO] [stdout]                                at /rustc/6067b36314ab5eb2eb47cecc464545ba58e1ad24/library/std/src/sys/backtrace.rs:66:9
[INFO] [stdout]    3:     0x5c09f6643f2a - <std::sys::backtrace::BacktraceLock::print::DisplayBacktrace as core::fmt::Display>::fmt::h71a62eb3b9696b12
[INFO] [stdout]                                at /rustc/6067b36314ab5eb2eb47cecc464545ba58e1ad24/library/std/src/sys/backtrace.rs:39:26
[INFO] [stdout]    4:     0x5c09f666f2d3 - core::fmt::rt::Argument::fmt::hdb6b616786b41dc1
[INFO] [stdout]                                at /rustc/6067b36314ab5eb2eb47cecc464545ba58e1ad24/library/core/src/fmt/rt.rs:177:76
[INFO] [stdout]    5:     0x5c09f666f2d3 - core::fmt::write::h2cc1698af7e2d686
[INFO] [stdout]                                at /rustc/6067b36314ab5eb2eb47cecc464545ba58e1ad24/library/core/src/fmt/mod.rs:1440:21
[INFO] [stdout]    6:     0x5c09f663f4d3 - std::io::Write::write_fmt::hab1b4cd059a79022
[INFO] [stdout]                                at /rustc/6067b36314ab5eb2eb47cecc464545ba58e1ad24/library/std/src/io/mod.rs:1887:15
[INFO] [stdout]    7:     0x5c09f6643d72 - std::sys::backtrace::BacktraceLock::print::h147fe35b4ea13b08
[INFO] [stdout]                                at /rustc/6067b36314ab5eb2eb47cecc464545ba58e1ad24/library/std/src/sys/backtrace.rs:42:9
[INFO] [stdout]    8:     0x5c09f664534f - std::panicking::default_hook::{{closure}}::hbd44223dbdc0d208
[INFO] [stdout]                                at /rustc/6067b36314ab5eb2eb47cecc464545ba58e1ad24/library/std/src/panicking.rs:298:22
[INFO] [stdout]    9:     0x5c09f6645168 - std::panicking::default_hook::h20f81eb0576efcec
[INFO] [stdout]                                at /rustc/6067b36314ab5eb2eb47cecc464545ba58e1ad24/library/std/src/panicking.rs:322:9
[INFO] [stdout]   10:     0x5c09f60ebc13 - <alloc::boxed::Box<F,A> as core::ops::function::Fn<Args>>::call::hdb53814c496a4d34
[INFO] [stdout]                                at /rustc/6067b36314ab5eb2eb47cecc464545ba58e1ad24/library/alloc/src/boxed.rs:2027:9
[INFO] [stdout]   11:     0x5c09f60ebc13 - test::test_main::{{closure}}::hc0a4963c59427c24
[INFO] [stdout]                                at /rustc/6067b36314ab5eb2eb47cecc464545ba58e1ad24/library/test/src/lib.rs:134:21
[INFO] [stdout]   12:     0x5c09f6645e43 - <alloc::boxed::Box<F,A> as core::ops::function::Fn<Args>>::call::h591b2225413a77e9
[INFO] [stdout]                                at /rustc/6067b36314ab5eb2eb47cecc464545ba58e1ad24/library/alloc/src/boxed.rs:2027:9
[INFO] [stdout]   13:     0x5c09f6645e43 - std::panicking::rust_panic_with_hook::h625eea43051b2edc
[INFO] [stdout]                                at /rustc/6067b36314ab5eb2eb47cecc464545ba58e1ad24/library/std/src/panicking.rs:839:13
[INFO] [stdout]   14:     0x5c09f6645afa - std::panicking::begin_panic_handler::{{closure}}::h4f9159cfbc3f6bd3
[INFO] [stdout]                                at /rustc/6067b36314ab5eb2eb47cecc464545ba58e1ad24/library/std/src/panicking.rs:704:13
[INFO] [stdout]   15:     0x5c09f6644429 - std::sys::backtrace::__rust_end_short_backtrace::h0390abce48353151
[INFO] [stdout]                                at /rustc/6067b36314ab5eb2eb47cecc464545ba58e1ad24/library/std/src/sys/backtrace.rs:168:18
[INFO] [stdout]   16:     0x5c09f664578d - rust_begin_unwind
[INFO] [stdout]                                at /rustc/6067b36314ab5eb2eb47cecc464545ba58e1ad24/library/std/src/panicking.rs:695:5
[INFO] [stdout]   17:     0x5c09f666d7f0 - core::panicking::panic_fmt::h9e7c637e9e5f29c9
[INFO] [stdout]                                at /rustc/6067b36314ab5eb2eb47cecc464545ba58e1ad24/library/core/src/panicking.rs:75:14
[INFO] [stdout]   18:     0x5c09f666dc43 - core::panicking::assert_failed_inner::h538bec7c1374cd9c
[INFO] [stdout]   19:     0x5c09f60a0244 - core::panicking::assert_failed::hac7ae436a44f95c5
[INFO] [stdout]                                at /rustc/6067b36314ab5eb2eb47cecc464545ba58e1ad24/library/core/src/panicking.rs:364:5
[INFO] [stdout]   20:     0x5c09f60688dc - crawle_rs::test::parser_tests::test_parse_with_links::hef97d79ea97c0198
[INFO] [stdout]                                at /opt/rustwide/workdir/src/test/parser_tests.rs:39:5
[INFO] [stdout]   21:     0x5c09f60685c7 - crawle_rs::test::parser_tests::test_parse_with_links::{{closure}}::h9038054549bc6aae
[INFO] [stdout]                                at /opt/rustwide/workdir/src/test/parser_tests.rs:20:27
[INFO] [stdout]   22:     0x5c09f60306b6 - core::ops::function::FnOnce::call_once::h8ab6ea535bcfff15
[INFO] [stdout]                                at /rustc/6067b36314ab5eb2eb47cecc464545ba58e1ad24/library/core/src/ops/function.rs:250:5
[INFO] [stdout]   23:     0x5c09f60f136b - core::ops::function::FnOnce::call_once::he27718dfdd183f43
[INFO] [stdout]                                at /rustc/6067b36314ab5eb2eb47cecc464545ba58e1ad24/library/core/src/ops/function.rs:250:5
[INFO] [stdout]   24:     0x5c09f60f136b - test::__rust_begin_short_backtrace::h4e84902998457a5d
[INFO] [stdout]                                at /rustc/6067b36314ab5eb2eb47cecc464545ba58e1ad24/library/test/src/lib.rs:632:18
[INFO] [stdout]   25:     0x5c09f60f02a3 - test::run_test_in_process::{{closure}}::h7176fd18fc1feca0
[INFO] [stdout]                                at /rustc/6067b36314ab5eb2eb47cecc464545ba58e1ad24/library/test/src/lib.rs:655:60
[INFO] [stdout]   26:     0x5c09f60f02a3 - <core::panic::unwind_safe::AssertUnwindSafe<F> as core::ops::function::FnOnce<()>>::call_once::hf79cff2a624d8cf7
[INFO] [stdout]                                at /rustc/6067b36314ab5eb2eb47cecc464545ba58e1ad24/library/core/src/panic/unwind_safe.rs:272:9
[INFO] [stdout]   27:     0x5c09f60f02a3 - std::panicking::try::do_call::h3da0561d9ab99c25
[INFO] [stdout]                                at /rustc/6067b36314ab5eb2eb47cecc464545ba58e1ad24/library/std/src/panicking.rs:587:40
[INFO] [stdout]   28:     0x5c09f60f02a3 - std::panicking::try::h41c9fa508bc61df6
[INFO] [stdout]                                at /rustc/6067b36314ab5eb2eb47cecc464545ba58e1ad24/library/std/src/panicking.rs:550:19
[INFO] [stdout]   29:     0x5c09f60f02a3 - std::panic::catch_unwind::h6b3ff07bb5afad93
[INFO] [stdout]                                at /rustc/6067b36314ab5eb2eb47cecc464545ba58e1ad24/library/std/src/panic.rs:358:14
[INFO] [stdout]   30:     0x5c09f60f02a3 - test::run_test_in_process::hc7253dd11b39b9f4
[INFO] [stdout]                                at /rustc/6067b36314ab5eb2eb47cecc464545ba58e1ad24/library/test/src/lib.rs:655:27
[INFO] [stdout]   31:     0x5c09f60f02a3 - test::run_test::{{closure}}::hfb2007f8649c30bb
[INFO] [stdout]                                at /rustc/6067b36314ab5eb2eb47cecc464545ba58e1ad24/library/test/src/lib.rs:576:43
[INFO] [stdout]   32:     0x5c09f60b3385 - test::run_test::{{closure}}::h56a17aa7a282a9f4
[INFO] [stdout]                                at /rustc/6067b36314ab5eb2eb47cecc464545ba58e1ad24/library/test/src/lib.rs:606:41
[INFO] [stdout]   33:     0x5c09f60b3385 - std::sys::backtrace::__rust_begin_short_backtrace::hd2d2d2fb8e8c6aac
[INFO] [stdout]                                at /rustc/6067b36314ab5eb2eb47cecc464545ba58e1ad24/library/std/src/sys/backtrace.rs:152:18
[INFO] [stdout]   34:     0x5c09f60b6c6a - std::thread::Builder::spawn_unchecked_::{{closure}}::{{closure}}::h4faa3f9db6133423
[INFO] [stdout]                                at /rustc/6067b36314ab5eb2eb47cecc464545ba58e1ad24/library/std/src/thread/mod.rs:559:17
[INFO] [stdout]   35:     0x5c09f60b6c6a - <core::panic::unwind_safe::AssertUnwindSafe<F> as core::ops::function::FnOnce<()>>::call_once::hf2e855a36a4ea846
[INFO] [stdout]                                at /rustc/6067b36314ab5eb2eb47cecc464545ba58e1ad24/library/core/src/panic/unwind_safe.rs:272:9
[INFO] [stdout]   36:     0x5c09f60b6c6a - std::panicking::try::do_call::h2f73af3616c35465
[INFO] [stdout]                                at /rustc/6067b36314ab5eb2eb47cecc464545ba58e1ad24/library/std/src/panicking.rs:587:40
[INFO] [stdout]   37:     0x5c09f60b6c6a - std::panicking::try::hd1660ce9efadef5a
[INFO] [stdout]                                at /rustc/6067b36314ab5eb2eb47cecc464545ba58e1ad24/library/std/src/panicking.rs:550:19
[INFO] [stdout]   38:     0x5c09f60b6c6a - std::panic::catch_unwind::h5ee8d7823b8ca744
[INFO] [stdout]                                at /rustc/6067b36314ab5eb2eb47cecc464545ba58e1ad24/library/std/src/panic.rs:358:14
[INFO] [stdout]   39:     0x5c09f60b6c6a - std::thread::Builder::spawn_unchecked_::{{closure}}::h53c3a1894dce8407
[INFO] [stdout]                                at /rustc/6067b36314ab5eb2eb47cecc464545ba58e1ad24/library/std/src/thread/mod.rs:557:30
[INFO] [stdout]   40:     0x5c09f60b6c6a - core::ops::function::FnOnce::call_once{{vtable.shim}}::h048ce291ad4f62bf
[INFO] [stdout]                                at /rustc/6067b36314ab5eb2eb47cecc464545ba58e1ad24/library/core/src/ops/function.rs:250:5
[INFO] [stdout]   41:     0x5c09f664a36b - <alloc::boxed::Box<F,A> as core::ops::function::FnOnce<Args>>::call_once::ha52bedf99a3b4981
[INFO] [stdout]                                at /rustc/6067b36314ab5eb2eb47cecc464545ba58e1ad24/library/alloc/src/boxed.rs:2013:9
[INFO] [stdout]   42:     0x5c09f664a36b - <alloc::boxed::Box<F,A> as core::ops::function::FnOnce<Args>>::call_once::h567748934d80ccf8
[INFO] [stdout]                                at /rustc/6067b36314ab5eb2eb47cecc464545ba58e1ad24/library/alloc/src/boxed.rs:2013:9
[INFO] [stdout]   43:     0x5c09f664a36b - std::sys::pal::unix::thread::Thread::new::thread_start::h2d970728ae887adc
[INFO] [stdout]                                at /rustc/6067b36314ab5eb2eb47cecc464545ba58e1ad24/library/std/src/sys/pal/unix/thread.rs:106:17
[INFO] [stdout]   44:     0x7a514102eac3 - <unknown>
[INFO] [stdout]   45:     0x7a51410bfa04 - clone
[INFO] [stdout]   46:                0x0 - <unknown>
[INFO] [stdout] 
[INFO] [stdout] ---- test::fetcher_test::test_fetch stdout ----
[INFO] [stdout] 
[INFO] [stdout] thread 'test::fetcher_test::test_fetch' panicked at src/test/fetcher_test.rs:10:5:
[INFO] [stdout] assertion failed: result.is_ok()
[INFO] [stdout] stack backtrace:
[INFO] [stdout]    0:     0x5c09f6643f2a - std::backtrace_rs::backtrace::libunwind::trace::hb059275cfc8d6126
[INFO] [stdout]                                at /rustc/6067b36314ab5eb2eb47cecc464545ba58e1ad24/library/std/src/../../backtrace/src/backtrace/libunwind.rs:116:5
[INFO] [stdout]    1:     0x5c09f6643f2a - std::backtrace_rs::backtrace::trace_unsynchronized::h2da071e4327ce3ee
[INFO] [stdout]                                at /rustc/6067b36314ab5eb2eb47cecc464545ba58e1ad24/library/std/src/../../backtrace/src/backtrace/mod.rs:66:5
[INFO] [stdout]    2:     0x5c09f6643f2a - std::sys::backtrace::_print_fmt::h842a1474e6f8d23f
[INFO] [stdout]                                at /rustc/6067b36314ab5eb2eb47cecc464545ba58e1ad24/library/std/src/sys/backtrace.rs:66:9
[INFO] [stdout]    3:     0x5c09f6643f2a - <std::sys::backtrace::BacktraceLock::print::DisplayBacktrace as core::fmt::Display>::fmt::h71a62eb3b9696b12
[INFO] [stdout]                                at /rustc/6067b36314ab5eb2eb47cecc464545ba58e1ad24/library/std/src/sys/backtrace.rs:39:26
[INFO] [stdout]    4:     0x5c09f666f2d3 - core::fmt::rt::Argument::fmt::hdb6b616786b41dc1
[INFO] [stdout]                                at /rustc/6067b36314ab5eb2eb47cecc464545ba58e1ad24/library/core/src/fmt/rt.rs:177:76
[INFO] [stdout]    5:     0x5c09f666f2d3 - core::fmt::write::h2cc1698af7e2d686
[INFO] [stdout]                                at /rustc/6067b36314ab5eb2eb47cecc464545ba58e1ad24/library/core/src/fmt/mod.rs:1440:21
[INFO] [stdout]    6:     0x5c09f663f4d3 - std::io::Write::write_fmt::hab1b4cd059a79022
[INFO] [stdout]                                at /rustc/6067b36314ab5eb2eb47cecc464545ba58e1ad24/library/std/src/io/mod.rs:1887:15
[INFO] [stdout]    7:     0x5c09f6643d72 - std::sys::backtrace::BacktraceLock::print::h147fe35b4ea13b08
[INFO] [stdout]                                at /rustc/6067b36314ab5eb2eb47cecc464545ba58e1ad24/library/std/src/sys/backtrace.rs:42:9
[INFO] [stdout]    8:     0x5c09f664534f - std::panicking::default_hook::{{closure}}::hbd44223dbdc0d208
[INFO] [stdout]                                at /rustc/6067b36314ab5eb2eb47cecc464545ba58e1ad24/library/std/src/panicking.rs:298:22
[INFO] [stdout]    9:     0x5c09f6645168 - std::panicking::default_hook::h20f81eb0576efcec
[INFO] [stdout]                                at /rustc/6067b36314ab5eb2eb47cecc464545ba58e1ad24/library/std/src/panicking.rs:322:9
[INFO] [stdout]   10:     0x5c09f60ebc13 - <alloc::boxed::Box<F,A> as core::ops::function::Fn<Args>>::call::hdb53814c496a4d34
[INFO] [stdout]                                at /rustc/6067b36314ab5eb2eb47cecc464545ba58e1ad24/library/alloc/src/boxed.rs:2027:9
[INFO] [stdout]   11:     0x5c09f60ebc13 - test::test_main::{{closure}}::hc0a4963c59427c24
[INFO] [stdout]                                at /rustc/6067b36314ab5eb2eb47cecc464545ba58e1ad24/library/test/src/lib.rs:134:21
[INFO] [stdout]   12:     0x5c09f6645e43 - <alloc::boxed::Box<F,A> as core::ops::function::Fn<Args>>::call::h591b2225413a77e9
[INFO] [stdout]                                at /rustc/6067b36314ab5eb2eb47cecc464545ba58e1ad24/library/alloc/src/boxed.rs:2027:9
[INFO] [stdout]   13:     0x5c09f6645e43 - std::panicking::rust_panic_with_hook::h625eea43051b2edc
[INFO] [stdout]                                at /rustc/6067b36314ab5eb2eb47cecc464545ba58e1ad24/library/std/src/panicking.rs:839:13
[INFO] [stdout]   14:     0x5c09f6645ac6 - std::panicking::begin_panic_handler::{{closure}}::h4f9159cfbc3f6bd3
[INFO] [stdout]                                at /rustc/6067b36314ab5eb2eb47cecc464545ba58e1ad24/library/std/src/panicking.rs:697:13
[INFO] [stdout]   15:     0x5c09f6644429 - std::sys::backtrace::__rust_end_short_backtrace::h0390abce48353151
[INFO] [stdout]                                at /rustc/6067b36314ab5eb2eb47cecc464545ba58e1ad24/library/std/src/sys/backtrace.rs:168:18
[INFO] [stdout]   16:     0x5c09f664578d - rust_begin_unwind
[INFO] [stdout]                                at /rustc/6067b36314ab5eb2eb47cecc464545ba58e1ad24/library/std/src/panicking.rs:695:5
[INFO] [stdout]   17:     0x5c09f666d7f0 - core::panicking::panic_fmt::h9e7c637e9e5f29c9
[INFO] [stdout]                                at /rustc/6067b36314ab5eb2eb47cecc464545ba58e1ad24/library/core/src/panicking.rs:75:14
[INFO] [stdout]   18:     0x5c09f666d87c - core::panicking::panic::haa3255ea20181a33
[INFO] [stdout]                                at /rustc/6067b36314ab5eb2eb47cecc464545ba58e1ad24/library/core/src/panicking.rs:145:5
[INFO] [stdout]   19:     0x5c09f603fdb5 - crawle_rs::test::fetcher_test::test_fetch::{{closure}}::h2200a8acfa9809a4
[INFO] [stdout]                                at /opt/rustwide/workdir/src/test/fetcher_test.rs:10:5
[INFO] [stdout]   20:     0x5c09f609b8e2 - <core::pin::Pin<P> as core::future::future::Future>::poll::hc9b54d7b249d02cd
[INFO] [stdout]                                at /rustc/6067b36314ab5eb2eb47cecc464545ba58e1ad24/library/core/src/future/future.rs:124:9
[INFO] [stdout]   21:     0x5c09f609b77d - <core::pin::Pin<P> as core::future::future::Future>::poll::h59f3f3bc729e2738
[INFO] [stdout]                                at /rustc/6067b36314ab5eb2eb47cecc464545ba58e1ad24/library/core/src/future/future.rs:124:9
[INFO] [stdout]   22:     0x5c09f609471f - tokio::runtime::scheduler::current_thread::CoreGuard::block_on::{{closure}}::{{closure}}::{{closure}}::h499c1f39b5f0799e
[INFO] [stdout]                                at /opt/rustwide/cargo-home/registry/src/index.crates.io-1949cf8c6b5b557f/tokio-1.39.2/src/runtime/scheduler/current_thread/mod.rs:673:57
[INFO] [stdout]   23:     0x5c09f6094475 - tokio::runtime::coop::with_budget::hd6f67193561e00a4
[INFO] [stdout]                                at /opt/rustwide/cargo-home/registry/src/index.crates.io-1949cf8c6b5b557f/tokio-1.39.2/src/runtime/coop.rs:107:5
[INFO] [stdout]   24:     0x5c09f6094475 - tokio::runtime::coop::budget::h5e6f2b5018044d49
[INFO] [stdout]                                at /opt/rustwide/cargo-home/registry/src/index.crates.io-1949cf8c6b5b557f/tokio-1.39.2/src/runtime/coop.rs:73:5
[INFO] [stdout]   25:     0x5c09f6094475 - tokio::runtime::scheduler::current_thread::CoreGuard::block_on::{{closure}}::{{closure}}::h9a661364a467a5a8
[INFO] [stdout]                                at /opt/rustwide/cargo-home/registry/src/index.crates.io-1949cf8c6b5b557f/tokio-1.39.2/src/runtime/scheduler/current_thread/mod.rs:673:25
[INFO] [stdout]   26:     0x5c09f608ea00 - tokio::runtime::scheduler::current_thread::Context::enter::h3b6467bd2d98f65c
[INFO] [stdout]                                at /opt/rustwide/cargo-home/registry/src/index.crates.io-1949cf8c6b5b557f/tokio-1.39.2/src/runtime/scheduler/current_thread/mod.rs:412:19
[INFO] [stdout]   27:     0x5c09f6091e2e - tokio::runtime::scheduler::current_thread::CoreGuard::block_on::{{closure}}::h225e420cd6124eb9
[INFO] [stdout]                                at /opt/rustwide/cargo-home/registry/src/index.crates.io-1949cf8c6b5b557f/tokio-1.39.2/src/runtime/scheduler/current_thread/mod.rs:672:36
[INFO] [stdout]   28:     0x5c09f6091a24 - tokio::runtime::scheduler::current_thread::CoreGuard::enter::{{closure}}::he1aa6dabec801a28
[INFO] [stdout]                                at /opt/rustwide/cargo-home/registry/src/index.crates.io-1949cf8c6b5b557f/tokio-1.39.2/src/runtime/scheduler/current_thread/mod.rs:751:68
[INFO] [stdout]   29:     0x5c09f60a479b - tokio::runtime::context::scoped::Scoped<T>::set::hf73db7c1ddea2e42
[INFO] [stdout]                                at /opt/rustwide/cargo-home/registry/src/index.crates.io-1949cf8c6b5b557f/tokio-1.39.2/src/runtime/context/scoped.rs:40:9
[INFO] [stdout]   30:     0x5c09f60526c9 - tokio::runtime::context::set_scheduler::{{closure}}::h988a8137a959e020
[INFO] [stdout]                                at /opt/rustwide/cargo-home/registry/src/index.crates.io-1949cf8c6b5b557f/tokio-1.39.2/src/runtime/context.rs:180:26
[INFO] [stdout]   31:     0x5c09f609ee22 - std::thread::local::LocalKey<T>::try_with::h6020be4d0ce7cc04
[INFO] [stdout]                                at /rustc/6067b36314ab5eb2eb47cecc464545ba58e1ad24/library/std/src/thread/local.rs:308:12
[INFO] [stdout]   32:     0x5c09f609d97a - std::thread::local::LocalKey<T>::with::h13864a7bb0037719
[INFO] [stdout]                                at /rustc/6067b36314ab5eb2eb47cecc464545ba58e1ad24/library/std/src/thread/local.rs:272:9
[INFO] [stdout]   33:     0x5c09f60524ed - tokio::runtime::context::set_scheduler::h4b7ebbd726d4b6bf
[INFO] [stdout]                                at /opt/rustwide/cargo-home/registry/src/index.crates.io-1949cf8c6b5b557f/tokio-1.39.2/src/runtime/context.rs:180:9
[INFO] [stdout]   34:     0x5c09f6090e50 - tokio::runtime::scheduler::current_thread::CoreGuard::enter::h4cbf464299a493fe
[INFO] [stdout]                                at /opt/rustwide/cargo-home/registry/src/index.crates.io-1949cf8c6b5b557f/tokio-1.39.2/src/runtime/scheduler/current_thread/mod.rs:751:27
[INFO] [stdout]   35:     0x5c09f6091a43 - tokio::runtime::scheduler::current_thread::CoreGuard::block_on::h1ada944b027e0a9b
[INFO] [stdout]                                at /opt/rustwide/cargo-home/registry/src/index.crates.io-1949cf8c6b5b557f/tokio-1.39.2/src/runtime/scheduler/current_thread/mod.rs:660:19
[INFO] [stdout]   36:     0x5c09f608d51a - tokio::runtime::scheduler::current_thread::CurrentThread::block_on::{{closure}}::h665c5bffa989edce
[INFO] [stdout]                                at /opt/rustwide/cargo-home/registry/src/index.crates.io-1949cf8c6b5b557f/tokio-1.39.2/src/runtime/scheduler/current_thread/mod.rs:180:28
[INFO] [stdout]   37:     0x5c09f6098966 - tokio::runtime::context::runtime::enter_runtime::h4329e2e001d8cecb
[INFO] [stdout]                                at /opt/rustwide/cargo-home/registry/src/index.crates.io-1949cf8c6b5b557f/tokio-1.39.2/src/runtime/context/runtime.rs:65:16
[INFO] [stdout]   38:     0x5c09f608cd81 - tokio::runtime::scheduler::current_thread::CurrentThread::block_on::hea60f763dcd7dbc6
[INFO] [stdout]                                at /opt/rustwide/cargo-home/registry/src/index.crates.io-1949cf8c6b5b557f/tokio-1.39.2/src/runtime/scheduler/current_thread/mod.rs:168:9
[INFO] [stdout]   39:     0x5c09f604228d - tokio::runtime::runtime::Runtime::block_on_inner::h0f32eb1655c7a13e
[INFO] [stdout]                                at /opt/rustwide/cargo-home/registry/src/index.crates.io-1949cf8c6b5b557f/tokio-1.39.2/src/runtime/runtime.rs:361:47
[INFO] [stdout]   40:     0x5c09f60428a5 - tokio::runtime::runtime::Runtime::block_on::h1c3416898c439c61
[INFO] [stdout]                                at /opt/rustwide/cargo-home/registry/src/index.crates.io-1949cf8c6b5b557f/tokio-1.39.2/src/runtime/runtime.rs:335:13
[INFO] [stdout]   41:     0x5c09f603fa75 - crawle_rs::test::fetcher_test::test_fetch::h74cbdf0388031dd8
[INFO] [stdout]                                at /opt/rustwide/workdir/src/test/fetcher_test.rs:10:5
[INFO] [stdout]   42:     0x5c09f603f917 - crawle_rs::test::fetcher_test::test_fetch::{{closure}}::h99c9a7b815915baf
[INFO] [stdout]                                at /opt/rustwide/workdir/src/test/fetcher_test.rs:6:22
[INFO] [stdout]   43:     0x5c09f6030496 - core::ops::function::FnOnce::call_once::h224c2cd9854c229f
[INFO] [stdout]                                at /rustc/6067b36314ab5eb2eb47cecc464545ba58e1ad24/library/core/src/ops/function.rs:250:5
[INFO] [stdout]   44:     0x5c09f60f136b - core::ops::function::FnOnce::call_once::he27718dfdd183f43
[INFO] [stdout]                                at /rustc/6067b36314ab5eb2eb47cecc464545ba58e1ad24/library/core/src/ops/function.rs:250:5
[INFO] [stdout]   45:     0x5c09f60f136b - test::__rust_begin_short_backtrace::h4e84902998457a5d
[INFO] [stdout]                                at /rustc/6067b36314ab5eb2eb47cecc464545ba58e1ad24/library/test/src/lib.rs:632:18
[INFO] [stdout]   46:     0x5c09f60f02a3 - test::run_test_in_process::{{closure}}::h7176fd18fc1feca0
[INFO] [stdout]                                at /rustc/6067b36314ab5eb2eb47cecc464545ba58e1ad24/library/test/src/lib.rs:655:60
[INFO] [stdout]   47:     0x5c09f60f02a3 - <core::panic::unwind_safe::AssertUnwindSafe<F> as core::ops::function::FnOnce<()>>::call_once::hf79cff2a624d8cf7
[INFO] [stdout]                                at /rustc/6067b36314ab5eb2eb47cecc464545ba58e1ad24/library/core/src/panic/unwind_safe.rs:272:9
[INFO] [stdout]   48:     0x5c09f60f02a3 - std::panicking::try::do_call::h3da0561d9ab99c25
[INFO] [stdout]                                at /rustc/6067b36314ab5eb2eb47cecc464545ba58e1ad24/library/std/src/panicking.rs:587:40
[INFO] [stdout]   49:     0x5c09f60f02a3 - std::panicking::try::h41c9fa508bc61df6
[INFO] [stdout]                                at /rustc/6067b36314ab5eb2eb47cecc464545ba58e1ad24/library/std/src/panicking.rs:550:19
[INFO] [stdout]   50:     0x5c09f60f02a3 - std::panic::catch_unwind::h6b3ff07bb5afad93
[INFO] [stdout]                                at /rustc/6067b36314ab5eb2eb47cecc464545ba58e1ad24/library/std/src/panic.rs:358:14
[INFO] [stdout]   51:     0x5c09f60f02a3 - test::run_test_in_process::hc7253dd11b39b9f4
[INFO] [stdout]                                at /rustc/6067b36314ab5eb2eb47cecc464545ba58e1ad24/library/test/src/lib.rs:655:27
[INFO] [stdout]   52:     0x5c09f60f02a3 - test::run_test::{{closure}}::hfb2007f8649c30bb
[INFO] [stdout]                                at /rustc/6067b36314ab5eb2eb47cecc464545ba58e1ad24/library/test/src/lib.rs:576:43
[INFO] [stdout]   53:     0x5c09f60b3385 - test::run_test::{{closure}}::h56a17aa7a282a9f4
[INFO] [stdout]                                at /rustc/6067b36314ab5eb2eb47cecc464545ba58e1ad24/library/test/src/lib.rs:606:41
[INFO] [stdout]   54:     0x5c09f60b3385 - std::sys::backtrace::__rust_begin_short_backtrace::hd2d2d2fb8e8c6aac
[INFO] [stdout]                                at /rustc/6067b36314ab5eb2eb47cecc464545ba58e1ad24/library/std/src/sys/backtrace.rs:152:18
[INFO] [stdout]   55:     0x5c09f60b6c6a - std::thread::Builder::spawn_unchecked_::{{closure}}::{{closure}}::h4faa3f9db6133423
[INFO] [stdout]                                at /rustc/6067b36314ab5eb2eb47cecc464545ba58e1ad24/library/std/src/thread/mod.rs:559:17
[INFO] [stdout]   56:     0x5c09f60b6c6a - <core::panic::unwind_safe::AssertUnwindSafe<F> as core::ops::function::FnOnce<()>>::call_once::hf2e855a36a4ea846
[INFO] [stdout]                                at /rustc/6067b36314ab5eb2eb47cecc464545ba58e1ad24/library/core/src/panic/unwind_safe.rs:272:9
[INFO] [stdout]   57:     0x5c09f60b6c6a - std::panicking::try::do_call::h2f73af3616c35465
[INFO] [stdout]                                at /rustc/6067b36314ab5eb2eb47cecc464545ba58e1ad24/library/std/src/panicking.rs:587:40
[INFO] [stdout]   58:     0x5c09f60b6c6a - std::panicking::try::hd1660ce9efadef5a
[INFO] [stdout]                                at /rustc/6067b36314ab5eb2eb47cecc464545ba58e1ad24/library/std/src/panicking.rs:550:19
[INFO] [stdout]   59:     0x5c09f60b6c6a - std::panic::catch_unwind::h5ee8d7823b8ca744
[INFO] [stdout]                                at /rustc/6067b36314ab5eb2eb47cecc464545ba58e1ad24/library/std/src/panic.rs:358:14
[INFO] [stdout]   60:     0x5c09f60b6c6a - std::thread::Builder::spawn_unchecked_::{{closure}}::h53c3a1894dce8407
[INFO] [stdout]                                at /rustc/6067b36314ab5eb2eb47cecc464545ba58e1ad24/library/std/src/thread/mod.rs:557:30
[INFO] [stdout]   61:     0x5c09f60b6c6a - core::ops::function::FnOnce::call_once{{vtable.shim}}::h048ce291ad4f62bf
[INFO] [stdout]                                at /rustc/6067b36314ab5eb2eb47cecc464545ba58e1ad24/library/core/src/ops/function.rs:250:5
[INFO] [stdout]   62:     0x5c09f664a36b - <alloc::boxed::Box<F,A> as core::ops::function::FnOnce<Args>>::call_once::ha52bedf99a3b4981
[INFO] [stdout]                                at /rustc/6067b36314ab5eb2eb47cecc464545ba58e1ad24/library/alloc/src/boxed.rs:2013:9
[INFO] [stdout]   63:     0x5c09f664a36b - <alloc::boxed::Box<F,A> as core::ops::function::FnOnce<Args>>::call_once::h567748934d80ccf8
[INFO] [stdout]                                at /rustc/6067b36314ab5eb2eb47cecc464545ba58e1ad24/library/alloc/src/boxed.rs:2013:9
[INFO] [stdout]   64:     0x5c09f664a36b - std::sys::pal::unix::thread::Thread::new::thread_start::h2d970728ae887adc
[INFO] [stdout]                                at /rustc/6067b36314ab5eb2eb47cecc464545ba58e1ad24/library/std/src/sys/pal/unix/thread.rs:106:17
[INFO] [stdout]   65:     0x7a514102eac3 - <unknown>
[INFO] [stdout]   66:     0x7a51410bfa04 - clone
[INFO] [stdout]   67:                0x0 - <unknown>
[INFO] [stdout] 
[INFO] [stdout] ---- test::poster_test::test_post_url_data stdout ----
[INFO] [stdout] 
[INFO] [stdout] thread 'test::poster_test::test_post_url_data' panicked at src/test/poster_test.rs:34:5:
[INFO] [stdout] assertion failed: result.is_ok()
[INFO] [stdout] stack backtrace:
[INFO] [stdout]    0:     0x5c09f6643f2a - std::backtrace_rs::backtrace::libunwind::trace::hb059275cfc8d6126
[INFO] [stdout]                                at /rustc/6067b36314ab5eb2eb47cecc464545ba58e1ad24/library/std/src/../../backtrace/src/backtrace/libunwind.rs:116:5
[INFO] [stdout]    1:     0x5c09f6643f2a - std::backtrace_rs::backtrace::trace_unsynchronized::h2da071e4327ce3ee
[INFO] [stdout]                                at /rustc/6067b36314ab5eb2eb47cecc464545ba58e1ad24/library/std/src/../../backtrace/src/backtrace/mod.rs:66:5
[INFO] [stdout]    2:     0x5c09f6643f2a - std::sys::backtrace::_print_fmt::h842a1474e6f8d23f
[INFO] [stdout]                                at /rustc/6067b36314ab5eb2eb47cecc464545ba58e1ad24/library/std/src/sys/backtrace.rs:66:9
[INFO] [stdout]    3:     0x5c09f6643f2a - <std::sys::backtrace::BacktraceLock::print::DisplayBacktrace as core::fmt::Display>::fmt::h71a62eb3b9696b12
[INFO] [stdout]                                at /rustc/6067b36314ab5eb2eb47cecc464545ba58e1ad24/library/std/src/sys/backtrace.rs:39:26
[INFO] [stdout]    4:     0x5c09f666f2d3 - core::fmt::rt::Argument::fmt::hdb6b616786b41dc1
[INFO] [stdout]                                at /rustc/6067b36314ab5eb2eb47cecc464545ba58e1ad24/library/core/src/fmt/rt.rs:177:76
[INFO] [stdout]    5:     0x5c09f666f2d3 - core::fmt::write::h2cc1698af7e2d686
[INFO] [stdout]                                at /rustc/6067b36314ab5eb2eb47cecc464545ba58e1ad24/library/core/src/fmt/mod.rs:1440:21
[INFO] [stdout]    6:     0x5c09f663f4d3 - std::io::Write::write_fmt::hab1b4cd059a79022
[INFO] [stdout]                                at /rustc/6067b36314ab5eb2eb47cecc464545ba58e1ad24/library/std/src/io/mod.rs:1887:15
[INFO] [stdout]    7:     0x5c09f6643d72 - std::sys::backtrace::BacktraceLock::print::h147fe35b4ea13b08
[INFO] [stdout]                                at /rustc/6067b36314ab5eb2eb47cecc464545ba58e1ad24/library/std/src/sys/backtrace.rs:42:9
[INFO] [stdout]    8:     0x5c09f664534f - std::panicking::default_hook::{{closure}}::hbd44223dbdc0d208
[INFO] [stdout]                                at /rustc/6067b36314ab5eb2eb47cecc464545ba58e1ad24/library/std/src/panicking.rs:298:22
[INFO] [stdout]    9:     0x5c09f6645168 - std::panicking::default_hook::h20f81eb0576efcec
[INFO] [stdout]                                at /rustc/6067b36314ab5eb2eb47cecc464545ba58e1ad24/library/std/src/panicking.rs:322:9
[INFO] [stdout]   10:     0x5c09f60ebc13 - <alloc::boxed::Box<F,A> as core::ops::function::Fn<Args>>::call::hdb53814c496a4d34
[INFO] [stdout]                                at /rustc/6067b36314ab5eb2eb47cecc464545ba58e1ad24/library/alloc/src/boxed.rs:2027:9
[INFO] [stdout]   11:     0x5c09f60ebc13 - test::test_main::{{closure}}::hc0a4963c59427c24
[INFO] [stdout]                                at /rustc/6067b36314ab5eb2eb47cecc464545ba58e1ad24/library/test/src/lib.rs:134:21
[INFO] [stdout]   12:     0x5c09f6645e43 - <alloc::boxed::Box<F,A> as core::ops::function::Fn<Args>>::call::h591b2225413a77e9
[INFO] [stdout]                                at /rustc/6067b36314ab5eb2eb47cecc464545ba58e1ad24/library/alloc/src/boxed.rs:2027:9
[INFO] [stdout]   13:     0x5c09f6645e43 - std::panicking::rust_panic_with_hook::h625eea43051b2edc
[INFO] [stdout]                                at /rustc/6067b36314ab5eb2eb47cecc464545ba58e1ad24/library/std/src/panicking.rs:839:13
[INFO] [stdout]   14:     0x5c09f6645ac6 - std::panicking::begin_panic_handler::{{closure}}::h4f9159cfbc3f6bd3
[INFO] [stdout]                                at /rustc/6067b36314ab5eb2eb47cecc464545ba58e1ad24/library/std/src/panicking.rs:697:13
[INFO] [stdout]   15:     0x5c09f6644429 - std::sys::backtrace::__rust_end_short_backtrace::h0390abce48353151
[INFO] [stdout]                                at /rustc/6067b36314ab5eb2eb47cecc464545ba58e1ad24/library/std/src/sys/backtrace.rs:168:18
[INFO] [stdout]   16:     0x5c09f664578d - rust_begin_unwind
[INFO] [stdout]                                at /rustc/6067b36314ab5eb2eb47cecc464545ba58e1ad24/library/std/src/panicking.rs:695:5
[INFO] [stdout]   17:     0x5c09f666d7f0 - core::panicking::panic_fmt::h9e7c637e9e5f29c9
[INFO] [stdout]                                at /rustc/6067b36314ab5eb2eb47cecc464545ba58e1ad24/library/core/src/panicking.rs:75:14
[INFO] [stdout]   18:     0x5c09f666d87c - core::panicking::panic::haa3255ea20181a33
[INFO] [stdout]                                at /rustc/6067b36314ab5eb2eb47cecc464545ba58e1ad24/library/core/src/panicking.rs:145:5
[INFO] [stdout]   19:     0x5c09f608a746 - crawle_rs::test::poster_test::test_post_url_data::{{closure}}::h6822b784e81fd997
[INFO] [stdout]                                at /opt/rustwide/workdir/src/test/poster_test.rs:34:5
[INFO] [stdout]   20:     0x5c09f609b8e2 - <core::pin::Pin<P> as core::future::future::Future>::poll::hc9b54d7b249d02cd
[INFO] [stdout]                                at /rustc/6067b36314ab5eb2eb47cecc464545ba58e1ad24/library/core/src/future/future.rs:124:9
[INFO] [stdout]   21:     0x5c09f609b77d - <core::pin::Pin<P> as core::future::future::Future>::poll::h59f3f3bc729e2738
[INFO] [stdout]                                at /rustc/6067b36314ab5eb2eb47cecc464545ba58e1ad24/library/core/src/future/future.rs:124:9
[INFO] [stdout]   22:     0x5c09f609471f - tokio::runtime::scheduler::current_thread::CoreGuard::block_on::{{closure}}::{{closure}}::{{closure}}::h499c1f39b5f0799e
[INFO] [stdout]                                at /opt/rustwide/cargo-home/registry/src/index.crates.io-1949cf8c6b5b557f/tokio-1.39.2/src/runtime/scheduler/current_thread/mod.rs:673:57
[INFO] [stdout]   23:     0x5c09f6094475 - tokio::runtime::coop::with_budget::hd6f67193561e00a4
[INFO] [stdout]                                at /opt/rustwide/cargo-home/registry/src/index.crates.io-1949cf8c6b5b557f/tokio-1.39.2/src/runtime/coop.rs:107:5
[INFO] [stdout]   24:     0x5c09f6094475 - tokio::runtime::coop::budget::h5e6f2b5018044d49
[INFO] [stdout]                                at /opt/rustwide/cargo-home/registry/src/index.crates.io-1949cf8c6b5b557f/tokio-1.39.2/src/runtime/coop.rs:73:5
[INFO] [stdout]   25:     0x5c09f6094475 - tokio::runtime::scheduler::current_thread::CoreGuard::block_on::{{closure}}::{{closure}}::h9a661364a467a5a8
[INFO] [stdout]                                at /opt/rustwide/cargo-home/registry/src/index.crates.io-1949cf8c6b5b557f/tokio-1.39.2/src/runtime/scheduler/current_thread/mod.rs:673:25
[INFO] [stdout]   26:     0x5c09f608ea00 - tokio::runtime::scheduler::current_thread::Context::enter::h3b6467bd2d98f65c
[INFO] [stdout]                                at /opt/rustwide/cargo-home/registry/src/index.crates.io-1949cf8c6b5b557f/tokio-1.39.2/src/runtime/scheduler/current_thread/mod.rs:412:19
[INFO] [stdout]   27:     0x5c09f6091e2e - tokio::runtime::scheduler::current_thread::CoreGuard::block_on::{{closure}}::h225e420cd6124eb9
[INFO] [stdout]                                at /opt/rustwide/cargo-home/registry/src/index.crates.io-1949cf8c6b5b557f/tokio-1.39.2/src/runtime/scheduler/current_thread/mod.rs:672:36
[INFO] [stdout]   28:     0x5c09f6091a24 - tokio::runtime::scheduler::current_thread::CoreGuard::enter::{{closure}}::he1aa6dabec801a28
[INFO] [stdout]                                at /opt/rustwide/cargo-home/registry/src/index.crates.io-1949cf8c6b5b557f/tokio-1.39.2/src/runtime/scheduler/current_thread/mod.rs:751:68
[INFO] [stdout]   29:     0x5c09f60a479b - tokio::runtime::context::scoped::Scoped<T>::set::hf73db7c1ddea2e42
[INFO] [stdout]                                at /opt/rustwide/cargo-home/registry/src/index.crates.io-1949cf8c6b5b557f/tokio-1.39.2/src/runtime/context/scoped.rs:40:9
[INFO] [stdout]   30:     0x5c09f60526c9 - tokio::runtime::context::set_scheduler::{{closure}}::h988a8137a959e020
[INFO] [stdout]                                at /opt/rustwide/cargo-home/registry/src/index.crates.io-1949cf8c6b5b557f/tokio-1.39.2/src/runtime/context.rs:180:26
[INFO] [stdout]   31:     0x5c09f609ee22 - std::thread::local::LocalKey<T>::try_with::h6020be4d0ce7cc04
[INFO] [stdout]                                at /rustc/6067b36314ab5eb2eb47cecc464545ba58e1ad24/library/std/src/thread/local.rs:308:12
[INFO] [stdout]   32:     0x5c09f609d97a - std::thread::local::LocalKey<T>::with::h13864a7bb0037719
[INFO] [stdout]                                at /rustc/6067b36314ab5eb2eb47cecc464545ba58e1ad24/library/std/src/thread/local.rs:272:9
[INFO] [stdout]   33:     0x5c09f60524ed - tokio::runtime::context::set_scheduler::h4b7ebbd726d4b6bf
[INFO] [stdout]                                at /opt/rustwide/cargo-home/registry/src/index.crates.io-1949cf8c6b5b557f/tokio-1.39.2/src/runtime/context.rs:180:9
[INFO] [stdout]   34:     0x5c09f6090e50 - tokio::runtime::scheduler::current_thread::CoreGuard::enter::h4cbf464299a493fe
[INFO] [stdout]                                at /opt/rustwide/cargo-home/registry/src/index.crates.io-1949cf8c6b5b557f/tokio-1.39.2/src/runtime/scheduler/current_thread/mod.rs:751:27
[INFO] [stdout]   35:     0x5c09f6091a43 - tokio::runtime::scheduler::current_thread::CoreGuard::block_on::h1ada944b027e0a9b
[INFO] [stdout]                                at /opt/rustwide/cargo-home/registry/src/index.crates.io-1949cf8c6b5b557f/tokio-1.39.2/src/runtime/scheduler/current_thread/mod.rs:660:19
[INFO] [stdout]   36:     0x5c09f608d51a - tokio::runtime::scheduler::current_thread::CurrentThread::block_on::{{closure}}::h665c5bffa989edce
[INFO] [stdout]                                at /opt/rustwide/cargo-home/registry/src/index.crates.io-1949cf8c6b5b557f/tokio-1.39.2/src/runtime/scheduler/current_thread/mod.rs:180:28
[INFO] [stdout]   37:     0x5c09f6098966 - tokio::runtime::context::runtime::enter_runtime::h4329e2e001d8cecb
[INFO] [stdout]                                at /opt/rustwide/cargo-home/registry/src/index.crates.io-1949cf8c6b5b557f/tokio-1.39.2/src/runtime/context/runtime.rs:65:16
[INFO] [stdout]   38:     0x5c09f608cd81 - tokio::runtime::scheduler::current_thread::CurrentThread::block_on::hea60f763dcd7dbc6
[INFO] [stdout]                                at /opt/rustwide/cargo-home/registry/src/index.crates.io-1949cf8c6b5b557f/tokio-1.39.2/src/runtime/scheduler/current_thread/mod.rs:168:9
[INFO] [stdout]   39:     0x5c09f604228d - tokio::runtime::runtime::Runtime::block_on_inner::h0f32eb1655c7a13e
[INFO] [stdout]                                at /opt/rustwide/cargo-home/registry/src/index.crates.io-1949cf8c6b5b557f/tokio-1.39.2/src/runtime/runtime.rs:361:47
[INFO] [stdout]   40:     0x5c09f60428a5 - tokio::runtime::runtime::Runtime::block_on::h1c3416898c439c61
[INFO] [stdout]                                at /opt/rustwide/cargo-home/registry/src/index.crates.io-1949cf8c6b5b557f/tokio-1.39.2/src/runtime/runtime.rs:335:13
[INFO] [stdout]   41:     0x5c09f6089db2 - crawle_rs::test::poster_test::test_post_url_data::hb440561dcde2f5d1
[INFO] [stdout]                                at /opt/rustwide/workdir/src/test/poster_test.rs:34:5
[INFO] [stdout]   42:     0x5c09f6089c57 - crawle_rs::test::poster_test::test_post_url_data::{{closure}}::h298430a5326b72f7
[INFO] [stdout]                                at /opt/rustwide/workdir/src/test/poster_test.rs:9:30
[INFO] [stdout]   43:     0x5c09f6030636 - core::ops::function::FnOnce::call_once::h73b8e1a960c38441
[INFO] [stdout]                                at /rustc/6067b36314ab5eb2eb47cecc464545ba58e1ad24/library/core/src/ops/function.rs:250:5
[INFO] [stdout]   44:     0x5c09f60f136b - core::ops::function::FnOnce::call_once::he27718dfdd183f43
[INFO] [stdout]                                at /rustc/6067b36314ab5eb2eb47cecc464545ba58e1ad24/library/core/src/ops/function.rs:250:5
[INFO] [stdout]   45:     0x5c09f60f136b - test::__rust_begin_short_backtrace::h4e84902998457a5d
[INFO] [stdout]                                at /rustc/6067b36314ab5eb2eb47cecc464545ba58e1ad24/library/test/src/lib.rs:632:18
[INFO] [stdout]   46:     0x5c09f60f02a3 - test::run_test_in_process::{{closure}}::h7176fd18fc1feca0
[INFO] [stdout]                                at /rustc/6067b36314ab5eb2eb47cecc464545ba58e1ad24/library/test/src/lib.rs:655:60
[INFO] [stdout]   47:     0x5c09f60f02a3 - <core::panic::unwind_safe::AssertUnwindSafe<F> as core::ops::function::FnOnce<()>>::call_once::hf79cff2a624d8cf7
[INFO] [stdout]                                at /rustc/6067b36314ab5eb2eb47cecc464545ba58e1ad24/library/core/src/panic/unwind_safe.rs:272:9
[INFO] [stdout]   48:     0x5c09f60f02a3 - std::panicking::try::do_call::h3da0561d9ab99c25
[INFO] [stdout]                                at /rustc/6067b36314ab5eb2eb47cecc464545ba58e1ad24/library/std/src/panicking.rs:587:40
[INFO] [stdout]   49:     0x5c09f60f02a3 - std::panicking::try::h41c9fa508bc61df6
[INFO] [stdout]                                at /rustc/6067b36314ab5eb2eb47cecc464545ba58e1ad24/library/std/src/panicking.rs:550:19
[INFO] [stdout]   50:     0x5c09f60f02a3 - std::panic::catch_unwind::h6b3ff07bb5afad93
[INFO] [stdout]                                at /rustc/6067b36314ab5eb2eb47cecc464545ba58e1ad24/library/std/src/panic.rs:358:14
[INFO] [stdout]   51:     0x5c09f60f02a3 - test::run_test_in_process::hc7253dd11b39b9f4
[INFO] [stdout]                                at /rustc/6067b36314ab5eb2eb47cecc464545ba58e1ad24/library/test/src/lib.rs:655:27
[INFO] [stdout]   52:     0x5c09f60f02a3 - test::run_test::{{closure}}::hfb2007f8649c30bb
[INFO] [stdout]                                at /rustc/6067b36314ab5eb2eb47cecc464545ba58e1ad24/library/test/src/lib.rs:576:43
[INFO] [stdout]   53:     0x5c09f60b3385 - test::run_test::{{closure}}::h56a17aa7a282a9f4
[INFO] [stdout]                                at /rustc/6067b36314ab5eb2eb47cecc464545ba58e1ad24/library/test/src/lib.rs:606:41
[INFO] [stdout]   54:     0x5c09f60b3385 - std::sys::backtrace::__rust_begin_short_backtrace::hd2d2d2fb8e8c6aac
[INFO] [stdout]                                at /rustc/6067b36314ab5eb2eb47cecc464545ba58e1ad24/library/std/src/sys/backtrace.rs:152:18
[INFO] [stdout]   55:     0x5c09f60b6c6a - std::thread::Builder::spawn_unchecked_::{{closure}}::{{closure}}::h4faa3f9db6133423
[INFO] [stdout]                                at /rustc/6067b36314ab5eb2eb47cecc464545ba58e1ad24/library/std/src/thread/mod.rs:559:17
[INFO] [stdout]   56:     0x5c09f60b6c6a - <core::panic::unwind_safe::AssertUnwindSafe<F> as core::ops::function::FnOnce<()>>::call_once::hf2e855a36a4ea846
[INFO] [stdout]                                at /rustc/6067b36314ab5eb2eb47cecc464545ba58e1ad24/library/core/src/panic/unwind_safe.rs:272:9
[INFO] [stdout]   57:     0x5c09f60b6c6a - std::panicking::try::do_call::h2f73af3616c35465
[INFO] [stdout]                                at /rustc/6067b36314ab5eb2eb47cecc464545ba58e1ad24/library/std/src/panicking.rs:587:40
[INFO] [stdout]   58:     0x5c09f60b6c6a - std::panicking::try::hd1660ce9efadef5a
[INFO] [stdout]                                at /rustc/6067b36314ab5eb2eb47cecc464545ba58e1ad24/library/std/src/panicking.rs:550:19
[INFO] [stdout]   59:     0x5c09f60b6c6a - std::panic::catch_unwind::h5ee8d7823b8ca744
[INFO] [stdout]                                at /rustc/6067b36314ab5eb2eb47cecc464545ba58e1ad24/library/std/src/panic.rs:358:14
[INFO] [stdout]   60:     0x5c09f60b6c6a - std::thread::Builder::spawn_unchecked_::{{closure}}::h53c3a1894dce8407
[INFO] [stdout]                                at /rustc/6067b36314ab5eb2eb47cecc464545ba58e1ad24/library/std/src/thread/mod.rs:557:30
[INFO] [stdout]   61:     0x5c09f60b6c6a - core::ops::function::FnOnce::call_once{{vtable.shim}}::h048ce291ad4f62bf
[INFO] [stdout]                                at /rustc/6067b36314ab5eb2eb47cecc464545ba58e1ad24/library/core/src/ops/function.rs:250:5
[INFO] [stdout]   62:     0x5c09f664a36b - <alloc::boxed::Box<F,A> as core::ops::function::FnOnce<Args>>::call_once::ha52bedf99a3b4981
[INFO] [stdout]                                at /rustc/6067b36314ab5eb2eb47cecc464545ba58e1ad24/library/alloc/src/boxed.rs:2013:9
[INFO] [stdout]   63:     0x5c09f664a36b - <alloc::boxed::Box<F,A> as core::ops::function::FnOnce<Args>>::call_once::h567748934d80ccf8
[INFO] [stdout]                                at /rustc/6067b36314ab5eb2eb47cecc464545ba58e1ad24/library/alloc/src/boxed.rs:2013:9
[INFO] [stdout]   64:     0x5c09f664a36b - std::sys::pal::unix::thread::Thread::new::thread_start::h2d970728ae887adc
[INFO] [stdout]                                at /rustc/6067b36314ab5eb2eb47cecc464545ba58e1ad24/library/std/src/sys/pal/unix/thread.rs:106:17
[INFO] [stdout]   65:     0x7a514102eac3 - <unknown>
[INFO] [stdout]   66:     0x7a51410bfa04 - clone
[INFO] [stdout]   67:                0x0 - <unknown>
[INFO] [stdout] 
[INFO] [stdout] ---- test::fetcher_test::test_fetch_tor stdout ----
[INFO] [stdout] 
[INFO] [stdout] thread 'test::fetcher_test::test_fetch_tor' panicked at src/test/fetcher_test.rs:18:5:
[INFO] [stdout] assertion failed: result.is_ok()
[INFO] [stdout] stack backtrace:
[INFO] [stdout]    0:     0x5c09f6643f2a - std::backtrace_rs::backtrace::libunwind::trace::hb059275cfc8d6126
[INFO] [stdout]                                at /rustc/6067b36314ab5eb2eb47cecc464545ba58e1ad24/library/std/src/../../backtrace/src/backtrace/libunwind.rs:116:5
[INFO] [stdout]    1:     0x5c09f6643f2a - std::backtrace_rs::backtrace::trace_unsynchronized::h2da071e4327ce3ee
[INFO] [stdout]                                at /rustc/6067b36314ab5eb2eb47cecc464545ba58e1ad24/library/std/src/../../backtrace/src/backtrace/mod.rs:66:5
[INFO] [stdout]    2:     0x5c09f6643f2a - std::sys::backtrace::_print_fmt::h842a1474e6f8d23f
[INFO] [stdout]                                at /rustc/6067b36314ab5eb2eb47cecc464545ba58e1ad24/library/std/src/sys/backtrace.rs:66:9
[INFO] [stdout]    3:     0x5c09f6643f2a - <std::sys::backtrace::BacktraceLock::print::DisplayBacktrace as core::fmt::Display>::fmt::h71a62eb3b9696b12
[INFO] [stdout]                                at /rustc/6067b36314ab5eb2eb47cecc464545ba58e1ad24/library/std/src/sys/backtrace.rs:39:26
[INFO] [stdout]    4:     0x5c09f666f2d3 - core::fmt::rt::Argument::fmt::hdb6b616786b41dc1
[INFO] [stdout]                                at /rustc/6067b36314ab5eb2eb47cecc464545ba58e1ad24/library/core/src/fmt/rt.rs:177:76
[INFO] [stdout]    5:     0x5c09f666f2d3 - core::fmt::write::h2cc1698af7e2d686
[INFO] [stdout]                                at /rustc/6067b36314ab5eb2eb47cecc464545ba58e1ad24/library/core/src/fmt/mod.rs:1440:21
[INFO] [stdout]    6:     0x5c09f663f4d3 - std::io::Write::write_fmt::hab1b4cd059a79022
[INFO] [stdout]                                at /rustc/6067b36314ab5eb2eb47cecc464545ba58e1ad24/library/std/src/io/mod.rs:1887:15
[INFO] [stdout]    7:     0x5c09f6643d72 - std::sys::backtrace::BacktraceLock::print::h147fe35b4ea13b08
[INFO] [stdout]                                at /rustc/6067b36314ab5eb2eb47cecc464545ba58e1ad24/library/std/src/sys/backtrace.rs:42:9
[INFO] [stdout]    8:     0x5c09f664534f - std::panicking::default_hook::{{closure}}::hbd44223dbdc0d208
[INFO] [stdout]                                at /rustc/6067b36314ab5eb2eb47cecc464545ba58e1ad24/library/std/src/panicking.rs:298:22
[INFO] [stdout]    9:     0x5c09f6645168 - std::panicking::default_hook::h20f81eb0576efcec
[INFO] [stdout]                                at /rustc/6067b36314ab5eb2eb47cecc464545ba58e1ad24/library/std/src/panicking.rs:322:9
[INFO] [stdout]   10:     0x5c09f60ebc13 - <alloc::boxed::Box<F,A> as core::ops::function::Fn<Args>>::call::hdb53814c496a4d34
[INFO] [stdout]                                at /rustc/6067b36314ab5eb2eb47cecc464545ba58e1ad24/library/alloc/src/boxed.rs:2027:9
[INFO] [stdout]   11:     0x5c09f60ebc13 - test::test_main::{{closure}}::hc0a4963c59427c24
[INFO] [stdout]                                at /rustc/6067b36314ab5eb2eb47cecc464545ba58e1ad24/library/test/src/lib.rs:134:21
[INFO] [stdout]   12:     0x5c09f6645e43 - <alloc::boxed::Box<F,A> as core::ops::function::Fn<Args>>::call::h591b2225413a77e9
[INFO] [stdout]                                at /rustc/6067b36314ab5eb2eb47cecc464545ba58e1ad24/library/alloc/src/boxed.rs:2027:9
[INFO] [stdout]   13:     0x5c09f6645e43 - std::panicking::rust_panic_with_hook::h625eea43051b2edc
[INFO] [stdout]                                at /rustc/6067b36314ab5eb2eb47cecc464545ba58e1ad24/library/std/src/panicking.rs:839:13
[INFO] [stdout]   14:     0x5c09f6645ac6 - std::panicking::begin_panic_handler::{{closure}}::h4f9159cfbc3f6bd3
[INFO] [stdout]                                at /rustc/6067b36314ab5eb2eb47cecc464545ba58e1ad24/library/std/src/panicking.rs:697:13
[INFO] [stdout]   15:     0x5c09f6644429 - std::sys::backtrace::__rust_end_short_backtrace::h0390abce48353151
[INFO] [stdout]                                at /rustc/6067b36314ab5eb2eb47cecc464545ba58e1ad24/library/std/src/sys/backtrace.rs:168:18
[INFO] [stdout]   16:     0x5c09f664578d - rust_begin_unwind
[INFO] [stdout]                                at /rustc/6067b36314ab5eb2eb47cecc464545ba58e1ad24/library/std/src/panicking.rs:695:5
[INFO] [stdout]   17:     0x5c09f666d7f0 - core::panicking::panic_fmt::h9e7c637e9e5f29c9
[INFO] [stdout]                                at /rustc/6067b36314ab5eb2eb47cecc464545ba58e1ad24/library/core/src/panicking.rs:75:14
[INFO] [stdout]   18:     0x5c09f666d87c - core::panicking::panic::haa3255ea20181a33
[INFO] [stdout]                                at /rustc/6067b36314ab5eb2eb47cecc464545ba58e1ad24/library/core/src/panicking.rs:145:5
[INFO] [stdout]   19:     0x5c09f60402e5 - crawle_rs::test::fetcher_test::test_fetch_tor::{{closure}}::h4bf82edd45fabd26
[INFO] [stdout]                                at /opt/rustwide/workdir/src/test/fetcher_test.rs:18:5
[INFO] [stdout]   20:     0x5c09f609b8e2 - <core::pin::Pin<P> as core::future::future::Future>::poll::hc9b54d7b249d02cd
[INFO] [stdout]                                at /rustc/6067b36314ab5eb2eb47cecc464545ba58e1ad24/library/core/src/future/future.rs:124:9
[INFO] [stdout]   21:     0x5c09f609b77d - <core::pin::Pin<P> as core::future::future::Future>::poll::h59f3f3bc729e2738
[INFO] [stdout]                                at /rustc/6067b36314ab5eb2eb47cecc464545ba58e1ad24/library/core/src/future/future.rs:124:9
[INFO] [stdout]   22:     0x5c09f609471f - tokio::runtime::scheduler::current_thread::CoreGuard::block_on::{{closure}}::{{closure}}::{{closure}}::h499c1f39b5f0799e
[INFO] [stdout]                                at /opt/rustwide/cargo-home/registry/src/index.crates.io-1949cf8c6b5b557f/tokio-1.39.2/src/runtime/scheduler/current_thread/mod.rs:673:57
[INFO] [stdout]   23:     0x5c09f6094475 - tokio::runtime::coop::with_budget::hd6f67193561e00a4
[INFO] [stdout]                                at /opt/rustwide/cargo-home/registry/src/index.crates.io-1949cf8c6b5b557f/tokio-1.39.2/src/runtime/coop.rs:107:5
[INFO] [stdout]   24:     0x5c09f6094475 - tokio::runtime::coop::budget::h5e6f2b5018044d49
[INFO] [stdout]                                at /opt/rustwide/cargo-home/registry/src/index.crates.io-1949cf8c6b5b557f/tokio-1.39.2/src/runtime/coop.rs:73:5
[INFO] [stdout]   25:     0x5c09f6094475 - tokio::runtime::scheduler::current_thread::CoreGuard::block_on::{{closure}}::{{closure}}::h9a661364a467a5a8
[INFO] [stdout]                                at /opt/rustwide/cargo-home/registry/src/index.crates.io-1949cf8c6b5b557f/tokio-1.39.2/src/runtime/scheduler/current_thread/mod.rs:673:25
[INFO] [stdout]   26:     0x5c09f608ea00 - tokio::runtime::scheduler::current_thread::Context::enter::h3b6467bd2d98f65c
[INFO] [stdout]                                at /opt/rustwide/cargo-home/registry/src/index.crates.io-1949cf8c6b5b557f/tokio-1.39.2/src/runtime/scheduler/current_thread/mod.rs:412:19
[INFO] [stdout]   27:     0x5c09f6091e2e - tokio::runtime::scheduler::current_thread::CoreGuard::block_on::{{closure}}::h225e420cd6124eb9
[INFO] [stdout]                                at /opt/rustwide/cargo-home/registry/src/index.crates.io-1949cf8c6b5b557f/tokio-1.39.2/src/runtime/scheduler/current_thread/mod.rs:672:36
[INFO] [stdout]   28:     0x5c09f6091a24 - tokio::runtime::scheduler::current_thread::CoreGuard::enter::{{closure}}::he1aa6dabec801a28
[INFO] [stdout]                                at /opt/rustwide/cargo-home/registry/src/index.crates.io-1949cf8c6b5b557f/tokio-1.39.2/src/runtime/scheduler/current_thread/mod.rs:751:68
[INFO] [stdout]   29:     0x5c09f60a479b - tokio::runtime::context::scoped::Scoped<T>::set::hf73db7c1ddea2e42
[INFO] [stdout]                                at /opt/rustwide/cargo-home/registry/src/index.crates.io-1949cf8c6b5b557f/tokio-1.39.2/src/runtime/context/scoped.rs:40:9
[INFO] [stdout]   30:     0x5c09f60526c9 - tokio::runtime::context::set_scheduler::{{closure}}::h988a8137a959e020
[INFO] [stdout]                                at /opt/rustwide/cargo-home/registry/src/index.crates.io-1949cf8c6b5b557f/tokio-1.39.2/src/runtime/context.rs:180:26
[INFO] [stdout]   31:     0x5c09f609ee22 - std::thread::local::LocalKey<T>::try_with::h6020be4d0ce7cc04
[INFO] [stdout]                                at /rustc/6067b36314ab5eb2eb47cecc464545ba58e1ad24/library/std/src/thread/local.rs:308:12
[INFO] [stdout]   32:     0x5c09f609d97a - std::thread::local::LocalKey<T>::with::h13864a7bb0037719
[INFO] [stdout]                                at /rustc/6067b36314ab5eb2eb47cecc464545ba58e1ad24/library/std/src/thread/local.rs:272:9
[INFO] [stdout]   33:     0x5c09f60524ed - tokio::runtime::context::set_scheduler::h4b7ebbd726d4b6bf
[INFO] [stdout]                                at /opt/rustwide/cargo-home/registry/src/index.crates.io-1949cf8c6b5b557f/tokio-1.39.2/src/runtime/context.rs:180:9
[INFO] [stdout]   34:     0x5c09f6090e50 - tokio::runtime::scheduler::current_thread::CoreGuard::enter::h4cbf464299a493fe
[INFO] [stdout]                                at /opt/rustwide/cargo-home/registry/src/index.crates.io-1949cf8c6b5b557f/tokio-1.39.2/src/runtime/scheduler/current_thread/mod.rs:751:27
[INFO] [stdout]   35:     0x5c09f6091a43 - tokio::runtime::scheduler::current_thread::CoreGuard::block_on::h1ada944b027e0a9b
[INFO] [stdout]                                at /opt/rustwide/cargo-home/registry/src/index.crates.io-1949cf8c6b5b557f/tokio-1.39.2/src/runtime/scheduler/current_thread/mod.rs:660:19
[INFO] [stdout]   36:     0x5c09f608d51a - tokio::runtime::scheduler::current_thread::CurrentThread::block_on::{{closure}}::h665c5bffa989edce
[INFO] [stdout]                                at /opt/rustwide/cargo-home/registry/src/index.crates.io-1949cf8c6b5b557f/tokio-1.39.2/src/runtime/scheduler/current_thread/mod.rs:180:28
[INFO] [stdout]   37:     0x5c09f6098966 - tokio::runtime::context::runtime::enter_runtime::h4329e2e001d8cecb
[INFO] [stdout]                                at /opt/rustwide/cargo-home/registry/src/index.crates.io-1949cf8c6b5b557f/tokio-1.39.2/src/runtime/context/runtime.rs:65:16
[INFO] [stdout]   38:     0x5c09f608cd81 - tokio::runtime::scheduler::current_thread::CurrentThread::block_on::hea60f763dcd7dbc6
[INFO] [stdout]                                at /opt/rustwide/cargo-home/registry/src/index.crates.io-1949cf8c6b5b557f/tokio-1.39.2/src/runtime/scheduler/current_thread/mod.rs:168:9
[INFO] [stdout]   39:     0x5c09f604228d - tokio::runtime::runtime::Runtime::block_on_inner::h0f32eb1655c7a13e
[INFO] [stdout]                                at /opt/rustwide/cargo-home/registry/src/index.crates.io-1949cf8c6b5b557f/tokio-1.39.2/src/runtime/runtime.rs:361:47
[INFO] [stdout]   40:     0x5c09f60428a5 - tokio::runtime::runtime::Runtime::block_on::h1c3416898c439c61
[INFO] [stdout]                                at /opt/rustwide/cargo-home/registry/src/index.crates.io-1949cf8c6b5b557f/tokio-1.39.2/src/runtime/runtime.rs:335:13
[INFO] [stdout]   41:     0x5c09f603ff75 - crawle_rs::test::fetcher_test::test_fetch_tor::h9aaec7b738083344
[INFO] [stdout]                                at /opt/rustwide/workdir/src/test/fetcher_test.rs:20:5
[INFO] [stdout]   42:     0x5c09f603fe17 - crawle_rs::test::fetcher_test::test_fetch_tor::{{closure}}::h0156658b164b0c3f
[INFO] [stdout]                                at /opt/rustwide/workdir/src/test/fetcher_test.rs:14:26
[INFO] [stdout]   43:     0x5c09f6030596 - core::ops::function::FnOnce::call_once::h55dc4b54d2f250f6
[INFO] [stdout]                                at /rustc/6067b36314ab5eb2eb47cecc464545ba58e1ad24/library/core/src/ops/function.rs:250:5
[INFO] [stdout]   44:     0x5c09f60f136b - core::ops::function::FnOnce::call_once::he27718dfdd183f43
[INFO] [stdout]                                at /rustc/6067b36314ab5eb2eb47cecc464545ba58e1ad24/library/core/src/ops/function.rs:250:5
[INFO] [stdout]   45:     0x5c09f60f136b - test::__rust_begin_short_backtrace::h4e84902998457a5d
[INFO] [stdout]                                at /rustc/6067b36314ab5eb2eb47cecc464545ba58e1ad24/library/test/src/lib.rs:632:18
[INFO] [stdout]   46:     0x5c09f60f02a3 - test::run_test_in_process::{{closure}}::h7176fd18fc1feca0
[INFO] [stdout]                                at /rustc/6067b36314ab5eb2eb47cecc464545ba58e1ad24/library/test/src/lib.rs:655:60
[INFO] [stdout]   47:     0x5c09f60f02a3 - <core::panic::unwind_safe::AssertUnwindSafe<F> as core::ops::function::FnOnce<()>>::call_once::hf79cff2a624d8cf7
[INFO] [stdout]                                at /rustc/6067b36314ab5eb2eb47cecc464545ba58e1ad24/library/core/src/panic/unwind_safe.rs:272:9
[INFO] [stdout]   48:     0x5c09f60f02a3 - std::panicking::try::do_call::h3da0561d9ab99c25
[INFO] [stdout]                                at /rustc/6067b36314ab5eb2eb47cecc464545ba58e1ad24/library/std/src/panicking.rs:587:40
[INFO] [stdout]   49:     0x5c09f60f02a3 - std::panicking::try::h41c9fa508bc61df6
[INFO] [stdout]                                at /rustc/6067b36314ab5eb2eb47cecc464545ba58e1ad24/library/std/src/panicking.rs:550:19
[INFO] [stdout]   50:     0x5c09f60f02a3 - std::panic::catch_unwind::h6b3ff07bb5afad93
[INFO] [stdout]                                at /rustc/6067b36314ab5eb2eb47cecc464545ba58e1ad24/library/std/src/panic.rs:358:14
[INFO] [stdout]   51:     0x5c09f60f02a3 - test::run_test_in_process::hc7253dd11b39b9f4
[INFO] [stdout]                                at /rustc/6067b36314ab5eb2eb47cecc464545ba58e1ad24/library/test/src/lib.rs:655:27
[INFO] [stdout]   52:     0x5c09f60f02a3 - test::run_test::{{closure}}::hfb2007f8649c30bb
[INFO] [stdout]                                at /rustc/6067b36314ab5eb2eb47cecc464545ba58e1ad24/library/test/src/lib.rs:576:43
[INFO] [stdout]   53:     0x5c09f60b3385 - test::run_test::{{closure}}::h56a17aa7a282a9f4
[INFO] [stdout]                                at /rustc/6067b36314ab5eb2eb47cecc464545ba58e1ad24/library/test/src/lib.rs:606:41
[INFO] [stdout]   54:     0x5c09f60b3385 - std::sys::backtrace::__rust_begin_short_backtrace::hd2d2d2fb8e8c6aac
[INFO] [stdout]                                at /rustc/6067b36314ab5eb2eb47cecc464545ba58e1ad24/library/std/src/sys/backtrace.rs:152:18
[INFO] [stdout]   55:     0x5c09f60b6c6a - std::thread::Builder::spawn_unchecked_::{{closure}}::{{closure}}::h4faa3f9db6133423
[INFO] [stdout]                                at /rustc/6067b36314ab5eb2eb47cecc464545ba58e1ad24/library/std/src/thread/mod.rs:559:17
[INFO] [stdout]   56:     0x5c09f60b6c6a - <core::panic::unwind_safe::AssertUnwindSafe<F> as core::ops::function::FnOnce<()>>::call_once::hf2e855a36a4ea846
[INFO] [stdout]                                at /rustc/6067b36314ab5eb2eb47cecc464545ba58e1ad24/library/core/src/panic/unwind_safe.rs:272:9
[INFO] [stdout]   57:     0x5c09f60b6c6a - std::panicking::try::do_call::h2f73af3616c35465
[INFO] [stdout]                                at /rustc/6067b36314ab5eb2eb47cecc464545ba58e1ad24/library/std/src/panicking.rs:587:40
[INFO] [stdout]   58:     0x5c09f60b6c6a - std::panicking::try::hd1660ce9efadef5a
[INFO] [stdout]                                at /rustc/6067b36314ab5eb2eb47cecc464545ba58e1ad24/library/std/src/panicking.rs:550:19
[INFO] [stdout]   59:     0x5c09f60b6c6a - std::panic::catch_unwind::h5ee8d7823b8ca744
[INFO] [stdout]                                at /rustc/6067b36314ab5eb2eb47cecc464545ba58e1ad24/library/std/src/panic.rs:358:14
[INFO] [stdout]   60:     0x5c09f60b6c6a - std::thread::Builder::spawn_unchecked_::{{closure}}::h53c3a1894dce8407
[INFO] [stdout]                                at /rustc/6067b36314ab5eb2eb47cecc464545ba58e1ad24/library/std/src/thread/mod.rs:557:30
[INFO] [stdout]   61:     0x5c09f60b6c6a - core::ops::function::FnOnce::call_once{{vtable.shim}}::h048ce291ad4f62bf
[INFO] [stdout]                                at /rustc/6067b36314ab5eb2eb47cecc464545ba58e1ad24/library/core/src/ops/function.rs:250:5
[INFO] [stdout]   62:     0x5c09f664a36b - <alloc::boxed::Box<F,A> as core::ops::function::FnOnce<Args>>::call_once::ha52bedf99a3b4981
[INFO] [stdout]                                at /rustc/6067b36314ab5eb2eb47cecc464545ba58e1ad24/library/alloc/src/boxed.rs:2013:9
[INFO] [stdout]   63:     0x5c09f664a36b - <alloc::boxed::Box<F,A> as core::ops::function::FnOnce<Args>>::call_once::h567748934d80ccf8
[INFO] [stdout]                                at /rustc/6067b36314ab5eb2eb47cecc464545ba58e1ad24/library/alloc/src/boxed.rs:2013:9
[INFO] [stdout]   64:     0x5c09f664a36b - std::sys::pal::unix::thread::Thread::new::thread_start::h2d970728ae887adc
[INFO] [stdout]                                at /rustc/6067b36314ab5eb2eb47cecc464545ba58e1ad24/library/std/src/sys/pal/unix/thread.rs:106:17
[INFO] [stdout]   65:     0x7a514102eac3 - <unknown>
[INFO] [stdout]   66:     0x7a51410bfa04 - clone
[INFO] [stdout]   67:                0x0 - <unknown>
[INFO] [stdout] 
[INFO] [stdout] ---- crawler::tests::test_stash_urls stdout ----
[INFO] [stdout] Failed to open or create file: Os { code: 30, kind: ReadOnlyFilesystem, message: "Read-only file system" }
[INFO] [stdout] 
[INFO] [stdout] thread 'crawler::tests::test_stash_urls' panicked at src/crawler.rs:378:47:
[INFO] [stdout] called `Result::unwrap()` on an `Err` value: Os { code: 2, kind: NotFound, message: "No such file or directory" }
[INFO] [stdout] stack backtrace:
[INFO] [stdout]    0:     0x5c09f6643f2a - std::backtrace_rs::backtrace::libunwind::trace::hb059275cfc8d6126
[INFO] [stdout]                                at /rustc/6067b36314ab5eb2eb47cecc464545ba58e1ad24/library/std/src/../../backtrace/src/backtrace/libunwind.rs:116:5
[INFO] [stdout]    1:     0x5c09f6643f2a - std::backtrace_rs::backtrace::trace_unsynchronized::h2da071e4327ce3ee
[INFO] [stdout]                                at /rustc/6067b36314ab5eb2eb47cecc464545ba58e1ad24/library/std/src/../../backtrace/src/backtrace/mod.rs:66:5
[INFO] [stdout]    2:     0x5c09f6643f2a - std::sys::backtrace::_print_fmt::h842a1474e6f8d23f
[INFO] [stdout]                                at /rustc/6067b36314ab5eb2eb47cecc464545ba58e1ad24/library/std/src/sys/backtrace.rs:66:9
[INFO] [stdout]    3:     0x5c09f6643f2a - <std::sys::backtrace::BacktraceLock::print::DisplayBacktrace as core::fmt::Display>::fmt::h71a62eb3b9696b12
[INFO] [stdout]                                at /rustc/6067b36314ab5eb2eb47cecc464545ba58e1ad24/library/std/src/sys/backtrace.rs:39:26
[INFO] [stdout]    4:     0x5c09f666f2d3 - core::fmt::rt::Argument::fmt::hdb6b616786b41dc1
[INFO] [stdout]                                at /rustc/6067b36314ab5eb2eb47cecc464545ba58e1ad24/library/core/src/fmt/rt.rs:177:76
[INFO] [stdout]    5:     0x5c09f666f2d3 - core::fmt::write::h2cc1698af7e2d686
[INFO] [stdout]                                at /rustc/6067b36314ab5eb2eb47cecc464545ba58e1ad24/library/core/src/fmt/mod.rs:1440:21
[INFO] [stdout]    6:     0x5c09f663f4d3 - std::io::Write::write_fmt::hab1b4cd059a79022
[INFO] [stdout]                                at /rustc/6067b36314ab5eb2eb47cecc464545ba58e1ad24/library/std/src/io/mod.rs:1887:15
[INFO] [stdout]    7:     0x5c09f6643d72 - std::sys::backtrace::BacktraceLock::print::h147fe35b4ea13b08
[INFO] [stdout]                                at /rustc/6067b36314ab5eb2eb47cecc464545ba58e1ad24/library/std/src/sys/backtrace.rs:42:9
[INFO] [stdout]    8:     0x5c09f664534f - std::panicking::default_hook::{{closure}}::hbd44223dbdc0d208
[INFO] [stdout]                                at /rustc/6067b36314ab5eb2eb47cecc464545ba58e1ad24/library/std/src/panicking.rs:298:22
[INFO] [stdout]    9:     0x5c09f6645168 - std::panicking::default_hook::h20f81eb0576efcec
[INFO] [stdout]                                at /rustc/6067b36314ab5eb2eb47cecc464545ba58e1ad24/library/std/src/panicking.rs:322:9
[INFO] [stdout]   10:     0x5c09f60ebc13 - <alloc::boxed::Box<F,A> as core::ops::function::Fn<Args>>::call::hdb53814c496a4d34
[INFO] [stdout]                                at /rustc/6067b36314ab5eb2eb47cecc464545ba58e1ad24/library/alloc/src/boxed.rs:2027:9
[INFO] [stdout]   11:     0x5c09f60ebc13 - test::test_main::{{closure}}::hc0a4963c59427c24
[INFO] [stdout]                                at /rustc/6067b36314ab5eb2eb47cecc464545ba58e1ad24/library/test/src/lib.rs:134:21
[INFO] [stdout]   12:     0x5c09f6645e43 - <alloc::boxed::Box<F,A> as core::ops::function::Fn<Args>>::call::h591b2225413a77e9
[INFO] [stdout]                                at /rustc/6067b36314ab5eb2eb47cecc464545ba58e1ad24/library/alloc/src/boxed.rs:2027:9
[INFO] [stdout]   13:     0x5c09f6645e43 - std::panicking::rust_panic_with_hook::h625eea43051b2edc
[INFO] [stdout]                                at /rustc/6067b36314ab5eb2eb47cecc464545ba58e1ad24/library/std/src/panicking.rs:839:13
[INFO] [stdout]   14:     0x5c09f6645afa - std::panicking::begin_panic_handler::{{closure}}::h4f9159cfbc3f6bd3
[INFO] [stdout]                                at /rustc/6067b36314ab5eb2eb47cecc464545ba58e1ad24/library/std/src/panicking.rs:704:13
[INFO] [stdout]   15:     0x5c09f6644429 - std::sys::backtrace::__rust_end_short_backtrace::h0390abce48353151
[INFO] [stdout]                                at /rustc/6067b36314ab5eb2eb47cecc464545ba58e1ad24/library/std/src/sys/backtrace.rs:168:18
[INFO] [stdout]   16:     0x5c09f664578d - rust_begin_unwind
[INFO] [stdout]                                at /rustc/6067b36314ab5eb2eb47cecc464545ba58e1ad24/library/std/src/panicking.rs:695:5
[INFO] [stdout]   17:     0x5c09f666d7f0 - core::panicking::panic_fmt::h9e7c637e9e5f29c9
[INFO] [stdout]                                at /rustc/6067b36314ab5eb2eb47cecc464545ba58e1ad24/library/core/src/panicking.rs:75:14
[INFO] [stdout]   18:     0x5c09f666dcc6 - core::result::unwrap_failed::h7979f09313fe1849
[INFO] [stdout]                                at /rustc/6067b36314ab5eb2eb47cecc464545ba58e1ad24/library/core/src/result.rs:1704:5
[INFO] [stdout]   19:     0x5c09f603d677 - core::result::Result<T,E>::unwrap::hf3cbc247e38e0308
[INFO] [stdout]                                at /rustc/6067b36314ab5eb2eb47cecc464545ba58e1ad24/library/core/src/result.rs:1109:23
[INFO] [stdout]   20:     0x5c09f603d677 - crawle_rs::crawler::tests::test_stash_urls::h82e9a2ad5c302910
[INFO] [stdout]                                at /opt/rustwide/workdir/src/crawler.rs:378:24
[INFO] [stdout]   21:     0x5c09f603d367 - crawle_rs::crawler::tests::test_stash_urls::{{closure}}::hd3d9cbb123852810
[INFO] [stdout]                                at /opt/rustwide/workdir/src/crawler.rs:365:25
[INFO] [stdout]   22:     0x5c09f60306f6 - core::ops::function::FnOnce::call_once::hac05a2f9105579c9
[INFO] [stdout]                                at /rustc/6067b36314ab5eb2eb47cecc464545ba58e1ad24/library/core/src/ops/function.rs:250:5
[INFO] [stdout]   23:     0x5c09f60f136b - core::ops::function::FnOnce::call_once::he27718dfdd183f43
[INFO] [stdout]                                at /rustc/6067b36314ab5eb2eb47cecc464545ba58e1ad24/library/core/src/ops/function.rs:250:5
[INFO] [stdout]   24:     0x5c09f60f136b - test::__rust_begin_short_backtrace::h4e84902998457a5d
[INFO] [stdout]                                at /rustc/6067b36314ab5eb2eb47cecc464545ba58e1ad24/library/test/src/lib.rs:632:18
[INFO] [stdout]   25:     0x5c09f60f02a3 - test::run_test_in_process::{{closure}}::h7176fd18fc1feca0
[INFO] [stdout]                                at /rustc/6067b36314ab5eb2eb47cecc464545ba58e1ad24/library/test/src/lib.rs:655:60
[INFO] [stdout]   26:     0x5c09f60f02a3 - <core::panic::unwind_safe::AssertUnwindSafe<F> as core::ops::function::FnOnce<()>>::call_once::hf79cff2a624d8cf7
[INFO] [stdout]                                at /rustc/6067b36314ab5eb2eb47cecc464545ba58e1ad24/library/core/src/panic/unwind_safe.rs:272:9
[INFO] [stdout]   27:     0x5c09f60f02a3 - std::panicking::try::do_call::h3da0561d9ab99c25
[INFO] [stdout]                                at /rustc/6067b36314ab5eb2eb47cecc464545ba58e1ad24/library/std/src/panicking.rs:587:40
[INFO] [stdout]   28:     0x5c09f60f02a3 - std::panicking::try::h41c9fa508bc61df6
[INFO] [stdout]                                at /rustc/6067b36314ab5eb2eb47cecc464545ba58e1ad24/library/std/src/panicking.rs:550:19
[INFO] [stdout]   29:     0x5c09f60f02a3 - std::panic::catch_unwind::h6b3ff07bb5afad93
[INFO] [stdout]                                at /rustc/6067b36314ab5eb2eb47cecc464545ba58e1ad24/library/std/src/panic.rs:358:14
[INFO] [stdout]   30:     0x5c09f60f02a3 - test::run_test_in_process::hc7253dd11b39b9f4
[INFO] [stdout]                                at /rustc/6067b36314ab5eb2eb47cecc464545ba58e1ad24/library/test/src/lib.rs:655:27
[INFO] [stdout]   31:     0x5c09f60f02a3 - test::run_test::{{closure}}::hfb2007f8649c30bb
[INFO] [stdout]                                at /rustc/6067b36314ab5eb2eb47cecc464545ba58e1ad24/library/test/src/lib.rs:576:43
[INFO] [stdout]   32:     0x5c09f60b3385 - test::run_test::{{closure}}::h56a17aa7a282a9f4
[INFO] [stdout]                                at /rustc/6067b36314ab5eb2eb47cecc464545ba58e1ad24/library/test/src/lib.rs:606:41
[INFO] [stdout]   33:     0x5c09f60b3385 - std::sys::backtrace::__rust_begin_short_backtrace::hd2d2d2fb8e8c6aac
[INFO] [stdout]                                at /rustc/6067b36314ab5eb2eb47cecc464545ba58e1ad24/library/std/src/sys/backtrace.rs:152:18
[INFO] [stdout]   34:     0x5c09f60b6c6a - std::thread::Builder::spawn_unchecked_::{{closure}}::{{closure}}::h4faa3f9db6133423
[INFO] [stdout]                                at /rustc/6067b36314ab5eb2eb47cecc464545ba58e1ad24/library/std/src/thread/mod.rs:559:17
[INFO] [stdout]   35:     0x5c09f60b6c6a - <core::panic::unwind_safe::AssertUnwindSafe<F> as core::ops::function::FnOnce<()>>::call_once::hf2e855a36a4ea846
[INFO] [stdout]                                at /rustc/6067b36314ab5eb2eb47cecc464545ba58e1ad24/library/core/src/panic/unwind_safe.rs:272:9
[INFO] [stdout]   36:     0x5c09f60b6c6a - std::panicking::try::do_call::h2f73af3616c35465
[INFO] [stdout]                                at /rustc/6067b36314ab5eb2eb47cecc464545ba58e1ad24/library/std/src/panicking.rs:587:40
[INFO] [stdout]   37:     0x5c09f60b6c6a - std::panicking::try::hd1660ce9efadef5a
[INFO] [stdout]                                at /rustc/6067b36314ab5eb2eb47cecc464545ba58e1ad24/library/std/src/panicking.rs:550:19
[INFO] [stdout]   38:     0x5c09f60b6c6a - std::panic::catch_unwind::h5ee8d7823b8ca744
[INFO] [stdout]                                at /rustc/6067b36314ab5eb2eb47cecc464545ba58e1ad24/library/std/src/panic.rs:358:14
[INFO] [stdout]   39:     0x5c09f60b6c6a - std::thread::Builder::spawn_unchecked_::{{closure}}::h53c3a1894dce8407
[INFO] [stdout]                                at /rustc/6067b36314ab5eb2eb47cecc464545ba58e1ad24/library/std/src/thread/mod.rs:557:30
[INFO] [stdout]   40:     0x5c09f60b6c6a - core::ops::function::FnOnce::call_once{{vtable.shim}}::h048ce291ad4f62bf
[INFO] [stdout]                                at /rustc/6067b36314ab5eb2eb47cecc464545ba58e1ad24/library/core/src/ops/function.rs:250:5
[INFO] [stdout]   41:     0x5c09f664a36b - <alloc::boxed::Box<F,A> as core::ops::function::FnOnce<Args>>::call_once::ha52bedf99a3b4981
[INFO] [stdout]                                at /rustc/6067b36314ab5eb2eb47cecc464545ba58e1ad24/library/alloc/src/boxed.rs:2013:9
[INFO] [stdout]   42:     0x5c09f664a36b - <alloc::boxed::Box<F,A> as core::ops::function::FnOnce<Args>>::call_once::h567748934d80ccf8
[INFO] [stdout]                                at /rustc/6067b36314ab5eb2eb47cecc464545ba58e1ad24/library/alloc/src/boxed.rs:2013:9
[INFO] [stdout]   43:     0x5c09f664a36b - std::sys::pal::unix::thread::Thread::new::thread_start::h2d970728ae887adc
[INFO] [stdout]                                at /rustc/6067b36314ab5eb2eb47cecc464545ba58e1ad24/library/std/src/sys/pal/unix/thread.rs:106:17
[INFO] [stdout]   44:     0x7a514102eac3 - <unknown>
[INFO] [stdout]   45:     0x7a51410bfa04 - clone
[INFO] [stdout]   46:                0x0 - <unknown>
[INFO] [stdout] 
[INFO] [stdout] ---- crawler::tests::test_redis_false stdout ----
[INFO] [stdout] Failed to open or create file: Os { code: 30, kind: ReadOnlyFilesystem, message: "Read-only file system" }
[INFO] [stdout] Error: Connection refused (os error 111)
[INFO] [stdout] 
[INFO] [stdout] ---- crawler::tests::test_redis_true stdout ----
[INFO] [stdout] Failed to open or create file: Os { code: 30, kind: ReadOnlyFilesystem, message: "Read-only file system" }
[INFO] [stdout] Error: Connection refused (os error 111)
[INFO] [stdout] 
[INFO] [stdout] 
[INFO] [stdout] failures:
[INFO] [stdout]     crawler::tests::test_redis_false
[INFO] [stdout]     crawler::tests::test_redis_true
[INFO] [stdout]     crawler::tests::test_stash_urls
[INFO] [stdout]     test::fetcher_test::test_fetch
[INFO] [stdout]     test::fetcher_test::test_fetch_tor
[INFO] [stdout]     test::parser_tests::test_parse_with_links
[INFO] [stdout]     test::poster_test::test_post_url_data
[INFO] [stdout] 
[INFO] [stdout] test result: FAILED. 1 passed; 7 failed; 0 ignored; 0 measured; 0 filtered out; finished in 0.38s
[INFO] [stdout] 
[INFO] [stderr] error: test failed, to rerun pass `--bin crawle-rs`
[INFO] running `Command { std: "docker" "inspect" "0c9d20c9bb9194633e9dcb4253a5a42b8b76b72c8b08e3f686fc796198195e4a", kill_on_drop: false }`
[INFO] running `Command { std: "docker" "rm" "-f" "0c9d20c9bb9194633e9dcb4253a5a42b8b76b72c8b08e3f686fc796198195e4a", kill_on_drop: false }`
[INFO] [stdout] 0c9d20c9bb9194633e9dcb4253a5a42b8b76b72c8b08e3f686fc796198195e4a
