[INFO] cloning repository https://github.com/fhaynes/palladium
[INFO] running `Command { std: "git" "-c" "credential.helper=" "-c" "credential.helper=/workspace/cargo-home/bin/git-credential-null" "clone" "--bare" "https://github.com/fhaynes/palladium" "/workspace/cache/git-repos/https%3A%2F%2Fgithub.com%2Ffhaynes%2Fpalladium", kill_on_drop: false }`
[INFO] [stderr] Cloning into bare repository '/workspace/cache/git-repos/https%3A%2F%2Fgithub.com%2Ffhaynes%2Fpalladium'...
[INFO] running `Command { std: "git" "rev-parse" "HEAD", kill_on_drop: false }`
[INFO] [stdout] 5c9657738100c1f20610198d54087a667798f663
[INFO] testing fhaynes/palladium against nightly-2025-01-18 for randomize-layout-2
[INFO] running `Command { std: "git" "clone" "/workspace/cache/git-repos/https%3A%2F%2Fgithub.com%2Ffhaynes%2Fpalladium" "/workspace/builds/worker-6-tc1/source", kill_on_drop: false }`
[INFO] [stderr] Cloning into '/workspace/builds/worker-6-tc1/source'...
[INFO] [stderr] done.
[INFO] validating manifest of git repo https://github.com/fhaynes/palladium on toolchain nightly-2025-01-18
[INFO] running `Command { std: CARGO_HOME="/workspace/cargo-home" RUSTUP_HOME="/workspace/rustup-home" "/workspace/cargo-home/bin/cargo" "+nightly-2025-01-18" "metadata" "--manifest-path" "Cargo.toml" "--no-deps", kill_on_drop: false }`
[INFO] started tweaking git repo https://github.com/fhaynes/palladium
[INFO] finished tweaking git repo https://github.com/fhaynes/palladium
[INFO] tweaked toml for git repo https://github.com/fhaynes/palladium written to /workspace/builds/worker-6-tc1/source/Cargo.toml
[INFO] crate git repo https://github.com/fhaynes/palladium already has a lockfile, it will not be regenerated
[INFO] running `Command { std: CARGO_HOME="/workspace/cargo-home" RUSTUP_HOME="/workspace/rustup-home" "/workspace/cargo-home/bin/cargo" "+nightly-2025-01-18" "fetch" "--manifest-path" "Cargo.toml", kill_on_drop: false }`
[INFO] [stderr] warning: no edition set: defaulting to the 2015 edition while the latest is 2024
[INFO] [stderr]     Updating crates.io index
[INFO] [stderr]  Downloading crates ...
[INFO] [stderr]   Downloaded serde v1.0.89
[INFO] [stderr]   Downloaded cfg-if v0.1.7
[INFO] [stderr]   Downloaded iridium v0.0.33
[INFO] [stderr]   Downloaded bincode v1.1.2
[INFO] [stderr]   Downloaded proc-macro2 v0.4.27
[INFO] [stderr]   Downloaded termcolor v1.0.4
[INFO] [stderr]   Downloaded serde_derive v1.0.89
[INFO] [stderr]   Downloaded redox_syscall v0.1.52
[INFO] [stderr]   Downloaded num_cpus v1.10.0
[INFO] [stderr]   Downloaded syn v0.15.30
[INFO] [stderr]   Downloaded regex v1.1.5
[INFO] [stderr]   Downloaded regex-syntax v0.6.6
[INFO] [stderr]   Downloaded libc v0.2.51
[INFO] running `Command { std: "docker" "create" "-v" "/var/lib/crater-agent-workspace/builds/worker-6-tc1/target:/opt/rustwide/target:rw,Z" "-v" "/var/lib/crater-agent-workspace/builds/worker-6-tc1/source:/opt/rustwide/workdir:ro,Z" "-v" "/var/lib/crater-agent-workspace/cargo-home:/opt/rustwide/cargo-home:ro,Z" "-v" "/var/lib/crater-agent-workspace/rustup-home:/opt/rustwide/rustup-home:ro,Z" "-e" "SOURCE_DIR=/opt/rustwide/workdir" "-e" "CARGO_TARGET_DIR=/opt/rustwide/target" "-e" "CARGO_HOME=/opt/rustwide/cargo-home" "-e" "RUSTUP_HOME=/opt/rustwide/rustup-home" "-w" "/opt/rustwide/workdir" "-m" "1610612736" "--user" "0:0" "--network" "none" "ghcr.io/rust-lang/crates-build-env/linux@sha256:819108c5571ea2e421544af4d832f968d213c87fbe3707a016657f43d2f853bc" "/opt/rustwide/cargo-home/bin/cargo" "+nightly-2025-01-18" "metadata" "--no-deps" "--format-version=1", kill_on_drop: false }`
[INFO] [stdout] 5376451787dab9bc39021e9737fb6020fe27a7a4873929b9b426a89b43e84677
[INFO] running `Command { std: "docker" "start" "-a" "5376451787dab9bc39021e9737fb6020fe27a7a4873929b9b426a89b43e84677", kill_on_drop: false }`
[INFO] running `Command { std: "docker" "inspect" "5376451787dab9bc39021e9737fb6020fe27a7a4873929b9b426a89b43e84677", kill_on_drop: false }`
[INFO] running `Command { std: "docker" "rm" "-f" "5376451787dab9bc39021e9737fb6020fe27a7a4873929b9b426a89b43e84677", kill_on_drop: false }`
[INFO] [stdout] 5376451787dab9bc39021e9737fb6020fe27a7a4873929b9b426a89b43e84677
[INFO] running `Command { std: "docker" "create" "-v" "/var/lib/crater-agent-workspace/builds/worker-6-tc1/target:/opt/rustwide/target:rw,Z" "-v" "/var/lib/crater-agent-workspace/builds/worker-6-tc1/source:/opt/rustwide/workdir:ro,Z" "-v" "/var/lib/crater-agent-workspace/cargo-home:/opt/rustwide/cargo-home:ro,Z" "-v" "/var/lib/crater-agent-workspace/rustup-home:/opt/rustwide/rustup-home:ro,Z" "-e" "SOURCE_DIR=/opt/rustwide/workdir" "-e" "CARGO_TARGET_DIR=/opt/rustwide/target" "-e" "CARGO_INCREMENTAL=0" "-e" "RUST_BACKTRACE=full" "-e" "RUSTFLAGS=--cap-lints=forbid" "-e" "RUSTDOCFLAGS=--cap-lints=forbid" "-e" "CARGO_HOME=/opt/rustwide/cargo-home" "-e" "RUSTUP_HOME=/opt/rustwide/rustup-home" "-w" "/opt/rustwide/workdir" "-m" "1610612736" "--user" "0:0" "--network" "none" "ghcr.io/rust-lang/crates-build-env/linux@sha256:819108c5571ea2e421544af4d832f968d213c87fbe3707a016657f43d2f853bc" "/opt/rustwide/cargo-home/bin/cargo" "+nightly-2025-01-18" "build" "--frozen" "--message-format=json", kill_on_drop: false }`
[INFO] [stdout] 68db3ffe81f1292701a325fd30cee28f89572d2b9522abc214b0ddca9bd02c56
[INFO] running `Command { std: "docker" "start" "-a" "68db3ffe81f1292701a325fd30cee28f89572d2b9522abc214b0ddca9bd02c56", kill_on_drop: false }`
[INFO] [stderr] warning: no edition set: defaulting to the 2015 edition while the latest is 2024
[INFO] [stderr]    Compiling autocfg v0.1.2
[INFO] [stderr]    Compiling libc v0.2.51
[INFO] [stderr]    Compiling rand_core v0.4.0
[INFO] [stderr]    Compiling memchr v2.2.0
[INFO] [stderr]    Compiling proc-macro2 v0.4.27
[INFO] [stderr]    Compiling num-traits v0.2.6
[INFO] [stderr]    Compiling unicode-xid v0.1.0
[INFO] [stderr]    Compiling version_check v0.1.5
[INFO] [stderr]    Compiling num-integer v0.1.39
[INFO] [stderr]    Compiling regex v1.1.5
[INFO] [stderr]    Compiling ucd-util v0.1.3
[INFO] [stderr]    Compiling serde v1.0.89
[INFO] [stderr]    Compiling byteorder v1.3.1
[INFO] [stderr]    Compiling lazy_static v1.3.0
[INFO] [stderr]    Compiling syn v0.15.30
[INFO] [stderr]    Compiling cfg-if v0.1.7
[INFO] [stderr]    Compiling unicode-width v0.1.5
[INFO] [stderr]    Compiling utf8-ranges v1.0.2
[INFO] [stderr]    Compiling rand_core v0.3.1
[INFO] [stderr]    Compiling rand_hc v0.1.0
[INFO] [stderr]    Compiling rand_isaac v0.1.1
[INFO] [stderr]    Compiling regex-syntax v0.6.6
[INFO] [stderr]    Compiling rand_xorshift v0.1.1
[INFO] [stderr]    Compiling rand_jitter v0.1.3
[INFO] [stderr]    Compiling thread_local v0.3.6
[INFO] [stderr]    Compiling quick-error v1.2.2
[INFO] [stderr]    Compiling textwrap v0.10.0
[INFO] [stderr]    Compiling humantime v1.2.0
[INFO] [stderr]    Compiling log v0.4.6
[INFO] [stderr]    Compiling strsim v0.7.0
[INFO] [stderr]    Compiling vec_map v0.8.1
[INFO] [stderr]    Compiling nom v4.2.3
[INFO] [stderr]    Compiling termcolor v1.0.4
[INFO] [stderr]    Compiling rand_os v0.1.3
[INFO] [stderr]    Compiling rand_pcg v0.1.2
[INFO] [stderr]    Compiling rand_chacha v0.1.1
[INFO] [stderr]    Compiling rand v0.6.5
[INFO] [stderr]    Compiling aho-corasick v0.7.3
[INFO] [stderr]    Compiling quote v0.6.11
[INFO] [stderr]    Compiling bincode v1.1.2
[INFO] [stderr]    Compiling atty v0.2.11
[INFO] [stderr]    Compiling time v0.1.42
[INFO] [stderr]    Compiling yaml-rust v0.3.5
[INFO] [stderr]    Compiling bitflags v1.0.4
[INFO] [stderr]    Compiling ansi_term v0.11.0
[INFO] [stderr]    Compiling num_cpus v1.10.0
[INFO] [stderr]    Compiling clap v2.32.0
[INFO] [stderr]    Compiling chrono v0.4.6
[INFO] [stderr]    Compiling uuid v0.7.4
[INFO] [stderr]    Compiling env_logger v0.5.13
[INFO] [stderr]    Compiling serde_derive v1.0.89
[INFO] [stderr]    Compiling iridium v0.0.33
[INFO] [stderr]    Compiling palladium v0.0.26 (/opt/rustwide/workdir)
[INFO] [stdout] warning: use of deprecated macro `tag_s`: Please use `tag` instead
[INFO] [stdout]    --> src/factor_parsers.rs:145:1
[INFO] [stdout]     |
[INFO] [stdout] 145 | / named!(pub factor<CompleteStr, Token>,
[INFO] [stdout] 146 | |     ws!(
[INFO] [stdout] 147 | |         do_parse!(
[INFO] [stdout] 148 | |             f: alt!(
[INFO] [stdout] ...   |
[INFO] [stdout] 163 | | );
[INFO] [stdout]     | |_^
[INFO] [stdout]     |
[INFO] [stdout]     = note: `#[warn(deprecated)]` on by default
[INFO] [stdout]     = note: this warning originates in the macro `wrap_sep` which comes from the expansion of the macro `named` (in Nightly builds, run with -Z macro-backtrace for more info)
[INFO] [stdout] 
[INFO] [stdout] 
[INFO] [stdout] warning: use of deprecated macro `tag_s`: Please use `tag` instead
[INFO] [stdout]    --> src/factor_parsers.rs:145:1
[INFO] [stdout]     |
[INFO] [stdout] 145 | / named!(pub factor<CompleteStr, Token>,
[INFO] [stdout] 146 | |     ws!(
[INFO] [stdout] 147 | |         do_parse!(
[INFO] [stdout] 148 | |             f: alt!(
[INFO] [stdout] ...   |
[INFO] [stdout] 163 | | );
[INFO] [stdout]     | |_^
[INFO] [stdout]     |
[INFO] [stdout]     = note: this warning originates in the macro `wrap_sep` which comes from the expansion of the macro `named` (in Nightly builds, run with -Z macro-backtrace for more info)
[INFO] [stdout] 
[INFO] [stdout] 
[INFO] [stderr]     Finished `dev` profile [unoptimized + debuginfo] target(s) in 12.05s
[INFO] [stderr] warning: the following packages contain code that will be rejected by a future version of Rust: nom v4.2.3
[INFO] [stderr] note: to see what the problems were, use the option `--future-incompat-report`, or run `cargo report future-incompatibilities --id 4`
[INFO] running `Command { std: "docker" "inspect" "68db3ffe81f1292701a325fd30cee28f89572d2b9522abc214b0ddca9bd02c56", kill_on_drop: false }`
[INFO] running `Command { std: "docker" "rm" "-f" "68db3ffe81f1292701a325fd30cee28f89572d2b9522abc214b0ddca9bd02c56", kill_on_drop: false }`
[INFO] [stdout] 68db3ffe81f1292701a325fd30cee28f89572d2b9522abc214b0ddca9bd02c56
[INFO] running `Command { std: "docker" "create" "-v" "/var/lib/crater-agent-workspace/builds/worker-6-tc1/target:/opt/rustwide/target:rw,Z" "-v" "/var/lib/crater-agent-workspace/builds/worker-6-tc1/source:/opt/rustwide/workdir:ro,Z" "-v" "/var/lib/crater-agent-workspace/cargo-home:/opt/rustwide/cargo-home:ro,Z" "-v" "/var/lib/crater-agent-workspace/rustup-home:/opt/rustwide/rustup-home:ro,Z" "-e" "SOURCE_DIR=/opt/rustwide/workdir" "-e" "CARGO_TARGET_DIR=/opt/rustwide/target" "-e" "CARGO_INCREMENTAL=0" "-e" "RUST_BACKTRACE=full" "-e" "RUSTFLAGS=--cap-lints=forbid" "-e" "RUSTDOCFLAGS=--cap-lints=forbid" "-e" "CARGO_HOME=/opt/rustwide/cargo-home" "-e" "RUSTUP_HOME=/opt/rustwide/rustup-home" "-w" "/opt/rustwide/workdir" "-m" "1610612736" "--user" "0:0" "--network" "none" "ghcr.io/rust-lang/crates-build-env/linux@sha256:819108c5571ea2e421544af4d832f968d213c87fbe3707a016657f43d2f853bc" "/opt/rustwide/cargo-home/bin/cargo" "+nightly-2025-01-18" "test" "--frozen" "--no-run" "--message-format=json", kill_on_drop: false }`
[INFO] [stdout] 802222cfb7e9ca1a5674f98b00f0bcb1927751c2f8ea56bc847e9869be0331a1
[INFO] running `Command { std: "docker" "start" "-a" "802222cfb7e9ca1a5674f98b00f0bcb1927751c2f8ea56bc847e9869be0331a1", kill_on_drop: false }`
[INFO] [stderr] warning: no edition set: defaulting to the 2015 edition while the latest is 2024
[INFO] [stderr]    Compiling palladium v0.0.26 (/opt/rustwide/workdir)
[INFO] [stdout] warning: use of deprecated macro `tag_s`: Please use `tag` instead
[INFO] [stdout]    --> src/factor_parsers.rs:145:1
[INFO] [stdout]     |
[INFO] [stdout] 145 | / named!(pub factor<CompleteStr, Token>,
[INFO] [stdout] 146 | |     ws!(
[INFO] [stdout] 147 | |         do_parse!(
[INFO] [stdout] 148 | |             f: alt!(
[INFO] [stdout] ...   |
[INFO] [stdout] 163 | | );
[INFO] [stdout]     | |_^
[INFO] [stdout]     |
[INFO] [stdout]     = note: `#[warn(deprecated)]` on by default
[INFO] [stdout]     = note: this warning originates in the macro `wrap_sep` which comes from the expansion of the macro `named` (in Nightly builds, run with -Z macro-backtrace for more info)
[INFO] [stdout] 
[INFO] [stdout] 
[INFO] [stdout] warning: use of deprecated macro `tag_s`: Please use `tag` instead
[INFO] [stdout]    --> src/factor_parsers.rs:145:1
[INFO] [stdout]     |
[INFO] [stdout] 145 | / named!(pub factor<CompleteStr, Token>,
[INFO] [stdout] 146 | |     ws!(
[INFO] [stdout] 147 | |         do_parse!(
[INFO] [stdout] 148 | |             f: alt!(
[INFO] [stdout] ...   |
[INFO] [stdout] 163 | | );
[INFO] [stdout]     | |_^
[INFO] [stdout]     |
[INFO] [stdout]     = note: this warning originates in the macro `wrap_sep` which comes from the expansion of the macro `named` (in Nightly builds, run with -Z macro-backtrace for more info)
[INFO] [stdout] 
[INFO] [stdout] 
[INFO] [stderr]     Finished `test` profile [unoptimized + debuginfo] target(s) in 0.86s
[INFO] [stderr] warning: the following packages contain code that will be rejected by a future version of Rust: nom v4.2.3
[INFO] [stderr] note: to see what the problems were, use the option `--future-incompat-report`, or run `cargo report future-incompatibilities --id 4`
[INFO] running `Command { std: "docker" "inspect" "802222cfb7e9ca1a5674f98b00f0bcb1927751c2f8ea56bc847e9869be0331a1", kill_on_drop: false }`
[INFO] running `Command { std: "docker" "rm" "-f" "802222cfb7e9ca1a5674f98b00f0bcb1927751c2f8ea56bc847e9869be0331a1", kill_on_drop: false }`
[INFO] [stdout] 802222cfb7e9ca1a5674f98b00f0bcb1927751c2f8ea56bc847e9869be0331a1
[INFO] running `Command { std: "docker" "create" "-v" "/var/lib/crater-agent-workspace/builds/worker-6-tc1/target:/opt/rustwide/target:rw,Z" "-v" "/var/lib/crater-agent-workspace/builds/worker-6-tc1/source:/opt/rustwide/workdir:ro,Z" "-v" "/var/lib/crater-agent-workspace/cargo-home:/opt/rustwide/cargo-home:ro,Z" "-v" "/var/lib/crater-agent-workspace/rustup-home:/opt/rustwide/rustup-home:ro,Z" "-e" "SOURCE_DIR=/opt/rustwide/workdir" "-e" "CARGO_TARGET_DIR=/opt/rustwide/target" "-e" "CARGO_INCREMENTAL=0" "-e" "RUST_BACKTRACE=full" "-e" "RUSTFLAGS=--cap-lints=forbid" "-e" "RUSTDOCFLAGS=--cap-lints=forbid" "-e" "CARGO_HOME=/opt/rustwide/cargo-home" "-e" "RUSTUP_HOME=/opt/rustwide/rustup-home" "-w" "/opt/rustwide/workdir" "-m" "1610612736" "--user" "0:0" "--network" "none" "ghcr.io/rust-lang/crates-build-env/linux@sha256:819108c5571ea2e421544af4d832f968d213c87fbe3707a016657f43d2f853bc" "/opt/rustwide/cargo-home/bin/cargo" "+nightly-2025-01-18" "test" "--frozen", kill_on_drop: false }`
[INFO] [stdout] 64715ed74ffb26d5c6fcc48367fbf9497684f3c688ec42ea3179b9a26cfe7842
[INFO] running `Command { std: "docker" "start" "-a" "64715ed74ffb26d5c6fcc48367fbf9497684f3c688ec42ea3179b9a26cfe7842", kill_on_drop: false }`
[INFO] [stderr] warning: no edition set: defaulting to the 2015 edition while the latest is 2024
[INFO] [stderr] warning: use of deprecated macro `tag_s`: Please use `tag` instead
[INFO] [stderr]    --> src/factor_parsers.rs:145:1
[INFO] [stderr]     |
[INFO] [stderr] 145 | / named!(pub factor<CompleteStr, Token>,
[INFO] [stderr] 146 | |     ws!(
[INFO] [stderr] 147 | |         do_parse!(
[INFO] [stderr] 148 | |             f: alt!(
[INFO] [stderr] ...   |
[INFO] [stderr] 163 | | );
[INFO] [stderr]     | |_^
[INFO] [stderr]     |
[INFO] [stderr]     = note: `#[warn(deprecated)]` on by default
[INFO] [stderr]     = note: this warning originates in the macro `wrap_sep` which comes from the expansion of the macro `named` (in Nightly builds, run with -Z macro-backtrace for more info)
[INFO] [stderr] 
[INFO] [stderr] warning: use of deprecated macro `tag_s`: Please use `tag` instead
[INFO] [stderr]    --> src/factor_parsers.rs:145:1
[INFO] [stderr]     |
[INFO] [stderr] 145 | / named!(pub factor<CompleteStr, Token>,
[INFO] [stderr] 146 | |     ws!(
[INFO] [stderr] 147 | |         do_parse!(
[INFO] [stderr] 148 | |             f: alt!(
[INFO] [stderr] ...   |
[INFO] [stderr] 163 | | );
[INFO] [stderr]     | |_^
[INFO] [stderr]     |
[INFO] [stderr]     = note: this warning originates in the macro `wrap_sep` which comes from the expansion of the macro `named` (in Nightly builds, run with -Z macro-backtrace for more info)
[INFO] [stderr] 
[INFO] [stderr] warning: `palladium` (bin "palladium" test) generated 2 warnings
[INFO] [stderr]     Finished `test` profile [unoptimized + debuginfo] target(s) in 0.05s
[INFO] [stderr] warning: the following packages contain code that will be rejected by a future version of Rust: nom v4.2.3
[INFO] [stderr] note: to see what the problems were, use the option `--future-incompat-report`, or run `cargo report future-incompatibilities --id 4`
[INFO] [stderr]      Running unittests src/main.rs (/opt/rustwide/target/debug/deps/palladium-6555c45311475f1d)
[INFO] [stdout] 
[INFO] [stdout] running 46 tests
[INFO] [stdout] test conditional_parsers::tests::test_parse_elif_start ... ok
[INFO] [stdout] test conditional_parsers::tests::test_parse_if_start ... ok
[INFO] [stdout] test conditional_parsers::tests::test_parse_else_start ... ok
[INFO] [stdout] test dictionary_parsers::tests::test_parse_empty_dictionary ... ok
[INFO] [stdout] test dictionary_parsers::tests::test_parse_interior ... ok
[INFO] [stdout] test dictionary_parsers::tests::test_parse_key_value_pair ... ok
[INFO] [stdout] test expression_parsers::tests::test_parse_expression ... ok
[INFO] [stdout] test expression_parsers::tests::test_parse_nested_expression ... ok
[INFO] [stdout] test factor_parsers::tests::test_parse_floats ... ok
[INFO] [stdout] test factor_parsers::tests::test_factor ... ok
[INFO] [stdout] test factor_parsers::tests::test_parse_identifier ... ok
[INFO] [stdout] test factor_parsers::tests::test_parse_integer ... ok
[INFO] [stdout] test function_parsers::tests::test_parse_function_arg ... ok
[INFO] [stdout] test function_parsers::tests::test_parse_function_args ... ok
[INFO] [stdout] test function_parsers::tests::test_parse_function_call ... ok
[INFO] [stdout] test function_parsers::tests::test_parse_function_header ... ok
[INFO] [stdout] test function_parsers::tests::test_parse_function_def ... ok
[INFO] [stdout] test list_parsers::tests::test_parse_list_with_expression ... ok
[INFO] [stdout] test list_parsers::tests::test_parse_list_with_literals_and_identifiers ... ok
[INFO] [stdout] test loop_parsers::tests::test_parse_for_loop_start ... ok
[INFO] [stdout] test operator_parsers::tests::test_parse_division_operator ... ok
[INFO] [stdout] test operator_parsers::tests::test_parse_multiplication_operator ... ok
[INFO] [stdout] test operator_parsers::tests::test_parse_operator ... ok
[INFO] [stdout] test loop_parsers::tests::test_parse_while_loop_start ... ok
[INFO] [stdout] test term_parsers::tests::test_parse_nested_term ... ok
[INFO] [stdout] test visitor::tests::test_function_call_assignment ... ok
[INFO] [stdout] test operator_parsers::tests::test_parse_addition_operator ... ok
[INFO] [stdout] test visitor::tests::test_function_declaration ... ok
[INFO] [stdout] test program_parsers::tests::test_parse_nested_program ... ok
[INFO] [stdout] test visitor::tests::test_function_return_values ... ok
[INFO] [stdout] test operator_parsers::tests::test_parse_subtraction_operator ... ok
[INFO] [stdout] test visitor::tests::test_nested_operators ... ok
[INFO] [stdout] test visitor::tests::test_variable_assignment ... ok
[INFO] [stdout] test visitor::tests::test_visit_addition_token ... ok
[INFO] [stdout] test visitor::tests::test_visit_division_token ... ok
[INFO] [stdout] test term_parsers::tests::test_parse_really_nested_term ... ok
[INFO] [stdout] test visitor::tests::test_visit_greater_than_or_equal_token ... ok
[INFO] [stdout] test program_parsers::tests::test_parse_program ... ok
[INFO] [stdout] test term_parsers::tests::test_parse_term ... ok
[INFO] [stdout] test visitor::tests::test_function_call_with_args ... ok
[INFO] [stdout] test visitor::tests::test_visit_greater_than_token ... ok
[INFO] [stdout] test visitor::tests::test_visit_less_than_or_equal_token ... ok
[INFO] [stdout] test visitor::tests::test_visit_less_than_token ... ok
[INFO] [stdout] test visitor::tests::test_visit_multiplication_token ... ok
[INFO] [stdout] test visitor::tests::test_visit_subtraction_token ... ok
[INFO] [stdout] test list_parsers::tests::test_parse_empty_list ... FAILED
[INFO] [stdout] 
[INFO] [stdout] failures:
[INFO] [stdout] 
[INFO] [stdout] ---- list_parsers::tests::test_parse_empty_list stdout ----
[INFO] [stdout] 
[INFO] [stdout] thread 'list_parsers::tests::test_parse_empty_list' panicked at src/list_parsers.rs:49:45:
[INFO] [stdout] called `Result::unwrap()` on an `Err` value: Error(Code(CompleteStr(""), Alt))
[INFO] [stdout] stack backtrace:
[INFO] [stdout]    0:     0x5d881732d2fa - std::backtrace_rs::backtrace::libunwind::trace::hb059275cfc8d6126
[INFO] [stdout]                                at /rustc/6067b36314ab5eb2eb47cecc464545ba58e1ad24/library/std/src/../../backtrace/src/backtrace/libunwind.rs:116:5
[INFO] [stdout]    1:     0x5d881732d2fa - std::backtrace_rs::backtrace::trace_unsynchronized::h2da071e4327ce3ee
[INFO] [stdout]                                at /rustc/6067b36314ab5eb2eb47cecc464545ba58e1ad24/library/std/src/../../backtrace/src/backtrace/mod.rs:66:5
[INFO] [stdout]    2:     0x5d881732d2fa - std::sys::backtrace::_print_fmt::h842a1474e6f8d23f
[INFO] [stdout]                                at /rustc/6067b36314ab5eb2eb47cecc464545ba58e1ad24/library/std/src/sys/backtrace.rs:66:9
[INFO] [stdout]    3:     0x5d881732d2fa - <std::sys::backtrace::BacktraceLock::print::DisplayBacktrace as core::fmt::Display>::fmt::h71a62eb3b9696b12
[INFO] [stdout]                                at /rustc/6067b36314ab5eb2eb47cecc464545ba58e1ad24/library/std/src/sys/backtrace.rs:39:26
[INFO] [stdout]    4:     0x5d8817356a83 - core::fmt::rt::Argument::fmt::hdb6b616786b41dc1
[INFO] [stdout]                                at /rustc/6067b36314ab5eb2eb47cecc464545ba58e1ad24/library/core/src/fmt/rt.rs:177:76
[INFO] [stdout]    5:     0x5d8817356a83 - core::fmt::write::h2cc1698af7e2d686
[INFO] [stdout]                                at /rustc/6067b36314ab5eb2eb47cecc464545ba58e1ad24/library/core/src/fmt/mod.rs:1440:21
[INFO] [stdout]    6:     0x5d8817329e53 - std::io::Write::write_fmt::hab1b4cd059a79022
[INFO] [stdout]                                at /rustc/6067b36314ab5eb2eb47cecc464545ba58e1ad24/library/std/src/io/mod.rs:1887:15
[INFO] [stdout]    7:     0x5d881732d142 - std::sys::backtrace::BacktraceLock::print::h147fe35b4ea13b08
[INFO] [stdout]                                at /rustc/6067b36314ab5eb2eb47cecc464545ba58e1ad24/library/std/src/sys/backtrace.rs:42:9
[INFO] [stdout]    8:     0x5d881732e71f - std::panicking::default_hook::{{closure}}::hbd44223dbdc0d208
[INFO] [stdout]                                at /rustc/6067b36314ab5eb2eb47cecc464545ba58e1ad24/library/std/src/panicking.rs:298:22
[INFO] [stdout]    9:     0x5d881732e538 - std::panicking::default_hook::h20f81eb0576efcec
[INFO] [stdout]                                at /rustc/6067b36314ab5eb2eb47cecc464545ba58e1ad24/library/std/src/panicking.rs:322:9
[INFO] [stdout]   10:     0x5d88172c7473 - <alloc::boxed::Box<F,A> as core::ops::function::Fn<Args>>::call::hdb53814c496a4d34
[INFO] [stdout]                                at /rustc/6067b36314ab5eb2eb47cecc464545ba58e1ad24/library/alloc/src/boxed.rs:2027:9
[INFO] [stdout]   11:     0x5d88172c7473 - test::test_main::{{closure}}::hc0a4963c59427c24
[INFO] [stdout]                                at /rustc/6067b36314ab5eb2eb47cecc464545ba58e1ad24/library/test/src/lib.rs:134:21
[INFO] [stdout]   12:     0x5d881732f213 - <alloc::boxed::Box<F,A> as core::ops::function::Fn<Args>>::call::h591b2225413a77e9
[INFO] [stdout]                                at /rustc/6067b36314ab5eb2eb47cecc464545ba58e1ad24/library/alloc/src/boxed.rs:2027:9
[INFO] [stdout]   13:     0x5d881732f213 - std::panicking::rust_panic_with_hook::h625eea43051b2edc
[INFO] [stdout]                                at /rustc/6067b36314ab5eb2eb47cecc464545ba58e1ad24/library/std/src/panicking.rs:839:13
[INFO] [stdout]   14:     0x5d881732eeca - std::panicking::begin_panic_handler::{{closure}}::h4f9159cfbc3f6bd3
[INFO] [stdout]                                at /rustc/6067b36314ab5eb2eb47cecc464545ba58e1ad24/library/std/src/panicking.rs:704:13
[INFO] [stdout]   15:     0x5d881732d7f9 - std::sys::backtrace::__rust_end_short_backtrace::h0390abce48353151
[INFO] [stdout]                                at /rustc/6067b36314ab5eb2eb47cecc464545ba58e1ad24/library/std/src/sys/backtrace.rs:168:18
[INFO] [stdout]   16:     0x5d881732eb5d - rust_begin_unwind
[INFO] [stdout]                                at /rustc/6067b36314ab5eb2eb47cecc464545ba58e1ad24/library/std/src/panicking.rs:695:5
[INFO] [stdout]   17:     0x5d88173550b0 - core::panicking::panic_fmt::h9e7c637e9e5f29c9
[INFO] [stdout]                                at /rustc/6067b36314ab5eb2eb47cecc464545ba58e1ad24/library/core/src/panicking.rs:75:14
[INFO] [stdout]   18:     0x5d8817355526 - core::result::unwrap_failed::h7979f09313fe1849
[INFO] [stdout]                                at /rustc/6067b36314ab5eb2eb47cecc464545ba58e1ad24/library/core/src/result.rs:1704:5
[INFO] [stdout]   19:     0x5d8817273fd9 - core::result::Result<T,E>::unwrap::hc1b04abfad15d937
[INFO] [stdout]                                at /rustc/6067b36314ab5eb2eb47cecc464545ba58e1ad24/library/core/src/result.rs:1109:23
[INFO] [stdout]   20:     0x5d8817273fd9 - palladium::list_parsers::list::hc508e0d8f742e961
[INFO] [stdout]                                at /opt/rustwide/workdir/src/list_parsers.rs:49:38
[INFO] [stdout]   21:     0x5d881726b42e - palladium::list_parsers::tests::test_parse_empty_list::h227daefc36cc0911
[INFO] [stdout]                                at /opt/rustwide/workdir/src/list_parsers.rs:64:22
[INFO] [stdout]   22:     0x5d881726b3f7 - palladium::list_parsers::tests::test_parse_empty_list::{{closure}}::hd32532eb772d2ae4
[INFO] [stdout]                                at /opt/rustwide/workdir/src/list_parsers.rs:63:31
[INFO] [stdout]   23:     0x5d881726c696 - core::ops::function::FnOnce::call_once::hc85a56b4fdf5eebd
[INFO] [stdout]                                at /rustc/6067b36314ab5eb2eb47cecc464545ba58e1ad24/library/core/src/ops/function.rs:250:5
[INFO] [stdout]   24:     0x5d88172ccbcb - core::ops::function::FnOnce::call_once::he27718dfdd183f43
[INFO] [stdout]                                at /rustc/6067b36314ab5eb2eb47cecc464545ba58e1ad24/library/core/src/ops/function.rs:250:5
[INFO] [stdout]   25:     0x5d88172ccbcb - test::__rust_begin_short_backtrace::h4e84902998457a5d
[INFO] [stdout]                                at /rustc/6067b36314ab5eb2eb47cecc464545ba58e1ad24/library/test/src/lib.rs:632:18
[INFO] [stdout]   26:     0x5d88172cbb03 - test::run_test_in_process::{{closure}}::h7176fd18fc1feca0
[INFO] [stdout]                                at /rustc/6067b36314ab5eb2eb47cecc464545ba58e1ad24/library/test/src/lib.rs:655:60
[INFO] [stdout]   27:     0x5d88172cbb03 - <core::panic::unwind_safe::AssertUnwindSafe<F> as core::ops::function::FnOnce<()>>::call_once::hf79cff2a624d8cf7
[INFO] [stdout]                                at /rustc/6067b36314ab5eb2eb47cecc464545ba58e1ad24/library/core/src/panic/unwind_safe.rs:272:9
[INFO] [stdout]   28:     0x5d88172cbb03 - std::panicking::try::do_call::h3da0561d9ab99c25
[INFO] [stdout]                                at /rustc/6067b36314ab5eb2eb47cecc464545ba58e1ad24/library/std/src/panicking.rs:587:40
[INFO] [stdout]   29:     0x5d88172cbb03 - std::panicking::try::h41c9fa508bc61df6
[INFO] [stdout]                                at /rustc/6067b36314ab5eb2eb47cecc464545ba58e1ad24/library/std/src/panicking.rs:550:19
[INFO] [stdout]   30:     0x5d88172cbb03 - std::panic::catch_unwind::h6b3ff07bb5afad93
[INFO] [stdout]                                at /rustc/6067b36314ab5eb2eb47cecc464545ba58e1ad24/library/std/src/panic.rs:358:14
[INFO] [stdout]   31:     0x5d88172cbb03 - test::run_test_in_process::hc7253dd11b39b9f4
[INFO] [stdout]                                at /rustc/6067b36314ab5eb2eb47cecc464545ba58e1ad24/library/test/src/lib.rs:655:27
[INFO] [stdout]   32:     0x5d88172cbb03 - test::run_test::{{closure}}::hfb2007f8649c30bb
[INFO] [stdout]                                at /rustc/6067b36314ab5eb2eb47cecc464545ba58e1ad24/library/test/src/lib.rs:576:43
[INFO] [stdout]   33:     0x5d881728ebe5 - test::run_test::{{closure}}::h56a17aa7a282a9f4
[INFO] [stdout]                                at /rustc/6067b36314ab5eb2eb47cecc464545ba58e1ad24/library/test/src/lib.rs:606:41
[INFO] [stdout]   34:     0x5d881728ebe5 - std::sys::backtrace::__rust_begin_short_backtrace::hd2d2d2fb8e8c6aac
[INFO] [stdout]                                at /rustc/6067b36314ab5eb2eb47cecc464545ba58e1ad24/library/std/src/sys/backtrace.rs:152:18
[INFO] [stdout]   35:     0x5d88172924ca - std::thread::Builder::spawn_unchecked_::{{closure}}::{{closure}}::h4faa3f9db6133423
[INFO] [stdout]                                at /rustc/6067b36314ab5eb2eb47cecc464545ba58e1ad24/library/std/src/thread/mod.rs:559:17
[INFO] [stdout]   36:     0x5d88172924ca - <core::panic::unwind_safe::AssertUnwindSafe<F> as core::ops::function::FnOnce<()>>::call_once::hf2e855a36a4ea846
[INFO] [stdout]                                at /rustc/6067b36314ab5eb2eb47cecc464545ba58e1ad24/library/core/src/panic/unwind_safe.rs:272:9
[INFO] [stdout]   37:     0x5d88172924ca - std::panicking::try::do_call::h2f73af3616c35465
[INFO] [stdout]                                at /rustc/6067b36314ab5eb2eb47cecc464545ba58e1ad24/library/std/src/panicking.rs:587:40
[INFO] [stdout]   38:     0x5d88172924ca - std::panicking::try::hd1660ce9efadef5a
[INFO] [stdout]                                at /rustc/6067b36314ab5eb2eb47cecc464545ba58e1ad24/library/std/src/panicking.rs:550:19
[INFO] [stdout]   39:     0x5d88172924ca - std::panic::catch_unwind::h5ee8d7823b8ca744
[INFO] [stdout]                                at /rustc/6067b36314ab5eb2eb47cecc464545ba58e1ad24/library/std/src/panic.rs:358:14
[INFO] [stdout]   40:     0x5d88172924ca - std::thread::Builder::spawn_unchecked_::{{closure}}::h53c3a1894dce8407
[INFO] [stdout]                                at /rustc/6067b36314ab5eb2eb47cecc464545ba58e1ad24/library/std/src/thread/mod.rs:557:30
[INFO] [stdout]   41:     0x5d88172924ca - core::ops::function::FnOnce::call_once{{vtable.shim}}::h048ce291ad4f62bf
[INFO] [stdout]                                at /rustc/6067b36314ab5eb2eb47cecc464545ba58e1ad24/library/core/src/ops/function.rs:250:5
[INFO] [stdout]   42:     0x5d881733314b - <alloc::boxed::Box<F,A> as core::ops::function::FnOnce<Args>>::call_once::ha52bedf99a3b4981
[INFO] [stdout]                                at /rustc/6067b36314ab5eb2eb47cecc464545ba58e1ad24/library/alloc/src/boxed.rs:2013:9
[INFO] [stdout]   43:     0x5d881733314b - <alloc::boxed::Box<F,A> as core::ops::function::FnOnce<Args>>::call_once::h567748934d80ccf8
[INFO] [stdout]                                at /rustc/6067b36314ab5eb2eb47cecc464545ba58e1ad24/library/alloc/src/boxed.rs:2013:9
[INFO] [stdout]   44:     0x5d881733314b - std::sys::pal::unix::thread::Thread::new::thread_start::h2d970728ae887adc
[INFO] [stdout]                                at /rustc/6067b36314ab5eb2eb47cecc464545ba58e1ad24/library/std/src/sys/pal/unix/thread.rs:106:17
[INFO] [stdout]   45:     0x7cde18b4cac3 - <unknown>
[INFO] [stdout]   46:     0x7cde18bdda04 - clone
[INFO] [stdout]   47:                0x0 - <unknown>
[INFO] [stdout] 
[INFO] [stdout] 
[INFO] [stdout] failures:
[INFO] [stdout]     list_parsers::tests::test_parse_empty_list
[INFO] [stdout] 
[INFO] [stdout] test result: FAILED. 45 passed; 1 failed; 0 ignored; 0 measured; 0 filtered out; finished in 0.02s
[INFO] [stdout] 
[INFO] [stderr] error: test failed, to rerun pass `--bin palladium`
[INFO] running `Command { std: "docker" "inspect" "64715ed74ffb26d5c6fcc48367fbf9497684f3c688ec42ea3179b9a26cfe7842", kill_on_drop: false }`
[INFO] running `Command { std: "docker" "rm" "-f" "64715ed74ffb26d5c6fcc48367fbf9497684f3c688ec42ea3179b9a26cfe7842", kill_on_drop: false }`
[INFO] [stdout] 64715ed74ffb26d5c6fcc48367fbf9497684f3c688ec42ea3179b9a26cfe7842
