[INFO] cloning repository https://github.com/fgrust/playground
[INFO] running `Command { std: "git" "-c" "credential.helper=" "-c" "credential.helper=/workspace/cargo-home/bin/git-credential-null" "clone" "--bare" "https://github.com/fgrust/playground" "/workspace/cache/git-repos/https%3A%2F%2Fgithub.com%2Ffgrust%2Fplayground", kill_on_drop: false }`
[INFO] [stderr] Cloning into bare repository '/workspace/cache/git-repos/https%3A%2F%2Fgithub.com%2Ffgrust%2Fplayground'...
[INFO] running `Command { std: "git" "rev-parse" "HEAD", kill_on_drop: false }`
[INFO] [stdout] d120497dae116744e4b210bc9795a45b5bbdaad5
[INFO] testing fgrust/playground against nightly-2025-01-18+rustflags=-Zrandomize-layout for randomize-layout-2
[INFO] running `Command { std: "git" "clone" "/workspace/cache/git-repos/https%3A%2F%2Fgithub.com%2Ffgrust%2Fplayground" "/workspace/builds/worker-5-tc2/source", kill_on_drop: false }`
[INFO] [stderr] Cloning into '/workspace/builds/worker-5-tc2/source'...
[INFO] [stderr] done.
[INFO] validating manifest of git repo https://github.com/fgrust/playground on toolchain nightly-2025-01-18
[INFO] running `Command { std: CARGO_HOME="/workspace/cargo-home" RUSTUP_HOME="/workspace/rustup-home" "/workspace/cargo-home/bin/cargo" "+nightly-2025-01-18" "metadata" "--manifest-path" "Cargo.toml" "--no-deps", kill_on_drop: false }`
[INFO] started tweaking git repo https://github.com/fgrust/playground
[INFO] finished tweaking git repo https://github.com/fgrust/playground
[INFO] tweaked toml for git repo https://github.com/fgrust/playground written to /workspace/builds/worker-5-tc2/source/Cargo.toml
[INFO] crate git repo https://github.com/fgrust/playground already has a lockfile, it will not be regenerated
[INFO] running `Command { std: CARGO_HOME="/workspace/cargo-home" RUSTUP_HOME="/workspace/rustup-home" "/workspace/cargo-home/bin/cargo" "+nightly-2025-01-18" "fetch" "--manifest-path" "Cargo.toml", kill_on_drop: false }`
[INFO] running `Command { std: "docker" "create" "-v" "/var/lib/crater-agent-workspace/builds/worker-5-tc2/target:/opt/rustwide/target:rw,Z" "-v" "/var/lib/crater-agent-workspace/builds/worker-5-tc2/source:/opt/rustwide/workdir:ro,Z" "-v" "/var/lib/crater-agent-workspace/cargo-home:/opt/rustwide/cargo-home:ro,Z" "-v" "/var/lib/crater-agent-workspace/rustup-home:/opt/rustwide/rustup-home:ro,Z" "-e" "SOURCE_DIR=/opt/rustwide/workdir" "-e" "CARGO_TARGET_DIR=/opt/rustwide/target" "-e" "CARGO_HOME=/opt/rustwide/cargo-home" "-e" "RUSTUP_HOME=/opt/rustwide/rustup-home" "-w" "/opt/rustwide/workdir" "-m" "1610612736" "--user" "0:0" "--network" "none" "ghcr.io/rust-lang/crates-build-env/linux@sha256:819108c5571ea2e421544af4d832f968d213c87fbe3707a016657f43d2f853bc" "/opt/rustwide/cargo-home/bin/cargo" "+nightly-2025-01-18" "metadata" "--no-deps" "--format-version=1", kill_on_drop: false }`
[INFO] [stdout] 86fcc1b96160125926bd89720354bc94e4acc182a4b615654c8f64be691d42cf
[INFO] running `Command { std: "docker" "start" "-a" "86fcc1b96160125926bd89720354bc94e4acc182a4b615654c8f64be691d42cf", kill_on_drop: false }`
[INFO] running `Command { std: "docker" "inspect" "86fcc1b96160125926bd89720354bc94e4acc182a4b615654c8f64be691d42cf", kill_on_drop: false }`
[INFO] running `Command { std: "docker" "rm" "-f" "86fcc1b96160125926bd89720354bc94e4acc182a4b615654c8f64be691d42cf", kill_on_drop: false }`
[INFO] [stdout] 86fcc1b96160125926bd89720354bc94e4acc182a4b615654c8f64be691d42cf
[INFO] running `Command { std: "docker" "create" "-v" "/var/lib/crater-agent-workspace/builds/worker-5-tc2/target:/opt/rustwide/target:rw,Z" "-v" "/var/lib/crater-agent-workspace/builds/worker-5-tc2/source:/opt/rustwide/workdir:ro,Z" "-v" "/var/lib/crater-agent-workspace/cargo-home:/opt/rustwide/cargo-home:ro,Z" "-v" "/var/lib/crater-agent-workspace/rustup-home:/opt/rustwide/rustup-home:ro,Z" "-e" "SOURCE_DIR=/opt/rustwide/workdir" "-e" "CARGO_TARGET_DIR=/opt/rustwide/target" "-e" "CARGO_INCREMENTAL=0" "-e" "RUST_BACKTRACE=full" "-e" "RUSTFLAGS=--cap-lints=forbid -Zrandomize-layout" "-e" "RUSTDOCFLAGS=--cap-lints=forbid" "-e" "CARGO_HOME=/opt/rustwide/cargo-home" "-e" "RUSTUP_HOME=/opt/rustwide/rustup-home" "-w" "/opt/rustwide/workdir" "-m" "1610612736" "--user" "0:0" "--network" "none" "ghcr.io/rust-lang/crates-build-env/linux@sha256:819108c5571ea2e421544af4d832f968d213c87fbe3707a016657f43d2f853bc" "/opt/rustwide/cargo-home/bin/cargo" "+nightly-2025-01-18" "build" "--frozen" "--message-format=json", kill_on_drop: false }`
[INFO] [stdout] 099bec818f57d925accf4a6085c6e1fd0daf93c4cf5e0abd75d64b1ea87b4c66
[INFO] running `Command { std: "docker" "start" "-a" "099bec818f57d925accf4a6085c6e1fd0daf93c4cf5e0abd75d64b1ea87b4c66", kill_on_drop: false }`
[INFO] [stderr]    Compiling proc-macro2 v1.0.60
[INFO] [stderr]    Compiling unicode-ident v1.0.9
[INFO] [stderr]    Compiling quote v1.0.28
[INFO] [stderr]    Compiling syn v2.0.18
[INFO] [stderr]    Compiling my_proc_macro v0.1.0 (/opt/rustwide/workdir/my_proc_macro)
[INFO] [stderr]    Compiling gpt v0.1.0 (/opt/rustwide/workdir)
[INFO] [stderr]     Finished `dev` profile [unoptimized + debuginfo] target(s) in 4.38s
[INFO] running `Command { std: "docker" "inspect" "099bec818f57d925accf4a6085c6e1fd0daf93c4cf5e0abd75d64b1ea87b4c66", kill_on_drop: false }`
[INFO] running `Command { std: "docker" "rm" "-f" "099bec818f57d925accf4a6085c6e1fd0daf93c4cf5e0abd75d64b1ea87b4c66", kill_on_drop: false }`
[INFO] [stdout] 099bec818f57d925accf4a6085c6e1fd0daf93c4cf5e0abd75d64b1ea87b4c66
[INFO] running `Command { std: "docker" "create" "-v" "/var/lib/crater-agent-workspace/builds/worker-5-tc2/target:/opt/rustwide/target:rw,Z" "-v" "/var/lib/crater-agent-workspace/builds/worker-5-tc2/source:/opt/rustwide/workdir:ro,Z" "-v" "/var/lib/crater-agent-workspace/cargo-home:/opt/rustwide/cargo-home:ro,Z" "-v" "/var/lib/crater-agent-workspace/rustup-home:/opt/rustwide/rustup-home:ro,Z" "-e" "SOURCE_DIR=/opt/rustwide/workdir" "-e" "CARGO_TARGET_DIR=/opt/rustwide/target" "-e" "CARGO_INCREMENTAL=0" "-e" "RUST_BACKTRACE=full" "-e" "RUSTFLAGS=--cap-lints=forbid -Zrandomize-layout" "-e" "RUSTDOCFLAGS=--cap-lints=forbid" "-e" "CARGO_HOME=/opt/rustwide/cargo-home" "-e" "RUSTUP_HOME=/opt/rustwide/rustup-home" "-w" "/opt/rustwide/workdir" "-m" "1610612736" "--user" "0:0" "--network" "none" "ghcr.io/rust-lang/crates-build-env/linux@sha256:819108c5571ea2e421544af4d832f968d213c87fbe3707a016657f43d2f853bc" "/opt/rustwide/cargo-home/bin/cargo" "+nightly-2025-01-18" "test" "--frozen" "--no-run" "--message-format=json", kill_on_drop: false }`
[INFO] [stdout] e355d12470342f65c983652c9a68022d5377d12f8bd6315bb43a8432aca33cb4
[INFO] running `Command { std: "docker" "start" "-a" "e355d12470342f65c983652c9a68022d5377d12f8bd6315bb43a8432aca33cb4", kill_on_drop: false }`
[INFO] [stderr]    Compiling gpt v0.1.0 (/opt/rustwide/workdir)
[INFO] [stdout] warning: constant `OUTPUT` is never used
[INFO] [stdout]  --> src/test_my_macro.rs:5:11
[INFO] [stdout]   |
[INFO] [stdout] 5 |     const OUTPUT: &str = "";
[INFO] [stdout]   |           ^^^^^^
[INFO] [stdout]   |
[INFO] [stdout]   = note: `#[warn(dead_code)]` on by default
[INFO] [stdout] 
[INFO] [stdout] 
[INFO] [stdout] warning: fields `address_number` and `street` are never read
[INFO] [stdout]   --> src/test_rc.rs:20:13
[INFO] [stdout]    |
[INFO] [stdout] 19 |         struct House {
[INFO] [stdout]    |                ----- fields in this struct
[INFO] [stdout] 20 |             address_number: u16,
[INFO] [stdout]    |             ^^^^^^^^^^^^^^
[INFO] [stdout] 21 |             street: String,
[INFO] [stdout]    |             ^^^^^^
[INFO] [stdout]    |
[INFO] [stdout]    = note: `House` has a derived impl for the trait `Debug`, but this is intentionally ignored during dead code analysis
[INFO] [stdout] 
[INFO] [stdout] 
[INFO] [stdout] warning: fields `id`, `description`, and `house` are never read
[INFO] [stdout]   --> src/test_rc.rs:27:13
[INFO] [stdout]    |
[INFO] [stdout] 26 |         struct Furniture {
[INFO] [stdout]    |                --------- fields in this struct
[INFO] [stdout] 27 |             id: String,
[INFO] [stdout]    |             ^^
[INFO] [stdout] 28 |             description: String,
[INFO] [stdout]    |             ^^^^^^^^^^^
[INFO] [stdout] 29 |             house: Weak<House>,
[INFO] [stdout]    |             ^^^^^
[INFO] [stdout]    |
[INFO] [stdout]    = note: `Furniture` has a derived impl for the trait `Debug`, but this is intentionally ignored during dead code analysis
[INFO] [stdout] 
[INFO] [stdout] 
[INFO] [stderr]     Finished `test` profile [unoptimized + debuginfo] target(s) in 0.45s
[INFO] running `Command { std: "docker" "inspect" "e355d12470342f65c983652c9a68022d5377d12f8bd6315bb43a8432aca33cb4", kill_on_drop: false }`
[INFO] running `Command { std: "docker" "rm" "-f" "e355d12470342f65c983652c9a68022d5377d12f8bd6315bb43a8432aca33cb4", kill_on_drop: false }`
[INFO] [stdout] e355d12470342f65c983652c9a68022d5377d12f8bd6315bb43a8432aca33cb4
[INFO] running `Command { std: "docker" "create" "-v" "/var/lib/crater-agent-workspace/builds/worker-5-tc2/target:/opt/rustwide/target:rw,Z" "-v" "/var/lib/crater-agent-workspace/builds/worker-5-tc2/source:/opt/rustwide/workdir:ro,Z" "-v" "/var/lib/crater-agent-workspace/cargo-home:/opt/rustwide/cargo-home:ro,Z" "-v" "/var/lib/crater-agent-workspace/rustup-home:/opt/rustwide/rustup-home:ro,Z" "-e" "SOURCE_DIR=/opt/rustwide/workdir" "-e" "CARGO_TARGET_DIR=/opt/rustwide/target" "-e" "CARGO_INCREMENTAL=0" "-e" "RUST_BACKTRACE=full" "-e" "RUSTFLAGS=--cap-lints=forbid -Zrandomize-layout" "-e" "RUSTDOCFLAGS=--cap-lints=forbid" "-e" "CARGO_HOME=/opt/rustwide/cargo-home" "-e" "RUSTUP_HOME=/opt/rustwide/rustup-home" "-w" "/opt/rustwide/workdir" "-m" "1610612736" "--user" "0:0" "--network" "none" "ghcr.io/rust-lang/crates-build-env/linux@sha256:819108c5571ea2e421544af4d832f968d213c87fbe3707a016657f43d2f853bc" "/opt/rustwide/cargo-home/bin/cargo" "+nightly-2025-01-18" "test" "--frozen", kill_on_drop: false }`
[INFO] [stdout] 3ae19a82da027835cbb1084bb7e7d771fa0ee25e1ff6c32fd02105b40cf352d1
[INFO] running `Command { std: "docker" "start" "-a" "3ae19a82da027835cbb1084bb7e7d771fa0ee25e1ff6c32fd02105b40cf352d1", kill_on_drop: false }`
[INFO] [stderr] warning: constant `OUTPUT` is never used
[INFO] [stderr]  --> src/test_my_macro.rs:5:11
[INFO] [stderr]   |
[INFO] [stderr] 5 |     const OUTPUT: &str = "";
[INFO] [stderr]   |           ^^^^^^
[INFO] [stderr]   |
[INFO] [stderr]   = note: `#[warn(dead_code)]` on by default
[INFO] [stderr] 
[INFO] [stderr] warning: fields `address_number` and `street` are never read
[INFO] [stderr]   --> src/test_rc.rs:20:13
[INFO] [stderr]    |
[INFO] [stderr] 19 |         struct House {
[INFO] [stderr]    |                ----- fields in this struct
[INFO] [stderr] 20 |             address_number: u16,
[INFO] [stderr]    |             ^^^^^^^^^^^^^^
[INFO] [stderr] 21 |             street: String,
[INFO] [stderr]    |             ^^^^^^
[INFO] [stderr]    |
[INFO] [stderr]    = note: `House` has a derived impl for the trait `Debug`, but this is intentionally ignored during dead code analysis
[INFO] [stderr] 
[INFO] [stderr] warning: fields `id`, `description`, and `house` are never read
[INFO] [stderr]   --> src/test_rc.rs:27:13
[INFO] [stderr]    |
[INFO] [stderr] 26 |         struct Furniture {
[INFO] [stderr]    |                --------- fields in this struct
[INFO] [stderr] 27 |             id: String,
[INFO] [stderr]    |             ^^
[INFO] [stderr] 28 |             description: String,
[INFO] [stderr]    |             ^^^^^^^^^^^
[INFO] [stderr] 29 |             house: Weak<House>,
[INFO] [stderr]    |             ^^^^^
[INFO] [stderr]    |
[INFO] [stderr]    = note: `Furniture` has a derived impl for the trait `Debug`, but this is intentionally ignored during dead code analysis
[INFO] [stderr] 
[INFO] [stderr] warning: `gpt` (bin "gpt" test) generated 3 warnings
[INFO] [stderr]     Finished `test` profile [unoptimized + debuginfo] target(s) in 0.02s
[INFO] [stderr]      Running unittests src/main.rs (/opt/rustwide/target/debug/deps/gpt-59db4ecd348cdeb6)
[INFO] [stdout] 
[INFO] [stdout] running 3 tests
[INFO] [stdout] test test_my_macro::tests::tests_proc_macro ... ok
[INFO] [stdout] test test_rc::tests::tests_reference_counter ... ok
[INFO] [stdout] test test_concurrency::tests::tests_concurrency ... FAILED
[INFO] [stdout] 
[INFO] [stdout] failures:
[INFO] [stdout] 
[INFO] [stdout] ---- test_concurrency::tests::tests_concurrency stdout ----
[INFO] [stdout] 
[INFO] [stdout] thread 'test_concurrency::tests::tests_concurrency' panicked at src/test_concurrency.rs:16:18:
[INFO] [stdout] called `Result::unwrap()` on an `Err` value: Os { code: 30, kind: ReadOnlyFilesystem, message: "Read-only file system" }
[INFO] [stdout] stack backtrace:
[INFO] [stdout]    0:     0x632c1796271a - std::backtrace_rs::backtrace::libunwind::trace::hb059275cfc8d6126
[INFO] [stdout]                                at /rustc/6067b36314ab5eb2eb47cecc464545ba58e1ad24/library/std/src/../../backtrace/src/backtrace/libunwind.rs:116:5
[INFO] [stdout]    1:     0x632c1796271a - std::backtrace_rs::backtrace::trace_unsynchronized::h2da071e4327ce3ee
[INFO] [stdout]                                at /rustc/6067b36314ab5eb2eb47cecc464545ba58e1ad24/library/std/src/../../backtrace/src/backtrace/mod.rs:66:5
[INFO] [stdout]    2:     0x632c1796271a - std::sys::backtrace::_print_fmt::h842a1474e6f8d23f
[INFO] [stdout]                                at /rustc/6067b36314ab5eb2eb47cecc464545ba58e1ad24/library/std/src/sys/backtrace.rs:66:9
[INFO] [stdout]    3:     0x632c1796271a - <std::sys::backtrace::BacktraceLock::print::DisplayBacktrace as core::fmt::Display>::fmt::h71a62eb3b9696b12
[INFO] [stdout]                                at /rustc/6067b36314ab5eb2eb47cecc464545ba58e1ad24/library/std/src/sys/backtrace.rs:39:26
[INFO] [stdout]    4:     0x632c17989e53 - core::fmt::rt::Argument::fmt::hdb6b616786b41dc1
[INFO] [stdout]                                at /rustc/6067b36314ab5eb2eb47cecc464545ba58e1ad24/library/core/src/fmt/rt.rs:177:76
[INFO] [stdout]    5:     0x632c17989e53 - core::fmt::write::h2cc1698af7e2d686
[INFO] [stdout]                                at /rustc/6067b36314ab5eb2eb47cecc464545ba58e1ad24/library/core/src/fmt/mod.rs:1440:21
[INFO] [stdout]    6:     0x632c1795f273 - std::io::Write::write_fmt::hab1b4cd059a79022
[INFO] [stdout]                                at /rustc/6067b36314ab5eb2eb47cecc464545ba58e1ad24/library/std/src/io/mod.rs:1887:15
[INFO] [stdout]    7:     0x632c17962562 - std::sys::backtrace::BacktraceLock::print::h147fe35b4ea13b08
[INFO] [stdout]                                at /rustc/6067b36314ab5eb2eb47cecc464545ba58e1ad24/library/std/src/sys/backtrace.rs:42:9
[INFO] [stdout]    8:     0x632c17963b3f - std::panicking::default_hook::{{closure}}::hbd44223dbdc0d208
[INFO] [stdout]                                at /rustc/6067b36314ab5eb2eb47cecc464545ba58e1ad24/library/std/src/panicking.rs:298:22
[INFO] [stdout]    9:     0x632c17963958 - std::panicking::default_hook::h20f81eb0576efcec
[INFO] [stdout]                                at /rustc/6067b36314ab5eb2eb47cecc464545ba58e1ad24/library/std/src/panicking.rs:322:9
[INFO] [stdout]   10:     0x632c1792c773 - <alloc::boxed::Box<F,A> as core::ops::function::Fn<Args>>::call::hdb53814c496a4d34
[INFO] [stdout]                                at /rustc/6067b36314ab5eb2eb47cecc464545ba58e1ad24/library/alloc/src/boxed.rs:2027:9
[INFO] [stdout]   11:     0x632c1792c773 - test::test_main::{{closure}}::hc0a4963c59427c24
[INFO] [stdout]                                at /rustc/6067b36314ab5eb2eb47cecc464545ba58e1ad24/library/test/src/lib.rs:134:21
[INFO] [stdout]   12:     0x632c17964633 - <alloc::boxed::Box<F,A> as core::ops::function::Fn<Args>>::call::h591b2225413a77e9
[INFO] [stdout]                                at /rustc/6067b36314ab5eb2eb47cecc464545ba58e1ad24/library/alloc/src/boxed.rs:2027:9
[INFO] [stdout]   13:     0x632c17964633 - std::panicking::rust_panic_with_hook::h625eea43051b2edc
[INFO] [stdout]                                at /rustc/6067b36314ab5eb2eb47cecc464545ba58e1ad24/library/std/src/panicking.rs:839:13
[INFO] [stdout]   14:     0x632c179642ea - std::panicking::begin_panic_handler::{{closure}}::h4f9159cfbc3f6bd3
[INFO] [stdout]                                at /rustc/6067b36314ab5eb2eb47cecc464545ba58e1ad24/library/std/src/panicking.rs:704:13
[INFO] [stdout]   15:     0x632c17962c19 - std::sys::backtrace::__rust_end_short_backtrace::h0390abce48353151
[INFO] [stdout]                                at /rustc/6067b36314ab5eb2eb47cecc464545ba58e1ad24/library/std/src/sys/backtrace.rs:168:18
[INFO] [stdout]   16:     0x632c17963f7d - rust_begin_unwind
[INFO] [stdout]                                at /rustc/6067b36314ab5eb2eb47cecc464545ba58e1ad24/library/std/src/panicking.rs:695:5
[INFO] [stdout]   17:     0x632c179888e0 - core::panicking::panic_fmt::h9e7c637e9e5f29c9
[INFO] [stdout]                                at /rustc/6067b36314ab5eb2eb47cecc464545ba58e1ad24/library/core/src/panicking.rs:75:14
[INFO] [stdout]   18:     0x632c17988c86 - core::result::unwrap_failed::h7979f09313fe1849
[INFO] [stdout]                                at /rustc/6067b36314ab5eb2eb47cecc464545ba58e1ad24/library/core/src/result.rs:1704:5
[INFO] [stdout]   19:     0x632c178ee4bd - core::result::Result<T,E>::unwrap::h221844bf326a1f03
[INFO] [stdout]                                at /rustc/6067b36314ab5eb2eb47cecc464545ba58e1ad24/library/core/src/result.rs:1109:23
[INFO] [stdout]   20:     0x632c178ee4bd - gpt::test_concurrency::tests::tests_concurrency::hd4627c6334d30fda
[INFO] [stdout]                                at /opt/rustwide/workdir/src/test_concurrency.rs:11:13
[INFO] [stdout]   21:     0x632c178ee407 - gpt::test_concurrency::tests::tests_concurrency::{{closure}}::h4f251db2803f9cb4
[INFO] [stdout]                                at /opt/rustwide/workdir/src/test_concurrency.rs:9:27
[INFO] [stdout]   22:     0x632c178e6e66 - core::ops::function::FnOnce::call_once::he606c6aa8cab8774
[INFO] [stdout]                                at /rustc/6067b36314ab5eb2eb47cecc464545ba58e1ad24/library/core/src/ops/function.rs:250:5
[INFO] [stdout]   23:     0x632c17931ecb - core::ops::function::FnOnce::call_once::he27718dfdd183f43
[INFO] [stdout]                                at /rustc/6067b36314ab5eb2eb47cecc464545ba58e1ad24/library/core/src/ops/function.rs:250:5
[INFO] [stdout]   24:     0x632c17931ecb - test::__rust_begin_short_backtrace::h4e84902998457a5d
[INFO] [stdout]                                at /rustc/6067b36314ab5eb2eb47cecc464545ba58e1ad24/library/test/src/lib.rs:632:18
[INFO] [stdout]   25:     0x632c17930e03 - test::run_test_in_process::{{closure}}::h7176fd18fc1feca0
[INFO] [stdout]                                at /rustc/6067b36314ab5eb2eb47cecc464545ba58e1ad24/library/test/src/lib.rs:655:60
[INFO] [stdout]   26:     0x632c17930e03 - <core::panic::unwind_safe::AssertUnwindSafe<F> as core::ops::function::FnOnce<()>>::call_once::hf79cff2a624d8cf7
[INFO] [stdout]                                at /rustc/6067b36314ab5eb2eb47cecc464545ba58e1ad24/library/core/src/panic/unwind_safe.rs:272:9
[INFO] [stdout]   27:     0x632c17930e03 - std::panicking::try::do_call::h3da0561d9ab99c25
[INFO] [stdout]                                at /rustc/6067b36314ab5eb2eb47cecc464545ba58e1ad24/library/std/src/panicking.rs:587:40
[INFO] [stdout]   28:     0x632c17930e03 - std::panicking::try::h41c9fa508bc61df6
[INFO] [stdout]                                at /rustc/6067b36314ab5eb2eb47cecc464545ba58e1ad24/library/std/src/panicking.rs:550:19
[INFO] [stdout]   29:     0x632c17930e03 - std::panic::catch_unwind::h6b3ff07bb5afad93
[INFO] [stdout]                                at /rustc/6067b36314ab5eb2eb47cecc464545ba58e1ad24/library/std/src/panic.rs:358:14
[INFO] [stdout]   30:     0x632c17930e03 - test::run_test_in_process::hc7253dd11b39b9f4
[INFO] [stdout]                                at /rustc/6067b36314ab5eb2eb47cecc464545ba58e1ad24/library/test/src/lib.rs:655:27
[INFO] [stdout]   31:     0x632c17930e03 - test::run_test::{{closure}}::hfb2007f8649c30bb
[INFO] [stdout]                                at /rustc/6067b36314ab5eb2eb47cecc464545ba58e1ad24/library/test/src/lib.rs:576:43
[INFO] [stdout]   32:     0x632c178f3ee5 - test::run_test::{{closure}}::h56a17aa7a282a9f4
[INFO] [stdout]                                at /rustc/6067b36314ab5eb2eb47cecc464545ba58e1ad24/library/test/src/lib.rs:606:41
[INFO] [stdout]   33:     0x632c178f3ee5 - std::sys::backtrace::__rust_begin_short_backtrace::hd2d2d2fb8e8c6aac
[INFO] [stdout]                                at /rustc/6067b36314ab5eb2eb47cecc464545ba58e1ad24/library/std/src/sys/backtrace.rs:152:18
[INFO] [stdout]   34:     0x632c178f77ca - std::thread::Builder::spawn_unchecked_::{{closure}}::{{closure}}::h4faa3f9db6133423
[INFO] [stdout]                                at /rustc/6067b36314ab5eb2eb47cecc464545ba58e1ad24/library/std/src/thread/mod.rs:559:17
[INFO] [stdout]   35:     0x632c178f77ca - <core::panic::unwind_safe::AssertUnwindSafe<F> as core::ops::function::FnOnce<()>>::call_once::hf2e855a36a4ea846
[INFO] [stdout]                                at /rustc/6067b36314ab5eb2eb47cecc464545ba58e1ad24/library/core/src/panic/unwind_safe.rs:272:9
[INFO] [stdout]   36:     0x632c178f77ca - std::panicking::try::do_call::h2f73af3616c35465
[INFO] [stdout]                                at /rustc/6067b36314ab5eb2eb47cecc464545ba58e1ad24/library/std/src/panicking.rs:587:40
[INFO] [stdout]   37:     0x632c178f77ca - std::panicking::try::hd1660ce9efadef5a
[INFO] [stdout]                                at /rustc/6067b36314ab5eb2eb47cecc464545ba58e1ad24/library/std/src/panicking.rs:550:19
[INFO] [stdout]   38:     0x632c178f77ca - std::panic::catch_unwind::h5ee8d7823b8ca744
[INFO] [stdout]                                at /rustc/6067b36314ab5eb2eb47cecc464545ba58e1ad24/library/std/src/panic.rs:358:14
[INFO] [stdout]   39:     0x632c178f77ca - std::thread::Builder::spawn_unchecked_::{{closure}}::h53c3a1894dce8407
[INFO] [stdout]                                at /rustc/6067b36314ab5eb2eb47cecc464545ba58e1ad24/library/std/src/thread/mod.rs:557:30
[INFO] [stdout]   40:     0x632c178f77ca - core::ops::function::FnOnce::call_once{{vtable.shim}}::h048ce291ad4f62bf
[INFO] [stdout]                                at /rustc/6067b36314ab5eb2eb47cecc464545ba58e1ad24/library/core/src/ops/function.rs:250:5
[INFO] [stdout]   41:     0x632c1796857b - <alloc::boxed::Box<F,A> as core::ops::function::FnOnce<Args>>::call_once::ha52bedf99a3b4981
[INFO] [stdout]                                at /rustc/6067b36314ab5eb2eb47cecc464545ba58e1ad24/library/alloc/src/boxed.rs:2013:9
[INFO] [stdout]   42:     0x632c1796857b - <alloc::boxed::Box<F,A> as core::ops::function::FnOnce<Args>>::call_once::h567748934d80ccf8
[INFO] [stdout]                                at /rustc/6067b36314ab5eb2eb47cecc464545ba58e1ad24/library/alloc/src/boxed.rs:2013:9
[INFO] [stdout]   43:     0x632c1796857b - std::sys::pal::unix::thread::Thread::new::thread_start::h2d970728ae887adc
[INFO] [stdout]                                at /rustc/6067b36314ab5eb2eb47cecc464545ba58e1ad24/library/std/src/sys/pal/unix/thread.rs:106:17
[INFO] [stdout]   44:     0x74bb0da9eac3 - <unknown>
[INFO] [stdout]   45:     0x74bb0db2fa04 - clone
[INFO] [stdout]   46:                0x0 - <unknown>
[INFO] [stdout] 
[INFO] [stdout] 
[INFO] [stdout] failures:
[INFO] [stdout]     test_concurrency::tests::tests_concurrency
[INFO] [stdout] 
[INFO] [stdout] test result: FAILED. 2 passed; 1 failed; 0 ignored; 0 measured; 0 filtered out; finished in 0.02s
[INFO] [stdout] 
[INFO] [stderr] error: test failed, to rerun pass `--bin gpt`
[INFO] running `Command { std: "docker" "inspect" "3ae19a82da027835cbb1084bb7e7d771fa0ee25e1ff6c32fd02105b40cf352d1", kill_on_drop: false }`
[INFO] running `Command { std: "docker" "rm" "-f" "3ae19a82da027835cbb1084bb7e7d771fa0ee25e1ff6c32fd02105b40cf352d1", kill_on_drop: false }`
[INFO] [stdout] 3ae19a82da027835cbb1084bb7e7d771fa0ee25e1ff6c32fd02105b40cf352d1
