[INFO] cloning repository https://github.com/felipesere/fern
[INFO] running `Command { std: "git" "-c" "credential.helper=" "-c" "credential.helper=/workspace/cargo-home/bin/git-credential-null" "clone" "--bare" "https://github.com/felipesere/fern" "/workspace/cache/git-repos/https%3A%2F%2Fgithub.com%2Ffelipesere%2Ffern", kill_on_drop: false }`
[INFO] [stderr] Cloning into bare repository '/workspace/cache/git-repos/https%3A%2F%2Fgithub.com%2Ffelipesere%2Ffern'...
[INFO] running `Command { std: "git" "rev-parse" "HEAD", kill_on_drop: false }`
[INFO] [stdout] ba839cea42e159ddb23750b27237aee697fd7662
[INFO] testing felipesere/fern against nightly-2025-01-18 for randomize-layout-2
[INFO] running `Command { std: "git" "clone" "/workspace/cache/git-repos/https%3A%2F%2Fgithub.com%2Ffelipesere%2Ffern" "/workspace/builds/worker-0-tc1/source", kill_on_drop: false }`
[INFO] [stderr] Cloning into '/workspace/builds/worker-0-tc1/source'...
[INFO] [stderr] done.
[INFO] validating manifest of git repo https://github.com/felipesere/fern on toolchain nightly-2025-01-18
[INFO] running `Command { std: CARGO_HOME="/workspace/cargo-home" RUSTUP_HOME="/workspace/rustup-home" "/workspace/cargo-home/bin/cargo" "+nightly-2025-01-18" "metadata" "--manifest-path" "Cargo.toml" "--no-deps", kill_on_drop: false }`
[INFO] started tweaking git repo https://github.com/felipesere/fern
[INFO] finished tweaking git repo https://github.com/felipesere/fern
[INFO] tweaked toml for git repo https://github.com/felipesere/fern written to /workspace/builds/worker-0-tc1/source/Cargo.toml
[INFO] crate git repo https://github.com/felipesere/fern already has a lockfile, it will not be regenerated
[INFO] running `Command { std: CARGO_HOME="/workspace/cargo-home" RUSTUP_HOME="/workspace/rustup-home" "/workspace/cargo-home/bin/cargo" "+nightly-2025-01-18" "fetch" "--manifest-path" "Cargo.toml", kill_on_drop: false }`
[INFO] [stderr]  Downloading crates ...
[INFO] [stderr]   Downloaded predicates v2.1.0
[INFO] [stderr]   Downloaded assert_cmd v2.0.2
[INFO] [stderr]   Downloaded assert_fs v1.0.6
[INFO] running `Command { std: "docker" "create" "-v" "/var/lib/crater-agent-workspace/builds/worker-0-tc1/target:/opt/rustwide/target:rw,Z" "-v" "/var/lib/crater-agent-workspace/builds/worker-0-tc1/source:/opt/rustwide/workdir:ro,Z" "-v" "/var/lib/crater-agent-workspace/cargo-home:/opt/rustwide/cargo-home:ro,Z" "-v" "/var/lib/crater-agent-workspace/rustup-home:/opt/rustwide/rustup-home:ro,Z" "-e" "SOURCE_DIR=/opt/rustwide/workdir" "-e" "CARGO_TARGET_DIR=/opt/rustwide/target" "-e" "CARGO_HOME=/opt/rustwide/cargo-home" "-e" "RUSTUP_HOME=/opt/rustwide/rustup-home" "-w" "/opt/rustwide/workdir" "-m" "1610612736" "--user" "0:0" "--network" "none" "ghcr.io/rust-lang/crates-build-env/linux@sha256:819108c5571ea2e421544af4d832f968d213c87fbe3707a016657f43d2f853bc" "/opt/rustwide/cargo-home/bin/cargo" "+nightly-2025-01-18" "metadata" "--no-deps" "--format-version=1", kill_on_drop: false }`
[INFO] [stdout] 0ebf92b838ce60cc1d7afd3c58dd7d3cdae72408ad51a0b0701e3d1525d912a5
[INFO] running `Command { std: "docker" "start" "-a" "0ebf92b838ce60cc1d7afd3c58dd7d3cdae72408ad51a0b0701e3d1525d912a5", kill_on_drop: false }`
[INFO] running `Command { std: "docker" "inspect" "0ebf92b838ce60cc1d7afd3c58dd7d3cdae72408ad51a0b0701e3d1525d912a5", kill_on_drop: false }`
[INFO] running `Command { std: "docker" "rm" "-f" "0ebf92b838ce60cc1d7afd3c58dd7d3cdae72408ad51a0b0701e3d1525d912a5", kill_on_drop: false }`
[INFO] [stdout] 0ebf92b838ce60cc1d7afd3c58dd7d3cdae72408ad51a0b0701e3d1525d912a5
[INFO] running `Command { std: "docker" "create" "-v" "/var/lib/crater-agent-workspace/builds/worker-0-tc1/target:/opt/rustwide/target:rw,Z" "-v" "/var/lib/crater-agent-workspace/builds/worker-0-tc1/source:/opt/rustwide/workdir:ro,Z" "-v" "/var/lib/crater-agent-workspace/cargo-home:/opt/rustwide/cargo-home:ro,Z" "-v" "/var/lib/crater-agent-workspace/rustup-home:/opt/rustwide/rustup-home:ro,Z" "-e" "SOURCE_DIR=/opt/rustwide/workdir" "-e" "CARGO_TARGET_DIR=/opt/rustwide/target" "-e" "CARGO_INCREMENTAL=0" "-e" "RUST_BACKTRACE=full" "-e" "RUSTFLAGS=--cap-lints=forbid" "-e" "RUSTDOCFLAGS=--cap-lints=forbid" "-e" "CARGO_HOME=/opt/rustwide/cargo-home" "-e" "RUSTUP_HOME=/opt/rustwide/rustup-home" "-w" "/opt/rustwide/workdir" "-m" "1610612736" "--user" "0:0" "--network" "none" "ghcr.io/rust-lang/crates-build-env/linux@sha256:819108c5571ea2e421544af4d832f968d213c87fbe3707a016657f43d2f853bc" "/opt/rustwide/cargo-home/bin/cargo" "+nightly-2025-01-18" "build" "--frozen" "--message-format=json", kill_on_drop: false }`
[INFO] [stdout] 1678430963d1de4d4fa3be828a49ece994b5ecaaf644b8f734de882dde32adcc
[INFO] running `Command { std: "docker" "start" "-a" "1678430963d1de4d4fa3be828a49ece994b5ecaaf644b8f734de882dde32adcc", kill_on_drop: false }`
[INFO] [stderr]    Compiling memchr v2.4.1
[INFO] [stderr]    Compiling proc-macro2 v1.0.32
[INFO] [stderr]    Compiling unicode-xid v0.2.2
[INFO] [stderr]    Compiling syn v1.0.82
[INFO] [stderr]    Compiling log v0.4.14
[INFO] [stderr]    Compiling cfg-if v1.0.0
[INFO] [stderr]    Compiling lazy_static v1.4.0
[INFO] [stderr]    Compiling libc v0.2.108
[INFO] [stderr]    Compiling serde_derive v1.0.130
[INFO] [stderr]    Compiling autocfg v1.0.1
[INFO] [stderr]    Compiling regex-syntax v0.6.25
[INFO] [stderr]    Compiling serde v1.0.130
[INFO] [stderr]    Compiling crossbeam-utils v0.8.5
[INFO] [stderr]    Compiling regex-automata v0.1.10
[INFO] [stderr]    Compiling linked-hash-map v0.5.4
[INFO] [stderr]    Compiling same-file v1.0.6
[INFO] [stderr]    Compiling hashbrown v0.11.2
[INFO] [stderr]    Compiling fnv v1.0.7
[INFO] [stderr]    Compiling anyhow v1.0.48
[INFO] [stderr]    Compiling once_cell v1.8.0
[INFO] [stderr]    Compiling walkdir v2.3.2
[INFO] [stderr]    Compiling yaml-rust v0.4.5
[INFO] [stderr]    Compiling thread_local v1.1.3
[INFO] [stderr]    Compiling dtoa v0.4.8
[INFO] [stderr]    Compiling pico-args v0.4.2
[INFO] [stderr]    Compiling indexmap v1.7.0
[INFO] [stderr]    Compiling dirs-sys v0.3.6
[INFO] [stderr]    Compiling aho-corasick v0.7.18
[INFO] [stderr]    Compiling bstr v0.2.17
[INFO] [stderr]    Compiling quote v1.0.10
[INFO] [stderr]    Compiling dirs v4.0.0
[INFO] [stderr]    Compiling regex v1.5.4
[INFO] [stderr]    Compiling globset v0.4.8
[INFO] [stderr]    Compiling ignore v0.4.18
[INFO] [stderr]    Compiling serde_yaml v0.8.21
[INFO] [stderr]    Compiling fern-run v0.0.3 (/opt/rustwide/workdir)
[INFO] [stderr]     Finished `dev` profile [unoptimized + debuginfo] target(s) in 21.02s
[INFO] running `Command { std: "docker" "inspect" "1678430963d1de4d4fa3be828a49ece994b5ecaaf644b8f734de882dde32adcc", kill_on_drop: false }`
[INFO] running `Command { std: "docker" "rm" "-f" "1678430963d1de4d4fa3be828a49ece994b5ecaaf644b8f734de882dde32adcc", kill_on_drop: false }`
[INFO] [stdout] 1678430963d1de4d4fa3be828a49ece994b5ecaaf644b8f734de882dde32adcc
[INFO] running `Command { std: "docker" "create" "-v" "/var/lib/crater-agent-workspace/builds/worker-0-tc1/target:/opt/rustwide/target:rw,Z" "-v" "/var/lib/crater-agent-workspace/builds/worker-0-tc1/source:/opt/rustwide/workdir:ro,Z" "-v" "/var/lib/crater-agent-workspace/cargo-home:/opt/rustwide/cargo-home:ro,Z" "-v" "/var/lib/crater-agent-workspace/rustup-home:/opt/rustwide/rustup-home:ro,Z" "-e" "SOURCE_DIR=/opt/rustwide/workdir" "-e" "CARGO_TARGET_DIR=/opt/rustwide/target" "-e" "CARGO_INCREMENTAL=0" "-e" "RUST_BACKTRACE=full" "-e" "RUSTFLAGS=--cap-lints=forbid" "-e" "RUSTDOCFLAGS=--cap-lints=forbid" "-e" "CARGO_HOME=/opt/rustwide/cargo-home" "-e" "RUSTUP_HOME=/opt/rustwide/rustup-home" "-w" "/opt/rustwide/workdir" "-m" "1610612736" "--user" "0:0" "--network" "none" "ghcr.io/rust-lang/crates-build-env/linux@sha256:819108c5571ea2e421544af4d832f968d213c87fbe3707a016657f43d2f853bc" "/opt/rustwide/cargo-home/bin/cargo" "+nightly-2025-01-18" "test" "--frozen" "--no-run" "--message-format=json", kill_on_drop: false }`
[INFO] [stdout] 2aec6b046465f65e5f615fd424e21301c85351eff27dcf145943e231936f268e
[INFO] running `Command { std: "docker" "start" "-a" "2aec6b046465f65e5f615fd424e21301c85351eff27dcf145943e231936f268e", kill_on_drop: false }`
[INFO] [stderr]    Compiling num-traits v0.2.14
[INFO] [stderr]    Compiling ppv-lite86 v0.2.15
[INFO] [stderr]    Compiling doc-comment v0.3.3
[INFO] [stderr]    Compiling predicates-core v1.0.2
[INFO] [stderr]    Compiling either v1.6.1
[INFO] [stderr]    Compiling getrandom v0.2.3
[INFO] [stderr]    Compiling termtree v0.2.3
[INFO] [stderr]    Compiling normalize-line-endings v0.3.0
[INFO] [stderr]    Compiling difflib v0.4.0
[INFO] [stderr]    Compiling bitflags v1.3.2
[INFO] [stderr]    Compiling remove_dir_all v0.5.3
[INFO] [stderr]    Compiling wait-timeout v0.2.0
[INFO] [stderr]    Compiling globwalk v0.8.1
[INFO] [stderr]    Compiling itertools v0.10.1
[INFO] [stderr]    Compiling rand_core v0.6.3
[INFO] [stderr]    Compiling predicates-tree v1.0.4
[INFO] [stderr]    Compiling rand_chacha v0.3.1
[INFO] [stderr]    Compiling rand v0.8.4
[INFO] [stderr]    Compiling float-cmp v0.9.0
[INFO] [stderr]    Compiling predicates v2.1.0
[INFO] [stderr]    Compiling tempfile v3.2.0
[INFO] [stderr]    Compiling assert_fs v1.0.6
[INFO] [stderr]    Compiling assert_cmd v2.0.2
[INFO] [stderr]    Compiling fern-run v0.0.3 (/opt/rustwide/workdir)
[INFO] [stderr]     Finished `test` profile [unoptimized + debuginfo] target(s) in 6.08s
[INFO] running `Command { std: "docker" "inspect" "2aec6b046465f65e5f615fd424e21301c85351eff27dcf145943e231936f268e", kill_on_drop: false }`
[INFO] running `Command { std: "docker" "rm" "-f" "2aec6b046465f65e5f615fd424e21301c85351eff27dcf145943e231936f268e", kill_on_drop: false }`
[INFO] [stdout] 2aec6b046465f65e5f615fd424e21301c85351eff27dcf145943e231936f268e
[INFO] running `Command { std: "docker" "create" "-v" "/var/lib/crater-agent-workspace/builds/worker-0-tc1/target:/opt/rustwide/target:rw,Z" "-v" "/var/lib/crater-agent-workspace/builds/worker-0-tc1/source:/opt/rustwide/workdir:ro,Z" "-v" "/var/lib/crater-agent-workspace/cargo-home:/opt/rustwide/cargo-home:ro,Z" "-v" "/var/lib/crater-agent-workspace/rustup-home:/opt/rustwide/rustup-home:ro,Z" "-e" "SOURCE_DIR=/opt/rustwide/workdir" "-e" "CARGO_TARGET_DIR=/opt/rustwide/target" "-e" "CARGO_INCREMENTAL=0" "-e" "RUST_BACKTRACE=full" "-e" "RUSTFLAGS=--cap-lints=forbid" "-e" "RUSTDOCFLAGS=--cap-lints=forbid" "-e" "CARGO_HOME=/opt/rustwide/cargo-home" "-e" "RUSTUP_HOME=/opt/rustwide/rustup-home" "-w" "/opt/rustwide/workdir" "-m" "1610612736" "--user" "0:0" "--network" "none" "ghcr.io/rust-lang/crates-build-env/linux@sha256:819108c5571ea2e421544af4d832f968d213c87fbe3707a016657f43d2f853bc" "/opt/rustwide/cargo-home/bin/cargo" "+nightly-2025-01-18" "test" "--frozen", kill_on_drop: false }`
[INFO] [stdout] 71ac25a61c0aed2749b6eea08ff6ef896dc8d922aed0d03c2f7f482efa6df1bc
[INFO] running `Command { std: "docker" "start" "-a" "71ac25a61c0aed2749b6eea08ff6ef896dc8d922aed0d03c2f7f482efa6df1bc", kill_on_drop: false }`
[INFO] [stderr]     Finished `test` profile [unoptimized + debuginfo] target(s) in 0.08s
[INFO] [stderr]      Running unittests src/main.rs (/opt/rustwide/target/debug/deps/fern-832c67df2893f067)
[INFO] [stdout] 
[INFO] [stdout] running 3 tests
[INFO] [stdout] test leaf::tests::it_reports_errors_for_known_keys ... ok
[INFO] [stdout] test leaf::tests::it_parses_a_correct_yaml_file ... ok
[INFO] [stdout] test leaf::tests::it_reports_adequate_errors ... ok
[INFO] [stdout] 
[INFO] [stdout] test result: ok. 3 passed; 0 failed; 0 ignored; 0 measured; 0 filtered out; finished in 0.00s
[INFO] [stdout] 
[INFO] [stderr]      Running tests/basic_usage.rs (/opt/rustwide/target/debug/deps/basic_usage-3e0cc7bd27199e0b)
[INFO] [stdout] 
[INFO] [stdout] running 11 tests
[INFO] [stdout] test it_warns_if_there_is_no_fern_file_here ... ok
[INFO] [stdout] test it_prints_the_version ... ok
[INFO] [stdout] test it_allows_the_user_to_suppress_the_missing_file_warning ... ok
[INFO] [stdout] test it_warns_if_there_are_no_fern_files_anywhere ... ok
[INFO] [stdout] test it_runs_build_for_the_current_folder ... ok
[INFO] [stdout] test it_prints_some_help ... ok
[INFO] [stdout] test it_reports_when_commands_fail ... ok
[INFO] [stdout] test it_list_all_available_leaves ... ok
[INFO] [stdout] test it_prints_the_leaves_woithout_extra_formatting ... ok
[INFO] [stdout] test it_runs_fmt_for_the_entire_directory ... ok
[INFO] [stdout] test runs_multiple_tests_from_the_fern_file ... ok
[INFO] [stdout] 
[INFO] [stdout] test result: ok. 11 passed; 0 failed; 0 ignored; 0 measured; 0 filtered out; finished in 0.05s
[INFO] [stdout] 
[INFO] [stderr]      Running tests/custom_commands.rs (/opt/rustwide/target/debug/deps/custom_commands-ba3f8f0cad8b6f9e)
[INFO] [stdout] 
[INFO] [stdout] running 2 tests
[INFO] [stdout] test it_can_list_all_available_commands ... ok
[INFO] [stdout] test it_can_run_custom_commands ... ok
[INFO] [stdout] 
[INFO] [stdout] test result: ok. 2 passed; 0 failed; 0 ignored; 0 measured; 0 filtered out; finished in 0.01s
[INFO] [stdout] 
[INFO] [stderr]      Running tests/seeding_examples.rs (/opt/rustwide/target/debug/deps/seeding_examples-d77e2b267f66a359)
[INFO] [stdout] 
[INFO] [stdout] running 3 tests
[INFO] [stdout] test it_doesnt_seed_an_unknown_language ... ok
[INFO] [stdout] test it_can_seed_a_project_based_on_config ... ok
[INFO] [stdout] test it_tells_the_user_if_the_config_can_not_parsed ... FAILED
[INFO] [stdout] 
[INFO] [stdout] failures:
[INFO] [stdout] 
[INFO] [stdout] ---- it_tells_the_user_if_the_config_can_not_parsed stdout ----
[INFO] [stdout] 
[INFO] [stdout] thread 'it_tells_the_user_if_the_config_can_not_parsed' panicked at /rustc/6067b36314ab5eb2eb47cecc464545ba58e1ad24/library/core/src/ops/function.rs:250:5:
[INFO] [stdout] Unexpected stderr, failed (var.contains(Unable to read configuration) && var.contains(fern/example/not-really.yaml))
[INFO] [stdout] ├── var as str: Error: Unable to read configuration "/opt/rustwide/workdir/example/not-really.yaml"
[INFO] [stdout] |   
[INFO] [stdout] |   Caused by:
[INFO] [stdout] |       invalid type: string "This is not yaml", expected struct Config at line 1 column 1
[INFO] [stdout] └── var.contains(fern/example/not-really.yaml)
[INFO] [stdout]     └── var: Error: Unable to read configuration "/opt/rustwide/workdir/example/not-really.yaml"
[INFO] [stdout]         
[INFO] [stdout]         Caused by:
[INFO] [stdout]             invalid type: string "This is not yaml", expected struct Config at line 1 column 1
[INFO] [stdout] 
[INFO] [stdout] command=`cd "./example/empty" && FERN_CONFIG="/opt/rustwide/workdir/example/not-really.yaml" "/opt/rustwide/target/debug/fern" "seed" "node"`
[INFO] [stdout] code=1
[INFO] [stdout] stdout=""
[INFO] [stdout] stderr="Error: Unable to read configuration \"/opt/rustwide/workdir/example/not-really.yaml\"\n\nCaused by:\n    invalid type: string \"This is not yaml\", expected struct Config at line 1 column 1\n"
[INFO] [stdout] 
[INFO] [stdout] stack backtrace:
[INFO] [stdout]    0:     0x58ada089777a - std::backtrace_rs::backtrace::libunwind::trace::hb059275cfc8d6126
[INFO] [stdout]                                at /rustc/6067b36314ab5eb2eb47cecc464545ba58e1ad24/library/std/src/../../backtrace/src/backtrace/libunwind.rs:116:5
[INFO] [stdout]    1:     0x58ada089777a - std::backtrace_rs::backtrace::trace_unsynchronized::h2da071e4327ce3ee
[INFO] [stdout]                                at /rustc/6067b36314ab5eb2eb47cecc464545ba58e1ad24/library/std/src/../../backtrace/src/backtrace/mod.rs:66:5
[INFO] [stdout]    2:     0x58ada089777a - std::sys::backtrace::_print_fmt::h842a1474e6f8d23f
[INFO] [stdout]                                at /rustc/6067b36314ab5eb2eb47cecc464545ba58e1ad24/library/std/src/sys/backtrace.rs:66:9
[INFO] [stdout]    3:     0x58ada089777a - <std::sys::backtrace::BacktraceLock::print::DisplayBacktrace as core::fmt::Display>::fmt::h71a62eb3b9696b12
[INFO] [stdout]                                at /rustc/6067b36314ab5eb2eb47cecc464545ba58e1ad24/library/std/src/sys/backtrace.rs:39:26
[INFO] [stdout]    4:     0x58ada08c10d3 - core::fmt::rt::Argument::fmt::hdb6b616786b41dc1
[INFO] [stdout]                                at /rustc/6067b36314ab5eb2eb47cecc464545ba58e1ad24/library/core/src/fmt/rt.rs:177:76
[INFO] [stdout]    5:     0x58ada08c10d3 - core::fmt::write::h2cc1698af7e2d686
[INFO] [stdout]                                at /rustc/6067b36314ab5eb2eb47cecc464545ba58e1ad24/library/core/src/fmt/mod.rs:1440:21
[INFO] [stdout]    6:     0x58ada0893b53 - std::io::Write::write_fmt::hab1b4cd059a79022
[INFO] [stdout]                                at /rustc/6067b36314ab5eb2eb47cecc464545ba58e1ad24/library/std/src/io/mod.rs:1887:15
[INFO] [stdout]    7:     0x58ada08975c2 - std::sys::backtrace::BacktraceLock::print::h147fe35b4ea13b08
[INFO] [stdout]                                at /rustc/6067b36314ab5eb2eb47cecc464545ba58e1ad24/library/std/src/sys/backtrace.rs:42:9
[INFO] [stdout]    8:     0x58ada0898c1f - std::panicking::default_hook::{{closure}}::hbd44223dbdc0d208
[INFO] [stdout]                                at /rustc/6067b36314ab5eb2eb47cecc464545ba58e1ad24/library/std/src/panicking.rs:298:22
[INFO] [stdout]    9:     0x58ada0898a38 - std::panicking::default_hook::h20f81eb0576efcec
[INFO] [stdout]                                at /rustc/6067b36314ab5eb2eb47cecc464545ba58e1ad24/library/std/src/panicking.rs:322:9
[INFO] [stdout]   10:     0x58ada07c4283 - <alloc::boxed::Box<F,A> as core::ops::function::Fn<Args>>::call::hdb53814c496a4d34
[INFO] [stdout]                                at /rustc/6067b36314ab5eb2eb47cecc464545ba58e1ad24/library/alloc/src/boxed.rs:2027:9
[INFO] [stdout]   11:     0x58ada07c4283 - test::test_main::{{closure}}::hc0a4963c59427c24
[INFO] [stdout]                                at /rustc/6067b36314ab5eb2eb47cecc464545ba58e1ad24/library/test/src/lib.rs:134:21
[INFO] [stdout]   12:     0x58ada0899713 - <alloc::boxed::Box<F,A> as core::ops::function::Fn<Args>>::call::h591b2225413a77e9
[INFO] [stdout]                                at /rustc/6067b36314ab5eb2eb47cecc464545ba58e1ad24/library/alloc/src/boxed.rs:2027:9
[INFO] [stdout]   13:     0x58ada0899713 - std::panicking::rust_panic_with_hook::h625eea43051b2edc
[INFO] [stdout]                                at /rustc/6067b36314ab5eb2eb47cecc464545ba58e1ad24/library/std/src/panicking.rs:839:13
[INFO] [stdout]   14:     0x58ada08993ca - std::panicking::begin_panic_handler::{{closure}}::h4f9159cfbc3f6bd3
[INFO] [stdout]                                at /rustc/6067b36314ab5eb2eb47cecc464545ba58e1ad24/library/std/src/panicking.rs:704:13
[INFO] [stdout]   15:     0x58ada0897c79 - std::sys::backtrace::__rust_end_short_backtrace::h0390abce48353151
[INFO] [stdout]                                at /rustc/6067b36314ab5eb2eb47cecc464545ba58e1ad24/library/std/src/sys/backtrace.rs:168:18
[INFO] [stdout]   16:     0x58ada089905d - rust_begin_unwind
[INFO] [stdout]                                at /rustc/6067b36314ab5eb2eb47cecc464545ba58e1ad24/library/std/src/panicking.rs:695:5
[INFO] [stdout]   17:     0x58ada08bf7a0 - core::panicking::panic_fmt::h9e7c637e9e5f29c9
[INFO] [stdout]                                at /rustc/6067b36314ab5eb2eb47cecc464545ba58e1ad24/library/core/src/panicking.rs:75:14
[INFO] [stdout]   18:     0x58ada07d9113 - core::panicking::panic_display::hc192397a59a22d28
[INFO] [stdout]                                at /rustc/6067b36314ab5eb2eb47cecc464545ba58e1ad24/library/core/src/panicking.rs:261:5
[INFO] [stdout]   19:     0x58ada07de4f7 - assert_cmd::assert::AssertError::panic::h9476c33885600550
[INFO] [stdout]                                at /opt/rustwide/cargo-home/registry/src/index.crates.io-1949cf8c6b5b557f/assert_cmd-2.0.2/src/assert.rs:1036:9
[INFO] [stdout]   20:     0x58ada07daa67 - core::ops::function::FnOnce::call_once::h6aadf5873437c7e4
[INFO] [stdout]                                at /rustc/6067b36314ab5eb2eb47cecc464545ba58e1ad24/library/core/src/ops/function.rs:250:5
[INFO] [stdout]   21:     0x58ada07d8b20 - core::result::Result<T,E>::unwrap_or_else::h2d4a080c7fedb75d
[INFO] [stdout]                                at /rustc/6067b36314ab5eb2eb47cecc464545ba58e1ad24/library/core/src/result.rs:1463:23
[INFO] [stdout]   22:     0x58ada0784125 - assert_cmd::assert::Assert::stderr::hfeded7eb79a44bf3
[INFO] [stdout]                                at /opt/rustwide/cargo-home/registry/src/index.crates.io-1949cf8c6b5b557f/assert_cmd-2.0.2/src/assert.rs:458:9
[INFO] [stdout]   23:     0x58ada078a10b - seeding_examples::it_tells_the_user_if_the_config_can_not_parsed::hb5000c0f3b1ecf15
[INFO] [stdout]                                at /opt/rustwide/workdir/tests/seeding_examples.rs:51:5
[INFO] [stdout]   24:     0x58ada0789f17 - seeding_examples::it_tells_the_user_if_the_config_can_not_parsed::{{closure}}::hdf21acb3be0ddbc6
[INFO] [stdout]                                at /opt/rustwide/workdir/tests/seeding_examples.rs:46:52
[INFO] [stdout]   25:     0x58ada0786716 - core::ops::function::FnOnce::call_once::hefa5ceadeb91df73
[INFO] [stdout]                                at /rustc/6067b36314ab5eb2eb47cecc464545ba58e1ad24/library/core/src/ops/function.rs:250:5
[INFO] [stdout]   26:     0x58ada07c99db - core::ops::function::FnOnce::call_once::he27718dfdd183f43
[INFO] [stdout]                                at /rustc/6067b36314ab5eb2eb47cecc464545ba58e1ad24/library/core/src/ops/function.rs:250:5
[INFO] [stdout]   27:     0x58ada07c99db - test::__rust_begin_short_backtrace::h4e84902998457a5d
[INFO] [stdout]                                at /rustc/6067b36314ab5eb2eb47cecc464545ba58e1ad24/library/test/src/lib.rs:632:18
[INFO] [stdout]   28:     0x58ada07c8913 - test::run_test_in_process::{{closure}}::h7176fd18fc1feca0
[INFO] [stdout]                                at /rustc/6067b36314ab5eb2eb47cecc464545ba58e1ad24/library/test/src/lib.rs:655:60
[INFO] [stdout]   29:     0x58ada07c8913 - <core::panic::unwind_safe::AssertUnwindSafe<F> as core::ops::function::FnOnce<()>>::call_once::hf79cff2a624d8cf7
[INFO] [stdout]                                at /rustc/6067b36314ab5eb2eb47cecc464545ba58e1ad24/library/core/src/panic/unwind_safe.rs:272:9
[INFO] [stdout]   30:     0x58ada07c8913 - std::panicking::try::do_call::h3da0561d9ab99c25
[INFO] [stdout]                                at /rustc/6067b36314ab5eb2eb47cecc464545ba58e1ad24/library/std/src/panicking.rs:587:40
[INFO] [stdout]   31:     0x58ada07c8913 - std::panicking::try::h41c9fa508bc61df6
[INFO] [stdout]                                at /rustc/6067b36314ab5eb2eb47cecc464545ba58e1ad24/library/std/src/panicking.rs:550:19
[INFO] [stdout]   32:     0x58ada07c8913 - std::panic::catch_unwind::h6b3ff07bb5afad93
[INFO] [stdout]                                at /rustc/6067b36314ab5eb2eb47cecc464545ba58e1ad24/library/std/src/panic.rs:358:14
[INFO] [stdout]   33:     0x58ada07c8913 - test::run_test_in_process::hc7253dd11b39b9f4
[INFO] [stdout]                                at /rustc/6067b36314ab5eb2eb47cecc464545ba58e1ad24/library/test/src/lib.rs:655:27
[INFO] [stdout]   34:     0x58ada07c8913 - test::run_test::{{closure}}::hfb2007f8649c30bb
[INFO] [stdout]                                at /rustc/6067b36314ab5eb2eb47cecc464545ba58e1ad24/library/test/src/lib.rs:576:43
[INFO] [stdout]   35:     0x58ada078b9f5 - test::run_test::{{closure}}::h56a17aa7a282a9f4
[INFO] [stdout]                                at /rustc/6067b36314ab5eb2eb47cecc464545ba58e1ad24/library/test/src/lib.rs:606:41
[INFO] [stdout]   36:     0x58ada078b9f5 - std::sys::backtrace::__rust_begin_short_backtrace::hd2d2d2fb8e8c6aac
[INFO] [stdout]                                at /rustc/6067b36314ab5eb2eb47cecc464545ba58e1ad24/library/std/src/sys/backtrace.rs:152:18
[INFO] [stdout]   37:     0x58ada078f2da - std::thread::Builder::spawn_unchecked_::{{closure}}::{{closure}}::h4faa3f9db6133423
[INFO] [stdout]                                at /rustc/6067b36314ab5eb2eb47cecc464545ba58e1ad24/library/std/src/thread/mod.rs:559:17
[INFO] [stdout]   38:     0x58ada078f2da - <core::panic::unwind_safe::AssertUnwindSafe<F> as core::ops::function::FnOnce<()>>::call_once::hf2e855a36a4ea846
[INFO] [stdout]                                at /rustc/6067b36314ab5eb2eb47cecc464545ba58e1ad24/library/core/src/panic/unwind_safe.rs:272:9
[INFO] [stdout]   39:     0x58ada078f2da - std::panicking::try::do_call::h2f73af3616c35465
[INFO] [stdout]                                at /rustc/6067b36314ab5eb2eb47cecc464545ba58e1ad24/library/std/src/panicking.rs:587:40
[INFO] [stdout]   40:     0x58ada078f2da - std::panicking::try::hd1660ce9efadef5a
[INFO] [stdout]                                at /rustc/6067b36314ab5eb2eb47cecc464545ba58e1ad24/library/std/src/panicking.rs:550:19
[INFO] [stdout]   41:     0x58ada078f2da - std::panic::catch_unwind::h5ee8d7823b8ca744
[INFO] [stdout]                                at /rustc/6067b36314ab5eb2eb47cecc464545ba58e1ad24/library/std/src/panic.rs:358:14
[INFO] [stdout]   42:     0x58ada078f2da - std::thread::Builder::spawn_unchecked_::{{closure}}::h53c3a1894dce8407
[INFO] [stdout]                                at /rustc/6067b36314ab5eb2eb47cecc464545ba58e1ad24/library/std/src/thread/mod.rs:557:30
[INFO] [stdout]   43:     0x58ada078f2da - core::ops::function::FnOnce::call_once{{vtable.shim}}::h048ce291ad4f62bf
[INFO] [stdout]                                at /rustc/6067b36314ab5eb2eb47cecc464545ba58e1ad24/library/core/src/ops/function.rs:250:5
[INFO] [stdout]   44:     0x58ada089ecbb - <alloc::boxed::Box<F,A> as core::ops::function::FnOnce<Args>>::call_once::ha52bedf99a3b4981
[INFO] [stdout]                                at /rustc/6067b36314ab5eb2eb47cecc464545ba58e1ad24/library/alloc/src/boxed.rs:2013:9
[INFO] [stdout]   45:     0x58ada089ecbb - <alloc::boxed::Box<F,A> as core::ops::function::FnOnce<Args>>::call_once::h567748934d80ccf8
[INFO] [stdout]                                at /rustc/6067b36314ab5eb2eb47cecc464545ba58e1ad24/library/alloc/src/boxed.rs:2013:9
[INFO] [stdout]   46:     0x58ada089ecbb - std::sys::pal::unix::thread::Thread::new::thread_start::h2d970728ae887adc
[INFO] [stdout]                                at /rustc/6067b36314ab5eb2eb47cecc464545ba58e1ad24/library/std/src/sys/pal/unix/thread.rs:106:17
[INFO] [stdout]   47:     0x785fef27aac3 - <unknown>
[INFO] [stdout]   48:     0x785fef30ba04 - clone
[INFO] [stdout]   49:                0x0 - <unknown>
[INFO] [stdout] 
[INFO] [stdout] 
[INFO] [stdout] failures:
[INFO] [stdout]     it_tells_the_user_if_the_config_can_not_parsed
[INFO] [stdout] 
[INFO] [stdout] test result: FAILED. 2 passed; 1 failed; 0 ignored; 0 measured; 0 filtered out; finished in 0.05s
[INFO] [stdout] 
[INFO] [stderr] error: test failed, to rerun pass `--test seeding_examples`
[INFO] running `Command { std: "docker" "inspect" "71ac25a61c0aed2749b6eea08ff6ef896dc8d922aed0d03c2f7f482efa6df1bc", kill_on_drop: false }`
[INFO] running `Command { std: "docker" "rm" "-f" "71ac25a61c0aed2749b6eea08ff6ef896dc8d922aed0d03c2f7f482efa6df1bc", kill_on_drop: false }`
[INFO] [stdout] 71ac25a61c0aed2749b6eea08ff6ef896dc8d922aed0d03c2f7f482efa6df1bc
