[INFO] cloning repository https://github.com/feijoes/DokkanAPI
[INFO] running `Command { std: "git" "-c" "credential.helper=" "-c" "credential.helper=/workspace/cargo-home/bin/git-credential-null" "clone" "--bare" "https://github.com/feijoes/DokkanAPI" "/workspace/cache/git-repos/https%3A%2F%2Fgithub.com%2Ffeijoes%2FDokkanAPI", kill_on_drop: false }`
[INFO] [stderr] Cloning into bare repository '/workspace/cache/git-repos/https%3A%2F%2Fgithub.com%2Ffeijoes%2FDokkanAPI'...
[INFO] running `Command { std: "git" "rev-parse" "HEAD", kill_on_drop: false }`
[INFO] [stdout] 995be3c28d87019397ad200c17e4ce8140ab08f7
[INFO] testing feijoes/DokkanAPI against nightly-2025-01-18+rustflags=-Zrandomize-layout for randomize-layout-2
[INFO] running `Command { std: "git" "clone" "/workspace/cache/git-repos/https%3A%2F%2Fgithub.com%2Ffeijoes%2FDokkanAPI" "/workspace/builds/worker-5-tc2/source", kill_on_drop: false }`
[INFO] [stderr] Cloning into '/workspace/builds/worker-5-tc2/source'...
[INFO] [stderr] done.
[INFO] validating manifest of git repo https://github.com/feijoes/DokkanAPI on toolchain nightly-2025-01-18
[INFO] running `Command { std: CARGO_HOME="/workspace/cargo-home" RUSTUP_HOME="/workspace/rustup-home" "/workspace/cargo-home/bin/cargo" "+nightly-2025-01-18" "metadata" "--manifest-path" "Cargo.toml" "--no-deps", kill_on_drop: false }`
[INFO] started tweaking git repo https://github.com/feijoes/DokkanAPI
[INFO] finished tweaking git repo https://github.com/feijoes/DokkanAPI
[INFO] tweaked toml for git repo https://github.com/feijoes/DokkanAPI written to /workspace/builds/worker-5-tc2/source/Cargo.toml
[INFO] crate git repo https://github.com/feijoes/DokkanAPI already has a lockfile, it will not be regenerated
[INFO] running `Command { std: CARGO_HOME="/workspace/cargo-home" RUSTUP_HOME="/workspace/rustup-home" "/workspace/cargo-home/bin/cargo" "+nightly-2025-01-18" "fetch" "--manifest-path" "Cargo.toml", kill_on_drop: false }`
[INFO] running `Command { std: "docker" "create" "-v" "/var/lib/crater-agent-workspace/builds/worker-5-tc2/target:/opt/rustwide/target:rw,Z" "-v" "/var/lib/crater-agent-workspace/builds/worker-5-tc2/source:/opt/rustwide/workdir:ro,Z" "-v" "/var/lib/crater-agent-workspace/cargo-home:/opt/rustwide/cargo-home:ro,Z" "-v" "/var/lib/crater-agent-workspace/rustup-home:/opt/rustwide/rustup-home:ro,Z" "-e" "SOURCE_DIR=/opt/rustwide/workdir" "-e" "CARGO_TARGET_DIR=/opt/rustwide/target" "-e" "CARGO_HOME=/opt/rustwide/cargo-home" "-e" "RUSTUP_HOME=/opt/rustwide/rustup-home" "-w" "/opt/rustwide/workdir" "-m" "1610612736" "--user" "0:0" "--network" "none" "ghcr.io/rust-lang/crates-build-env/linux@sha256:819108c5571ea2e421544af4d832f968d213c87fbe3707a016657f43d2f853bc" "/opt/rustwide/cargo-home/bin/cargo" "+nightly-2025-01-18" "metadata" "--no-deps" "--format-version=1", kill_on_drop: false }`
[INFO] [stdout] 2ec2fc2419ff96b08aa239f6f92b58a72b527ffcb75f8c8129c07d4a44be54c3
[INFO] running `Command { std: "docker" "start" "-a" "2ec2fc2419ff96b08aa239f6f92b58a72b527ffcb75f8c8129c07d4a44be54c3", kill_on_drop: false }`
[INFO] running `Command { std: "docker" "inspect" "2ec2fc2419ff96b08aa239f6f92b58a72b527ffcb75f8c8129c07d4a44be54c3", kill_on_drop: false }`
[INFO] running `Command { std: "docker" "rm" "-f" "2ec2fc2419ff96b08aa239f6f92b58a72b527ffcb75f8c8129c07d4a44be54c3", kill_on_drop: false }`
[INFO] [stdout] 2ec2fc2419ff96b08aa239f6f92b58a72b527ffcb75f8c8129c07d4a44be54c3
[INFO] running `Command { std: "docker" "create" "-v" "/var/lib/crater-agent-workspace/builds/worker-5-tc2/target:/opt/rustwide/target:rw,Z" "-v" "/var/lib/crater-agent-workspace/builds/worker-5-tc2/source:/opt/rustwide/workdir:ro,Z" "-v" "/var/lib/crater-agent-workspace/cargo-home:/opt/rustwide/cargo-home:ro,Z" "-v" "/var/lib/crater-agent-workspace/rustup-home:/opt/rustwide/rustup-home:ro,Z" "-e" "SOURCE_DIR=/opt/rustwide/workdir" "-e" "CARGO_TARGET_DIR=/opt/rustwide/target" "-e" "CARGO_INCREMENTAL=0" "-e" "RUST_BACKTRACE=full" "-e" "RUSTFLAGS=--cap-lints=forbid -Zrandomize-layout" "-e" "RUSTDOCFLAGS=--cap-lints=forbid" "-e" "CARGO_HOME=/opt/rustwide/cargo-home" "-e" "RUSTUP_HOME=/opt/rustwide/rustup-home" "-w" "/opt/rustwide/workdir" "-m" "1610612736" "--user" "0:0" "--network" "none" "ghcr.io/rust-lang/crates-build-env/linux@sha256:819108c5571ea2e421544af4d832f968d213c87fbe3707a016657f43d2f853bc" "/opt/rustwide/cargo-home/bin/cargo" "+nightly-2025-01-18" "build" "--frozen" "--message-format=json", kill_on_drop: false }`
[INFO] [stdout] 7b86ff9ee7993cca487637e6ebc5420deb21bced67ad29a30f023240c57db15b
[INFO] running `Command { std: "docker" "start" "-a" "7b86ff9ee7993cca487637e6ebc5420deb21bced67ad29a30f023240c57db15b", kill_on_drop: false }`
[INFO] [stderr]    Compiling libc v0.2.159
[INFO] [stderr]    Compiling proc-macro2 v1.0.86
[INFO] [stderr]    Compiling unicode-ident v1.0.13
[INFO] [stderr]    Compiling pin-project-lite v0.2.14
[INFO] [stderr]    Compiling autocfg v1.3.0
[INFO] [stderr]    Compiling version_check v0.9.5
[INFO] [stderr]    Compiling log v0.4.22
[INFO] [stderr]    Compiling bytes v1.7.2
[INFO] [stderr]    Compiling parking_lot_core v0.9.10
[INFO] [stderr]    Compiling smallvec v1.13.2
[INFO] [stderr]    Compiling scopeguard v1.2.0
[INFO] [stderr]    Compiling fnv v1.0.7
[INFO] [stderr]    Compiling futures-core v0.3.30
[INFO] [stderr]    Compiling memchr v2.7.4
[INFO] [stderr]    Compiling itoa v1.0.11
[INFO] [stderr]    Compiling lock_api v0.4.12
[INFO] [stderr]    Compiling once_cell v1.19.0
[INFO] [stderr]    Compiling typenum v1.17.0
[INFO] [stderr]    Compiling shlex v1.3.0
[INFO] [stderr]    Compiling quote v1.0.37
[INFO] [stderr]    Compiling generic-array v0.14.7
[INFO] [stderr]    Compiling pkg-config v0.3.31
[INFO] [stderr]    Compiling tracing-core v0.1.32
[INFO] [stderr]    Compiling serde v1.0.210
[INFO] [stderr]    Compiling byteorder v1.5.0
[INFO] [stderr]    Compiling syn v2.0.77
[INFO] [stderr]    Compiling paste v1.0.15
[INFO] [stderr]    Compiling percent-encoding v2.3.1
[INFO] [stderr]    Compiling futures-sink v0.3.30
[INFO] [stderr]    Compiling aho-corasick v1.1.3
[INFO] [stderr]    Compiling jobserver v0.1.32
[INFO] [stderr]    Compiling signal-hook-registry v1.4.2
[INFO] [stderr]    Compiling socket2 v0.5.7
[INFO] [stderr]    Compiling cc v1.1.21
[INFO] [stderr]    Compiling parking_lot v0.12.3
[INFO] [stderr]    Compiling mio v1.0.2
[INFO] [stderr]    Compiling tracing v0.1.40
[INFO] [stderr]    Compiling getrandom v0.2.15
[INFO] [stderr]    Compiling slab v0.4.9
[INFO] [stderr]    Compiling futures-task v0.3.30
[INFO] [stderr]    Compiling tokio v1.40.0
[INFO] [stderr]    Compiling pin-utils v0.1.0
[INFO] [stderr]    Compiling regex-syntax v0.8.4
[INFO] [stderr]    Compiling ident_case v1.0.1
[INFO] [stderr]    Compiling equivalent v1.0.1
[INFO] [stderr]    Compiling alloc-no-stdlib v2.0.4
[INFO] [stderr]    Compiling hashbrown v0.14.5
[INFO] [stderr]    Compiling tinyvec_macros v0.1.1
[INFO] [stderr]    Compiling local-waker v0.1.4
[INFO] [stderr]    Compiling zstd-safe v7.2.1
[INFO] [stderr]    Compiling strsim v0.11.1
[INFO] [stderr]    Compiling crypto-common v0.1.6
[INFO] [stderr]    Compiling block-buffer v0.10.4
[INFO] [stderr]    Compiling tinyvec v1.8.0
[INFO] [stderr]    Compiling alloc-stdlib v0.2.2
[INFO] [stderr]    Compiling futures-util v0.3.30
[INFO] [stderr]    Compiling indexmap v2.5.0
[INFO] [stderr]    Compiling zstd-sys v2.0.13+zstd.1.5.6
[INFO] [stderr]    Compiling darling_core v0.20.10
[INFO] [stderr]    Compiling rand_core v0.6.4
[INFO] [stderr]    Compiling http v0.2.12
[INFO] [stderr]    Compiling regex-automata v0.4.7
[INFO] [stderr]    Compiling ahash v0.8.11
[INFO] [stderr]    Compiling adler2 v2.0.0
[INFO] [stderr]    Compiling zerocopy-derive v0.7.35
[INFO] [stderr]    Compiling serde_derive v1.0.210
[INFO] [stderr]    Compiling httparse v1.9.4
[INFO] [stderr]    Compiling time-core v0.1.2
[INFO] [stderr]    Compiling num-conv v0.1.0
[INFO] [stderr]    Compiling zerocopy v0.7.35
[INFO] [stderr]    Compiling tokio-util v0.7.12
[INFO] [stderr]    Compiling powerfmt v0.2.0
[INFO] [stderr]    Compiling regex-lite v0.1.6
[INFO] [stderr]    Compiling syn v1.0.109
[INFO] [stderr]    Compiling ppv-lite86 v0.2.20
[INFO] [stderr]    Compiling darling_macro v0.20.10
[INFO] [stderr]    Compiling regex v1.10.6
[INFO] [stderr]    Compiling deranged v0.3.11
[INFO] [stderr]    Compiling rand_chacha v0.3.1
[INFO] [stderr]    Compiling bytestring v1.3.1
[INFO] [stderr]    Compiling time-macros v0.2.18
[INFO] [stderr]    Compiling actix-rt v2.10.0
[INFO] [stderr]    Compiling miniz_oxide v0.8.0
[INFO] [stderr]    Compiling actix-service v2.0.2
[INFO] [stderr]    Compiling unicode-normalization v0.1.24
[INFO] [stderr]    Compiling brotli-decompressor v4.0.1
[INFO] [stderr]    Compiling digest v0.10.7
[INFO] [stderr]    Compiling actix-utils v3.0.1
[INFO] [stderr]    Compiling form_urlencoded v1.2.1
[INFO] [stderr]    Compiling cookie v0.16.2
[INFO] [stderr]    Compiling crc32fast v1.4.2
[INFO] [stderr]    Compiling ryu v1.0.18
[INFO] [stderr]    Compiling bitflags v2.6.0
[INFO] [stderr]    Compiling thiserror v1.0.64
[INFO] [stderr]    Compiling cpufeatures v0.2.14
[INFO] [stderr]    Compiling serde_json v1.0.128
[INFO] [stderr]    Compiling convert_case v0.4.0
[INFO] [stderr]    Compiling termcolor v1.4.1
[INFO] [stderr]    Compiling unicode-bidi v0.3.15
[INFO] [stderr]    Compiling actix-codec v0.5.2
[INFO] [stderr]    Compiling sha1 v0.10.6
[INFO] [stderr]    Compiling derive_more v0.99.18
[INFO] [stderr]    Compiling idna v0.5.0
[INFO] [stderr]    Compiling brotli v6.0.0
[INFO] [stderr]    Compiling time v0.3.36
[INFO] [stderr]    Compiling flate2 v1.0.33
[INFO] [stderr]    Compiling h2 v0.3.26
[INFO] [stderr]    Compiling rand v0.8.5
[INFO] [stderr]    Compiling actix-router v0.5.3
[INFO] [stderr]    Compiling darling v0.20.10
[INFO] [stderr]    Compiling thiserror-impl v1.0.64
[INFO] [stderr]    Compiling local-channel v0.1.5
[INFO] [stderr]    Compiling encoding_rs v0.8.34
[INFO] [stderr]    Compiling mime v0.3.17
[INFO] [stderr]    Compiling language-tags v0.3.2
[INFO] [stderr]    Compiling Inflector v0.11.4
[INFO] [stderr]    Compiling httpdate v1.0.3
[INFO] [stderr]    Compiling base64 v0.22.1
[INFO] [stderr]    Compiling actix-web-codegen v4.3.0
[INFO] [stderr]    Compiling serde_urlencoded v0.7.1
[INFO] [stderr]    Compiling serde_with_macros v3.9.0
[INFO] [stderr]    Compiling url v2.5.2
[INFO] [stderr]    Compiling actix-server v2.5.0
[INFO] [stderr]    Compiling actix-macros v0.2.4
[INFO] [stderr]    Compiling is-terminal v0.4.13
[INFO] [stderr]    Compiling humantime v2.1.0
[INFO] [stderr]    Compiling impl-more v0.1.6
[INFO] [stderr]    Compiling serde_with v3.9.0
[INFO] [stderr]    Compiling env_logger v0.10.2
[INFO] [stderr]    Compiling dotenv v0.15.0
[INFO] [stderr]    Compiling ts-rs-macros v6.2.0
[INFO] [stderr]    Compiling zstd v0.13.2
[INFO] [stderr]    Compiling actix-http v3.9.0
[INFO] [stderr]    Compiling ts-rs v6.2.1
[INFO] [stderr]    Compiling actix-web v4.9.0
[INFO] [stderr]    Compiling restapi v1.0.0 (/opt/rustwide/workdir)
[INFO] [stderr]     Finished `dev` profile [unoptimized + debuginfo] target(s) in 2m 13s
[INFO] running `Command { std: "docker" "inspect" "7b86ff9ee7993cca487637e6ebc5420deb21bced67ad29a30f023240c57db15b", kill_on_drop: false }`
[INFO] running `Command { std: "docker" "rm" "-f" "7b86ff9ee7993cca487637e6ebc5420deb21bced67ad29a30f023240c57db15b", kill_on_drop: false }`
[INFO] [stdout] 7b86ff9ee7993cca487637e6ebc5420deb21bced67ad29a30f023240c57db15b
[INFO] running `Command { std: "docker" "create" "-v" "/var/lib/crater-agent-workspace/builds/worker-5-tc2/target:/opt/rustwide/target:rw,Z" "-v" "/var/lib/crater-agent-workspace/builds/worker-5-tc2/source:/opt/rustwide/workdir:ro,Z" "-v" "/var/lib/crater-agent-workspace/cargo-home:/opt/rustwide/cargo-home:ro,Z" "-v" "/var/lib/crater-agent-workspace/rustup-home:/opt/rustwide/rustup-home:ro,Z" "-e" "SOURCE_DIR=/opt/rustwide/workdir" "-e" "CARGO_TARGET_DIR=/opt/rustwide/target" "-e" "CARGO_INCREMENTAL=0" "-e" "RUST_BACKTRACE=full" "-e" "RUSTFLAGS=--cap-lints=forbid -Zrandomize-layout" "-e" "RUSTDOCFLAGS=--cap-lints=forbid" "-e" "CARGO_HOME=/opt/rustwide/cargo-home" "-e" "RUSTUP_HOME=/opt/rustwide/rustup-home" "-w" "/opt/rustwide/workdir" "-m" "1610612736" "--user" "0:0" "--network" "none" "ghcr.io/rust-lang/crates-build-env/linux@sha256:819108c5571ea2e421544af4d832f968d213c87fbe3707a016657f43d2f853bc" "/opt/rustwide/cargo-home/bin/cargo" "+nightly-2025-01-18" "test" "--frozen" "--no-run" "--message-format=json", kill_on_drop: false }`
[INFO] [stdout] 14d2d4d9fc903c66df0a10a03d6d8125b4a28ee3ddd8b8be5153b6a2811a2f65
[INFO] running `Command { std: "docker" "start" "-a" "14d2d4d9fc903c66df0a10a03d6d8125b4a28ee3ddd8b8be5153b6a2811a2f65", kill_on_drop: false }`
[INFO] [stderr]    Compiling restapi v1.0.0 (/opt/rustwide/workdir)
[INFO] [stderr]     Finished `test` profile [unoptimized + debuginfo] target(s) in 5.43s
[INFO] running `Command { std: "docker" "inspect" "14d2d4d9fc903c66df0a10a03d6d8125b4a28ee3ddd8b8be5153b6a2811a2f65", kill_on_drop: false }`
[INFO] running `Command { std: "docker" "rm" "-f" "14d2d4d9fc903c66df0a10a03d6d8125b4a28ee3ddd8b8be5153b6a2811a2f65", kill_on_drop: false }`
[INFO] [stdout] 14d2d4d9fc903c66df0a10a03d6d8125b4a28ee3ddd8b8be5153b6a2811a2f65
[INFO] running `Command { std: "docker" "create" "-v" "/var/lib/crater-agent-workspace/builds/worker-5-tc2/target:/opt/rustwide/target:rw,Z" "-v" "/var/lib/crater-agent-workspace/builds/worker-5-tc2/source:/opt/rustwide/workdir:ro,Z" "-v" "/var/lib/crater-agent-workspace/cargo-home:/opt/rustwide/cargo-home:ro,Z" "-v" "/var/lib/crater-agent-workspace/rustup-home:/opt/rustwide/rustup-home:ro,Z" "-e" "SOURCE_DIR=/opt/rustwide/workdir" "-e" "CARGO_TARGET_DIR=/opt/rustwide/target" "-e" "CARGO_INCREMENTAL=0" "-e" "RUST_BACKTRACE=full" "-e" "RUSTFLAGS=--cap-lints=forbid -Zrandomize-layout" "-e" "RUSTDOCFLAGS=--cap-lints=forbid" "-e" "CARGO_HOME=/opt/rustwide/cargo-home" "-e" "RUSTUP_HOME=/opt/rustwide/rustup-home" "-w" "/opt/rustwide/workdir" "-m" "1610612736" "--user" "0:0" "--network" "none" "ghcr.io/rust-lang/crates-build-env/linux@sha256:819108c5571ea2e421544af4d832f968d213c87fbe3707a016657f43d2f853bc" "/opt/rustwide/cargo-home/bin/cargo" "+nightly-2025-01-18" "test" "--frozen", kill_on_drop: false }`
[INFO] [stdout] 6207ae32b7a4b884f5e9d1217db156cd19744e53021f024e34dd17b343bfc80b
[INFO] running `Command { std: "docker" "start" "-a" "6207ae32b7a4b884f5e9d1217db156cd19744e53021f024e34dd17b343bfc80b", kill_on_drop: false }`
[INFO] [stderr]     Finished `test` profile [unoptimized + debuginfo] target(s) in 0.21s
[INFO] [stderr]      Running unittests src/main.rs (/opt/rustwide/target/debug/deps/restapi-4821949d554b6b47)
[INFO] [stdout] 
[INFO] [stdout] running 20 tests
[INFO] [stdout] test tests::tests::test_filter_by_class ... ok
[INFO] [stdout] test tests::tests::test_filter_by_cost ... ok
[INFO] [stdout] test tests::tests::test_filter_by_fname ... ok
[INFO] [stdout] test tests::tests::test_filter_by_categories ... ok
[INFO] [stdout] test tests::tests::test_filter_by_has_transformation ... ok
[INFO] [stdout] test tests::tests::test_filter_by_ftitle ... ok
[INFO] [stdout] test tests::tests::test_filter_by_rarity ... ok
[INFO] [stdout] test tests::tests::test_filter_by_id ... ok
[INFO] [stdout] test tests::tests::test_filter_by_num ... ok
[INFO] [stdout] test tests::tests::test_sort_by_max_level_attack ... ok
[INFO] [stdout] test tests::tests::test_filter_by_links ... ok
[INFO] [stdout] test types::enums::export_bindings_types ... ok
[INFO] [stdout] test tests::tests::test_sort_by_reverse_max_level_attack ... ok
[INFO] [stdout] test types::enums::export_bindings_classes ... ok
[INFO] [stdout] test tests::tests::test_filter_by_title ... ok
[INFO] [stdout] test tests::tests::test_filter_by_type ... ok
[INFO] [stdout] test types::structs::export_bindings_transformation ... ok
[INFO] [stdout] test types::structs::export_bindings_character ... ok
[INFO] [stdout] test types::enums::export_bindings_rarities ... ok
[INFO] [stdout] test tests::tests::test_index_get ... FAILED
[INFO] [stdout] 
[INFO] [stdout] failures:
[INFO] [stdout] 
[INFO] [stdout] ---- tests::tests::test_index_get stdout ----
[INFO] [stdout] 
[INFO] [stdout] thread 'tests::tests::test_index_get' panicked at src/readfile.rs:8:80:
[INFO] [stdout] Failed to open file: Os { code: 2, kind: NotFound, message: "No such file or directory" }
[INFO] [stdout] stack backtrace:
[INFO] [stdout]    0:     0x637772b0857a - std::backtrace_rs::backtrace::libunwind::trace::hb059275cfc8d6126
[INFO] [stdout]                                at /rustc/6067b36314ab5eb2eb47cecc464545ba58e1ad24/library/std/src/../../backtrace/src/backtrace/libunwind.rs:116:5
[INFO] [stdout]    1:     0x637772b0857a - std::backtrace_rs::backtrace::trace_unsynchronized::h2da071e4327ce3ee
[INFO] [stdout]                                at /rustc/6067b36314ab5eb2eb47cecc464545ba58e1ad24/library/std/src/../../backtrace/src/backtrace/mod.rs:66:5
[INFO] [stdout]    2:     0x637772b0857a - std::sys::backtrace::_print_fmt::h842a1474e6f8d23f
[INFO] [stdout]                                at /rustc/6067b36314ab5eb2eb47cecc464545ba58e1ad24/library/std/src/sys/backtrace.rs:66:9
[INFO] [stdout]    3:     0x637772b0857a - <std::sys::backtrace::BacktraceLock::print::DisplayBacktrace as core::fmt::Display>::fmt::h71a62eb3b9696b12
[INFO] [stdout]                                at /rustc/6067b36314ab5eb2eb47cecc464545ba58e1ad24/library/std/src/sys/backtrace.rs:39:26
[INFO] [stdout]    4:     0x637772b324f3 - core::fmt::rt::Argument::fmt::hdb6b616786b41dc1
[INFO] [stdout]                                at /rustc/6067b36314ab5eb2eb47cecc464545ba58e1ad24/library/core/src/fmt/rt.rs:177:76
[INFO] [stdout]    5:     0x637772b324f3 - core::fmt::write::h2cc1698af7e2d686
[INFO] [stdout]                                at /rustc/6067b36314ab5eb2eb47cecc464545ba58e1ad24/library/core/src/fmt/mod.rs:1440:21
[INFO] [stdout]    6:     0x637772b04c53 - std::io::Write::write_fmt::hab1b4cd059a79022
[INFO] [stdout]                                at /rustc/6067b36314ab5eb2eb47cecc464545ba58e1ad24/library/std/src/io/mod.rs:1887:15
[INFO] [stdout]    7:     0x637772b083c2 - std::sys::backtrace::BacktraceLock::print::h147fe35b4ea13b08
[INFO] [stdout]                                at /rustc/6067b36314ab5eb2eb47cecc464545ba58e1ad24/library/std/src/sys/backtrace.rs:42:9
[INFO] [stdout]    8:     0x637772b0999f - std::panicking::default_hook::{{closure}}::hbd44223dbdc0d208
[INFO] [stdout]                                at /rustc/6067b36314ab5eb2eb47cecc464545ba58e1ad24/library/std/src/panicking.rs:298:22
[INFO] [stdout]    9:     0x637772b097b8 - std::panicking::default_hook::h20f81eb0576efcec
[INFO] [stdout]                                at /rustc/6067b36314ab5eb2eb47cecc464545ba58e1ad24/library/std/src/panicking.rs:322:9
[INFO] [stdout]   10:     0x6377726ced93 - <alloc::boxed::Box<F,A> as core::ops::function::Fn<Args>>::call::hdb53814c496a4d34
[INFO] [stdout]                                at /rustc/6067b36314ab5eb2eb47cecc464545ba58e1ad24/library/alloc/src/boxed.rs:2027:9
[INFO] [stdout]   11:     0x6377726ced93 - test::test_main::{{closure}}::hc0a4963c59427c24
[INFO] [stdout]                                at /rustc/6067b36314ab5eb2eb47cecc464545ba58e1ad24/library/test/src/lib.rs:134:21
[INFO] [stdout]   12:     0x637772b0a493 - <alloc::boxed::Box<F,A> as core::ops::function::Fn<Args>>::call::h591b2225413a77e9
[INFO] [stdout]                                at /rustc/6067b36314ab5eb2eb47cecc464545ba58e1ad24/library/alloc/src/boxed.rs:2027:9
[INFO] [stdout]   13:     0x637772b0a493 - std::panicking::rust_panic_with_hook::h625eea43051b2edc
[INFO] [stdout]                                at /rustc/6067b36314ab5eb2eb47cecc464545ba58e1ad24/library/std/src/panicking.rs:839:13
[INFO] [stdout]   14:     0x637772b0a14a - std::panicking::begin_panic_handler::{{closure}}::h4f9159cfbc3f6bd3
[INFO] [stdout]                                at /rustc/6067b36314ab5eb2eb47cecc464545ba58e1ad24/library/std/src/panicking.rs:704:13
[INFO] [stdout]   15:     0x637772b08a79 - std::sys::backtrace::__rust_end_short_backtrace::h0390abce48353151
[INFO] [stdout]                                at /rustc/6067b36314ab5eb2eb47cecc464545ba58e1ad24/library/std/src/sys/backtrace.rs:168:18
[INFO] [stdout]   16:     0x637772b09ddd - rust_begin_unwind
[INFO] [stdout]                                at /rustc/6067b36314ab5eb2eb47cecc464545ba58e1ad24/library/std/src/panicking.rs:695:5
[INFO] [stdout]   17:     0x637772b30240 - core::panicking::panic_fmt::h9e7c637e9e5f29c9
[INFO] [stdout]                                at /rustc/6067b36314ab5eb2eb47cecc464545ba58e1ad24/library/core/src/panicking.rs:75:14
[INFO] [stdout]   18:     0x637772b306b6 - core::result::unwrap_failed::h7979f09313fe1849
[INFO] [stdout]                                at /rustc/6067b36314ab5eb2eb47cecc464545ba58e1ad24/library/core/src/result.rs:1704:5
[INFO] [stdout]   19:     0x63777261882d - core::result::Result<T,E>::expect::h5cb02582739c8697
[INFO] [stdout]                                at /rustc/6067b36314ab5eb2eb47cecc464545ba58e1ad24/library/core/src/result.rs:1061:23
[INFO] [stdout]   20:     0x637772643133 - restapi::readfile::get_content::h34e2c3adaa87f9c9
[INFO] [stdout]                                at /opt/rustwide/workdir/src/readfile.rs:8:26
[INFO] [stdout]   21:     0x637772643009 - restapi::tests::tests::APP_STATE::{{closure}}::he27a9a51f106defd
[INFO] [stdout]                                at /opt/rustwide/workdir/src/tests.rs:13:25
[INFO] [stdout]   22:     0x63777264a41e - core::ops::function::FnOnce::call_once::h9a2b887bf0786ce2
[INFO] [stdout]                                at /rustc/6067b36314ab5eb2eb47cecc464545ba58e1ad24/library/core/src/ops/function.rs:250:5
[INFO] [stdout]   23:     0x63777264a3ab - core::ops::function::FnOnce::call_once::h9264d66a0f4e5bdc
[INFO] [stdout]                                at /rustc/6067b36314ab5eb2eb47cecc464545ba58e1ad24/library/core/src/ops/function.rs:250:5
[INFO] [stdout]   24:     0x6377726679c0 - once_cell::sync::Lazy<T,F>::force::{{closure}}::ha0996ae9d5eff590
[INFO] [stdout]                                at /opt/rustwide/cargo-home/registry/src/index.crates.io-1949cf8c6b5b557f/once_cell-1.19.0/src/lib.rs:1310:28
[INFO] [stdout]   25:     0x637772667a0e - once_cell::sync::OnceCell<T>::get_or_init::{{closure}}::he8c623a563a5378a
[INFO] [stdout]                                at /opt/rustwide/cargo-home/registry/src/index.crates.io-1949cf8c6b5b557f/once_cell-1.19.0/src/lib.rs:1120:57
[INFO] [stdout]   26:     0x637772638bf2 - once_cell::imp::OnceCell<T>::initialize::{{closure}}::h0d0fadda8b6941ee
[INFO] [stdout]                                at /opt/rustwide/cargo-home/registry/src/index.crates.io-1949cf8c6b5b557f/once_cell-1.19.0/src/imp_std.rs:72:23
[INFO] [stdout]   27:     0x637772a17686 - core::ops::function::impls::<impl core::ops::function::FnMut<A> for &mut F>::call_mut::ha56a664dcb09d57b
[INFO] [stdout]                                at /rustc/6067b36314ab5eb2eb47cecc464545ba58e1ad24/library/core/src/ops/function.rs:294:13
[INFO] [stdout]   28:     0x637772a18691 - once_cell::imp::initialize_or_wait::he4e02db141dfbbff
[INFO] [stdout]                                at /opt/rustwide/cargo-home/registry/src/index.crates.io-1949cf8c6b5b557f/once_cell-1.19.0/src/imp_std.rs:196:20
[INFO] [stdout]   29:     0x637772638bae - once_cell::imp::OnceCell<T>::initialize::h19d1163d701f8a2d
[INFO] [stdout]                                at /opt/rustwide/cargo-home/registry/src/index.crates.io-1949cf8c6b5b557f/once_cell-1.19.0/src/imp_std.rs:68:9
[INFO] [stdout]   30:     0x637772667ac7 - once_cell::sync::OnceCell<T>::get_or_try_init::h7ffba99316a29f91
[INFO] [stdout]                                at /opt/rustwide/cargo-home/registry/src/index.crates.io-1949cf8c6b5b557f/once_cell-1.19.0/src/lib.rs:1161:13
[INFO] [stdout]   31:     0x6377726679e3 - once_cell::sync::OnceCell<T>::get_or_init::h0f3bb44c96bc05dc
[INFO] [stdout]                                at /opt/rustwide/cargo-home/registry/src/index.crates.io-1949cf8c6b5b557f/once_cell-1.19.0/src/lib.rs:1120:19
[INFO] [stdout]   32:     0x637772667944 - once_cell::sync::Lazy<T,F>::force::hbce39d3eec7b4934
[INFO] [stdout]                                at /opt/rustwide/cargo-home/registry/src/index.crates.io-1949cf8c6b5b557f/once_cell-1.19.0/src/lib.rs:1309:13
[INFO] [stdout]   33:     0x63777266149a - <once_cell::sync::Lazy<T,F> as core::ops::deref::Deref>::deref::hbe006c1a3bbab669
[INFO] [stdout]                                at /opt/rustwide/cargo-home/registry/src/index.crates.io-1949cf8c6b5b557f/once_cell-1.19.0/src/lib.rs:1376:13
[INFO] [stdout]   34:     0x6377726434d0 - restapi::tests::tests::test_index_get::{{closure}}::hcbfe264823e4b19d
[INFO] [stdout]                                at /opt/rustwide/workdir/src/tests.rs:22:48
[INFO] [stdout]   35:     0x637772621177 - <tokio::task::local::RunUntil<T> as core::future::future::Future>::poll::{{closure}}::h656a7db7bc4426fd
[INFO] [stdout]                                at /opt/rustwide/cargo-home/registry/src/index.crates.io-1949cf8c6b5b557f/tokio-1.40.0/src/task/local.rs:995:42
[INFO] [stdout]   36:     0x63777261b5c4 - tokio::task::local::LocalSet::with::{{closure}}::h70e1ca75f7ac2ae3
[INFO] [stdout]                                at /opt/rustwide/cargo-home/registry/src/index.crates.io-1949cf8c6b5b557f/tokio-1.40.0/src/task/local.rs:747:13
[INFO] [stdout]   37:     0x63777259d4f5 - std::thread::local::LocalKey<T>::try_with::hbb8be38cd62d8dd1
[INFO] [stdout]                                at /rustc/6067b36314ab5eb2eb47cecc464545ba58e1ad24/library/std/src/thread/local.rs:308:12
[INFO] [stdout]   38:     0x63777259566a - std::thread::local::LocalKey<T>::with::hfa58125f43693298
[INFO] [stdout]                                at /rustc/6067b36314ab5eb2eb47cecc464545ba58e1ad24/library/std/src/thread/local.rs:272:9
[INFO] [stdout]   39:     0x63777261ae16 - tokio::task::local::LocalSet::with::hea7072a792bab05f
[INFO] [stdout]                                at /opt/rustwide/cargo-home/registry/src/index.crates.io-1949cf8c6b5b557f/tokio-1.40.0/src/task/local.rs:745:9
[INFO] [stdout]   40:     0x6377726208b5 - <tokio::task::local::RunUntil<T> as core::future::future::Future>::poll::h34b9cec49aa7cf2d
[INFO] [stdout]                                at /opt/rustwide/cargo-home/registry/src/index.crates.io-1949cf8c6b5b557f/tokio-1.40.0/src/task/local.rs:985:9
[INFO] [stdout]   41:     0x63777261cbf7 - tokio::task::local::LocalSet::run_until::{{closure}}::h6a2b46a02cdb90de
[INFO] [stdout]                                at /opt/rustwide/cargo-home/registry/src/index.crates.io-1949cf8c6b5b557f/tokio-1.40.0/src/task/local.rs:639:19
[INFO] [stdout]   42:     0x63777260adcd - <core::pin::Pin<P> as core::future::future::Future>::poll::h6ac0c92c8a71c7c7
[INFO] [stdout]                                at /rustc/6067b36314ab5eb2eb47cecc464545ba58e1ad24/library/core/src/future/future.rs:124:9
[INFO] [stdout]   43:     0x63777259425f - tokio::runtime::scheduler::current_thread::CoreGuard::block_on::{{closure}}::{{closure}}::{{closure}}::he185d6169fe1ef29
[INFO] [stdout]                                at /opt/rustwide/cargo-home/registry/src/index.crates.io-1949cf8c6b5b557f/tokio-1.40.0/src/runtime/scheduler/current_thread/mod.rs:696:57
[INFO] [stdout]   44:     0x6377725912c5 - tokio::runtime::coop::with_budget::h289a6577b76a9074
[INFO] [stdout]                                at /opt/rustwide/cargo-home/registry/src/index.crates.io-1949cf8c6b5b557f/tokio-1.40.0/src/runtime/coop.rs:107:5
[INFO] [stdout]   45:     0x6377725912c5 - tokio::runtime::coop::budget::h3f20df1deabc6a4e
[INFO] [stdout]                                at /opt/rustwide/cargo-home/registry/src/index.crates.io-1949cf8c6b5b557f/tokio-1.40.0/src/runtime/coop.rs:73:5
[INFO] [stdout]   46:     0x6377725912c5 - tokio::runtime::scheduler::current_thread::CoreGuard::block_on::{{closure}}::{{closure}}::h2b1ca40628958bfd
[INFO] [stdout]                                at /opt/rustwide/cargo-home/registry/src/index.crates.io-1949cf8c6b5b557f/tokio-1.40.0/src/runtime/scheduler/current_thread/mod.rs:696:25
[INFO] [stdout]   47:     0x63777256c09c - tokio::runtime::scheduler::current_thread::Context::enter::h66e9998e8f6517b2
[INFO] [stdout]                                at /opt/rustwide/cargo-home/registry/src/index.crates.io-1949cf8c6b5b557f/tokio-1.40.0/src/runtime/scheduler/current_thread/mod.rs:423:19
[INFO] [stdout]   48:     0x63777258f1cb - tokio::runtime::scheduler::current_thread::CoreGuard::block_on::{{closure}}::hce74dd22d152fc3a
[INFO] [stdout]                                at /opt/rustwide/cargo-home/registry/src/index.crates.io-1949cf8c6b5b557f/tokio-1.40.0/src/runtime/scheduler/current_thread/mod.rs:695:36
[INFO] [stdout]   49:     0x63777257fa04 - tokio::runtime::scheduler::current_thread::CoreGuard::enter::{{closure}}::h2268c16893f0696b
[INFO] [stdout]                                at /opt/rustwide/cargo-home/registry/src/index.crates.io-1949cf8c6b5b557f/tokio-1.40.0/src/runtime/scheduler/current_thread/mod.rs:774:68
[INFO] [stdout]   50:     0x6377725e243b - tokio::runtime::context::scoped::Scoped<T>::set::h6639d487e2a29b55
[INFO] [stdout]                                at /opt/rustwide/cargo-home/registry/src/index.crates.io-1949cf8c6b5b557f/tokio-1.40.0/src/runtime/context/scoped.rs:40:9
[INFO] [stdout]   51:     0x6377725edee9 - tokio::runtime::context::set_scheduler::{{closure}}::h7ec7546de30651f1
[INFO] [stdout]                                at /opt/rustwide/cargo-home/registry/src/index.crates.io-1949cf8c6b5b557f/tokio-1.40.0/src/runtime/context.rs:180:26
[INFO] [stdout]   52:     0x63777259e302 - std::thread::local::LocalKey<T>::try_with::hd02fcc76e2096775
[INFO] [stdout]                                at /rustc/6067b36314ab5eb2eb47cecc464545ba58e1ad24/library/std/src/thread/local.rs:308:12
[INFO] [stdout]   53:     0x6377725947fa - std::thread::local::LocalKey<T>::with::h3e2f2ed81b18aa95
[INFO] [stdout]                                at /rustc/6067b36314ab5eb2eb47cecc464545ba58e1ad24/library/std/src/thread/local.rs:272:9
[INFO] [stdout]   54:     0x6377725ed49d - tokio::runtime::context::set_scheduler::h138c7b4512b64d85
[INFO] [stdout]                                at /opt/rustwide/cargo-home/registry/src/index.crates.io-1949cf8c6b5b557f/tokio-1.40.0/src/runtime/context.rs:180:9
[INFO] [stdout]   55:     0x63777257c5b4 - tokio::runtime::scheduler::current_thread::CoreGuard::enter::h91e7c6db7275e219
[INFO] [stdout]                                at /opt/rustwide/cargo-home/registry/src/index.crates.io-1949cf8c6b5b557f/tokio-1.40.0/src/runtime/scheduler/current_thread/mod.rs:774:27
[INFO] [stdout]   56:     0x637772580103 - tokio::runtime::scheduler::current_thread::CoreGuard::block_on::h4eea67691e70aac2
[INFO] [stdout]                                at /opt/rustwide/cargo-home/registry/src/index.crates.io-1949cf8c6b5b557f/tokio-1.40.0/src/runtime/scheduler/current_thread/mod.rs:683:19
[INFO] [stdout]   57:     0x637772561cc1 - tokio::runtime::scheduler::current_thread::CurrentThread::block_on::{{closure}}::h606ecf4aafa9c9a0
[INFO] [stdout]                                at /opt/rustwide/cargo-home/registry/src/index.crates.io-1949cf8c6b5b557f/tokio-1.40.0/src/runtime/scheduler/current_thread/mod.rs:191:28
[INFO] [stdout]   58:     0x6377725f2817 - tokio::runtime::context::runtime::enter_runtime::hee6ab69225ef6ced
[INFO] [stdout]                                at /opt/rustwide/cargo-home/registry/src/index.crates.io-1949cf8c6b5b557f/tokio-1.40.0/src/runtime/context/runtime.rs:65:16
[INFO] [stdout]   59:     0x63777255df26 - tokio::runtime::scheduler::current_thread::CurrentThread::block_on::hff0f11c7b6d354d0
[INFO] [stdout]                                at /opt/rustwide/cargo-home/registry/src/index.crates.io-1949cf8c6b5b557f/tokio-1.40.0/src/runtime/scheduler/current_thread/mod.rs:179:9
[INFO] [stdout]   60:     0x6377725e4dd2 - tokio::runtime::runtime::Runtime::block_on_inner::hb274d69be1c82d74
[INFO] [stdout]                                at /opt/rustwide/cargo-home/registry/src/index.crates.io-1949cf8c6b5b557f/tokio-1.40.0/src/runtime/runtime.rs:361:47
[INFO] [stdout]   61:     0x6377725e61d6 - tokio::runtime::runtime::Runtime::block_on::h8af3caa9db66b417
[INFO] [stdout]                                at /opt/rustwide/cargo-home/registry/src/index.crates.io-1949cf8c6b5b557f/tokio-1.40.0/src/runtime/runtime.rs:335:13
[INFO] [stdout]   62:     0x63777261bd53 - tokio::task::local::LocalSet::block_on::h1023dff87f29b27c
[INFO] [stdout]                                at /opt/rustwide/cargo-home/registry/src/index.crates.io-1949cf8c6b5b557f/tokio-1.40.0/src/task/local.rs:596:9
[INFO] [stdout]   63:     0x637772638737 - actix_rt::runtime::Runtime::block_on::h5adc57ac8a790f70
[INFO] [stdout]                                at /opt/rustwide/cargo-home/registry/src/index.crates.io-1949cf8c6b5b557f/actix-rt-2.10.0/src/runtime.rs:138:9
[INFO] [stdout]   64:     0x63777262224a - actix_rt::system::SystemRunner::block_on::hdef5d96ff7a0313a
[INFO] [stdout]                                at /opt/rustwide/cargo-home/registry/src/index.crates.io-1949cf8c6b5b557f/actix-rt-2.10.0/src/system.rs:244:9
[INFO] [stdout]   65:     0x637772643326 - restapi::tests::tests::test_index_get::h547d2d6cde563132
[INFO] [stdout]                                at /opt/rustwide/workdir/src/tests.rs:17:5
[INFO] [stdout]   66:     0x6377726432d7 - restapi::tests::tests::test_index_get::{{closure}}::hce69bd757fafddc5
[INFO] [stdout]                                at /opt/rustwide/workdir/src/tests.rs:18:30
[INFO] [stdout]   67:     0x637772649f56 - core::ops::function::FnOnce::call_once::h083d294415c021ea
[INFO] [stdout]                                at /rustc/6067b36314ab5eb2eb47cecc464545ba58e1ad24/library/core/src/ops/function.rs:250:5
[INFO] [stdout]   68:     0x6377726d44eb - core::ops::function::FnOnce::call_once::he27718dfdd183f43
[INFO] [stdout]                                at /rustc/6067b36314ab5eb2eb47cecc464545ba58e1ad24/library/core/src/ops/function.rs:250:5
[INFO] [stdout]   69:     0x6377726d44eb - test::__rust_begin_short_backtrace::h4e84902998457a5d
[INFO] [stdout]                                at /rustc/6067b36314ab5eb2eb47cecc464545ba58e1ad24/library/test/src/lib.rs:632:18
[INFO] [stdout]   70:     0x6377726d3423 - test::run_test_in_process::{{closure}}::h7176fd18fc1feca0
[INFO] [stdout]                                at /rustc/6067b36314ab5eb2eb47cecc464545ba58e1ad24/library/test/src/lib.rs:655:60
[INFO] [stdout]   71:     0x6377726d3423 - <core::panic::unwind_safe::AssertUnwindSafe<F> as core::ops::function::FnOnce<()>>::call_once::hf79cff2a624d8cf7
[INFO] [stdout]                                at /rustc/6067b36314ab5eb2eb47cecc464545ba58e1ad24/library/core/src/panic/unwind_safe.rs:272:9
[INFO] [stdout]   72:     0x6377726d3423 - std::panicking::try::do_call::h3da0561d9ab99c25
[INFO] [stdout]                                at /rustc/6067b36314ab5eb2eb47cecc464545ba58e1ad24/library/std/src/panicking.rs:587:40
[INFO] [stdout]   73:     0x6377726d3423 - std::panicking::try::h41c9fa508bc61df6
[INFO] [stdout]                                at /rustc/6067b36314ab5eb2eb47cecc464545ba58e1ad24/library/std/src/panicking.rs:550:19
[INFO] [stdout]   74:     0x6377726d3423 - std::panic::catch_unwind::h6b3ff07bb5afad93
[INFO] [stdout]                                at /rustc/6067b36314ab5eb2eb47cecc464545ba58e1ad24/library/std/src/panic.rs:358:14
[INFO] [stdout]   75:     0x6377726d3423 - test::run_test_in_process::hc7253dd11b39b9f4
[INFO] [stdout]                                at /rustc/6067b36314ab5eb2eb47cecc464545ba58e1ad24/library/test/src/lib.rs:655:27
[INFO] [stdout]   76:     0x6377726d3423 - test::run_test::{{closure}}::hfb2007f8649c30bb
[INFO] [stdout]                                at /rustc/6067b36314ab5eb2eb47cecc464545ba58e1ad24/library/test/src/lib.rs:576:43
[INFO] [stdout]   77:     0x637772696505 - test::run_test::{{closure}}::h56a17aa7a282a9f4
[INFO] [stdout]                                at /rustc/6067b36314ab5eb2eb47cecc464545ba58e1ad24/library/test/src/lib.rs:606:41
[INFO] [stdout]   78:     0x637772696505 - std::sys::backtrace::__rust_begin_short_backtrace::hd2d2d2fb8e8c6aac
[INFO] [stdout]                                at /rustc/6067b36314ab5eb2eb47cecc464545ba58e1ad24/library/std/src/sys/backtrace.rs:152:18
[INFO] [stdout]   79:     0x637772699dea - std::thread::Builder::spawn_unchecked_::{{closure}}::{{closure}}::h4faa3f9db6133423
[INFO] [stdout]                                at /rustc/6067b36314ab5eb2eb47cecc464545ba58e1ad24/library/std/src/thread/mod.rs:559:17
[INFO] [stdout]   80:     0x637772699dea - <core::panic::unwind_safe::AssertUnwindSafe<F> as core::ops::function::FnOnce<()>>::call_once::hf2e855a36a4ea846
[INFO] [stdout]                                at /rustc/6067b36314ab5eb2eb47cecc464545ba58e1ad24/library/core/src/panic/unwind_safe.rs:272:9
[INFO] [stdout]   81:     0x637772699dea - std::panicking::try::do_call::h2f73af3616c35465
[INFO] [stdout]                                at /rustc/6067b36314ab5eb2eb47cecc464545ba58e1ad24/library/std/src/panicking.rs:587:40
[INFO] [stdout]   82:     0x637772699dea - std::panicking::try::hd1660ce9efadef5a
[INFO] [stdout]                                at /rustc/6067b36314ab5eb2eb47cecc464545ba58e1ad24/library/std/src/panicking.rs:550:19
[INFO] [stdout]   83:     0x637772699dea - std::panic::catch_unwind::h5ee8d7823b8ca744
[INFO] [stdout]                                at /rustc/6067b36314ab5eb2eb47cecc464545ba58e1ad24/library/std/src/panic.rs:358:14
[INFO] [stdout]   84:     0x637772699dea - std::thread::Builder::spawn_unchecked_::{{closure}}::h53c3a1894dce8407
[INFO] [stdout]                                at /rustc/6067b36314ab5eb2eb47cecc464545ba58e1ad24/library/std/src/thread/mod.rs:557:30
[INFO] [stdout]   85:     0x637772699dea - core::ops::function::FnOnce::call_once{{vtable.shim}}::h048ce291ad4f62bf
[INFO] [stdout]                                at /rustc/6067b36314ab5eb2eb47cecc464545ba58e1ad24/library/core/src/ops/function.rs:250:5
[INFO] [stdout]   86:     0x637772b0e83b - <alloc::boxed::Box<F,A> as core::ops::function::FnOnce<Args>>::call_once::ha52bedf99a3b4981
[INFO] [stdout]                                at /rustc/6067b36314ab5eb2eb47cecc464545ba58e1ad24/library/alloc/src/boxed.rs:2013:9
[INFO] [stdout]   87:     0x637772b0e83b - <alloc::boxed::Box<F,A> as core::ops::function::FnOnce<Args>>::call_once::h567748934d80ccf8
[INFO] [stdout]                                at /rustc/6067b36314ab5eb2eb47cecc464545ba58e1ad24/library/alloc/src/boxed.rs:2013:9
[INFO] [stdout]   88:     0x637772b0e83b - std::sys::pal::unix::thread::Thread::new::thread_start::h2d970728ae887adc
[INFO] [stdout]                                at /rustc/6067b36314ab5eb2eb47cecc464545ba58e1ad24/library/std/src/sys/pal/unix/thread.rs:106:17
[INFO] [stdout]   89:     0x713f23680ac3 - <unknown>
[INFO] [stdout]   90:     0x713f23711a04 - clone
[INFO] [stdout]   91:                0x0 - <unknown>
[INFO] [stdout] 
[INFO] [stdout] 
[INFO] [stdout] failures:
[INFO] [stdout]     tests::tests::test_index_get
[INFO] [stdout] 
[INFO] [stdout] test result: FAILED. 19 passed; 1 failed; 0 ignored; 0 measured; 0 filtered out; finished in 0.14s
[INFO] [stdout] 
[INFO] [stderr] error: test failed, to rerun pass `--bin restapi`
[INFO] running `Command { std: "docker" "inspect" "6207ae32b7a4b884f5e9d1217db156cd19744e53021f024e34dd17b343bfc80b", kill_on_drop: false }`
[INFO] running `Command { std: "docker" "rm" "-f" "6207ae32b7a4b884f5e9d1217db156cd19744e53021f024e34dd17b343bfc80b", kill_on_drop: false }`
[INFO] [stdout] 6207ae32b7a4b884f5e9d1217db156cd19744e53021f024e34dd17b343bfc80b
