[INFO] cloning repository https://github.com/feefladder/tiff2
[INFO] running `Command { std: "git" "-c" "credential.helper=" "-c" "credential.helper=/workspace/cargo-home/bin/git-credential-null" "clone" "--bare" "https://github.com/feefladder/tiff2" "/workspace/cache/git-repos/https%3A%2F%2Fgithub.com%2Ffeefladder%2Ftiff2", kill_on_drop: false }`
[INFO] [stderr] Cloning into bare repository '/workspace/cache/git-repos/https%3A%2F%2Fgithub.com%2Ffeefladder%2Ftiff2'...
[INFO] running `Command { std: "git" "rev-parse" "HEAD", kill_on_drop: false }`
[INFO] [stdout] f7f54baafd12a31a8538e5904decb710c61a410c
[INFO] testing feefladder/tiff2 against nightly-2025-01-18 for randomize-layout-2
[INFO] running `Command { std: "git" "clone" "/workspace/cache/git-repos/https%3A%2F%2Fgithub.com%2Ffeefladder%2Ftiff2" "/workspace/builds/worker-1-tc1/source", kill_on_drop: false }`
[INFO] [stderr] Cloning into '/workspace/builds/worker-1-tc1/source'...
[INFO] [stderr] done.
[INFO] validating manifest of git repo https://github.com/feefladder/tiff2 on toolchain nightly-2025-01-18
[INFO] running `Command { std: CARGO_HOME="/workspace/cargo-home" RUSTUP_HOME="/workspace/rustup-home" "/workspace/cargo-home/bin/cargo" "+nightly-2025-01-18" "metadata" "--manifest-path" "Cargo.toml" "--no-deps", kill_on_drop: false }`
[INFO] started tweaking git repo https://github.com/feefladder/tiff2
[INFO] finished tweaking git repo https://github.com/feefladder/tiff2
[INFO] tweaked toml for git repo https://github.com/feefladder/tiff2 written to /workspace/builds/worker-1-tc1/source/Cargo.toml
[INFO] crate git repo https://github.com/feefladder/tiff2 already has a lockfile, it will not be regenerated
[INFO] running `Command { std: CARGO_HOME="/workspace/cargo-home" RUSTUP_HOME="/workspace/rustup-home" "/workspace/cargo-home/bin/cargo" "+nightly-2025-01-18" "fetch" "--manifest-path" "Cargo.toml", kill_on_drop: false }`
[INFO] [stderr]     Blocking waiting for file lock on package cache
[INFO] [stderr]     Blocking waiting for file lock on package cache
[INFO] [stderr]  Downloading crates ...
[INFO] [stderr]   Downloaded object_store v0.11.1
[INFO] running `Command { std: "docker" "create" "-v" "/var/lib/crater-agent-workspace/builds/worker-1-tc1/target:/opt/rustwide/target:rw,Z" "-v" "/var/lib/crater-agent-workspace/builds/worker-1-tc1/source:/opt/rustwide/workdir:ro,Z" "-v" "/var/lib/crater-agent-workspace/cargo-home:/opt/rustwide/cargo-home:ro,Z" "-v" "/var/lib/crater-agent-workspace/rustup-home:/opt/rustwide/rustup-home:ro,Z" "-e" "SOURCE_DIR=/opt/rustwide/workdir" "-e" "CARGO_TARGET_DIR=/opt/rustwide/target" "-e" "CARGO_HOME=/opt/rustwide/cargo-home" "-e" "RUSTUP_HOME=/opt/rustwide/rustup-home" "-w" "/opt/rustwide/workdir" "-m" "1610612736" "--user" "0:0" "--network" "none" "ghcr.io/rust-lang/crates-build-env/linux@sha256:819108c5571ea2e421544af4d832f968d213c87fbe3707a016657f43d2f853bc" "/opt/rustwide/cargo-home/bin/cargo" "+nightly-2025-01-18" "metadata" "--no-deps" "--format-version=1", kill_on_drop: false }`
[INFO] [stdout] 604ebe4811ae8c412c1430ecde0d38240cc0a595412b2f06e063e5c9f3f8d706
[INFO] running `Command { std: "docker" "start" "-a" "604ebe4811ae8c412c1430ecde0d38240cc0a595412b2f06e063e5c9f3f8d706", kill_on_drop: false }`
[INFO] running `Command { std: "docker" "inspect" "604ebe4811ae8c412c1430ecde0d38240cc0a595412b2f06e063e5c9f3f8d706", kill_on_drop: false }`
[INFO] running `Command { std: "docker" "rm" "-f" "604ebe4811ae8c412c1430ecde0d38240cc0a595412b2f06e063e5c9f3f8d706", kill_on_drop: false }`
[INFO] [stdout] 604ebe4811ae8c412c1430ecde0d38240cc0a595412b2f06e063e5c9f3f8d706
[INFO] running `Command { std: "docker" "create" "-v" "/var/lib/crater-agent-workspace/builds/worker-1-tc1/target:/opt/rustwide/target:rw,Z" "-v" "/var/lib/crater-agent-workspace/builds/worker-1-tc1/source:/opt/rustwide/workdir:ro,Z" "-v" "/var/lib/crater-agent-workspace/cargo-home:/opt/rustwide/cargo-home:ro,Z" "-v" "/var/lib/crater-agent-workspace/rustup-home:/opt/rustwide/rustup-home:ro,Z" "-e" "SOURCE_DIR=/opt/rustwide/workdir" "-e" "CARGO_TARGET_DIR=/opt/rustwide/target" "-e" "CARGO_INCREMENTAL=0" "-e" "RUST_BACKTRACE=full" "-e" "RUSTFLAGS=--cap-lints=forbid" "-e" "RUSTDOCFLAGS=--cap-lints=forbid" "-e" "CARGO_HOME=/opt/rustwide/cargo-home" "-e" "RUSTUP_HOME=/opt/rustwide/rustup-home" "-w" "/opt/rustwide/workdir" "-m" "1610612736" "--user" "0:0" "--network" "none" "ghcr.io/rust-lang/crates-build-env/linux@sha256:819108c5571ea2e421544af4d832f968d213c87fbe3707a016657f43d2f853bc" "/opt/rustwide/cargo-home/bin/cargo" "+nightly-2025-01-18" "build" "--frozen" "--message-format=json", kill_on_drop: false }`
[INFO] [stdout] 9de8848fb01369d09e494a53b8f2e06cec35ef6affef73e5b6d810f58cdfbbe8
[INFO] running `Command { std: "docker" "start" "-a" "9de8848fb01369d09e494a53b8f2e06cec35ef6affef73e5b6d810f58cdfbbe8", kill_on_drop: false }`
[INFO] [stderr]    Compiling proc-macro2 v1.0.89
[INFO] [stderr]    Compiling adler2 v2.0.0
[INFO] [stderr]    Compiling thiserror v1.0.65
[INFO] [stderr]    Compiling pin-project-lite v0.2.15
[INFO] [stderr]    Compiling futures-core v0.3.31
[INFO] [stderr]    Compiling futures-io v0.3.31
[INFO] [stderr]    Compiling fastrand v2.1.1
[INFO] [stderr]    Compiling crc32fast v1.4.2
[INFO] [stderr]    Compiling parking v2.2.1
[INFO] [stderr]    Compiling miniz_oxide v0.8.0
[INFO] [stderr]    Compiling log v0.4.22
[INFO] [stderr]    Compiling weezl v0.1.8
[INFO] [stderr]    Compiling futures-lite v2.3.0
[INFO] [stderr]    Compiling bytes v1.8.0
[INFO] [stderr]    Compiling bytemuck v1.19.0
[INFO] [stderr]    Compiling jpeg-decoder v0.3.1
[INFO] [stderr]    Compiling quote v1.0.37
[INFO] [stderr]    Compiling flate2 v1.0.34
[INFO] [stderr]    Compiling syn v2.0.85
[INFO] [stderr]    Compiling thiserror-impl v1.0.65
[INFO] [stderr]    Compiling async-trait v0.1.83
[INFO] [stderr]    Compiling tiff2 v0.0.0 (/opt/rustwide/workdir)
[INFO] [stdout] warning: fields `bigtiff`, `byte_order`, and `reader` are never read
[INFO] [stdout]   --> src/structs/tiff.rs:8:5
[INFO] [stdout]    |
[INFO] [stdout] 6  | pub struct Tiff<R> {
[INFO] [stdout]    |            ---- fields in this struct
[INFO] [stdout] 7  |     pub images: Vec<Image>,
[INFO] [stdout] 8  |     bigtiff: bool,
[INFO] [stdout]    |     ^^^^^^^
[INFO] [stdout] 9  |     byte_order: ByteOrder,
[INFO] [stdout]    |     ^^^^^^^^^^
[INFO] [stdout] 10 |     reader: R,
[INFO] [stdout]    |     ^^^^^^
[INFO] [stdout]    |
[INFO] [stdout]    = note: `#[warn(dead_code)]` on by default
[INFO] [stdout] 
[INFO] [stdout] 
[INFO] [stderr]     Finished `dev` profile [unoptimized + debuginfo] target(s) in 16.07s
[INFO] running `Command { std: "docker" "inspect" "9de8848fb01369d09e494a53b8f2e06cec35ef6affef73e5b6d810f58cdfbbe8", kill_on_drop: false }`
[INFO] running `Command { std: "docker" "rm" "-f" "9de8848fb01369d09e494a53b8f2e06cec35ef6affef73e5b6d810f58cdfbbe8", kill_on_drop: false }`
[INFO] [stdout] 9de8848fb01369d09e494a53b8f2e06cec35ef6affef73e5b6d810f58cdfbbe8
[INFO] running `Command { std: "docker" "create" "-v" "/var/lib/crater-agent-workspace/builds/worker-1-tc1/target:/opt/rustwide/target:rw,Z" "-v" "/var/lib/crater-agent-workspace/builds/worker-1-tc1/source:/opt/rustwide/workdir:ro,Z" "-v" "/var/lib/crater-agent-workspace/cargo-home:/opt/rustwide/cargo-home:ro,Z" "-v" "/var/lib/crater-agent-workspace/rustup-home:/opt/rustwide/rustup-home:ro,Z" "-e" "SOURCE_DIR=/opt/rustwide/workdir" "-e" "CARGO_TARGET_DIR=/opt/rustwide/target" "-e" "CARGO_INCREMENTAL=0" "-e" "RUST_BACKTRACE=full" "-e" "RUSTFLAGS=--cap-lints=forbid" "-e" "RUSTDOCFLAGS=--cap-lints=forbid" "-e" "CARGO_HOME=/opt/rustwide/cargo-home" "-e" "RUSTUP_HOME=/opt/rustwide/rustup-home" "-w" "/opt/rustwide/workdir" "-m" "1610612736" "--user" "0:0" "--network" "none" "ghcr.io/rust-lang/crates-build-env/linux@sha256:819108c5571ea2e421544af4d832f968d213c87fbe3707a016657f43d2f853bc" "/opt/rustwide/cargo-home/bin/cargo" "+nightly-2025-01-18" "test" "--frozen" "--no-run" "--message-format=json", kill_on_drop: false }`
[INFO] [stdout] 2c0ed79188a6e5a3aac72bbae3f5a0d505cfd8927f8a6fd734bf80d66a3e8829
[INFO] running `Command { std: "docker" "start" "-a" "2c0ed79188a6e5a3aac72bbae3f5a0d505cfd8927f8a6fd734bf80d66a3e8829", kill_on_drop: false }`
[INFO] [stderr]    Compiling serde v1.0.213
[INFO] [stderr]    Compiling either v1.13.0
[INFO] [stderr]    Compiling num-traits v0.2.19
[INFO] [stderr]    Compiling rayon-core v1.12.1
[INFO] [stderr]    Compiling serde_json v1.0.132
[INFO] [stderr]    Compiling crossbeam-epoch v0.9.18
[INFO] [stderr]    Compiling serde_derive v1.0.213
[INFO] [stderr]    Compiling zerocopy-derive v0.7.35
[INFO] [stderr]    Compiling half v2.4.1
[INFO] [stderr]    Compiling ciborium-io v0.2.2
[INFO] [stderr]    Compiling anstyle v1.0.9
[INFO] [stderr]    Compiling clap_lex v0.7.2
[INFO] [stderr]    Compiling crossbeam-deque v0.8.5
[INFO] [stderr]    Compiling plotters-backend v0.3.7
[INFO] [stderr]    Compiling itertools v0.10.5
[INFO] [stderr]    Compiling ciborium-ll v0.2.2
[INFO] [stderr]    Compiling plotters-svg v0.3.7
[INFO] [stderr]    Compiling clap_builder v4.5.20
[INFO] [stderr]    Compiling regex-automata v0.4.8
[INFO] [stderr]    Compiling cast v0.3.0
[INFO] [stderr]    Compiling same-file v1.0.6
[INFO] [stderr]    Compiling zerocopy v0.7.35
[INFO] [stderr]    Compiling walkdir v2.5.0
[INFO] [stderr]    Compiling plotters v0.3.7
[INFO] [stderr]    Compiling rayon v1.10.0
[INFO] [stderr]    Compiling tokio-macros v2.4.0
[INFO] [stderr]    Compiling ppv-lite86 v0.2.20
[INFO] [stderr]    Compiling rand_chacha v0.3.1
[INFO] [stderr]    Compiling is-terminal v0.4.13
[INFO] [stderr]    Compiling oorandom v11.1.4
[INFO] [stderr]    Compiling criterion-plot v0.5.0
[INFO] [stderr]    Compiling anes v0.1.6
[INFO] [stderr]    Compiling clap v4.5.20
[INFO] [stderr]    Compiling tokio v1.41.0
[INFO] [stderr]    Compiling rand v0.8.5
[INFO] [stdout] warning: fields `bigtiff`, `byte_order`, and `reader` are never read
[INFO] [stdout]   --> src/structs/tiff.rs:8:5
[INFO] [stdout]    |
[INFO] [stdout] 6  | pub struct Tiff<R> {
[INFO] [stdout]    |            ---- fields in this struct
[INFO] [stdout] 7  |     pub images: Vec<Image>,
[INFO] [stdout] 8  |     bigtiff: bool,
[INFO] [stdout]    |     ^^^^^^^
[INFO] [stdout] 9  |     byte_order: ByteOrder,
[INFO] [stdout]    |     ^^^^^^^^^^
[INFO] [stdout] 10 |     reader: R,
[INFO] [stdout]    |     ^^^^^^
[INFO] [stdout]    |
[INFO] [stdout]    = note: `#[warn(dead_code)]` on by default
[INFO] [stdout] 
[INFO] [stdout] 
[INFO] [stderr]    Compiling regex v1.11.1
[INFO] [stderr]    Compiling ciborium v0.2.2
[INFO] [stderr]    Compiling tinytemplate v1.2.1
[INFO] [stderr]    Compiling criterion v0.5.1
[INFO] [stderr]    Compiling tiff2 v0.0.0 (/opt/rustwide/workdir)
[INFO] [stdout] warning: fields `bigtiff`, `byte_order`, and `reader` are never read
[INFO] [stdout]   --> src/structs/tiff.rs:8:5
[INFO] [stdout]    |
[INFO] [stdout] 6  | pub struct Tiff<R> {
[INFO] [stdout]    |            ---- fields in this struct
[INFO] [stdout] 7  |     pub images: Vec<Image>,
[INFO] [stdout] 8  |     bigtiff: bool,
[INFO] [stdout]    |     ^^^^^^^
[INFO] [stdout] 9  |     byte_order: ByteOrder,
[INFO] [stdout]    |     ^^^^^^^^^^
[INFO] [stdout] 10 |     reader: R,
[INFO] [stdout]    |     ^^^^^^
[INFO] [stdout]    |
[INFO] [stdout]    = note: `#[warn(dead_code)]` on by default
[INFO] [stdout] 
[INFO] [stdout] 
[INFO] [stderr]     Finished `test` profile [unoptimized + debuginfo] target(s) in 36.59s
[INFO] running `Command { std: "docker" "inspect" "2c0ed79188a6e5a3aac72bbae3f5a0d505cfd8927f8a6fd734bf80d66a3e8829", kill_on_drop: false }`
[INFO] running `Command { std: "docker" "rm" "-f" "2c0ed79188a6e5a3aac72bbae3f5a0d505cfd8927f8a6fd734bf80d66a3e8829", kill_on_drop: false }`
[INFO] [stdout] 2c0ed79188a6e5a3aac72bbae3f5a0d505cfd8927f8a6fd734bf80d66a3e8829
[INFO] running `Command { std: "docker" "create" "-v" "/var/lib/crater-agent-workspace/builds/worker-1-tc1/target:/opt/rustwide/target:rw,Z" "-v" "/var/lib/crater-agent-workspace/builds/worker-1-tc1/source:/opt/rustwide/workdir:ro,Z" "-v" "/var/lib/crater-agent-workspace/cargo-home:/opt/rustwide/cargo-home:ro,Z" "-v" "/var/lib/crater-agent-workspace/rustup-home:/opt/rustwide/rustup-home:ro,Z" "-e" "SOURCE_DIR=/opt/rustwide/workdir" "-e" "CARGO_TARGET_DIR=/opt/rustwide/target" "-e" "CARGO_INCREMENTAL=0" "-e" "RUST_BACKTRACE=full" "-e" "RUSTFLAGS=--cap-lints=forbid" "-e" "RUSTDOCFLAGS=--cap-lints=forbid" "-e" "CARGO_HOME=/opt/rustwide/cargo-home" "-e" "RUSTUP_HOME=/opt/rustwide/rustup-home" "-w" "/opt/rustwide/workdir" "-m" "1610612736" "--user" "0:0" "--network" "none" "ghcr.io/rust-lang/crates-build-env/linux@sha256:819108c5571ea2e421544af4d832f968d213c87fbe3707a016657f43d2f853bc" "/opt/rustwide/cargo-home/bin/cargo" "+nightly-2025-01-18" "test" "--frozen", kill_on_drop: false }`
[INFO] [stdout] c9ff3b45e961737a50787941e35c3dad412c7744f8e794a073d1ce3bb97d5525
[INFO] running `Command { std: "docker" "start" "-a" "c9ff3b45e961737a50787941e35c3dad412c7744f8e794a073d1ce3bb97d5525", kill_on_drop: false }`
[INFO] [stderr] warning: fields `bigtiff`, `byte_order`, and `reader` are never read
[INFO] [stderr]   --> src/structs/tiff.rs:8:5
[INFO] [stderr]    |
[INFO] [stderr] 6  | pub struct Tiff<R> {
[INFO] [stderr]    |            ---- fields in this struct
[INFO] [stderr] 7  |     pub images: Vec<Image>,
[INFO] [stderr] 8  |     bigtiff: bool,
[INFO] [stderr]    |     ^^^^^^^
[INFO] [stderr] 9  |     byte_order: ByteOrder,
[INFO] [stderr]    |     ^^^^^^^^^^
[INFO] [stderr] 10 |     reader: R,
[INFO] [stderr]    |     ^^^^^^
[INFO] [stderr]    |
[INFO] [stderr]    = note: `#[warn(dead_code)]` on by default
[INFO] [stderr] 
[INFO] [stderr] warning: `tiff2` (lib) generated 1 warning
[INFO] [stderr] warning: `tiff2` (lib test) generated 1 warning (1 duplicate)
[INFO] [stderr]     Finished `test` profile [unoptimized + debuginfo] target(s) in 0.17s
[INFO] [stderr]      Running unittests src/lib.rs (/opt/rustwide/target/debug/deps/tiff2-f8299b3c77b0d566)
[INFO] [stdout] 
[INFO] [stdout] running 43 tests
[INFO] [stdout] test decoder::decoder::test::new_decoder_big_bigendian ... ok
[INFO] [stdout] test decoder::reader::test::test_packbits ... ok
[INFO] [stdout] test structs::entry::test_entry::test_bufferedentry_into_u8slice ... ok
[INFO] [stdout] test decoder::decoder::test::new_decoder_big_littleendian ... ok
[INFO] [stdout] test structs::entry::test_entry::test_fits_multi_notbig ... ok
[INFO] [stdout] test structs::entry::test_entry::test_notfits_big ... ok
[INFO] [stdout] test structs::entry::test_entry::test_notfits_notbig ... ok
[INFO] [stdout] test structs::entry::test_entry::test_single_fits_big ... ok
[INFO] [stdout] test structs::entry::test_entry::test_single_fits_notbig ... ok
[INFO] [stdout] test decoder::decoder::test::test_new_decoder_notbig_littleendian ... ok
[INFO] [stdout] test structs::entry::test_entry::test_fits_multi_big ... ok
[INFO] [stdout] test structs::ifd::test_ifd::test_fits_single_big ... ok
[INFO] [stdout] test structs::ifd::test_ifd::test_fits_single_notbig ... ok
[INFO] [stdout] test structs::ifd::test_ifd::test_fits_multi_big ... ok
[INFO] [stdout] test decoder::decoder::test::test_new_decoder_notbig_bigendian ... ok
[INFO] [stdout] test structs::ifd::test_ifd::test_fits_multi_notbig ... ok
[INFO] [stdout] test structs::ifd::test_ifd::test_multitag ... ok
[INFO] [stdout] test structs::ifd::test_ifd::test_notfits_notbig ... ok
[INFO] [stdout] test decoder::decoder::test::test_split_concurrent ... ok
[INFO] [stdout] test structs::image::test::test_check_ifd_no_req ... ok
[INFO] [stdout] test structs::image::test::test_check_ifd_opt_loaded ... ok
[INFO] [stdout] test structs::image::test::check_ifd_tile_no_req ... ok
[INFO] [stdout] test structs::image::test::test_check_ifd_only_req ... ok
[INFO] [stdout] test structs::image::test::test_from_ifd_tile_success ... ok
[INFO] [stdout] test structs::image::test::test_from_ifd_strip_success ... ok
[INFO] [stdout] test structs::image::test::test_image_from_buffer_strip_notbig ... ok
[INFO] [stdout] test structs::image::test::test_image_from_buffer_tile_notbig ... ok
[INFO] [stdout] test structs::image::test::test_check_ifd_opt_not_loaded ... ok
[INFO] [stdout] test structs::image::test::test_image_incoherent_bits_per_sample_length ... ok
[INFO] [stdout] test structs::image::test::test_image_from_ifd_no_width ... ok
[INFO] [stdout] test structs::image::test::test_image_from_ifd_no_height ... ok
[INFO] [stdout] test structs::image::test::test_image_invalid_bits_per_sample_length ... ok
[INFO] [stdout] test structs::image::test::test_image_inconsistent_bits_per_sample_zero ... ok
[INFO] [stdout] test structs::image::test::test_image_unknown_planar_config ... ok
[INFO] [stdout] test structs::image::test::test_image_unknown_predictor ... ok
[INFO] [stdout] test structs::image::test::test_image_zero_samples_per_pixel ... ok
[INFO] [stdout] test structs::image::test::test_image_inconsistent_bits_per_sample ... ok
[INFO] [stdout] test structs::image::test::test_image_short_jpeg_tables ... ok
[INFO] [stdout] test structs::image::test::test_image_unknown_photometric ... ok
[INFO] [stdout] test structs::image::test::test_check_ifd_strip_not_loaded ... ok
[INFO] [stdout] test structs::ifd::test_ifd::test_notfits_big ... ok
[INFO] [stdout] test structs::image::test::test_check_ifd_req_not_loaded ... FAILED
[INFO] [stdout] test decoder::chunk_decoder::test::test_no_test ... FAILED
[INFO] [stdout] 
[INFO] [stdout] failures:
[INFO] [stdout] 
[INFO] [stdout] ---- structs::image::test::test_check_ifd_req_not_loaded stdout ----
[INFO] [stdout] 
[INFO] [stdout] thread 'structs::image::test::test_check_ifd_req_not_loaded' panicked at src/structs/image.rs:773:66:
[INFO] [stdout] called `Result::unwrap()` on an `Err` value: UsageError(RequiredTagNotLoaded(ImageWidth, Offset { tag_type: LONG, count: 1, offset: 42 }))
[INFO] [stdout] stack backtrace:
[INFO] [stdout]    0:     0x5e5c13c6a79a - std::backtrace_rs::backtrace::libunwind::trace::hb059275cfc8d6126
[INFO] [stdout]                                at /rustc/6067b36314ab5eb2eb47cecc464545ba58e1ad24/library/std/src/../../backtrace/src/backtrace/libunwind.rs:116:5
[INFO] [stdout]    1:     0x5e5c13c6a79a - std::backtrace_rs::backtrace::trace_unsynchronized::h2da071e4327ce3ee
[INFO] [stdout]                                at /rustc/6067b36314ab5eb2eb47cecc464545ba58e1ad24/library/std/src/../../backtrace/src/backtrace/mod.rs:66:5
[INFO] [stdout]    2:     0x5e5c13c6a79a - std::sys::backtrace::_print_fmt::h842a1474e6f8d23f
[INFO] [stdout]                                at /rustc/6067b36314ab5eb2eb47cecc464545ba58e1ad24/library/std/src/sys/backtrace.rs:66:9
[INFO] [stdout]    3:     0x5e5c13c6a79a - <std::sys::backtrace::BacktraceLock::print::DisplayBacktrace as core::fmt::Display>::fmt::h71a62eb3b9696b12
[INFO] [stdout]                                at /rustc/6067b36314ab5eb2eb47cecc464545ba58e1ad24/library/std/src/sys/backtrace.rs:39:26
[INFO] [stdout]    4:     0x5e5c13c934f3 - core::fmt::rt::Argument::fmt::hdb6b616786b41dc1
[INFO] [stdout]                                at /rustc/6067b36314ab5eb2eb47cecc464545ba58e1ad24/library/core/src/fmt/rt.rs:177:76
[INFO] [stdout]    5:     0x5e5c13c934f3 - core::fmt::write::h2cc1698af7e2d686
[INFO] [stdout]                                at /rustc/6067b36314ab5eb2eb47cecc464545ba58e1ad24/library/core/src/fmt/mod.rs:1440:21
[INFO] [stdout]    6:     0x5e5c13c67283 - std::io::Write::write_fmt::hab1b4cd059a79022
[INFO] [stdout]                                at /rustc/6067b36314ab5eb2eb47cecc464545ba58e1ad24/library/std/src/io/mod.rs:1887:15
[INFO] [stdout]    7:     0x5e5c13c6a5e2 - std::sys::backtrace::BacktraceLock::print::h147fe35b4ea13b08
[INFO] [stdout]                                at /rustc/6067b36314ab5eb2eb47cecc464545ba58e1ad24/library/std/src/sys/backtrace.rs:42:9
[INFO] [stdout]    8:     0x5e5c13c6bbbf - std::panicking::default_hook::{{closure}}::hbd44223dbdc0d208
[INFO] [stdout]                                at /rustc/6067b36314ab5eb2eb47cecc464545ba58e1ad24/library/std/src/panicking.rs:298:22
[INFO] [stdout]    9:     0x5e5c13c6b9d8 - std::panicking::default_hook::h20f81eb0576efcec
[INFO] [stdout]                                at /rustc/6067b36314ab5eb2eb47cecc464545ba58e1ad24/library/std/src/panicking.rs:322:9
[INFO] [stdout]   10:     0x5e5c13c26493 - <alloc::boxed::Box<F,A> as core::ops::function::Fn<Args>>::call::hdb53814c496a4d34
[INFO] [stdout]                                at /rustc/6067b36314ab5eb2eb47cecc464545ba58e1ad24/library/alloc/src/boxed.rs:2027:9
[INFO] [stdout]   11:     0x5e5c13c26493 - test::test_main::{{closure}}::hc0a4963c59427c24
[INFO] [stdout]                                at /rustc/6067b36314ab5eb2eb47cecc464545ba58e1ad24/library/test/src/lib.rs:134:21
[INFO] [stdout]   12:     0x5e5c13c6c6b3 - <alloc::boxed::Box<F,A> as core::ops::function::Fn<Args>>::call::h591b2225413a77e9
[INFO] [stdout]                                at /rustc/6067b36314ab5eb2eb47cecc464545ba58e1ad24/library/alloc/src/boxed.rs:2027:9
[INFO] [stdout]   13:     0x5e5c13c6c6b3 - std::panicking::rust_panic_with_hook::h625eea43051b2edc
[INFO] [stdout]                                at /rustc/6067b36314ab5eb2eb47cecc464545ba58e1ad24/library/std/src/panicking.rs:839:13
[INFO] [stdout]   14:     0x5e5c13c6c36a - std::panicking::begin_panic_handler::{{closure}}::h4f9159cfbc3f6bd3
[INFO] [stdout]                                at /rustc/6067b36314ab5eb2eb47cecc464545ba58e1ad24/library/std/src/panicking.rs:704:13
[INFO] [stdout]   15:     0x5e5c13c6ac99 - std::sys::backtrace::__rust_end_short_backtrace::h0390abce48353151
[INFO] [stdout]                                at /rustc/6067b36314ab5eb2eb47cecc464545ba58e1ad24/library/std/src/sys/backtrace.rs:168:18
[INFO] [stdout]   16:     0x5e5c13c6bffd - rust_begin_unwind
[INFO] [stdout]                                at /rustc/6067b36314ab5eb2eb47cecc464545ba58e1ad24/library/std/src/panicking.rs:695:5
[INFO] [stdout]   17:     0x5e5c13c90db0 - core::panicking::panic_fmt::h9e7c637e9e5f29c9
[INFO] [stdout]                                at /rustc/6067b36314ab5eb2eb47cecc464545ba58e1ad24/library/core/src/panicking.rs:75:14
[INFO] [stdout]   18:     0x5e5c13c91226 - core::result::unwrap_failed::h7979f09313fe1849
[INFO] [stdout]                                at /rustc/6067b36314ab5eb2eb47cecc464545ba58e1ad24/library/core/src/result.rs:1704:5
[INFO] [stdout]   19:     0x5e5c13b6a731 - core::result::Result<T,E>::unwrap::he34714933bd737ef
[INFO] [stdout]                                at /rustc/6067b36314ab5eb2eb47cecc464545ba58e1ad24/library/core/src/result.rs:1109:23
[INFO] [stdout]   20:     0x5e5c13b6a731 - tiff2::structs::image::test::test_check_ifd_req_not_loaded::h4bfdfdea1863076b
[INFO] [stdout]                                at /opt/rustwide/workdir/src/structs/image.rs:773:34
[INFO] [stdout]   21:     0x5e5c13b6a367 - tiff2::structs::image::test::test_check_ifd_req_not_loaded::{{closure}}::h4f3842cef7ec72d6
[INFO] [stdout]                                at /opt/rustwide/workdir/src/structs/image.rs:759:39
[INFO] [stdout]   22:     0x5e5c13bbf4c6 - core::ops::function::FnOnce::call_once::h0843f56c758662a5
[INFO] [stdout]                                at /rustc/6067b36314ab5eb2eb47cecc464545ba58e1ad24/library/core/src/ops/function.rs:250:5
[INFO] [stdout]   23:     0x5e5c13c2bbeb - core::ops::function::FnOnce::call_once::he27718dfdd183f43
[INFO] [stdout]                                at /rustc/6067b36314ab5eb2eb47cecc464545ba58e1ad24/library/core/src/ops/function.rs:250:5
[INFO] [stdout]   24:     0x5e5c13c2bbeb - test::__rust_begin_short_backtrace::h4e84902998457a5d
[INFO] [stdout]                                at /rustc/6067b36314ab5eb2eb47cecc464545ba58e1ad24/library/test/src/lib.rs:632:18
[INFO] [stdout]   25:     0x5e5c13c2ab23 - test::run_test_in_process::{{closure}}::h7176fd18fc1feca0
[INFO] [stdout]                                at /rustc/6067b36314ab5eb2eb47cecc464545ba58e1ad24/library/test/src/lib.rs:655:60
[INFO] [stdout]   26:     0x5e5c13c2ab23 - <core::panic::unwind_safe::AssertUnwindSafe<F> as core::ops::function::FnOnce<()>>::call_once::hf79cff2a624d8cf7
[INFO] [stdout]                                at /rustc/6067b36314ab5eb2eb47cecc464545ba58e1ad24/library/core/src/panic/unwind_safe.rs:272:9
[INFO] [stdout]   27:     0x5e5c13c2ab23 - std::panicking::try::do_call::h3da0561d9ab99c25
[INFO] [stdout]                                at /rustc/6067b36314ab5eb2eb47cecc464545ba58e1ad24/library/std/src/panicking.rs:587:40
[INFO] [stdout]   28:     0x5e5c13c2ab23 - std::panicking::try::h41c9fa508bc61df6
[INFO] [stdout]                                at /rustc/6067b36314ab5eb2eb47cecc464545ba58e1ad24/library/std/src/panicking.rs:550:19
[INFO] [stdout]   29:     0x5e5c13c2ab23 - std::panic::catch_unwind::h6b3ff07bb5afad93
[INFO] [stdout]                                at /rustc/6067b36314ab5eb2eb47cecc464545ba58e1ad24/library/std/src/panic.rs:358:14
[INFO] [stdout]   30:     0x5e5c13c2ab23 - test::run_test_in_process::hc7253dd11b39b9f4
[INFO] [stdout]                                at /rustc/6067b36314ab5eb2eb47cecc464545ba58e1ad24/library/test/src/lib.rs:655:27
[INFO] [stdout]   31:     0x5e5c13c2ab23 - test::run_test::{{closure}}::hfb2007f8649c30bb
[INFO] [stdout]                                at /rustc/6067b36314ab5eb2eb47cecc464545ba58e1ad24/library/test/src/lib.rs:576:43
[INFO] [stdout]   32:     0x5e5c13bedc05 - test::run_test::{{closure}}::h56a17aa7a282a9f4
[INFO] [stdout]                                at /rustc/6067b36314ab5eb2eb47cecc464545ba58e1ad24/library/test/src/lib.rs:606:41
[INFO] [stdout]   33:     0x5e5c13bedc05 - std::sys::backtrace::__rust_begin_short_backtrace::hd2d2d2fb8e8c6aac
[INFO] [stdout]                                at /rustc/6067b36314ab5eb2eb47cecc464545ba58e1ad24/library/std/src/sys/backtrace.rs:152:18
[INFO] [stdout]   34:     0x5e5c13bf14ea - std::thread::Builder::spawn_unchecked_::{{closure}}::{{closure}}::h4faa3f9db6133423
[INFO] [stdout]                                at /rustc/6067b36314ab5eb2eb47cecc464545ba58e1ad24/library/std/src/thread/mod.rs:559:17
[INFO] [stdout]   35:     0x5e5c13bf14ea - <core::panic::unwind_safe::AssertUnwindSafe<F> as core::ops::function::FnOnce<()>>::call_once::hf2e855a36a4ea846
[INFO] [stdout]                                at /rustc/6067b36314ab5eb2eb47cecc464545ba58e1ad24/library/core/src/panic/unwind_safe.rs:272:9
[INFO] [stdout]   36:     0x5e5c13bf14ea - std::panicking::try::do_call::h2f73af3616c35465
[INFO] [stdout]                                at /rustc/6067b36314ab5eb2eb47cecc464545ba58e1ad24/library/std/src/panicking.rs:587:40
[INFO] [stdout]   37:     0x5e5c13bf14ea - std::panicking::try::hd1660ce9efadef5a
[INFO] [stdout]                                at /rustc/6067b36314ab5eb2eb47cecc464545ba58e1ad24/library/std/src/panicking.rs:550:19
[INFO] [stdout]   38:     0x5e5c13bf14ea - std::panic::catch_unwind::h5ee8d7823b8ca744
[INFO] [stdout]                                at /rustc/6067b36314ab5eb2eb47cecc464545ba58e1ad24/library/std/src/panic.rs:358:14
[INFO] [stdout]   39:     0x5e5c13bf14ea - std::thread::Builder::spawn_unchecked_::{{closure}}::h53c3a1894dce8407
[INFO] [stdout]                                at /rustc/6067b36314ab5eb2eb47cecc464545ba58e1ad24/library/std/src/thread/mod.rs:557:30
[INFO] [stdout]   40:     0x5e5c13bf14ea - core::ops::function::FnOnce::call_once{{vtable.shim}}::h048ce291ad4f62bf
[INFO] [stdout]                                at /rustc/6067b36314ab5eb2eb47cecc464545ba58e1ad24/library/core/src/ops/function.rs:250:5
[INFO] [stdout]   41:     0x5e5c13c706eb - <alloc::boxed::Box<F,A> as core::ops::function::FnOnce<Args>>::call_once::ha52bedf99a3b4981
[INFO] [stdout]                                at /rustc/6067b36314ab5eb2eb47cecc464545ba58e1ad24/library/alloc/src/boxed.rs:2013:9
[INFO] [stdout]   42:     0x5e5c13c706eb - <alloc::boxed::Box<F,A> as core::ops::function::FnOnce<Args>>::call_once::h567748934d80ccf8
[INFO] [stdout]                                at /rustc/6067b36314ab5eb2eb47cecc464545ba58e1ad24/library/alloc/src/boxed.rs:2013:9
[INFO] [stdout]   43:     0x5e5c13c706eb - std::sys::pal::unix::thread::Thread::new::thread_start::h2d970728ae887adc
[INFO] [stdout]                                at /rustc/6067b36314ab5eb2eb47cecc464545ba58e1ad24/library/std/src/sys/pal/unix/thread.rs:106:17
[INFO] [stdout]   44:     0x7385adc21ac3 - <unknown>
[INFO] [stdout]   45:     0x7385adcb2a04 - clone
[INFO] [stdout]   46:                0x0 - <unknown>
[INFO] [stdout] 
[INFO] [stdout] ---- decoder::chunk_decoder::test::test_no_test stdout ----
[INFO] [stdout] 
[INFO] [stdout] thread 'decoder::chunk_decoder::test::test_no_test' panicked at src/decoder/chunk_decoder.rs:330:9:
[INFO] [stdout] not yet implemented: tests for expand_chunk
[INFO] [stdout] stack backtrace:
[INFO] [stdout]    0:     0x5e5c13c6a79a - std::backtrace_rs::backtrace::libunwind::trace::hb059275cfc8d6126
[INFO] [stdout]                                at /rustc/6067b36314ab5eb2eb47cecc464545ba58e1ad24/library/std/src/../../backtrace/src/backtrace/libunwind.rs:116:5
[INFO] [stdout]    1:     0x5e5c13c6a79a - std::backtrace_rs::backtrace::trace_unsynchronized::h2da071e4327ce3ee
[INFO] [stdout]                                at /rustc/6067b36314ab5eb2eb47cecc464545ba58e1ad24/library/std/src/../../backtrace/src/backtrace/mod.rs:66:5
[INFO] [stdout]    2:     0x5e5c13c6a79a - std::sys::backtrace::_print_fmt::h842a1474e6f8d23f
[INFO] [stdout]                                at /rustc/6067b36314ab5eb2eb47cecc464545ba58e1ad24/library/std/src/sys/backtrace.rs:66:9
[INFO] [stdout]    3:     0x5e5c13c6a79a - <std::sys::backtrace::BacktraceLock::print::DisplayBacktrace as core::fmt::Display>::fmt::h71a62eb3b9696b12
[INFO] [stdout]                                at /rustc/6067b36314ab5eb2eb47cecc464545ba58e1ad24/library/std/src/sys/backtrace.rs:39:26
[INFO] [stdout]    4:     0x5e5c13c934f3 - core::fmt::rt::Argument::fmt::hdb6b616786b41dc1
[INFO] [stdout]                                at /rustc/6067b36314ab5eb2eb47cecc464545ba58e1ad24/library/core/src/fmt/rt.rs:177:76
[INFO] [stdout]    5:     0x5e5c13c934f3 - core::fmt::write::h2cc1698af7e2d686
[INFO] [stdout]                                at /rustc/6067b36314ab5eb2eb47cecc464545ba58e1ad24/library/core/src/fmt/mod.rs:1440:21
[INFO] [stdout]    6:     0x5e5c13c67283 - std::io::Write::write_fmt::hab1b4cd059a79022
[INFO] [stdout]                                at /rustc/6067b36314ab5eb2eb47cecc464545ba58e1ad24/library/std/src/io/mod.rs:1887:15
[INFO] [stdout]    7:     0x5e5c13c6a5e2 - std::sys::backtrace::BacktraceLock::print::h147fe35b4ea13b08
[INFO] [stdout]                                at /rustc/6067b36314ab5eb2eb47cecc464545ba58e1ad24/library/std/src/sys/backtrace.rs:42:9
[INFO] [stdout]    8:     0x5e5c13c6bbbf - std::panicking::default_hook::{{closure}}::hbd44223dbdc0d208
[INFO] [stdout]                                at /rustc/6067b36314ab5eb2eb47cecc464545ba58e1ad24/library/std/src/panicking.rs:298:22
[INFO] [stdout]    9:     0x5e5c13c6b9d8 - std::panicking::default_hook::h20f81eb0576efcec
[INFO] [stdout]                                at /rustc/6067b36314ab5eb2eb47cecc464545ba58e1ad24/library/std/src/panicking.rs:322:9
[INFO] [stdout]   10:     0x5e5c13c26493 - <alloc::boxed::Box<F,A> as core::ops::function::Fn<Args>>::call::hdb53814c496a4d34
[INFO] [stdout]                                at /rustc/6067b36314ab5eb2eb47cecc464545ba58e1ad24/library/alloc/src/boxed.rs:2027:9
[INFO] [stdout]   11:     0x5e5c13c26493 - test::test_main::{{closure}}::hc0a4963c59427c24
[INFO] [stdout]                                at /rustc/6067b36314ab5eb2eb47cecc464545ba58e1ad24/library/test/src/lib.rs:134:21
[INFO] [stdout]   12:     0x5e5c13c6c6b3 - <alloc::boxed::Box<F,A> as core::ops::function::Fn<Args>>::call::h591b2225413a77e9
[INFO] [stdout]                                at /rustc/6067b36314ab5eb2eb47cecc464545ba58e1ad24/library/alloc/src/boxed.rs:2027:9
[INFO] [stdout]   13:     0x5e5c13c6c6b3 - std::panicking::rust_panic_with_hook::h625eea43051b2edc
[INFO] [stdout]                                at /rustc/6067b36314ab5eb2eb47cecc464545ba58e1ad24/library/std/src/panicking.rs:839:13
[INFO] [stdout]   14:     0x5e5c13c6c336 - std::panicking::begin_panic_handler::{{closure}}::h4f9159cfbc3f6bd3
[INFO] [stdout]                                at /rustc/6067b36314ab5eb2eb47cecc464545ba58e1ad24/library/std/src/panicking.rs:697:13
[INFO] [stdout]   15:     0x5e5c13c6ac99 - std::sys::backtrace::__rust_end_short_backtrace::h0390abce48353151
[INFO] [stdout]                                at /rustc/6067b36314ab5eb2eb47cecc464545ba58e1ad24/library/std/src/sys/backtrace.rs:168:18
[INFO] [stdout]   16:     0x5e5c13c6bffd - rust_begin_unwind
[INFO] [stdout]                                at /rustc/6067b36314ab5eb2eb47cecc464545ba58e1ad24/library/std/src/panicking.rs:695:5
[INFO] [stdout]   17:     0x5e5c13c90db0 - core::panicking::panic_fmt::h9e7c637e9e5f29c9
[INFO] [stdout]                                at /rustc/6067b36314ab5eb2eb47cecc464545ba58e1ad24/library/core/src/panicking.rs:75:14
[INFO] [stdout]   18:     0x5e5c13b8a6a9 - tiff2::decoder::chunk_decoder::test::test_no_test::h7526ded240dc25ad
[INFO] [stdout]                                at /opt/rustwide/workdir/src/decoder/chunk_decoder.rs:330:9
[INFO] [stdout]   19:     0x5e5c13b8a657 - tiff2::decoder::chunk_decoder::test::test_no_test::{{closure}}::h25da7042d688b453
[INFO] [stdout]                                at /opt/rustwide/workdir/src/decoder/chunk_decoder.rs:329:22
[INFO] [stdout]   20:     0x5e5c13bbffd6 - core::ops::function::FnOnce::call_once::hf24b12a0bfa47b33
[INFO] [stdout]                                at /rustc/6067b36314ab5eb2eb47cecc464545ba58e1ad24/library/core/src/ops/function.rs:250:5
[INFO] [stdout]   21:     0x5e5c13c2bbeb - core::ops::function::FnOnce::call_once::he27718dfdd183f43
[INFO] [stdout]                                at /rustc/6067b36314ab5eb2eb47cecc464545ba58e1ad24/library/core/src/ops/function.rs:250:5
[INFO] [stdout]   22:     0x5e5c13c2bbeb - test::__rust_begin_short_backtrace::h4e84902998457a5d
[INFO] [stdout]                                at /rustc/6067b36314ab5eb2eb47cecc464545ba58e1ad24/library/test/src/lib.rs:632:18
[INFO] [stdout]   23:     0x5e5c13c2ab23 - test::run_test_in_process::{{closure}}::h7176fd18fc1feca0
[INFO] [stdout]                                at /rustc/6067b36314ab5eb2eb47cecc464545ba58e1ad24/library/test/src/lib.rs:655:60
[INFO] [stdout]   24:     0x5e5c13c2ab23 - <core::panic::unwind_safe::AssertUnwindSafe<F> as core::ops::function::FnOnce<()>>::call_once::hf79cff2a624d8cf7
[INFO] [stdout]                                at /rustc/6067b36314ab5eb2eb47cecc464545ba58e1ad24/library/core/src/panic/unwind_safe.rs:272:9
[INFO] [stdout]   25:     0x5e5c13c2ab23 - std::panicking::try::do_call::h3da0561d9ab99c25
[INFO] [stdout]                                at /rustc/6067b36314ab5eb2eb47cecc464545ba58e1ad24/library/std/src/panicking.rs:587:40
[INFO] [stdout]   26:     0x5e5c13c2ab23 - std::panicking::try::h41c9fa508bc61df6
[INFO] [stdout]                                at /rustc/6067b36314ab5eb2eb47cecc464545ba58e1ad24/library/std/src/panicking.rs:550:19
[INFO] [stdout]   27:     0x5e5c13c2ab23 - std::panic::catch_unwind::h6b3ff07bb5afad93
[INFO] [stdout]                                at /rustc/6067b36314ab5eb2eb47cecc464545ba58e1ad24/library/std/src/panic.rs:358:14
[INFO] [stdout]   28:     0x5e5c13c2ab23 - test::run_test_in_process::hc7253dd11b39b9f4
[INFO] [stdout]                                at /rustc/6067b36314ab5eb2eb47cecc464545ba58e1ad24/library/test/src/lib.rs:655:27
[INFO] [stdout]   29:     0x5e5c13c2ab23 - test::run_test::{{closure}}::hfb2007f8649c30bb
[INFO] [stdout]                                at /rustc/6067b36314ab5eb2eb47cecc464545ba58e1ad24/library/test/src/lib.rs:576:43
[INFO] [stdout]   30:     0x5e5c13bedc05 - test::run_test::{{closure}}::h56a17aa7a282a9f4
[INFO] [stdout]                                at /rustc/6067b36314ab5eb2eb47cecc464545ba58e1ad24/library/test/src/lib.rs:606:41
[INFO] [stdout]   31:     0x5e5c13bedc05 - std::sys::backtrace::__rust_begin_short_backtrace::hd2d2d2fb8e8c6aac
[INFO] [stdout]                                at /rustc/6067b36314ab5eb2eb47cecc464545ba58e1ad24/library/std/src/sys/backtrace.rs:152:18
[INFO] [stdout]   32:     0x5e5c13bf14ea - std::thread::Builder::spawn_unchecked_::{{closure}}::{{closure}}::h4faa3f9db6133423
[INFO] [stdout]                                at /rustc/6067b36314ab5eb2eb47cecc464545ba58e1ad24/library/std/src/thread/mod.rs:559:17
[INFO] [stdout]   33:     0x5e5c13bf14ea - <core::panic::unwind_safe::AssertUnwindSafe<F> as core::ops::function::FnOnce<()>>::call_once::hf2e855a36a4ea846
[INFO] [stdout]                                at /rustc/6067b36314ab5eb2eb47cecc464545ba58e1ad24/library/core/src/panic/unwind_safe.rs:272:9
[INFO] [stdout]   34:     0x5e5c13bf14ea - std::panicking::try::do_call::h2f73af3616c35465
[INFO] [stdout]                                at /rustc/6067b36314ab5eb2eb47cecc464545ba58e1ad24/library/std/src/panicking.rs:587:40
[INFO] [stdout]   35:     0x5e5c13bf14ea - std::panicking::try::hd1660ce9efadef5a
[INFO] [stdout]                                at /rustc/6067b36314ab5eb2eb47cecc464545ba58e1ad24/library/std/src/panicking.rs:550:19
[INFO] [stdout]   36:     0x5e5c13bf14ea - std::panic::catch_unwind::h5ee8d7823b8ca744
[INFO] [stdout]                                at /rustc/6067b36314ab5eb2eb47cecc464545ba58e1ad24/library/std/src/panic.rs:358:14
[INFO] [stdout]   37:     0x5e5c13bf14ea - std::thread::Builder::spawn_unchecked_::{{closure}}::h53c3a1894dce8407
[INFO] [stdout]                                at /rustc/6067b36314ab5eb2eb47cecc464545ba58e1ad24/library/std/src/thread/mod.rs:557:30
[INFO] [stdout]   38:     0x5e5c13bf14ea - core::ops::function::FnOnce::call_once{{vtable.shim}}::h048ce291ad4f62bf
[INFO] [stdout]                                at /rustc/6067b36314ab5eb2eb47cecc464545ba58e1ad24/library/core/src/ops/function.rs:250:5
[INFO] [stdout]   39:     0x5e5c13c706eb - <alloc::boxed::Box<F,A> as core::ops::function::FnOnce<Args>>::call_once::ha52bedf99a3b4981
[INFO] [stdout]                                at /rustc/6067b36314ab5eb2eb47cecc464545ba58e1ad24/library/alloc/src/boxed.rs:2013:9
[INFO] [stdout]   40:     0x5e5c13c706eb - <alloc::boxed::Box<F,A> as core::ops::function::FnOnce<Args>>::call_once::h567748934d80ccf8
[INFO] [stdout]                                at /rustc/6067b36314ab5eb2eb47cecc464545ba58e1ad24/library/alloc/src/boxed.rs:2013:9
[INFO] [stdout]   41:     0x5e5c13c706eb - std::sys::pal::unix::thread::Thread::new::thread_start::h2d970728ae887adc
[INFO] [stdout]                                at /rustc/6067b36314ab5eb2eb47cecc464545ba58e1ad24/library/std/src/sys/pal/unix/thread.rs:106:17
[INFO] [stdout]   42:     0x7385adc21ac3 - <unknown>
[INFO] [stdout]   43:     0x7385adcb2a04 - clone
[INFO] [stdout]   44:                0x0 - <unknown>
[INFO] [stdout] 
[INFO] [stdout] 
[INFO] [stdout] failures:
[INFO] [stdout]     decoder::chunk_decoder::test::test_no_test
[INFO] [stdout]     structs::image::test::test_check_ifd_req_not_loaded
[INFO] [stdout] 
[INFO] [stdout] test result: FAILED. 41 passed; 2 failed; 0 ignored; 0 measured; 0 filtered out; finished in 0.05s
[INFO] [stdout] 
[INFO] [stderr] error: test failed, to rerun pass `--lib`
[INFO] running `Command { std: "docker" "inspect" "c9ff3b45e961737a50787941e35c3dad412c7744f8e794a073d1ce3bb97d5525", kill_on_drop: false }`
[INFO] running `Command { std: "docker" "rm" "-f" "c9ff3b45e961737a50787941e35c3dad412c7744f8e794a073d1ce3bb97d5525", kill_on_drop: false }`
[INFO] [stdout] c9ff3b45e961737a50787941e35c3dad412c7744f8e794a073d1ce3bb97d5525
