[INFO] cloning repository https://github.com/fcofdez/rshell
[INFO] running `Command { std: "git" "-c" "credential.helper=" "-c" "credential.helper=/workspace/cargo-home/bin/git-credential-null" "clone" "--bare" "https://github.com/fcofdez/rshell" "/workspace/cache/git-repos/https%3A%2F%2Fgithub.com%2Ffcofdez%2Frshell", kill_on_drop: false }`
[INFO] [stderr] Cloning into bare repository '/workspace/cache/git-repos/https%3A%2F%2Fgithub.com%2Ffcofdez%2Frshell'...
[INFO] running `Command { std: "git" "rev-parse" "HEAD", kill_on_drop: false }`
[INFO] [stdout] b173493cbadf91f35c42c1178f270e21abc05bc4
[INFO] testing fcofdez/rshell against nightly-2025-01-18 for randomize-layout-2
[INFO] running `Command { std: "git" "clone" "/workspace/cache/git-repos/https%3A%2F%2Fgithub.com%2Ffcofdez%2Frshell" "/workspace/builds/worker-3-tc1/source", kill_on_drop: false }`
[INFO] [stderr] Cloning into '/workspace/builds/worker-3-tc1/source'...
[INFO] [stderr] done.
[INFO] validating manifest of git repo https://github.com/fcofdez/rshell on toolchain nightly-2025-01-18
[INFO] running `Command { std: CARGO_HOME="/workspace/cargo-home" RUSTUP_HOME="/workspace/rustup-home" "/workspace/cargo-home/bin/cargo" "+nightly-2025-01-18" "metadata" "--manifest-path" "Cargo.toml" "--no-deps", kill_on_drop: false }`
[INFO] started tweaking git repo https://github.com/fcofdez/rshell
[INFO] finished tweaking git repo https://github.com/fcofdez/rshell
[INFO] tweaked toml for git repo https://github.com/fcofdez/rshell written to /workspace/builds/worker-3-tc1/source/Cargo.toml
[INFO] crate git repo https://github.com/fcofdez/rshell already has a lockfile, it will not be regenerated
[INFO] running `Command { std: CARGO_HOME="/workspace/cargo-home" RUSTUP_HOME="/workspace/rustup-home" "/workspace/cargo-home/bin/cargo" "+nightly-2025-01-18" "fetch" "--manifest-path" "Cargo.toml", kill_on_drop: false }`
[INFO] [stderr] warning: no edition set: defaulting to the 2015 edition while the latest is 2024
[INFO] [stderr]     Blocking waiting for file lock on package cache
[INFO] [stderr]     Blocking waiting for file lock on package cache
[INFO] [stderr]  Downloading crates ...
[INFO] [stderr]   Downloaded rustyline v1.0.0
[INFO] [stderr]   Downloaded encode_unicode v0.1.3
[INFO] [stderr]   Downloaded nix v0.5.1
[INFO] running `Command { std: "docker" "create" "-v" "/var/lib/crater-agent-workspace/builds/worker-3-tc1/target:/opt/rustwide/target:rw,Z" "-v" "/var/lib/crater-agent-workspace/builds/worker-3-tc1/source:/opt/rustwide/workdir:ro,Z" "-v" "/var/lib/crater-agent-workspace/cargo-home:/opt/rustwide/cargo-home:ro,Z" "-v" "/var/lib/crater-agent-workspace/rustup-home:/opt/rustwide/rustup-home:ro,Z" "-e" "SOURCE_DIR=/opt/rustwide/workdir" "-e" "CARGO_TARGET_DIR=/opt/rustwide/target" "-e" "CARGO_HOME=/opt/rustwide/cargo-home" "-e" "RUSTUP_HOME=/opt/rustwide/rustup-home" "-w" "/opt/rustwide/workdir" "-m" "1610612736" "--user" "0:0" "--network" "none" "ghcr.io/rust-lang/crates-build-env/linux@sha256:819108c5571ea2e421544af4d832f968d213c87fbe3707a016657f43d2f853bc" "/opt/rustwide/cargo-home/bin/cargo" "+nightly-2025-01-18" "metadata" "--no-deps" "--format-version=1", kill_on_drop: false }`
[INFO] [stdout] ab4b3cbe0907445ae04919373445f87d88fdc554042cd0c46396a79c6bc12539
[INFO] running `Command { std: "docker" "start" "-a" "ab4b3cbe0907445ae04919373445f87d88fdc554042cd0c46396a79c6bc12539", kill_on_drop: false }`
[INFO] running `Command { std: "docker" "inspect" "ab4b3cbe0907445ae04919373445f87d88fdc554042cd0c46396a79c6bc12539", kill_on_drop: false }`
[INFO] running `Command { std: "docker" "rm" "-f" "ab4b3cbe0907445ae04919373445f87d88fdc554042cd0c46396a79c6bc12539", kill_on_drop: false }`
[INFO] [stdout] ab4b3cbe0907445ae04919373445f87d88fdc554042cd0c46396a79c6bc12539
[INFO] running `Command { std: "docker" "create" "-v" "/var/lib/crater-agent-workspace/builds/worker-3-tc1/target:/opt/rustwide/target:rw,Z" "-v" "/var/lib/crater-agent-workspace/builds/worker-3-tc1/source:/opt/rustwide/workdir:ro,Z" "-v" "/var/lib/crater-agent-workspace/cargo-home:/opt/rustwide/cargo-home:ro,Z" "-v" "/var/lib/crater-agent-workspace/rustup-home:/opt/rustwide/rustup-home:ro,Z" "-e" "SOURCE_DIR=/opt/rustwide/workdir" "-e" "CARGO_TARGET_DIR=/opt/rustwide/target" "-e" "CARGO_INCREMENTAL=0" "-e" "RUST_BACKTRACE=full" "-e" "RUSTFLAGS=--cap-lints=forbid" "-e" "RUSTDOCFLAGS=--cap-lints=forbid" "-e" "CARGO_HOME=/opt/rustwide/cargo-home" "-e" "RUSTUP_HOME=/opt/rustwide/rustup-home" "-w" "/opt/rustwide/workdir" "-m" "1610612736" "--user" "0:0" "--network" "none" "ghcr.io/rust-lang/crates-build-env/linux@sha256:819108c5571ea2e421544af4d832f968d213c87fbe3707a016657f43d2f853bc" "/opt/rustwide/cargo-home/bin/cargo" "+nightly-2025-01-18" "build" "--frozen" "--message-format=json", kill_on_drop: false }`
[INFO] [stdout] a418f6b5ee8e5e8a2c0a3b57cf3290ac39c0efaa7c81bd25f4f5e5f30482e8c4
[INFO] running `Command { std: "docker" "start" "-a" "a418f6b5ee8e5e8a2c0a3b57cf3290ac39c0efaa7c81bd25f4f5e5f30482e8c4", kill_on_drop: false }`
[INFO] [stderr] warning: no edition set: defaulting to the 2015 edition while the latest is 2024
[INFO] [stderr]    Compiling libc v0.2.42
[INFO] [stderr]    Compiling unicode-xid v0.0.4
[INFO] [stderr]    Compiling cc v1.0.9
[INFO] [stderr]    Compiling quote v0.3.15
[INFO] [stderr]    Compiling cfg-if v0.1.2
[INFO] [stderr]    Compiling rustc-demangle v0.1.7
[INFO] [stderr]    Compiling bitflags v0.4.0
[INFO] [stderr]    Compiling nix v0.11.0
[INFO] [stderr]    Compiling unicode-width v0.1.4
[INFO] [stderr]    Compiling bitflags v1.0.1
[INFO] [stderr]    Compiling encode_unicode v0.1.3
[INFO] [stderr]    Compiling synom v0.11.3
[INFO] [stderr]    Compiling syn v0.11.11
[INFO] [stderr]    Compiling memchr v2.0.1
[INFO] [stderr]    Compiling nix v0.5.1
[INFO] [stderr]    Compiling nom v4.0.0
[INFO] [stderr]    Compiling backtrace-sys v0.1.16
[INFO] [stderr]    Compiling synstructure v0.6.1
[INFO] [stderr]    Compiling failure_derive v0.1.1
[INFO] [stderr]    Compiling rustyline v1.0.0
[INFO] [stderr]    Compiling backtrace v0.3.5
[INFO] [stderr]    Compiling failure v0.1.1
[INFO] [stderr]    Compiling rshell v0.1.0 (/opt/rustwide/workdir)
[INFO] [stdout] warning: unused import: `std::env::current_dir`
[INFO] [stdout]  --> src/parser/mod.rs:8:5
[INFO] [stdout]   |
[INFO] [stdout] 8 | use std::env::current_dir;
[INFO] [stdout]   |     ^^^^^^^^^^^^^^^^^^^^^
[INFO] [stdout]   |
[INFO] [stdout]   = note: `#[warn(unused_imports)]` on by default
[INFO] [stdout] 
[INFO] [stdout] 
[INFO] [stdout] warning: unused import: `std::fs::File`
[INFO] [stdout]  --> src/parser/mod.rs:9:5
[INFO] [stdout]   |
[INFO] [stdout] 9 | use std::fs::File;
[INFO] [stdout]   |     ^^^^^^^^^^^^^
[INFO] [stdout] 
[INFO] [stdout] 
[INFO] [stdout] warning: unused import: `std::io::Read`
[INFO] [stdout]   --> src/parser/mod.rs:10:5
[INFO] [stdout]    |
[INFO] [stdout] 10 | use std::io::Read;
[INFO] [stdout]    |     ^^^^^^^^^^^^^
[INFO] [stdout] 
[INFO] [stdout] 
[INFO] [stdout] warning: trailing semicolon in macro used in expression position
[INFO] [stdout]    --> src/parser/mod.rs:88:30
[INFO] [stdout]     |
[INFO] [stdout] 88  |       check!($input, call!($f));
[INFO] [stdout]     |                                ^
[INFO] [stdout] ...
[INFO] [stdout] 96  | / named!(word<CompleteByteSlice, Token>,
[INFO] [stdout] 97  | |     do_parse!(
[INFO] [stdout] 98  | |         letter: map_res!(
[INFO] [stdout] 99  | |               flat_map!(take!(1), check!(is_alphabetic)),
[INFO] [stdout] ...   |
[INFO] [stdout] 107 | | );
[INFO] [stdout]     | |_- in this macro invocation
[INFO] [stdout]     |
[INFO] [stdout]     = warning: this was previously accepted by the compiler but is being phased out; it will become a hard error in a future release!
[INFO] [stdout]     = note: for more information, see issue #79813 <https://github.com/rust-lang/rust/issues/79813>
[INFO] [stdout]     = note: macro invocations at the end of a block are treated as expressions
[INFO] [stdout]     = note: to ignore the value produced by the macro, add a semicolon after the invocation of `check`
[INFO] [stdout]     = note: `#[warn(semicolon_in_expressions_from_macros)]` on by default
[INFO] [stdout]     = note: this warning originates in the macro `check` which comes from the expansion of the macro `named` (in Nightly builds, run with -Z macro-backtrace for more info)
[INFO] [stdout] 
[INFO] [stdout] 
[INFO] [stdout] warning: unused attribute
[INFO] [stdout]  --> src/main.rs:3:1
[INFO] [stdout]   |
[INFO] [stdout] 3 | #[macro_use]
[INFO] [stdout]   | ^^^^^^^^^^^^ help: remove this attribute
[INFO] [stdout]   |
[INFO] [stdout] note: attribute also specified here
[INFO] [stdout]  --> src/main.rs:2:1
[INFO] [stdout]   |
[INFO] [stdout] 2 | #[macro_use]
[INFO] [stdout]   | ^^^^^^^^^^^^
[INFO] [stdout]   = note: `#[warn(unused_attributes)]` on by default
[INFO] [stdout] 
[INFO] [stdout] 
[INFO] [stdout] warning: multiple variants are never constructed
[INFO] [stdout]   --> src/parser/mod.rs:15:5
[INFO] [stdout]    |
[INFO] [stdout] 14 | pub enum Token {
[INFO] [stdout]    |          ----- variants in this enum
[INFO] [stdout] 15 |     GreaterThan,
[INFO] [stdout]    |     ^^^^^^^^^^^
[INFO] [stdout] 16 |     LessThan,
[INFO] [stdout]    |     ^^^^^^^^
[INFO] [stdout] 17 |     DoubleLessThan,
[INFO] [stdout]    |     ^^^^^^^^^^^^^^
[INFO] [stdout] 18 |     DoubleGreaterThan,
[INFO] [stdout]    |     ^^^^^^^^^^^^^^^^^
[INFO] [stdout] 19 |     LessThanAmp,
[INFO] [stdout]    |     ^^^^^^^^^^^
[INFO] [stdout] 20 |     GreaterThanAmp,
[INFO] [stdout]    |     ^^^^^^^^^^^^^^
[INFO] [stdout] 21 |     Minus,
[INFO] [stdout]    |     ^^^^^
[INFO] [stdout] 22 |     LessLessMinus,
[INFO] [stdout]    |     ^^^^^^^^^^^^^
[INFO] [stdout] 23 |     LessGreater,
[INFO] [stdout]    |     ^^^^^^^^^^^
[INFO] [stdout] 24 |     GreaterPipe,
[INFO] [stdout]    |     ^^^^^^^^^^^
[INFO] [stdout] 25 |     Pipe,
[INFO] [stdout]    |     ^^^^
[INFO] [stdout] 26 |     DoublePipe,
[INFO] [stdout]    |     ^^^^^^^^^^
[INFO] [stdout] 27 |     LParen,
[INFO] [stdout]    |     ^^^^^^
[INFO] [stdout] 28 |     RParen,
[INFO] [stdout]    |     ^^^^^^
[INFO] [stdout] 29 |     LBrace,
[INFO] [stdout]    |     ^^^^^^
[INFO] [stdout] 30 |     RBrace,
[INFO] [stdout]    |     ^^^^^^
[INFO] [stdout] 31 |     SemiColon,
[INFO] [stdout]    |     ^^^^^^^^^
[INFO] [stdout] 32 |     DoubleSemiColon,
[INFO] [stdout]    |     ^^^^^^^^^^^^^^^
[INFO] [stdout] 33 |     LBracket,
[INFO] [stdout]    |     ^^^^^^^^
[INFO] [stdout] 34 |     RBracket,
[INFO] [stdout]    |     ^^^^^^^^
[INFO] [stdout] 35 |     Ampersand,
[INFO] [stdout]    |     ^^^^^^^^^
[INFO] [stdout] 36 |     DoubleAmpersand,
[INFO] [stdout]    |     ^^^^^^^^^^^^^^^
[INFO] [stdout] 37 |     ExclamationMark,
[INFO] [stdout]    |     ^^^^^^^^^^^^^^^
[INFO] [stdout] 38 |     If,
[INFO] [stdout]    |     ^^
[INFO] [stdout] 39 |     Then,
[INFO] [stdout]    |     ^^^^
[INFO] [stdout] 40 |     Else,
[INFO] [stdout]    |     ^^^^
[INFO] [stdout] 41 |     ElIf,
[INFO] [stdout]    |     ^^^^
[INFO] [stdout] 42 |     EndIf,
[INFO] [stdout]    |     ^^^^^
[INFO] [stdout] 43 |     For,
[INFO] [stdout]    |     ^^^
[INFO] [stdout] 44 |     Do,
[INFO] [stdout]    |     ^^
[INFO] [stdout] 45 |     Done,
[INFO] [stdout]    |     ^^^^
[INFO] [stdout] 46 |     Case,
[INFO] [stdout]    |     ^^^^
[INFO] [stdout] 47 |     Esac,
[INFO] [stdout]    |     ^^^^
[INFO] [stdout] 48 |     While,
[INFO] [stdout]    |     ^^^^^
[INFO] [stdout] 49 |     Until,
[INFO] [stdout]    |     ^^^^^
[INFO] [stdout] 50 |     Function,
[INFO] [stdout]    |     ^^^^^^^^
[INFO] [stdout] 51 |     Select,
[INFO] [stdout]    |     ^^^^^^
[INFO] [stdout] 52 |     Equals,
[INFO] [stdout]    |     ^^^^^^
[INFO] [stdout] 53 |     Word(String),
[INFO] [stdout]    |     ^^^^
[INFO] [stdout] 54 |     Number(String),
[INFO] [stdout]    |     ^^^^^^
[INFO] [stdout] 55 |     StringLiteral(String),
[INFO] [stdout]    |     ^^^^^^^^^^^^^
[INFO] [stdout] 56 |     Variable(String),
[INFO] [stdout]    |     ^^^^^^^^
[INFO] [stdout] 57 |     Illegal,
[INFO] [stdout]    |     ^^^^^^^
[INFO] [stdout] 58 |     EOF,
[INFO] [stdout]    |     ^^^
[INFO] [stdout]    |
[INFO] [stdout]    = note: `Token` has derived impls for the traits `Clone` and `Debug`, but these are intentionally ignored during dead code analysis
[INFO] [stdout]    = note: `#[warn(dead_code)]` on by default
[INFO] [stdout] 
[INFO] [stdout] 
[INFO] [stdout] warning: function `is_alpha_or_underscore` is never used
[INFO] [stdout]   --> src/parser/mod.rs:61:4
[INFO] [stdout]    |
[INFO] [stdout] 61 | fn is_alpha_or_underscore(c: u8) -> bool {
[INFO] [stdout]    |    ^^^^^^^^^^^^^^^^^^^^^^
[INFO] [stdout] 
[INFO] [stdout] 
[INFO] [stdout] warning: function `complete_byte_slice_str_from_utf8` is never used
[INFO] [stdout]   --> src/parser/mod.rs:92:4
[INFO] [stdout]    |
[INFO] [stdout] 92 | fn complete_byte_slice_str_from_utf8(c: CompleteByteSlice) -> Result<CompleteStr, str::Utf8Error> {
[INFO] [stdout]    |    ^^^^^^^^^^^^^^^^^^^^^^^^^^^^^^^^^
[INFO] [stdout] 
[INFO] [stdout] 
[INFO] [stdout] warning: function `to_variable` is never used
[INFO] [stdout]    --> src/parser/mod.rs:124:4
[INFO] [stdout]     |
[INFO] [stdout] 124 | fn to_variable(token: Token) -> Token {
[INFO] [stdout]     |    ^^^^^^^^^^^
[INFO] [stdout] 
[INFO] [stdout] 
[INFO] [stdout] warning: function `parse_str` is never used
[INFO] [stdout]    --> src/parser/mod.rs:138:4
[INFO] [stdout]     |
[INFO] [stdout] 138 | fn parse_str(str_slice: CompleteByteSlice) -> Token {
[INFO] [stdout]     |    ^^^^^^^^^
[INFO] [stdout] 
[INFO] [stdout] 
[INFO] [stdout] warning: function `parse_reserved` is never used
[INFO] [stdout]    --> src/parser/mod.rs:148:4
[INFO] [stdout]     |
[INFO] [stdout] 148 | fn parse_reserved(letter: CompleteStr, rest: Option<CompleteStr>) -> Token {
[INFO] [stdout]     |    ^^^^^^^^^^^^^^
[INFO] [stdout] 
[INFO] [stdout] 
[INFO] [stdout] warning: struct `Lexer` is never constructed
[INFO] [stdout]    --> src/parser/mod.rs:324:12
[INFO] [stdout]     |
[INFO] [stdout] 324 | pub struct Lexer;
[INFO] [stdout]     |            ^^^^^
[INFO] [stdout] 
[INFO] [stdout] 
[INFO] [stdout] warning: associated function `lex_tokens` is never used
[INFO] [stdout]    --> src/parser/mod.rs:327:12
[INFO] [stdout]     |
[INFO] [stdout] 326 | impl Lexer {
[INFO] [stdout]     | ---------- associated function in this implementation
[INFO] [stdout] 327 |     pub fn lex_tokens(bytes: &[u8]) -> IResult<CompleteByteSlice, Vec<Token>> {
[INFO] [stdout]     |            ^^^^^^^^^^
[INFO] [stdout] 
[INFO] [stdout] 
[INFO] [stderr]     Finished `dev` profile [unoptimized + debuginfo] target(s) in 18.87s
[INFO] [stderr] warning: the following packages contain code that will be rejected by a future version of Rust: bitflags v0.4.0, nom v4.0.0, rshell v0.1.0 (/opt/rustwide/workdir)
[INFO] [stderr] note: to see what the problems were, use the option `--future-incompat-report`, or run `cargo report future-incompatibilities --id 1`
[INFO] running `Command { std: "docker" "inspect" "a418f6b5ee8e5e8a2c0a3b57cf3290ac39c0efaa7c81bd25f4f5e5f30482e8c4", kill_on_drop: false }`
[INFO] running `Command { std: "docker" "rm" "-f" "a418f6b5ee8e5e8a2c0a3b57cf3290ac39c0efaa7c81bd25f4f5e5f30482e8c4", kill_on_drop: false }`
[INFO] [stdout] a418f6b5ee8e5e8a2c0a3b57cf3290ac39c0efaa7c81bd25f4f5e5f30482e8c4
[INFO] running `Command { std: "docker" "create" "-v" "/var/lib/crater-agent-workspace/builds/worker-3-tc1/target:/opt/rustwide/target:rw,Z" "-v" "/var/lib/crater-agent-workspace/builds/worker-3-tc1/source:/opt/rustwide/workdir:ro,Z" "-v" "/var/lib/crater-agent-workspace/cargo-home:/opt/rustwide/cargo-home:ro,Z" "-v" "/var/lib/crater-agent-workspace/rustup-home:/opt/rustwide/rustup-home:ro,Z" "-e" "SOURCE_DIR=/opt/rustwide/workdir" "-e" "CARGO_TARGET_DIR=/opt/rustwide/target" "-e" "CARGO_INCREMENTAL=0" "-e" "RUST_BACKTRACE=full" "-e" "RUSTFLAGS=--cap-lints=forbid" "-e" "RUSTDOCFLAGS=--cap-lints=forbid" "-e" "CARGO_HOME=/opt/rustwide/cargo-home" "-e" "RUSTUP_HOME=/opt/rustwide/rustup-home" "-w" "/opt/rustwide/workdir" "-m" "1610612736" "--user" "0:0" "--network" "none" "ghcr.io/rust-lang/crates-build-env/linux@sha256:819108c5571ea2e421544af4d832f968d213c87fbe3707a016657f43d2f853bc" "/opt/rustwide/cargo-home/bin/cargo" "+nightly-2025-01-18" "test" "--frozen" "--no-run" "--message-format=json", kill_on_drop: false }`
[INFO] [stdout] 01c82df0a12b25ddd044cbf779fb5be506e186f8bb8ddc75ce6d66e9beef55cc
[INFO] running `Command { std: "docker" "start" "-a" "01c82df0a12b25ddd044cbf779fb5be506e186f8bb8ddc75ce6d66e9beef55cc", kill_on_drop: false }`
[INFO] [stderr] warning: no edition set: defaulting to the 2015 edition while the latest is 2024
[INFO] [stderr]    Compiling rshell v0.1.0 (/opt/rustwide/workdir)
[INFO] [stdout] warning: trailing semicolon in macro used in expression position
[INFO] [stdout]    --> src/parser/mod.rs:88:30
[INFO] [stdout]     |
[INFO] [stdout] 88  |       check!($input, call!($f));
[INFO] [stdout]     |                                ^
[INFO] [stdout] ...
[INFO] [stdout] 96  | / named!(word<CompleteByteSlice, Token>,
[INFO] [stdout] 97  | |     do_parse!(
[INFO] [stdout] 98  | |         letter: map_res!(
[INFO] [stdout] 99  | |               flat_map!(take!(1), check!(is_alphabetic)),
[INFO] [stdout] ...   |
[INFO] [stdout] 107 | | );
[INFO] [stdout]     | |_- in this macro invocation
[INFO] [stdout]     |
[INFO] [stdout]     = warning: this was previously accepted by the compiler but is being phased out; it will become a hard error in a future release!
[INFO] [stdout]     = note: for more information, see issue #79813 <https://github.com/rust-lang/rust/issues/79813>
[INFO] [stdout]     = note: macro invocations at the end of a block are treated as expressions
[INFO] [stdout]     = note: to ignore the value produced by the macro, add a semicolon after the invocation of `check`
[INFO] [stdout]     = note: `#[warn(semicolon_in_expressions_from_macros)]` on by default
[INFO] [stdout]     = note: this warning originates in the macro `check` which comes from the expansion of the macro `named` (in Nightly builds, run with -Z macro-backtrace for more info)
[INFO] [stdout] 
[INFO] [stdout] 
[INFO] [stdout] warning: unused attribute
[INFO] [stdout]  --> src/main.rs:3:1
[INFO] [stdout]   |
[INFO] [stdout] 3 | #[macro_use]
[INFO] [stdout]   | ^^^^^^^^^^^^ help: remove this attribute
[INFO] [stdout]   |
[INFO] [stdout] note: attribute also specified here
[INFO] [stdout]  --> src/main.rs:2:1
[INFO] [stdout]   |
[INFO] [stdout] 2 | #[macro_use]
[INFO] [stdout]   | ^^^^^^^^^^^^
[INFO] [stdout]   = note: `#[warn(unused_attributes)]` on by default
[INFO] [stdout] 
[INFO] [stdout] 
[INFO] [stdout] warning: unused `Result` that must be used
[INFO] [stdout]    --> src/parser/mod.rs:411:5
[INFO] [stdout]     |
[INFO] [stdout] 411 |     f.read_to_end(&mut buf);
[INFO] [stdout]     |     ^^^^^^^^^^^^^^^^^^^^^^^
[INFO] [stdout]     |
[INFO] [stdout]     = note: this `Result` may be an `Err` variant, which should be handled
[INFO] [stdout]     = note: `#[warn(unused_must_use)]` on by default
[INFO] [stdout] help: use `let _ = ...` to ignore the resulting value
[INFO] [stdout]     |
[INFO] [stdout] 411 |     let _ = f.read_to_end(&mut buf);
[INFO] [stdout]     |     +++++++
[INFO] [stdout] 
[INFO] [stdout] 
[INFO] [stderr]     Finished `test` profile [unoptimized + debuginfo] target(s) in 0.91s
[INFO] [stderr] warning: the following packages contain code that will be rejected by a future version of Rust: bitflags v0.4.0, nom v4.0.0, rshell v0.1.0 (/opt/rustwide/workdir)
[INFO] [stderr] note: to see what the problems were, use the option `--future-incompat-report`, or run `cargo report future-incompatibilities --id 1`
[INFO] running `Command { std: "docker" "inspect" "01c82df0a12b25ddd044cbf779fb5be506e186f8bb8ddc75ce6d66e9beef55cc", kill_on_drop: false }`
[INFO] running `Command { std: "docker" "rm" "-f" "01c82df0a12b25ddd044cbf779fb5be506e186f8bb8ddc75ce6d66e9beef55cc", kill_on_drop: false }`
[INFO] [stdout] 01c82df0a12b25ddd044cbf779fb5be506e186f8bb8ddc75ce6d66e9beef55cc
[INFO] running `Command { std: "docker" "create" "-v" "/var/lib/crater-agent-workspace/builds/worker-3-tc1/target:/opt/rustwide/target:rw,Z" "-v" "/var/lib/crater-agent-workspace/builds/worker-3-tc1/source:/opt/rustwide/workdir:ro,Z" "-v" "/var/lib/crater-agent-workspace/cargo-home:/opt/rustwide/cargo-home:ro,Z" "-v" "/var/lib/crater-agent-workspace/rustup-home:/opt/rustwide/rustup-home:ro,Z" "-e" "SOURCE_DIR=/opt/rustwide/workdir" "-e" "CARGO_TARGET_DIR=/opt/rustwide/target" "-e" "CARGO_INCREMENTAL=0" "-e" "RUST_BACKTRACE=full" "-e" "RUSTFLAGS=--cap-lints=forbid" "-e" "RUSTDOCFLAGS=--cap-lints=forbid" "-e" "CARGO_HOME=/opt/rustwide/cargo-home" "-e" "RUSTUP_HOME=/opt/rustwide/rustup-home" "-w" "/opt/rustwide/workdir" "-m" "1610612736" "--user" "0:0" "--network" "none" "ghcr.io/rust-lang/crates-build-env/linux@sha256:819108c5571ea2e421544af4d832f968d213c87fbe3707a016657f43d2f853bc" "/opt/rustwide/cargo-home/bin/cargo" "+nightly-2025-01-18" "test" "--frozen", kill_on_drop: false }`
[INFO] [stdout] fbebaa42c66331f8eee9ade0ce2b148ba51f4119469a2d50626bc1ef8d0797d2
[INFO] running `Command { std: "docker" "start" "-a" "fbebaa42c66331f8eee9ade0ce2b148ba51f4119469a2d50626bc1ef8d0797d2", kill_on_drop: false }`
[INFO] [stderr] warning: no edition set: defaulting to the 2015 edition while the latest is 2024
[INFO] [stderr] warning: trailing semicolon in macro used in expression position
[INFO] [stderr]    --> src/parser/mod.rs:88:30
[INFO] [stderr]     |
[INFO] [stderr] 88  |       check!($input, call!($f));
[INFO] [stderr]     |                                ^
[INFO] [stderr] ...
[INFO] [stderr] 96  | / named!(word<CompleteByteSlice, Token>,
[INFO] [stderr] 97  | |     do_parse!(
[INFO] [stderr] 98  | |         letter: map_res!(
[INFO] [stderr] 99  | |               flat_map!(take!(1), check!(is_alphabetic)),
[INFO] [stderr] ...   |
[INFO] [stderr] 107 | | );
[INFO] [stderr]     | |_- in this macro invocation
[INFO] [stderr]     |
[INFO] [stderr]     = warning: this was previously accepted by the compiler but is being phased out; it will become a hard error in a future release!
[INFO] [stderr]     = note: for more information, see issue #79813 <https://github.com/rust-lang/rust/issues/79813>
[INFO] [stderr]     = note: macro invocations at the end of a block are treated as expressions
[INFO] [stderr]     = note: to ignore the value produced by the macro, add a semicolon after the invocation of `check`
[INFO] [stderr]     = note: `#[warn(semicolon_in_expressions_from_macros)]` on by default
[INFO] [stderr]     = note: this warning originates in the macro `check` which comes from the expansion of the macro `named` (in Nightly builds, run with -Z macro-backtrace for more info)
[INFO] [stderr] 
[INFO] [stderr] warning: unused attribute
[INFO] [stderr]  --> src/main.rs:3:1
[INFO] [stderr]   |
[INFO] [stderr] 3 | #[macro_use]
[INFO] [stderr]   | ^^^^^^^^^^^^ help: remove this attribute
[INFO] [stderr]   |
[INFO] [stderr] note: attribute also specified here
[INFO] [stderr]  --> src/main.rs:2:1
[INFO] [stderr]   |
[INFO] [stderr] 2 | #[macro_use]
[INFO] [stderr]   | ^^^^^^^^^^^^
[INFO] [stderr]   = note: `#[warn(unused_attributes)]` on by default
[INFO] [stderr] 
[INFO] [stderr] warning: unused `Result` that must be used
[INFO] [stderr]    --> src/parser/mod.rs:411:5
[INFO] [stderr]     |
[INFO] [stderr] 411 |     f.read_to_end(&mut buf);
[INFO] [stderr]     |     ^^^^^^^^^^^^^^^^^^^^^^^
[INFO] [stderr]     |
[INFO] [stderr]     = note: this `Result` may be an `Err` variant, which should be handled
[INFO] [stderr]     = note: `#[warn(unused_must_use)]` on by default
[INFO] [stderr] help: use `let _ = ...` to ignore the resulting value
[INFO] [stderr]     |
[INFO] [stderr] 411 |     let _ = f.read_to_end(&mut buf);
[INFO] [stderr]     |     +++++++
[INFO] [stderr] 
[INFO] [stderr] warning: `rshell` (bin "rshell" test) generated 3 warnings (run `cargo fix --bin "rshell" --tests` to apply 1 suggestion)
[INFO] [stderr]     Finished `test` profile [unoptimized + debuginfo] target(s) in 0.04s
[INFO] [stderr] warning: the following packages contain code that will be rejected by a future version of Rust: bitflags v0.4.0, nom v4.0.0, rshell v0.1.0 (/opt/rustwide/workdir)
[INFO] [stderr] note: to see what the problems were, use the option `--future-incompat-report`, or run `cargo report future-incompatibilities --id 1`
[INFO] [stderr]      Running unittests src/main.rs (/opt/rustwide/target/debug/deps/rshell-048286e839e2bbe6)
[INFO] [stdout] 
[INFO] [stdout] running 9 tests
[INFO] [stdout] test parser::rcommand::tests::background_parse_test ... ok
[INFO] [stdout] test parser::rcommand::tests::empty_cmd_test ... ok
[INFO] [stdout] test parser::rcommand::tests::parse_test ... ok
[INFO] [stdout] test parser::test_number ... ok
[INFO] [stdout] test parser::test_simple_tokens ... ok
[INFO] [stdout] test parser::test_real_world_bash_file ... ok
[INFO] [stdout] test parser::test_word ... ok
[INFO] [stdout] test parser::test_assign_example ... FAILED
[INFO] [stdout] test parser::test_comment ... FAILED
[INFO] [stdout] 
[INFO] [stdout] failures:
[INFO] [stdout] 
[INFO] [stdout] ---- parser::test_assign_example stdout ----
[INFO] [stdout] 
[INFO] [stdout] thread 'parser::test_assign_example' panicked at src/parser/mod.rs:399:5:
[INFO] [stdout] assertion `left == right` failed
[INFO] [stdout]   left: [Word("STRING"), Equals, StringLiteral("HELLO WORLD!!!"), Word("echo"), Variable("STRING"), Illegal, Number("0"), EOF]
[INFO] [stdout]  right: [Word("STRING"), Equals, StringLiteral("HELLO WORLD!!!"), Word("echo"), Variable("STRING"), Variable("0"), EOF]
[INFO] [stdout] stack backtrace:
[INFO] [stdout]    0:     0x63e248bcd2ea - std::backtrace_rs::backtrace::libunwind::trace::hb059275cfc8d6126
[INFO] [stdout]                                at /rustc/6067b36314ab5eb2eb47cecc464545ba58e1ad24/library/std/src/../../backtrace/src/backtrace/libunwind.rs:116:5
[INFO] [stdout]    1:     0x63e248bcd2ea - std::backtrace_rs::backtrace::trace_unsynchronized::h2da071e4327ce3ee
[INFO] [stdout]                                at /rustc/6067b36314ab5eb2eb47cecc464545ba58e1ad24/library/std/src/../../backtrace/src/backtrace/mod.rs:66:5
[INFO] [stdout]    2:     0x63e248bcd2ea - std::sys::backtrace::_print_fmt::h842a1474e6f8d23f
[INFO] [stdout]                                at /rustc/6067b36314ab5eb2eb47cecc464545ba58e1ad24/library/std/src/sys/backtrace.rs:66:9
[INFO] [stdout]    3:     0x63e248bcd2ea - <std::sys::backtrace::BacktraceLock::print::DisplayBacktrace as core::fmt::Display>::fmt::h71a62eb3b9696b12
[INFO] [stdout]                                at /rustc/6067b36314ab5eb2eb47cecc464545ba58e1ad24/library/std/src/sys/backtrace.rs:39:26
[INFO] [stdout]    4:     0x63e248bf4923 - core::fmt::rt::Argument::fmt::hdb6b616786b41dc1
[INFO] [stderr] error: test failed, to rerun pass `--bin rshell`
[INFO] [stdout]                                at /rustc/6067b36314ab5eb2eb47cecc464545ba58e1ad24/library/core/src/fmt/rt.rs:177:76
[INFO] [stdout]    5:     0x63e248bf4923 - core::fmt::write::h2cc1698af7e2d686
[INFO] [stdout]                                at /rustc/6067b36314ab5eb2eb47cecc464545ba58e1ad24/library/core/src/fmt/mod.rs:1440:21
[INFO] [stdout]    6:     0x63e248bc9e43 - std::io::Write::write_fmt::hab1b4cd059a79022
[INFO] [stdout]                                at /rustc/6067b36314ab5eb2eb47cecc464545ba58e1ad24/library/std/src/io/mod.rs:1887:15
[INFO] [stdout]    7:     0x63e248bcd132 - std::sys::backtrace::BacktraceLock::print::h147fe35b4ea13b08
[INFO] [stdout]                                at /rustc/6067b36314ab5eb2eb47cecc464545ba58e1ad24/library/std/src/sys/backtrace.rs:42:9
[INFO] [stdout]    8:     0x63e248bce70f - std::panicking::default_hook::{{closure}}::hbd44223dbdc0d208
[INFO] [stdout]                                at /rustc/6067b36314ab5eb2eb47cecc464545ba58e1ad24/library/std/src/panicking.rs:298:22
[INFO] [stdout]    9:     0x63e248bce528 - std::panicking::default_hook::h20f81eb0576efcec
[INFO] [stdout]                                at /rustc/6067b36314ab5eb2eb47cecc464545ba58e1ad24/library/std/src/panicking.rs:322:9
[INFO] [stdout]   10:     0x63e248b91233 - <alloc::boxed::Box<F,A> as core::ops::function::Fn<Args>>::call::hdb53814c496a4d34
[INFO] [stdout]                                at /rustc/6067b36314ab5eb2eb47cecc464545ba58e1ad24/library/alloc/src/boxed.rs:2027:9
[INFO] [stdout]   11:     0x63e248b91233 - test::test_main::{{closure}}::hc0a4963c59427c24
[INFO] [stdout]                                at /rustc/6067b36314ab5eb2eb47cecc464545ba58e1ad24/library/test/src/lib.rs:134:21
[INFO] [stdout]   12:     0x63e248bcf203 - <alloc::boxed::Box<F,A> as core::ops::function::Fn<Args>>::call::h591b2225413a77e9
[INFO] [stdout]                                at /rustc/6067b36314ab5eb2eb47cecc464545ba58e1ad24/library/alloc/src/boxed.rs:2027:9
[INFO] [stdout]   13:     0x63e248bcf203 - std::panicking::rust_panic_with_hook::h625eea43051b2edc
[INFO] [stdout]                                at /rustc/6067b36314ab5eb2eb47cecc464545ba58e1ad24/library/std/src/panicking.rs:839:13
[INFO] [stdout]   14:     0x63e248bceeba - std::panicking::begin_panic_handler::{{closure}}::h4f9159cfbc3f6bd3
[INFO] [stdout]                                at /rustc/6067b36314ab5eb2eb47cecc464545ba58e1ad24/library/std/src/panicking.rs:704:13
[INFO] [stdout]   15:     0x63e248bcd7e9 - std::sys::backtrace::__rust_end_short_backtrace::h0390abce48353151
[INFO] [stdout]                                at /rustc/6067b36314ab5eb2eb47cecc464545ba58e1ad24/library/std/src/sys/backtrace.rs:168:18
[INFO] [stdout]   16:     0x63e248bceb4d - rust_begin_unwind
[INFO] [stdout]                                at /rustc/6067b36314ab5eb2eb47cecc464545ba58e1ad24/library/std/src/panicking.rs:695:5
[INFO] [stdout]   17:     0x63e248bf3330 - core::panicking::panic_fmt::h9e7c637e9e5f29c9
[INFO] [stdout]                                at /rustc/6067b36314ab5eb2eb47cecc464545ba58e1ad24/library/core/src/panicking.rs:75:14
[INFO] [stdout]   18:     0x63e248bf36f2 - core::panicking::assert_failed_inner::h538bec7c1374cd9c
[INFO] [stdout]   19:     0x63e248b54fa0 - core::panicking::assert_failed::h764a7eac7d60d886
[INFO] [stdout]                                at /rustc/6067b36314ab5eb2eb47cecc464545ba58e1ad24/library/core/src/panicking.rs:364:5
[INFO] [stdout]   20:     0x63e248b4bacf - rshell::parser::test_assign_example::hb5fe0ad607dc27b5
[INFO] [stdout]                                at /opt/rustwide/workdir/src/parser/mod.rs:399:5
[INFO] [stdout]   21:     0x63e248b4b567 - rshell::parser::test_assign_example::{{closure}}::h75e66be8070427c3
[INFO] [stdout]                                at /opt/rustwide/workdir/src/parser/mod.rs:384:25
[INFO] [stdout]   22:     0x63e248b4d836 - core::ops::function::FnOnce::call_once::h2141093312f6de37
[INFO] [stdout]                                at /rustc/6067b36314ab5eb2eb47cecc464545ba58e1ad24/library/core/src/ops/function.rs:250:5
[INFO] [stdout]   23:     0x63e248b9698b - core::ops::function::FnOnce::call_once::he27718dfdd183f43
[INFO] [stdout]                                at /rustc/6067b36314ab5eb2eb47cecc464545ba58e1ad24/library/core/src/ops/function.rs:250:5
[INFO] [stdout]   24:     0x63e248b9698b - test::__rust_begin_short_backtrace::h4e84902998457a5d
[INFO] [stdout]                                at /rustc/6067b36314ab5eb2eb47cecc464545ba58e1ad24/library/test/src/lib.rs:632:18
[INFO] [stdout]   25:     0x63e248b958c3 - test::run_test_in_process::{{closure}}::h7176fd18fc1feca0
[INFO] [stdout]                                at /rustc/6067b36314ab5eb2eb47cecc464545ba58e1ad24/library/test/src/lib.rs:655:60
[INFO] [stdout]   26:     0x63e248b958c3 - <core::panic::unwind_safe::AssertUnwindSafe<F> as core::ops::function::FnOnce<()>>::call_once::hf79cff2a624d8cf7
[INFO] [stdout]                                at /rustc/6067b36314ab5eb2eb47cecc464545ba58e1ad24/library/core/src/panic/unwind_safe.rs:272:9
[INFO] [stdout]   27:     0x63e248b958c3 - std::panicking::try::do_call::h3da0561d9ab99c25
[INFO] [stdout]                                at /rustc/6067b36314ab5eb2eb47cecc464545ba58e1ad24/library/std/src/panicking.rs:587:40
[INFO] [stdout]   28:     0x63e248b958c3 - std::panicking::try::h41c9fa508bc61df6
[INFO] [stdout]                                at /rustc/6067b36314ab5eb2eb47cecc464545ba58e1ad24/library/std/src/panicking.rs:550:19
[INFO] [stdout]   29:     0x63e248b958c3 - std::panic::catch_unwind::h6b3ff07bb5afad93
[INFO] [stdout]                                at /rustc/6067b36314ab5eb2eb47cecc464545ba58e1ad24/library/std/src/panic.rs:358:14
[INFO] [stdout]   30:     0x63e248b958c3 - test::run_test_in_process::hc7253dd11b39b9f4
[INFO] [stdout]                                at /rustc/6067b36314ab5eb2eb47cecc464545ba58e1ad24/library/test/src/lib.rs:655:27
[INFO] [stdout]   31:     0x63e248b958c3 - test::run_test::{{closure}}::hfb2007f8649c30bb
[INFO] [stdout]                                at /rustc/6067b36314ab5eb2eb47cecc464545ba58e1ad24/library/test/src/lib.rs:576:43
[INFO] [stdout]   32:     0x63e248b589a5 - test::run_test::{{closure}}::h56a17aa7a282a9f4
[INFO] [stdout]                                at /rustc/6067b36314ab5eb2eb47cecc464545ba58e1ad24/library/test/src/lib.rs:606:41
[INFO] [stdout]   33:     0x63e248b589a5 - std::sys::backtrace::__rust_begin_short_backtrace::hd2d2d2fb8e8c6aac
[INFO] [stdout]                                at /rustc/6067b36314ab5eb2eb47cecc464545ba58e1ad24/library/std/src/sys/backtrace.rs:152:18
[INFO] [stdout]   34:     0x63e248b5c28a - std::thread::Builder::spawn_unchecked_::{{closure}}::{{closure}}::h4faa3f9db6133423
[INFO] [stdout]                                at /rustc/6067b36314ab5eb2eb47cecc464545ba58e1ad24/library/std/src/thread/mod.rs:559:17
[INFO] [stdout]   35:     0x63e248b5c28a - <core::panic::unwind_safe::AssertUnwindSafe<F> as core::ops::function::FnOnce<()>>::call_once::hf2e855a36a4ea846
[INFO] [stdout]                                at /rustc/6067b36314ab5eb2eb47cecc464545ba58e1ad24/library/core/src/panic/unwind_safe.rs:272:9
[INFO] [stdout]   36:     0x63e248b5c28a - std::panicking::try::do_call::h2f73af3616c35465
[INFO] [stdout]                                at /rustc/6067b36314ab5eb2eb47cecc464545ba58e1ad24/library/std/src/panicking.rs:587:40
[INFO] [stdout]   37:     0x63e248b5c28a - std::panicking::try::hd1660ce9efadef5a
[INFO] [stdout]                                at /rustc/6067b36314ab5eb2eb47cecc464545ba58e1ad24/library/std/src/panicking.rs:550:19
[INFO] [stdout]   38:     0x63e248b5c28a - std::panic::catch_unwind::h5ee8d7823b8ca744
[INFO] [stdout]                                at /rustc/6067b36314ab5eb2eb47cecc464545ba58e1ad24/library/std/src/panic.rs:358:14
[INFO] [stdout]   39:     0x63e248b5c28a - std::thread::Builder::spawn_unchecked_::{{closure}}::h53c3a1894dce8407
[INFO] [stdout]                                at /rustc/6067b36314ab5eb2eb47cecc464545ba58e1ad24/library/std/src/thread/mod.rs:557:30
[INFO] [stdout]   40:     0x63e248b5c28a - core::ops::function::FnOnce::call_once{{vtable.shim}}::h048ce291ad4f62bf
[INFO] [stdout]                                at /rustc/6067b36314ab5eb2eb47cecc464545ba58e1ad24/library/core/src/ops/function.rs:250:5
[INFO] [stdout]   41:     0x63e248bd314b - <alloc::boxed::Box<F,A> as core::ops::function::FnOnce<Args>>::call_once::ha52bedf99a3b4981
[INFO] [stdout]                                at /rustc/6067b36314ab5eb2eb47cecc464545ba58e1ad24/library/alloc/src/boxed.rs:2013:9
[INFO] [stdout]   42:     0x63e248bd314b - <alloc::boxed::Box<F,A> as core::ops::function::FnOnce<Args>>::call_once::h567748934d80ccf8
[INFO] [stdout]                                at /rustc/6067b36314ab5eb2eb47cecc464545ba58e1ad24/library/alloc/src/boxed.rs:2013:9
[INFO] [stdout]   43:     0x63e248bd314b - std::sys::pal::unix::thread::Thread::new::thread_start::h2d970728ae887adc
[INFO] [stdout]                                at /rustc/6067b36314ab5eb2eb47cecc464545ba58e1ad24/library/std/src/sys/pal/unix/thread.rs:106:17
[INFO] [stdout]   44:     0x716b64a08ac3 - <unknown>
[INFO] [stdout]   45:     0x716b64a99a04 - clone
[INFO] [stdout]   46:                0x0 - <unknown>
[INFO] [stdout] 
[INFO] [stdout] ---- parser::test_comment stdout ----
[INFO] [stdout] 
[INFO] [stdout] thread 'parser::test_comment' panicked at src/parser/mod.rs:371:5:
[INFO] [stdout] assertion `left == right` failed
[INFO] [stdout]   left: [Illegal, Word("asdasd"), Number("123"), Number("0"), EOF]
[INFO] [stdout]  right: [Number("123"), Number("0"), EOF]
[INFO] [stdout] stack backtrace:
[INFO] [stdout]    0:     0x63e248bcd2ea - std::backtrace_rs::backtrace::libunwind::trace::hb059275cfc8d6126
[INFO] [stdout]                                at /rustc/6067b36314ab5eb2eb47cecc464545ba58e1ad24/library/std/src/../../backtrace/src/backtrace/libunwind.rs:116:5
[INFO] [stdout]    1:     0x63e248bcd2ea - std::backtrace_rs::backtrace::trace_unsynchronized::h2da071e4327ce3ee
[INFO] [stdout]                                at /rustc/6067b36314ab5eb2eb47cecc464545ba58e1ad24/library/std/src/../../backtrace/src/backtrace/mod.rs:66:5
[INFO] [stdout]    2:     0x63e248bcd2ea - std::sys::backtrace::_print_fmt::h842a1474e6f8d23f
[INFO] [stdout]                                at /rustc/6067b36314ab5eb2eb47cecc464545ba58e1ad24/library/std/src/sys/backtrace.rs:66:9
[INFO] [stdout]    3:     0x63e248bcd2ea - <std::sys::backtrace::BacktraceLock::print::DisplayBacktrace as core::fmt::Display>::fmt::h71a62eb3b9696b12
[INFO] [stdout]                                at /rustc/6067b36314ab5eb2eb47cecc464545ba58e1ad24/library/std/src/sys/backtrace.rs:39:26
[INFO] [stdout]    4:     0x63e248bf4923 - core::fmt::rt::Argument::fmt::hdb6b616786b41dc1
[INFO] [stdout]                                at /rustc/6067b36314ab5eb2eb47cecc464545ba58e1ad24/library/core/src/fmt/rt.rs:177:76
[INFO] [stdout]    5:     0x63e248bf4923 - core::fmt::write::h2cc1698af7e2d686
[INFO] [stdout]                                at /rustc/6067b36314ab5eb2eb47cecc464545ba58e1ad24/library/core/src/fmt/mod.rs:1440:21
[INFO] [stdout]    6:     0x63e248bc9e43 - std::io::Write::write_fmt::hab1b4cd059a79022
[INFO] [stdout]                                at /rustc/6067b36314ab5eb2eb47cecc464545ba58e1ad24/library/std/src/io/mod.rs:1887:15
[INFO] [stdout]    7:     0x63e248bcd132 - std::sys::backtrace::BacktraceLock::print::h147fe35b4ea13b08
[INFO] [stdout]                                at /rustc/6067b36314ab5eb2eb47cecc464545ba58e1ad24/library/std/src/sys/backtrace.rs:42:9
[INFO] [stdout]    8:     0x63e248bce70f - std::panicking::default_hook::{{closure}}::hbd44223dbdc0d208
[INFO] [stdout]                                at /rustc/6067b36314ab5eb2eb47cecc464545ba58e1ad24/library/std/src/panicking.rs:298:22
[INFO] [stdout]    9:     0x63e248bce528 - std::panicking::default_hook::h20f81eb0576efcec
[INFO] [stdout]                                at /rustc/6067b36314ab5eb2eb47cecc464545ba58e1ad24/library/std/src/panicking.rs:322:9
[INFO] [stdout]   10:     0x63e248b91233 - <alloc::boxed::Box<F,A> as core::ops::function::Fn<Args>>::call::hdb53814c496a4d34
[INFO] [stdout]                                at /rustc/6067b36314ab5eb2eb47cecc464545ba58e1ad24/library/alloc/src/boxed.rs:2027:9
[INFO] [stdout]   11:     0x63e248b91233 - test::test_main::{{closure}}::hc0a4963c59427c24
[INFO] [stdout]                                at /rustc/6067b36314ab5eb2eb47cecc464545ba58e1ad24/library/test/src/lib.rs:134:21
[INFO] [stdout]   12:     0x63e248bcf203 - <alloc::boxed::Box<F,A> as core::ops::function::Fn<Args>>::call::h591b2225413a77e9
[INFO] [stdout]                                at /rustc/6067b36314ab5eb2eb47cecc464545ba58e1ad24/library/alloc/src/boxed.rs:2027:9
[INFO] [stdout]   13:     0x63e248bcf203 - std::panicking::rust_panic_with_hook::h625eea43051b2edc
[INFO] [stdout]                                at /rustc/6067b36314ab5eb2eb47cecc464545ba58e1ad24/library/std/src/panicking.rs:839:13
[INFO] [stdout]   14:     0x63e248bceeba - std::panicking::begin_panic_handler::{{closure}}::h4f9159cfbc3f6bd3
[INFO] [stdout]                                at /rustc/6067b36314ab5eb2eb47cecc464545ba58e1ad24/library/std/src/panicking.rs:704:13
[INFO] [stdout]   15:     0x63e248bcd7e9 - std::sys::backtrace::__rust_end_short_backtrace::h0390abce48353151
[INFO] [stdout]                                at /rustc/6067b36314ab5eb2eb47cecc464545ba58e1ad24/library/std/src/sys/backtrace.rs:168:18
[INFO] [stdout]   16:     0x63e248bceb4d - rust_begin_unwind
[INFO] [stdout]                                at /rustc/6067b36314ab5eb2eb47cecc464545ba58e1ad24/library/std/src/panicking.rs:695:5
[INFO] [stdout]   17:     0x63e248bf3330 - core::panicking::panic_fmt::h9e7c637e9e5f29c9
[INFO] [stdout]                                at /rustc/6067b36314ab5eb2eb47cecc464545ba58e1ad24/library/core/src/panicking.rs:75:14
[INFO] [stdout]   18:     0x63e248bf36f2 - core::panicking::assert_failed_inner::h538bec7c1374cd9c
[INFO] [stdout]   19:     0x63e248b54fa0 - core::panicking::assert_failed::h764a7eac7d60d886
[INFO] [stdout]                                at /rustc/6067b36314ab5eb2eb47cecc464545ba58e1ad24/library/core/src/panicking.rs:364:5
[INFO] [stdout]   20:     0x63e248b4b229 - rshell::parser::test_comment::h3dbcfdff25d43d90
[INFO] [stdout]                                at /opt/rustwide/workdir/src/parser/mod.rs:371:5
[INFO] [stdout]   21:     0x63e248b4aec7 - rshell::parser::test_comment::{{closure}}::h85bffdf93a4297f0
[INFO] [stdout]                                at /opt/rustwide/workdir/src/parser/mod.rs:362:18
[INFO] [stdout]   22:     0x63e248b4d936 - core::ops::function::FnOnce::call_once::hcdb57be0b8a5cea2
[INFO] [stdout]                                at /rustc/6067b36314ab5eb2eb47cecc464545ba58e1ad24/library/core/src/ops/function.rs:250:5
[INFO] [stdout]   23:     0x63e248b9698b - core::ops::function::FnOnce::call_once::he27718dfdd183f43
[INFO] [stdout]                                at /rustc/6067b36314ab5eb2eb47cecc464545ba58e1ad24/library/core/src/ops/function.rs:250:5
[INFO] [stdout]   24:     0x63e248b9698b - test::__rust_begin_short_backtrace::h4e84902998457a5d
[INFO] [stdout]                                at /rustc/6067b36314ab5eb2eb47cecc464545ba58e1ad24/library/test/src/lib.rs:632:18
[INFO] [stdout]   25:     0x63e248b958c3 - test::run_test_in_process::{{closure}}::h7176fd18fc1feca0
[INFO] [stdout]                                at /rustc/6067b36314ab5eb2eb47cecc464545ba58e1ad24/library/test/src/lib.rs:655:60
[INFO] [stdout]   26:     0x63e248b958c3 - <core::panic::unwind_safe::AssertUnwindSafe<F> as core::ops::function::FnOnce<()>>::call_once::hf79cff2a624d8cf7
[INFO] [stdout]                                at /rustc/6067b36314ab5eb2eb47cecc464545ba58e1ad24/library/core/src/panic/unwind_safe.rs:272:9
[INFO] [stdout]   27:     0x63e248b958c3 - std::panicking::try::do_call::h3da0561d9ab99c25
[INFO] [stdout]                                at /rustc/6067b36314ab5eb2eb47cecc464545ba58e1ad24/library/std/src/panicking.rs:587:40
[INFO] [stdout]   28:     0x63e248b958c3 - std::panicking::try::h41c9fa508bc61df6
[INFO] [stdout]                                at /rustc/6067b36314ab5eb2eb47cecc464545ba58e1ad24/library/std/src/panicking.rs:550:19
[INFO] [stdout]   29:     0x63e248b958c3 - std::panic::catch_unwind::h6b3ff07bb5afad93
[INFO] [stdout]                                at /rustc/6067b36314ab5eb2eb47cecc464545ba58e1ad24/library/std/src/panic.rs:358:14
[INFO] [stdout]   30:     0x63e248b958c3 - test::run_test_in_process::hc7253dd11b39b9f4
[INFO] [stdout]                                at /rustc/6067b36314ab5eb2eb47cecc464545ba58e1ad24/library/test/src/lib.rs:655:27
[INFO] [stdout]   31:     0x63e248b958c3 - test::run_test::{{closure}}::hfb2007f8649c30bb
[INFO] [stdout]                                at /rustc/6067b36314ab5eb2eb47cecc464545ba58e1ad24/library/test/src/lib.rs:576:43
[INFO] [stdout]   32:     0x63e248b589a5 - test::run_test::{{closure}}::h56a17aa7a282a9f4
[INFO] [stdout]                                at /rustc/6067b36314ab5eb2eb47cecc464545ba58e1ad24/library/test/src/lib.rs:606:41
[INFO] [stdout]   33:     0x63e248b589a5 - std::sys::backtrace::__rust_begin_short_backtrace::hd2d2d2fb8e8c6aac
[INFO] [stdout]                                at /rustc/6067b36314ab5eb2eb47cecc464545ba58e1ad24/library/std/src/sys/backtrace.rs:152:18
[INFO] [stdout]   34:     0x63e248b5c28a - std::thread::Builder::spawn_unchecked_::{{closure}}::{{closure}}::h4faa3f9db6133423
[INFO] [stdout]                                at /rustc/6067b36314ab5eb2eb47cecc464545ba58e1ad24/library/std/src/thread/mod.rs:559:17
[INFO] [stdout]   35:     0x63e248b5c28a - <core::panic::unwind_safe::AssertUnwindSafe<F> as core::ops::function::FnOnce<()>>::call_once::hf2e855a36a4ea846
[INFO] [stdout]                                at /rustc/6067b36314ab5eb2eb47cecc464545ba58e1ad24/library/core/src/panic/unwind_safe.rs:272:9
[INFO] [stdout]   36:     0x63e248b5c28a - std::panicking::try::do_call::h2f73af3616c35465
[INFO] [stdout]                                at /rustc/6067b36314ab5eb2eb47cecc464545ba58e1ad24/library/std/src/panicking.rs:587:40
[INFO] [stdout]   37:     0x63e248b5c28a - std::panicking::try::hd1660ce9efadef5a
[INFO] [stdout]                                at /rustc/6067b36314ab5eb2eb47cecc464545ba58e1ad24/library/std/src/panicking.rs:550:19
[INFO] [stdout]   38:     0x63e248b5c28a - std::panic::catch_unwind::h5ee8d7823b8ca744
[INFO] [stdout]                                at /rustc/6067b36314ab5eb2eb47cecc464545ba58e1ad24/library/std/src/panic.rs:358:14
[INFO] [stdout]   39:     0x63e248b5c28a - std::thread::Builder::spawn_unchecked_::{{closure}}::h53c3a1894dce8407
[INFO] [stdout]                                at /rustc/6067b36314ab5eb2eb47cecc464545ba58e1ad24/library/std/src/thread/mod.rs:557:30
[INFO] [stdout]   40:     0x63e248b5c28a - core::ops::function::FnOnce::call_once{{vtable.shim}}::h048ce291ad4f62bf
[INFO] [stdout]                                at /rustc/6067b36314ab5eb2eb47cecc464545ba58e1ad24/library/core/src/ops/function.rs:250:5
[INFO] [stdout]   41:     0x63e248bd314b - <alloc::boxed::Box<F,A> as core::ops::function::FnOnce<Args>>::call_once::ha52bedf99a3b4981
[INFO] [stdout]                                at /rustc/6067b36314ab5eb2eb47cecc464545ba58e1ad24/library/alloc/src/boxed.rs:2013:9
[INFO] [stdout]   42:     0x63e248bd314b - <alloc::boxed::Box<F,A> as core::ops::function::FnOnce<Args>>::call_once::h567748934d80ccf8
[INFO] [stdout]                                at /rustc/6067b36314ab5eb2eb47cecc464545ba58e1ad24/library/alloc/src/boxed.rs:2013:9
[INFO] [stdout]   43:     0x63e248bd314b - std::sys::pal::unix::thread::Thread::new::thread_start::h2d970728ae887adc
[INFO] [stdout]                                at /rustc/6067b36314ab5eb2eb47cecc464545ba58e1ad24/library/std/src/sys/pal/unix/thread.rs:106:17
[INFO] [stdout]   44:     0x716b64a08ac3 - <unknown>
[INFO] [stdout]   45:     0x716b64a99a04 - clone
[INFO] [stdout]   46:                0x0 - <unknown>
[INFO] [stdout] 
[INFO] [stdout] 
[INFO] [stdout] failures:
[INFO] [stdout]     parser::test_assign_example
[INFO] [stdout]     parser::test_comment
[INFO] [stdout] 
[INFO] [stdout] test result: FAILED. 7 passed; 2 failed; 0 ignored; 0 measured; 0 filtered out; finished in 0.05s
[INFO] [stdout] 
[INFO] running `Command { std: "docker" "inspect" "fbebaa42c66331f8eee9ade0ce2b148ba51f4119469a2d50626bc1ef8d0797d2", kill_on_drop: false }`
[INFO] running `Command { std: "docker" "rm" "-f" "fbebaa42c66331f8eee9ade0ce2b148ba51f4119469a2d50626bc1ef8d0797d2", kill_on_drop: false }`
[INFO] [stdout] fbebaa42c66331f8eee9ade0ce2b148ba51f4119469a2d50626bc1ef8d0797d2
