[INFO] cloning repository https://github.com/fcantournet/aoc2024
[INFO] running `Command { std: "git" "-c" "credential.helper=" "-c" "credential.helper=/workspace/cargo-home/bin/git-credential-null" "clone" "--bare" "https://github.com/fcantournet/aoc2024" "/workspace/cache/git-repos/https%3A%2F%2Fgithub.com%2Ffcantournet%2Faoc2024", kill_on_drop: false }`
[INFO] [stderr] Cloning into bare repository '/workspace/cache/git-repos/https%3A%2F%2Fgithub.com%2Ffcantournet%2Faoc2024'...
[INFO] running `Command { std: "git" "rev-parse" "HEAD", kill_on_drop: false }`
[INFO] [stdout] bcd62884596258dfc25a3ce2d9c216108416d904
[INFO] testing fcantournet/aoc2024 against nightly-2025-01-18+rustflags=-Zrandomize-layout for randomize-layout-2
[INFO] running `Command { std: "git" "clone" "/workspace/cache/git-repos/https%3A%2F%2Fgithub.com%2Ffcantournet%2Faoc2024" "/workspace/builds/worker-2-tc2/source", kill_on_drop: false }`
[INFO] [stderr] Cloning into '/workspace/builds/worker-2-tc2/source'...
[INFO] [stderr] done.
[INFO] validating manifest of git repo https://github.com/fcantournet/aoc2024 on toolchain nightly-2025-01-18
[INFO] running `Command { std: CARGO_HOME="/workspace/cargo-home" RUSTUP_HOME="/workspace/rustup-home" "/workspace/cargo-home/bin/cargo" "+nightly-2025-01-18" "metadata" "--manifest-path" "Cargo.toml" "--no-deps", kill_on_drop: false }`
[INFO] removed /workspace/builds/worker-2-tc2/source/.cargo/config.toml
[INFO] started tweaking git repo https://github.com/fcantournet/aoc2024
[INFO] finished tweaking git repo https://github.com/fcantournet/aoc2024
[INFO] tweaked toml for git repo https://github.com/fcantournet/aoc2024 written to /workspace/builds/worker-2-tc2/source/Cargo.toml
[INFO] crate git repo https://github.com/fcantournet/aoc2024 already has a lockfile, it will not be regenerated
[INFO] running `Command { std: CARGO_HOME="/workspace/cargo-home" RUSTUP_HOME="/workspace/rustup-home" "/workspace/cargo-home/bin/cargo" "+nightly-2025-01-18" "fetch" "--manifest-path" "Cargo.toml", kill_on_drop: false }`
[INFO] [stderr]     Blocking waiting for file lock on package cache
[INFO] [stderr]     Blocking waiting for file lock on package cache
[INFO] running `Command { std: "docker" "create" "-v" "/var/lib/crater-agent-workspace/builds/worker-2-tc2/target:/opt/rustwide/target:rw,Z" "-v" "/var/lib/crater-agent-workspace/builds/worker-2-tc2/source:/opt/rustwide/workdir:ro,Z" "-v" "/var/lib/crater-agent-workspace/cargo-home:/opt/rustwide/cargo-home:ro,Z" "-v" "/var/lib/crater-agent-workspace/rustup-home:/opt/rustwide/rustup-home:ro,Z" "-e" "SOURCE_DIR=/opt/rustwide/workdir" "-e" "CARGO_TARGET_DIR=/opt/rustwide/target" "-e" "CARGO_HOME=/opt/rustwide/cargo-home" "-e" "RUSTUP_HOME=/opt/rustwide/rustup-home" "-w" "/opt/rustwide/workdir" "-m" "1610612736" "--user" "0:0" "--network" "none" "ghcr.io/rust-lang/crates-build-env/linux@sha256:819108c5571ea2e421544af4d832f968d213c87fbe3707a016657f43d2f853bc" "/opt/rustwide/cargo-home/bin/cargo" "+nightly-2025-01-18" "metadata" "--no-deps" "--format-version=1", kill_on_drop: false }`
[INFO] [stdout] 320cfe573deb777441a3c3af752b2f48f64f8e2245ab1927e9b0191bcde4af81
[INFO] running `Command { std: "docker" "start" "-a" "320cfe573deb777441a3c3af752b2f48f64f8e2245ab1927e9b0191bcde4af81", kill_on_drop: false }`
[INFO] running `Command { std: "docker" "inspect" "320cfe573deb777441a3c3af752b2f48f64f8e2245ab1927e9b0191bcde4af81", kill_on_drop: false }`
[INFO] running `Command { std: "docker" "rm" "-f" "320cfe573deb777441a3c3af752b2f48f64f8e2245ab1927e9b0191bcde4af81", kill_on_drop: false }`
[INFO] [stdout] 320cfe573deb777441a3c3af752b2f48f64f8e2245ab1927e9b0191bcde4af81
[INFO] running `Command { std: "docker" "create" "-v" "/var/lib/crater-agent-workspace/builds/worker-2-tc2/target:/opt/rustwide/target:rw,Z" "-v" "/var/lib/crater-agent-workspace/builds/worker-2-tc2/source:/opt/rustwide/workdir:ro,Z" "-v" "/var/lib/crater-agent-workspace/cargo-home:/opt/rustwide/cargo-home:ro,Z" "-v" "/var/lib/crater-agent-workspace/rustup-home:/opt/rustwide/rustup-home:ro,Z" "-e" "SOURCE_DIR=/opt/rustwide/workdir" "-e" "CARGO_TARGET_DIR=/opt/rustwide/target" "-e" "CARGO_INCREMENTAL=0" "-e" "RUST_BACKTRACE=full" "-e" "RUSTFLAGS=--cap-lints=forbid -Zrandomize-layout" "-e" "RUSTDOCFLAGS=--cap-lints=forbid" "-e" "CARGO_HOME=/opt/rustwide/cargo-home" "-e" "RUSTUP_HOME=/opt/rustwide/rustup-home" "-w" "/opt/rustwide/workdir" "-m" "1610612736" "--user" "0:0" "--network" "none" "ghcr.io/rust-lang/crates-build-env/linux@sha256:819108c5571ea2e421544af4d832f968d213c87fbe3707a016657f43d2f853bc" "/opt/rustwide/cargo-home/bin/cargo" "+nightly-2025-01-18" "build" "--frozen" "--message-format=json", kill_on_drop: false }`
[INFO] [stdout] 5ff26d4c84d6e02d51c59279d5599255dad1fc4b1f68ada78f9a9f3c78960e49
[INFO] running `Command { std: "docker" "start" "-a" "5ff26d4c84d6e02d51c59279d5599255dad1fc4b1f68ada78f9a9f3c78960e49", kill_on_drop: false }`
[INFO] [stderr]    Compiling proc-macro2 v1.0.93
[INFO] [stderr]    Compiling unicode-ident v1.0.14
[INFO] [stderr]    Compiling libc v0.2.169
[INFO] [stderr]    Compiling crossbeam-utils v0.8.21
[INFO] [stderr]    Compiling cfg-if v1.0.0
[INFO] [stderr]    Compiling byteorder v1.5.0
[INFO] [stderr]    Compiling radium v0.7.0
[INFO] [stderr]    Compiling rayon-core v1.12.1
[INFO] [stderr]    Compiling either v1.13.0
[INFO] [stderr]    Compiling tap v1.0.1
[INFO] [stderr]    Compiling funty v2.0.0
[INFO] [stderr]    Compiling wyz v0.5.1
[INFO] [stderr]    Compiling pico-args v0.5.0
[INFO] [stderr]    Compiling itertools v0.14.0
[INFO] [stderr]    Compiling tinyjson v2.5.1
[INFO] [stderr]    Compiling glam v0.29.2
[INFO] [stderr]    Compiling bitvec v1.0.1
[INFO] [stderr]    Compiling quote v1.0.38
[INFO] [stderr]    Compiling crossbeam-epoch v0.9.18
[INFO] [stderr]    Compiling syn v2.0.96
[INFO] [stderr]    Compiling crossbeam-deque v0.8.6
[INFO] [stderr]    Compiling getrandom v0.2.15
[INFO] [stderr]    Compiling rayon v1.10.0
[INFO] [stderr]    Compiling rand_core v0.6.4
[INFO] [stderr]    Compiling zerocopy-derive v0.7.35
[INFO] [stderr]    Compiling zerocopy v0.7.35
[INFO] [stderr]    Compiling ppv-lite86 v0.2.20
[INFO] [stderr]    Compiling rand_chacha v0.3.1
[INFO] [stderr]    Compiling rand v0.8.5
[INFO] [stderr]    Compiling advent_of_code v0.11.0 (/opt/rustwide/workdir)
[INFO] [stdout] warning: function `part_one_factored` is never used
[INFO] [stdout]   --> src/bin/19.rs:21:4
[INFO] [stdout]    |
[INFO] [stdout] 21 | fn part_one_factored(input: &str) -> Option<usize> {
[INFO] [stdout]    |    ^^^^^^^^^^^^^^^^^
[INFO] [stdout]    |
[INFO] [stdout]    = note: `#[warn(dead_code)]` on by default
[INFO] [stdout] 
[INFO] [stdout] 
[INFO] [stdout] warning: unused variable: `i`
[INFO] [stdout]   --> src/bin/17.rs:45:9
[INFO] [stdout]    |
[INFO] [stdout] 45 |     for i in 0..instructions.len() {
[INFO] [stdout]    |         ^ help: if this is intentional, prefix it with an underscore: `_i`
[INFO] [stdout]    |
[INFO] [stdout]    = note: `#[warn(unused_variables)]` on by default
[INFO] [stdout] 
[INFO] [stdout] 
[INFO] [stdout] warning: function `c_to_IVec2` should have a snake case name
[INFO] [stdout]    --> src/bin/15.rs:229:4
[INFO] [stdout]     |
[INFO] [stdout] 229 | fn c_to_IVec2(c: char) -> IVec2 {
[INFO] [stdout]     |    ^^^^^^^^^^ help: convert the identifier to snake case (notice the capitalization): `c_to_ivec2`
[INFO] [stdout]     |
[INFO] [stdout]     = note: `#[warn(non_snake_case)]` on by default
[INFO] [stdout] 
[INFO] [stdout] 
[INFO] [stdout] warning: unused variable: `i`
[INFO] [stdout]    --> src/bin/24.rs:186:9
[INFO] [stdout]     |
[INFO] [stdout] 186 |     for i in 0..1000 {
[INFO] [stdout]     |         ^ help: if this is intentional, prefix it with an underscore: `_i`
[INFO] [stdout]     |
[INFO] [stdout]     = note: `#[warn(unused_variables)]` on by default
[INFO] [stdout] 
[INFO] [stdout] 
[INFO] [stdout] warning: unused variable: `outputs`
[INFO] [stdout]    --> src/bin/24.rs:191:22
[INFO] [stdout]     |
[INFO] [stdout] 191 |         let (result, outputs) = check_add(&inputs, &connectivity);
[INFO] [stdout]     |                      ^^^^^^^ help: if this is intentional, prefix it with an underscore: `_outputs`
[INFO] [stdout] 
[INFO] [stdout] 
[INFO] [stdout] warning: unused variable: `worst`
[INFO] [stdout]    --> src/bin/24.rs:208:9
[INFO] [stdout]     |
[INFO] [stdout] 208 |     let worst = it.next().unwrap();
[INFO] [stdout]     |         ^^^^^ help: if this is intentional, prefix it with an underscore: `_worst`
[INFO] [stdout] 
[INFO] [stdout] 
[INFO] [stdout] warning: unused variable: `outputs`
[INFO] [stdout]    --> src/bin/24.rs:224:18
[INFO] [stdout]     |
[INFO] [stdout] 224 |     let (result, outputs) = check_add(&inputs, &connectivity);
[INFO] [stdout]     |                  ^^^^^^^ help: if this is intentional, prefix it with an underscore: `_outputs`
[INFO] [stdout] 
[INFO] [stdout] 
[INFO] [stdout] warning: unused variable: `visited`
[INFO] [stdout]    --> src/bin/24.rs:261:29
[INFO] [stdout]     |
[INFO] [stdout] 261 |             let (zxx_again, visited) = execute_gate(z_xx, &conn, &inputs, &mut HashMap::new(), 0);
[INFO] [stdout]     |                             ^^^^^^^ help: if this is intentional, prefix it with an underscore: `_visited`
[INFO] [stdout] 
[INFO] [stdout] 
[INFO] [stdout] warning: unused variable: `outputs`
[INFO] [stdout]    --> src/bin/24.rs:302:22
[INFO] [stdout]     |
[INFO] [stdout] 302 |         let (result, outputs) = check_add(&inputs, &conn);
[INFO] [stdout]     |                      ^^^^^^^ help: if this is intentional, prefix it with an underscore: `_outputs`
[INFO] [stdout] 
[INFO] [stdout] 
[INFO] [stdout] warning: variable does not need to be mutable
[INFO] [stdout]    --> src/bin/24.rs:273:9
[INFO] [stdout]     |
[INFO] [stdout] 273 |     let mut swaps: Vec<_> = remaining_candidates
[INFO] [stdout]     |         ----^^^^^
[INFO] [stdout]     |         |
[INFO] [stdout]     |         help: remove this `mut`
[INFO] [stdout]     |
[INFO] [stdout]     = note: `#[warn(unused_mut)]` on by default
[INFO] [stdout] 
[INFO] [stdout] 
[INFO] [stdout] warning: variable does not need to be mutable
[INFO] [stdout]    --> src/bin/24.rs:283:9
[INFO] [stdout]     |
[INFO] [stdout] 283 |     let mut to_check = &all_fixer
[INFO] [stdout]     |         ----^^^^^^^^
[INFO] [stdout]     |         |
[INFO] [stdout]     |         help: remove this `mut`
[INFO] [stdout] 
[INFO] [stdout] 
[INFO] [stdout] warning: function `part_two_real` is never used
[INFO] [stdout]    --> src/bin/24.rs:217:4
[INFO] [stdout]     |
[INFO] [stdout] 217 | fn part_two_real(input: &str) -> Option<String> {
[INFO] [stdout]     |    ^^^^^^^^^^^^^
[INFO] [stdout]     |
[INFO] [stdout]     = note: `#[warn(dead_code)]` on by default
[INFO] [stdout] 
[INFO] [stdout] 
[INFO] [stdout] warning: function `swap_gates` is never used
[INFO] [stdout]    --> src/bin/24.rs:313:4
[INFO] [stdout]     |
[INFO] [stdout] 313 | fn swap_gates(old: &HashMap<String, Gate>, swaps: &[Vec<String>]) -> Option<HashMap<String, Gate>> {
[INFO] [stdout]     |    ^^^^^^^^^^
[INFO] [stdout] 
[INFO] [stdout] 
[INFO] [stderr]     Finished `dev` profile [unoptimized + debuginfo] target(s) in 21.85s
[INFO] running `Command { std: "docker" "inspect" "5ff26d4c84d6e02d51c59279d5599255dad1fc4b1f68ada78f9a9f3c78960e49", kill_on_drop: false }`
[INFO] running `Command { std: "docker" "rm" "-f" "5ff26d4c84d6e02d51c59279d5599255dad1fc4b1f68ada78f9a9f3c78960e49", kill_on_drop: false }`
[INFO] [stdout] 5ff26d4c84d6e02d51c59279d5599255dad1fc4b1f68ada78f9a9f3c78960e49
[INFO] running `Command { std: "docker" "create" "-v" "/var/lib/crater-agent-workspace/builds/worker-2-tc2/target:/opt/rustwide/target:rw,Z" "-v" "/var/lib/crater-agent-workspace/builds/worker-2-tc2/source:/opt/rustwide/workdir:ro,Z" "-v" "/var/lib/crater-agent-workspace/cargo-home:/opt/rustwide/cargo-home:ro,Z" "-v" "/var/lib/crater-agent-workspace/rustup-home:/opt/rustwide/rustup-home:ro,Z" "-e" "SOURCE_DIR=/opt/rustwide/workdir" "-e" "CARGO_TARGET_DIR=/opt/rustwide/target" "-e" "CARGO_INCREMENTAL=0" "-e" "RUST_BACKTRACE=full" "-e" "RUSTFLAGS=--cap-lints=forbid -Zrandomize-layout" "-e" "RUSTDOCFLAGS=--cap-lints=forbid" "-e" "CARGO_HOME=/opt/rustwide/cargo-home" "-e" "RUSTUP_HOME=/opt/rustwide/rustup-home" "-w" "/opt/rustwide/workdir" "-m" "1610612736" "--user" "0:0" "--network" "none" "ghcr.io/rust-lang/crates-build-env/linux@sha256:819108c5571ea2e421544af4d832f968d213c87fbe3707a016657f43d2f853bc" "/opt/rustwide/cargo-home/bin/cargo" "+nightly-2025-01-18" "test" "--frozen" "--no-run" "--message-format=json", kill_on_drop: false }`
[INFO] [stdout] 5cc98f8f8542a4bfcee9c538fb0b6152b6ef53ee2eef98c41b1aedb95b262d54
[INFO] running `Command { std: "docker" "start" "-a" "5cc98f8f8542a4bfcee9c538fb0b6152b6ef53ee2eef98c41b1aedb95b262d54", kill_on_drop: false }`
[INFO] [stderr]    Compiling advent_of_code v0.11.0 (/opt/rustwide/workdir)
[INFO] [stdout] warning: function `part_one_factored` is never used
[INFO] [stdout]   --> src/bin/19.rs:21:4
[INFO] [stdout]    |
[INFO] [stdout] 21 | fn part_one_factored(input: &str) -> Option<usize> {
[INFO] [stdout]    |    ^^^^^^^^^^^^^^^^^
[INFO] [stdout]    |
[INFO] [stdout]    = note: `#[warn(dead_code)]` on by default
[INFO] [stdout] 
[INFO] [stdout] 
[INFO] [stdout] warning: unused variable: `i`
[INFO] [stdout]   --> src/bin/17.rs:45:9
[INFO] [stdout]    |
[INFO] [stdout] 45 |     for i in 0..instructions.len() {
[INFO] [stdout]    |         ^ help: if this is intentional, prefix it with an underscore: `_i`
[INFO] [stdout]    |
[INFO] [stdout]    = note: `#[warn(unused_variables)]` on by default
[INFO] [stdout] 
[INFO] [stdout] 
[INFO] [stdout] warning: function `c_to_IVec2` should have a snake case name
[INFO] [stdout]    --> src/bin/15.rs:229:4
[INFO] [stdout]     |
[INFO] [stdout] 229 | fn c_to_IVec2(c: char) -> IVec2 {
[INFO] [stdout]     |    ^^^^^^^^^^ help: convert the identifier to snake case (notice the capitalization): `c_to_ivec2`
[INFO] [stdout]     |
[INFO] [stdout]     = note: `#[warn(non_snake_case)]` on by default
[INFO] [stdout] 
[INFO] [stdout] 
[INFO] [stdout] warning: unused variable: `i`
[INFO] [stdout]    --> src/bin/24.rs:186:9
[INFO] [stdout]     |
[INFO] [stdout] 186 |     for i in 0..1000 {
[INFO] [stdout]     |         ^ help: if this is intentional, prefix it with an underscore: `_i`
[INFO] [stdout]     |
[INFO] [stdout]     = note: `#[warn(unused_variables)]` on by default
[INFO] [stdout] 
[INFO] [stdout] 
[INFO] [stdout] warning: unused variable: `outputs`
[INFO] [stdout]    --> src/bin/24.rs:191:22
[INFO] [stdout]     |
[INFO] [stdout] 191 |         let (result, outputs) = check_add(&inputs, &connectivity);
[INFO] [stdout]     |                      ^^^^^^^ help: if this is intentional, prefix it with an underscore: `_outputs`
[INFO] [stdout] 
[INFO] [stdout] 
[INFO] [stdout] warning: unused variable: `worst`
[INFO] [stdout]    --> src/bin/24.rs:208:9
[INFO] [stdout]     |
[INFO] [stdout] 208 |     let worst = it.next().unwrap();
[INFO] [stdout]     |         ^^^^^ help: if this is intentional, prefix it with an underscore: `_worst`
[INFO] [stdout] 
[INFO] [stdout] 
[INFO] [stdout] warning: unused variable: `outputs`
[INFO] [stdout]    --> src/bin/24.rs:224:18
[INFO] [stdout]     |
[INFO] [stdout] 224 |     let (result, outputs) = check_add(&inputs, &connectivity);
[INFO] [stdout]     |                  ^^^^^^^ help: if this is intentional, prefix it with an underscore: `_outputs`
[INFO] [stdout] 
[INFO] [stdout] 
[INFO] [stdout] warning: unused variable: `visited`
[INFO] [stdout]    --> src/bin/24.rs:261:29
[INFO] [stdout]     |
[INFO] [stdout] 261 |             let (zxx_again, visited) = execute_gate(z_xx, &conn, &inputs, &mut HashMap::new(), 0);
[INFO] [stdout]     |                             ^^^^^^^ help: if this is intentional, prefix it with an underscore: `_visited`
[INFO] [stdout] 
[INFO] [stdout] 
[INFO] [stdout] warning: unused variable: `outputs`
[INFO] [stdout]    --> src/bin/24.rs:302:22
[INFO] [stdout]     |
[INFO] [stdout] 302 |         let (result, outputs) = check_add(&inputs, &conn);
[INFO] [stdout]     |                      ^^^^^^^ help: if this is intentional, prefix it with an underscore: `_outputs`
[INFO] [stdout] 
[INFO] [stdout] 
[INFO] [stdout] warning: variable does not need to be mutable
[INFO] [stdout]    --> src/bin/24.rs:273:9
[INFO] [stdout]     |
[INFO] [stdout] 273 |     let mut swaps: Vec<_> = remaining_candidates
[INFO] [stdout]     |         ----^^^^^
[INFO] [stdout]     |         |
[INFO] [stdout]     |         help: remove this `mut`
[INFO] [stdout]     |
[INFO] [stdout]     = note: `#[warn(unused_mut)]` on by default
[INFO] [stdout] 
[INFO] [stdout] 
[INFO] [stdout] warning: variable does not need to be mutable
[INFO] [stdout]    --> src/bin/24.rs:283:9
[INFO] [stdout]     |
[INFO] [stdout] 283 |     let mut to_check = &all_fixer
[INFO] [stdout]     |         ----^^^^^^^^
[INFO] [stdout]     |         |
[INFO] [stdout]     |         help: remove this `mut`
[INFO] [stdout] 
[INFO] [stdout] 
[INFO] [stdout] warning: function `part_two_real` is never used
[INFO] [stdout]    --> src/bin/24.rs:217:4
[INFO] [stdout]     |
[INFO] [stdout] 217 | fn part_two_real(input: &str) -> Option<String> {
[INFO] [stdout]     |    ^^^^^^^^^^^^^
[INFO] [stdout]     |
[INFO] [stdout]     = note: `#[warn(dead_code)]` on by default
[INFO] [stdout] 
[INFO] [stdout] 
[INFO] [stdout] warning: function `swap_gates` is never used
[INFO] [stdout]    --> src/bin/24.rs:313:4
[INFO] [stdout]     |
[INFO] [stdout] 313 | fn swap_gates(old: &HashMap<String, Gate>, swaps: &[Vec<String>]) -> Option<HashMap<String, Gate>> {
[INFO] [stdout]     |    ^^^^^^^^^^
[INFO] [stdout] 
[INFO] [stdout] 
[INFO] [stderr]     Finished `test` profile [unoptimized + debuginfo] target(s) in 3.31s
[INFO] running `Command { std: "docker" "inspect" "5cc98f8f8542a4bfcee9c538fb0b6152b6ef53ee2eef98c41b1aedb95b262d54", kill_on_drop: false }`
[INFO] running `Command { std: "docker" "rm" "-f" "5cc98f8f8542a4bfcee9c538fb0b6152b6ef53ee2eef98c41b1aedb95b262d54", kill_on_drop: false }`
[INFO] [stdout] 5cc98f8f8542a4bfcee9c538fb0b6152b6ef53ee2eef98c41b1aedb95b262d54
[INFO] running `Command { std: "docker" "create" "-v" "/var/lib/crater-agent-workspace/builds/worker-2-tc2/target:/opt/rustwide/target:rw,Z" "-v" "/var/lib/crater-agent-workspace/builds/worker-2-tc2/source:/opt/rustwide/workdir:ro,Z" "-v" "/var/lib/crater-agent-workspace/cargo-home:/opt/rustwide/cargo-home:ro,Z" "-v" "/var/lib/crater-agent-workspace/rustup-home:/opt/rustwide/rustup-home:ro,Z" "-e" "SOURCE_DIR=/opt/rustwide/workdir" "-e" "CARGO_TARGET_DIR=/opt/rustwide/target" "-e" "CARGO_INCREMENTAL=0" "-e" "RUST_BACKTRACE=full" "-e" "RUSTFLAGS=--cap-lints=forbid -Zrandomize-layout" "-e" "RUSTDOCFLAGS=--cap-lints=forbid" "-e" "CARGO_HOME=/opt/rustwide/cargo-home" "-e" "RUSTUP_HOME=/opt/rustwide/rustup-home" "-w" "/opt/rustwide/workdir" "-m" "1610612736" "--user" "0:0" "--network" "none" "ghcr.io/rust-lang/crates-build-env/linux@sha256:819108c5571ea2e421544af4d832f968d213c87fbe3707a016657f43d2f853bc" "/opt/rustwide/cargo-home/bin/cargo" "+nightly-2025-01-18" "test" "--frozen", kill_on_drop: false }`
[INFO] [stdout] bd1c89b27d25e138bcfd6f5851ffc8b424e5fd51dbcbd9521fc848bb2f68c3c0
[INFO] running `Command { std: "docker" "start" "-a" "bd1c89b27d25e138bcfd6f5851ffc8b424e5fd51dbcbd9521fc848bb2f68c3c0", kill_on_drop: false }`
[INFO] [stderr] warning: function `c_to_IVec2` should have a snake case name
[INFO] [stderr]    --> src/bin/15.rs:229:4
[INFO] [stderr]     |
[INFO] [stderr] 229 | fn c_to_IVec2(c: char) -> IVec2 {
[INFO] [stderr]     |    ^^^^^^^^^^ help: convert the identifier to snake case (notice the capitalization): `c_to_ivec2`
[INFO] [stderr]     |
[INFO] [stderr]     = note: `#[warn(non_snake_case)]` on by default
[INFO] [stderr] 
[INFO] [stderr] warning: `advent_of_code` (bin "15" test) generated 1 warning
[INFO] [stderr] warning: unused variable: `i`
[INFO] [stderr]    --> src/bin/24.rs:186:9
[INFO] [stderr]     |
[INFO] [stderr] 186 |     for i in 0..1000 {
[INFO] [stderr]     |         ^ help: if this is intentional, prefix it with an underscore: `_i`
[INFO] [stderr]     |
[INFO] [stderr]     = note: `#[warn(unused_variables)]` on by default
[INFO] [stderr] 
[INFO] [stderr] warning: unused variable: `outputs`
[INFO] [stderr]    --> src/bin/24.rs:191:22
[INFO] [stderr]     |
[INFO] [stderr] 191 |         let (result, outputs) = check_add(&inputs, &connectivity);
[INFO] [stderr]     |                      ^^^^^^^ help: if this is intentional, prefix it with an underscore: `_outputs`
[INFO] [stderr] 
[INFO] [stderr] warning: unused variable: `worst`
[INFO] [stderr]    --> src/bin/24.rs:208:9
[INFO] [stderr]     |
[INFO] [stderr] 208 |     let worst = it.next().unwrap();
[INFO] [stderr]     |         ^^^^^ help: if this is intentional, prefix it with an underscore: `_worst`
[INFO] [stderr] 
[INFO] [stderr] warning: unused variable: `outputs`
[INFO] [stderr]    --> src/bin/24.rs:224:18
[INFO] [stderr]     |
[INFO] [stderr] 224 |     let (result, outputs) = check_add(&inputs, &connectivity);
[INFO] [stderr]     |                  ^^^^^^^ help: if this is intentional, prefix it with an underscore: `_outputs`
[INFO] [stderr] 
[INFO] [stderr] warning: unused variable: `visited`
[INFO] [stderr]    --> src/bin/24.rs:261:29
[INFO] [stderr]     |
[INFO] [stderr] 261 |             let (zxx_again, visited) = execute_gate(z_xx, &conn, &inputs, &mut HashMap::new(), 0);
[INFO] [stderr]     |                             ^^^^^^^ help: if this is intentional, prefix it with an underscore: `_visited`
[INFO] [stderr] 
[INFO] [stderr] warning: unused variable: `outputs`
[INFO] [stderr]    --> src/bin/24.rs:302:22
[INFO] [stderr]     |
[INFO] [stderr] 302 |         let (result, outputs) = check_add(&inputs, &conn);
[INFO] [stderr]     |                      ^^^^^^^ help: if this is intentional, prefix it with an underscore: `_outputs`
[INFO] [stderr] 
[INFO] [stderr] warning: variable does not need to be mutable
[INFO] [stderr]    --> src/bin/24.rs:273:9
[INFO] [stderr]     |
[INFO] [stderr] 273 |     let mut swaps: Vec<_> = remaining_candidates
[INFO] [stderr]     |         ----^^^^^
[INFO] [stderr]     |         |
[INFO] [stderr]     |         help: remove this `mut`
[INFO] [stderr]     |
[INFO] [stderr]     = note: `#[warn(unused_mut)]` on by default
[INFO] [stderr] 
[INFO] [stderr] warning: variable does not need to be mutable
[INFO] [stderr]    --> src/bin/24.rs:283:9
[INFO] [stderr]     |
[INFO] [stderr] 283 |     let mut to_check = &all_fixer
[INFO] [stderr]     |         ----^^^^^^^^
[INFO] [stderr]     |         |
[INFO] [stderr]     |         help: remove this `mut`
[INFO] [stderr] 
[INFO] [stderr] warning: function `part_two_real` is never used
[INFO] [stderr]    --> src/bin/24.rs:217:4
[INFO] [stderr]     |
[INFO] [stderr] 217 | fn part_two_real(input: &str) -> Option<String> {
[INFO] [stderr]     |    ^^^^^^^^^^^^^
[INFO] [stderr]     |
[INFO] [stderr]     = note: `#[warn(dead_code)]` on by default
[INFO] [stderr] 
[INFO] [stderr] warning: function `swap_gates` is never used
[INFO] [stderr]    --> src/bin/24.rs:313:4
[INFO] [stderr]     |
[INFO] [stderr] 313 | fn swap_gates(old: &HashMap<String, Gate>, swaps: &[Vec<String>]) -> Option<HashMap<String, Gate>> {
[INFO] [stderr]     |    ^^^^^^^^^^
[INFO] [stderr] 
[INFO] [stderr] warning: function `part_one_factored` is never used
[INFO] [stderr]   --> src/bin/19.rs:21:4
[INFO] [stderr]    |
[INFO] [stderr] 21 | fn part_one_factored(input: &str) -> Option<usize> {
[INFO] [stderr]    |    ^^^^^^^^^^^^^^^^^
[INFO] [stderr]    |
[INFO] [stderr]    = note: `#[warn(dead_code)]` on by default
[INFO] [stderr] 
[INFO] [stderr] warning: unused variable: `i`
[INFO] [stderr]   --> src/bin/17.rs:45:9
[INFO] [stderr]    |
[INFO] [stderr] 45 |     for i in 0..instructions.len() {
[INFO] [stderr]    |         ^ help: if this is intentional, prefix it with an underscore: `_i`
[INFO] [stderr]    |
[INFO] [stderr]    = note: `#[warn(unused_variables)]` on by default
[INFO] [stderr] 
[INFO] [stderr] warning: `advent_of_code` (bin "24" test) generated 10 warnings (run `cargo fix --bin "24" --tests` to apply 2 suggestions)
[INFO] [stderr] warning: `advent_of_code` (bin "19" test) generated 1 warning
[INFO] [stderr] warning: `advent_of_code` (bin "17" test) generated 1 warning
[INFO] [stderr]     Finished `test` profile [unoptimized + debuginfo] target(s) in 0.08s
[INFO] [stderr]      Running unittests src/lib.rs (/opt/rustwide/target/debug/deps/advent_of_code-97fdee37da769f1c)
[INFO] [stdout] 
[INFO] [stdout] running 0 tests
[INFO] [stdout] 
[INFO] [stdout] test result: ok. 0 passed; 0 failed; 0 ignored; 0 measured; 0 filtered out; finished in 0.00s
[INFO] [stdout] 
[INFO] [stderr]      Running unittests src/bin/06.rs (/opt/rustwide/target/debug/deps/06-dbc2e7e4a51c3398)
[INFO] [stdout] 
[INFO] [stdout] running 2 tests
[INFO] [stdout] test tests::test_part_one ... ok
[INFO] [stdout] test tests::test_part_two ... ok
[INFO] [stdout] 
[INFO] [stdout] test result: ok. 2 passed; 0 failed; 0 ignored; 0 measured; 0 filtered out; finished in 0.01s
[INFO] [stdout] 
[INFO] [stderr]      Running unittests src/bin/15.rs (/opt/rustwide/target/debug/deps/15-c4ee7971528cc3bf)
[INFO] [stdout] 
[INFO] [stdout] running 2 tests
[INFO] [stderr]      Running unittests src/bin/17.rs (/opt/rustwide/target/debug/deps/17-253dc1a7ef382f48)
[INFO] [stdout] test tests::test_part_one ... ok
[INFO] [stdout] test tests::test_part_two ... ok
[INFO] [stdout] 
[INFO] [stdout] test result: ok. 2 passed; 0 failed; 0 ignored; 0 measured; 0 filtered out; finished in 0.02s
[INFO] [stdout] 
[INFO] [stdout] 
[INFO] [stdout] running 2 tests
[INFO] [stdout] test tests::test_part_one ... ok
[INFO] [stdout] test tests::test_part_two ... FAILED
[INFO] [stdout] 
[INFO] [stdout] failures:
[INFO] [stdout] 
[INFO] [stdout] ---- tests::test_part_two stdout ----
[INFO] [stdout] 
[INFO] [stdout] thread 'tests::test_part_two' panicked at src/bin/17.rs:213:9:
[INFO] [stdout] assertion `left == right` failed
[INFO] [stdout]   left: Some(0)
[INFO] [stdout]  right: Some(117440)
[INFO] [stdout] stack backtrace:
[INFO] [stdout]    0:     0x615283c32a6a - std::backtrace_rs::backtrace::libunwind::trace::hb059275cfc8d6126
[INFO] [stdout]                                at /rustc/6067b36314ab5eb2eb47cecc464545ba58e1ad24/library/std/src/../../backtrace/src/backtrace/libunwind.rs:116:5
[INFO] [stdout]    1:     0x615283c32a6a - std::backtrace_rs::backtrace::trace_unsynchronized::h2da071e4327ce3ee
[INFO] [stdout]                                at /rustc/6067b36314ab5eb2eb47cecc464545ba58e1ad24/library/std/src/../../backtrace/src/backtrace/mod.rs:66:5
[INFO] [stdout]    2:     0x615283c32a6a - std::sys::backtrace::_print_fmt::h842a1474e6f8d23f
[INFO] [stdout]                                at /rustc/6067b36314ab5eb2eb47cecc464545ba58e1ad24/library/std/src/sys/backtrace.rs:66:9
[INFO] [stdout]    3:     0x615283c32a6a - <std::sys::backtrace::BacktraceLock::print::DisplayBacktrace as core::fmt::Display>::fmt::h71a62eb3b9696b12
[INFO] [stdout]                                at /rustc/6067b36314ab5eb2eb47cecc464545ba58e1ad24/library/std/src/sys/backtrace.rs:39:26
[INFO] [stdout]    4:     0x615283c5a243 - core::fmt::rt::Argument::fmt::hdb6b616786b41dc1
[INFO] [stdout]                                at /rustc/6067b36314ab5eb2eb47cecc464545ba58e1ad24/library/core/src/fmt/rt.rs:177:76
[INFO] [stdout]    5:     0x615283c5a243 - core::fmt::write::h2cc1698af7e2d686
[INFO] [stdout]                                at /rustc/6067b36314ab5eb2eb47cecc464545ba58e1ad24/library/core/src/fmt/mod.rs:1440:21
[INFO] [stdout]    6:     0x615283c2f423 - std::io::Write::write_fmt::hab1b4cd059a79022
[INFO] [stdout]                                at /rustc/6067b36314ab5eb2eb47cecc464545ba58e1ad24/library/std/src/io/mod.rs:1887:15
[INFO] [stdout]    7:     0x615283c328b2 - std::sys::backtrace::BacktraceLock::print::h147fe35b4ea13b08
[INFO] [stdout]                                at /rustc/6067b36314ab5eb2eb47cecc464545ba58e1ad24/library/std/src/sys/backtrace.rs:42:9
[INFO] [stdout]    8:     0x615283c33e8f - std::panicking::default_hook::{{closure}}::hbd44223dbdc0d208
[INFO] [stdout]                                at /rustc/6067b36314ab5eb2eb47cecc464545ba58e1ad24/library/std/src/panicking.rs:298:22
[INFO] [stdout]    9:     0x615283c33ca8 - std::panicking::default_hook::h20f81eb0576efcec
[INFO] [stdout]                                at /rustc/6067b36314ab5eb2eb47cecc464545ba58e1ad24/library/std/src/panicking.rs:322:9
[INFO] [stdout]   10:     0x615283bf55f3 - <alloc::boxed::Box<F,A> as core::ops::function::Fn<Args>>::call::hdb53814c496a4d34
[INFO] [stdout]                                at /rustc/6067b36314ab5eb2eb47cecc464545ba58e1ad24/library/alloc/src/boxed.rs:2027:9
[INFO] [stdout]   11:     0x615283bf55f3 - test::test_main::{{closure}}::hc0a4963c59427c24
[INFO] [stdout]                                at /rustc/6067b36314ab5eb2eb47cecc464545ba58e1ad24/library/test/src/lib.rs:134:21
[INFO] [stdout]   12:     0x615283c34983 - <alloc::boxed::Box<F,A> as core::ops::function::Fn<Args>>::call::h591b2225413a77e9
[INFO] [stdout]                                at /rustc/6067b36314ab5eb2eb47cecc464545ba58e1ad24/library/alloc/src/boxed.rs:2027:9
[INFO] [stdout]   13:     0x615283c34983 - std::panicking::rust_panic_with_hook::h625eea43051b2edc
[INFO] [stdout]                                at /rustc/6067b36314ab5eb2eb47cecc464545ba58e1ad24/library/std/src/panicking.rs:839:13
[INFO] [stdout]   14:     0x615283c3463a - std::panicking::begin_panic_handler::{{closure}}::h4f9159cfbc3f6bd3
[INFO] [stdout]                                at /rustc/6067b36314ab5eb2eb47cecc464545ba58e1ad24/library/std/src/panicking.rs:704:13
[INFO] [stdout]   15:     0x615283c32f69 - std::sys::backtrace::__rust_end_short_backtrace::h0390abce48353151
[INFO] [stdout]                                at /rustc/6067b36314ab5eb2eb47cecc464545ba58e1ad24/library/std/src/sys/backtrace.rs:168:18
[INFO] [stdout]   16:     0x615283c342cd - rust_begin_unwind
[INFO] [stdout]                                at /rustc/6067b36314ab5eb2eb47cecc464545ba58e1ad24/library/std/src/panicking.rs:695:5
[INFO] [stdout]   17:     0x615283c58c50 - core::panicking::panic_fmt::h9e7c637e9e5f29c9
[INFO] [stdout]                                at /rustc/6067b36314ab5eb2eb47cecc464545ba58e1ad24/library/core/src/panicking.rs:75:14
[INFO] [stdout]   18:     0x615283c59012 - core::panicking::assert_failed_inner::h538bec7c1374cd9c
[INFO] [stdout]   19:     0x615283c544de - core::panicking::assert_failed::he4c88141d0958dab
[INFO] [stdout]                                at /rustc/6067b36314ab5eb2eb47cecc464545ba58e1ad24/library/core/src/panicking.rs:364:5
[INFO] [stdout]   20:     0x615283bbb4cd - _17::tests::test_part_two::haf1af8db5383bc25
[INFO] [stdout]                                at /opt/rustwide/workdir/src/bin/17.rs:213:9
[INFO] [stdout]   21:     0x615283bbb3a7 - _17::tests::test_part_two::{{closure}}::h9afd2f4bcf728765
[INFO] [stdout]                                at /opt/rustwide/workdir/src/bin/17.rs:209:23
[INFO] [stdout]   22:     0x615283bb56b6 - core::ops::function::FnOnce::call_once::hfe53ff6a41313d34
[INFO] [stdout]                                at /rustc/6067b36314ab5eb2eb47cecc464545ba58e1ad24/library/core/src/ops/function.rs:250:5
[INFO] [stdout]   23:     0x615283bfad4b - core::ops::function::FnOnce::call_once::he27718dfdd183f43
[INFO] [stdout]                                at /rustc/6067b36314ab5eb2eb47cecc464545ba58e1ad24/library/core/src/ops/function.rs:250:5
[INFO] [stdout]   24:     0x615283bfad4b - test::__rust_begin_short_backtrace::h4e84902998457a5d
[INFO] [stdout]                                at /rustc/6067b36314ab5eb2eb47cecc464545ba58e1ad24/library/test/src/lib.rs:632:18
[INFO] [stdout]   25:     0x615283bf9c83 - test::run_test_in_process::{{closure}}::h7176fd18fc1feca0
[INFO] [stdout]                                at /rustc/6067b36314ab5eb2eb47cecc464545ba58e1ad24/library/test/src/lib.rs:655:60
[INFO] [stdout]   26:     0x615283bf9c83 - <core::panic::unwind_safe::AssertUnwindSafe<F> as core::ops::function::FnOnce<()>>::call_once::hf79cff2a624d8cf7
[INFO] [stdout]                                at /rustc/6067b36314ab5eb2eb47cecc464545ba58e1ad24/library/core/src/panic/unwind_safe.rs:272:9
[INFO] [stdout]   27:     0x615283bf9c83 - std::panicking::try::do_call::h3da0561d9ab99c25
[INFO] [stdout]                                at /rustc/6067b36314ab5eb2eb47cecc464545ba58e1ad24/library/std/src/panicking.rs:587:40
[INFO] [stdout]   28:     0x615283bf9c83 - std::panicking::try::h41c9fa508bc61df6
[INFO] [stdout]                                at /rustc/6067b36314ab5eb2eb47cecc464545ba58e1ad24/library/std/src/panicking.rs:550:19
[INFO] [stdout]   29:     0x615283bf9c83 - std::panic::catch_unwind::h6b3ff07bb5afad93
[INFO] [stdout]                                at /rustc/6067b36314ab5eb2eb47cecc464545ba58e1ad24/library/std/src/panic.rs:358:14
[INFO] [stdout]   30:     0x615283bf9c83 - test::run_test_in_process::hc7253dd11b39b9f4
[INFO] [stdout]                                at /rustc/6067b36314ab5eb2eb47cecc464545ba58e1ad24/library/test/src/lib.rs:655:27
[INFO] [stdout]   31:     0x615283bf9c83 - test::run_test::{{closure}}::hfb2007f8649c30bb
[INFO] [stdout]                                at /rustc/6067b36314ab5eb2eb47cecc464545ba58e1ad24/library/test/src/lib.rs:576:43
[INFO] [stdout]   32:     0x615283bbcd65 - test::run_test::{{closure}}::h56a17aa7a282a9f4
[INFO] [stdout]                                at /rustc/6067b36314ab5eb2eb47cecc464545ba58e1ad24/library/test/src/lib.rs:606:41
[INFO] [stdout]   33:     0x615283bbcd65 - std::sys::backtrace::__rust_begin_short_backtrace::hd2d2d2fb8e8c6aac
[INFO] [stdout]                                at /rustc/6067b36314ab5eb2eb47cecc464545ba58e1ad24/library/std/src/sys/backtrace.rs:152:18
[INFO] [stdout]   34:     0x615283bc064a - std::thread::Builder::spawn_unchecked_::{{closure}}::{{closure}}::h4faa3f9db6133423
[INFO] [stdout]                                at /rustc/6067b36314ab5eb2eb47cecc464545ba58e1ad24/library/std/src/thread/mod.rs:559:17
[INFO] [stdout]   35:     0x615283bc064a - <core::panic::unwind_safe::AssertUnwindSafe<F> as core::ops::function::FnOnce<()>>::call_once::hf2e855a36a4ea846
[INFO] [stdout]                                at /rustc/6067b36314ab5eb2eb47cecc464545ba58e1ad24/library/core/src/panic/unwind_safe.rs:272:9
[INFO] [stdout]   36:     0x615283bc064a - std::panicking::try::do_call::h2f73af3616c35465
[INFO] [stdout]                                at /rustc/6067b36314ab5eb2eb47cecc464545ba58e1ad24/library/std/src/panicking.rs:587:40
[INFO] [stdout]   37:     0x615283bc064a - std::panicking::try::hd1660ce9efadef5a
[INFO] [stdout]                                at /rustc/6067b36314ab5eb2eb47cecc464545ba58e1ad24/library/std/src/panicking.rs:550:19
[INFO] [stdout]   38:     0x615283bc064a - std::panic::catch_unwind::h5ee8d7823b8ca744
[INFO] [stdout]                                at /rustc/6067b36314ab5eb2eb47cecc464545ba58e1ad24/library/std/src/panic.rs:358:14
[INFO] [stdout]   39:     0x615283bc064a - std::thread::Builder::spawn_unchecked_::{{closure}}::h53c3a1894dce8407
[INFO] [stdout]                                at /rustc/6067b36314ab5eb2eb47cecc464545ba58e1ad24/library/std/src/thread/mod.rs:557:30
[INFO] [stdout]   40:     0x615283bc064a - core::ops::function::FnOnce::call_once{{vtable.shim}}::h048ce291ad4f62bf
[INFO] [stdout]                                at /rustc/6067b36314ab5eb2eb47cecc464545ba58e1ad24/library/core/src/ops/function.rs:250:5
[INFO] [stdout]   41:     0x615283c388bb - <alloc::boxed::Box<F,A> as core::ops::function::FnOnce<Args>>::call_once::ha52bedf99a3b4981
[INFO] [stdout]                                at /rustc/6067b36314ab5eb2eb47cecc464545ba58e1ad24/library/alloc/src/boxed.rs:2013:9
[INFO] [stdout]   42:     0x615283c388bb - <alloc::boxed::Box<F,A> as core::ops::function::FnOnce<Args>>::call_once::h567748934d80ccf8
[INFO] [stdout]                                at /rustc/6067b36314ab5eb2eb47cecc464545ba58e1ad24/library/alloc/src/boxed.rs:2013:9
[INFO] [stdout]   43:     0x615283c388bb - std::sys::pal::unix::thread::Thread::new::thread_start::h2d970728ae887adc
[INFO] [stdout]                                at /rustc/6067b36314ab5eb2eb47cecc464545ba58e1ad24/library/std/src/sys/pal/unix/thread.rs:106:17
[INFO] [stdout]   44:     0x79507e207ac3 - <unknown>
[INFO] [stdout]   45:     0x79507e298a04 - clone
[INFO] [stdout]   46:                0x0 - <unknown>
[INFO] [stdout] 
[INFO] [stdout] 
[INFO] [stdout] failures:
[INFO] [stdout]     tests::test_part_two
[INFO] [stdout] 
[INFO] [stdout] test result: FAILED. 1 passed; 1 failed; 0 ignored; 0 measured; 0 filtered out; finished in 0.05s
[INFO] [stdout] 
[INFO] [stderr] error: test failed, to rerun pass `--bin 17`
[INFO] running `Command { std: "docker" "inspect" "bd1c89b27d25e138bcfd6f5851ffc8b424e5fd51dbcbd9521fc848bb2f68c3c0", kill_on_drop: false }`
[INFO] running `Command { std: "docker" "rm" "-f" "bd1c89b27d25e138bcfd6f5851ffc8b424e5fd51dbcbd9521fc848bb2f68c3c0", kill_on_drop: false }`
[INFO] [stdout] bd1c89b27d25e138bcfd6f5851ffc8b424e5fd51dbcbd9521fc848bb2f68c3c0
