[INFO] cloning repository https://github.com/fabienbellanger/auth2-api
[INFO] running `Command { std: "git" "-c" "credential.helper=" "-c" "credential.helper=/workspace/cargo-home/bin/git-credential-null" "clone" "--bare" "https://github.com/fabienbellanger/auth2-api" "/workspace/cache/git-repos/https%3A%2F%2Fgithub.com%2Ffabienbellanger%2Fauth2-api", kill_on_drop: false }`
[INFO] [stderr] Cloning into bare repository '/workspace/cache/git-repos/https%3A%2F%2Fgithub.com%2Ffabienbellanger%2Fauth2-api'...
[INFO] running `Command { std: "git" "rev-parse" "HEAD", kill_on_drop: false }`
[INFO] [stdout] e158e9eaf3b753a5467d6f48f991142c27b7cef6
[INFO] testing fabienbellanger/auth2-api against nightly-2025-01-18 for randomize-layout-2
[INFO] running `Command { std: "git" "clone" "/workspace/cache/git-repos/https%3A%2F%2Fgithub.com%2Ffabienbellanger%2Fauth2-api" "/workspace/builds/worker-4-tc1/source", kill_on_drop: false }`
[INFO] [stderr] Cloning into '/workspace/builds/worker-4-tc1/source'...
[INFO] [stderr] done.
[INFO] validating manifest of git repo https://github.com/fabienbellanger/auth2-api on toolchain nightly-2025-01-18
[INFO] running `Command { std: CARGO_HOME="/workspace/cargo-home" RUSTUP_HOME="/workspace/rustup-home" "/workspace/cargo-home/bin/cargo" "+nightly-2025-01-18" "metadata" "--manifest-path" "Cargo.toml" "--no-deps", kill_on_drop: false }`
[INFO] started tweaking git repo https://github.com/fabienbellanger/auth2-api
[INFO] finished tweaking git repo https://github.com/fabienbellanger/auth2-api
[INFO] tweaked toml for git repo https://github.com/fabienbellanger/auth2-api written to /workspace/builds/worker-4-tc1/source/Cargo.toml
[INFO] crate git repo https://github.com/fabienbellanger/auth2-api already has a lockfile, it will not be regenerated
[INFO] running `Command { std: CARGO_HOME="/workspace/cargo-home" RUSTUP_HOME="/workspace/rustup-home" "/workspace/cargo-home/bin/cargo" "+nightly-2025-01-18" "fetch" "--manifest-path" "Cargo.toml", kill_on_drop: false }`
[INFO] [stderr]     Updating crates.io index
[INFO] [stderr]  Downloading crates ...
[INFO] [stderr]   Downloaded mirai-annotations v1.12.0
[INFO] [stderr]   Downloaded random-number-macro-impl v0.1.8
[INFO] [stderr]   Downloaded random-number v0.1.9
[INFO] [stderr]   Downloaded aws-lc-rs v1.10.0
[INFO] [stderr]   Downloaded http-auth-basic v0.3.5
[INFO] [stderr]   Downloaded lettre v0.11.10
[INFO] [stderr]   Downloaded passwords v3.1.16
[INFO] [stderr]   Downloaded aws-lc-sys v0.22.0
[INFO] running `Command { std: "docker" "create" "-v" "/var/lib/crater-agent-workspace/builds/worker-4-tc1/target:/opt/rustwide/target:rw,Z" "-v" "/var/lib/crater-agent-workspace/builds/worker-4-tc1/source:/opt/rustwide/workdir:ro,Z" "-v" "/var/lib/crater-agent-workspace/cargo-home:/opt/rustwide/cargo-home:ro,Z" "-v" "/var/lib/crater-agent-workspace/rustup-home:/opt/rustwide/rustup-home:ro,Z" "-e" "SOURCE_DIR=/opt/rustwide/workdir" "-e" "CARGO_TARGET_DIR=/opt/rustwide/target" "-e" "CARGO_HOME=/opt/rustwide/cargo-home" "-e" "RUSTUP_HOME=/opt/rustwide/rustup-home" "-w" "/opt/rustwide/workdir" "-m" "1610612736" "--user" "0:0" "--network" "none" "ghcr.io/rust-lang/crates-build-env/linux@sha256:819108c5571ea2e421544af4d832f968d213c87fbe3707a016657f43d2f853bc" "/opt/rustwide/cargo-home/bin/cargo" "+nightly-2025-01-18" "metadata" "--no-deps" "--format-version=1", kill_on_drop: false }`
[INFO] [stdout] 0a5ba49c41e2f4fcb3a21a9dd719b60d7c9ebb75c514713ed0811687f3f84b64
[INFO] running `Command { std: "docker" "start" "-a" "0a5ba49c41e2f4fcb3a21a9dd719b60d7c9ebb75c514713ed0811687f3f84b64", kill_on_drop: false }`
[INFO] running `Command { std: "docker" "inspect" "0a5ba49c41e2f4fcb3a21a9dd719b60d7c9ebb75c514713ed0811687f3f84b64", kill_on_drop: false }`
[INFO] running `Command { std: "docker" "rm" "-f" "0a5ba49c41e2f4fcb3a21a9dd719b60d7c9ebb75c514713ed0811687f3f84b64", kill_on_drop: false }`
[INFO] [stdout] 0a5ba49c41e2f4fcb3a21a9dd719b60d7c9ebb75c514713ed0811687f3f84b64
[INFO] running `Command { std: "docker" "create" "-v" "/var/lib/crater-agent-workspace/builds/worker-4-tc1/target:/opt/rustwide/target:rw,Z" "-v" "/var/lib/crater-agent-workspace/builds/worker-4-tc1/source:/opt/rustwide/workdir:ro,Z" "-v" "/var/lib/crater-agent-workspace/cargo-home:/opt/rustwide/cargo-home:ro,Z" "-v" "/var/lib/crater-agent-workspace/rustup-home:/opt/rustwide/rustup-home:ro,Z" "-e" "SOURCE_DIR=/opt/rustwide/workdir" "-e" "CARGO_TARGET_DIR=/opt/rustwide/target" "-e" "CARGO_INCREMENTAL=0" "-e" "RUST_BACKTRACE=full" "-e" "RUSTFLAGS=--cap-lints=forbid" "-e" "RUSTDOCFLAGS=--cap-lints=forbid" "-e" "CARGO_HOME=/opt/rustwide/cargo-home" "-e" "RUSTUP_HOME=/opt/rustwide/rustup-home" "-w" "/opt/rustwide/workdir" "-m" "1610612736" "--user" "0:0" "--network" "none" "ghcr.io/rust-lang/crates-build-env/linux@sha256:819108c5571ea2e421544af4d832f968d213c87fbe3707a016657f43d2f853bc" "/opt/rustwide/cargo-home/bin/cargo" "+nightly-2025-01-18" "build" "--frozen" "--message-format=json", kill_on_drop: false }`
[INFO] [stdout] 243dfde247e33820949efcab0397a7e05abb8a6e8e685b97a724f8f94f7f74c0
[INFO] running `Command { std: "docker" "start" "-a" "243dfde247e33820949efcab0397a7e05abb8a6e8e685b97a724f8f94f7f74c0", kill_on_drop: false }`
[INFO] [stderr]    Compiling proc-macro2 v1.0.89
[INFO] [stderr]    Compiling unicode-ident v1.0.13
[INFO] [stderr]    Compiling libc v0.2.162
[INFO] [stderr]    Compiling autocfg v1.4.0
[INFO] [stderr]    Compiling once_cell v1.20.2
[INFO] [stderr]    Compiling serde v1.0.215
[INFO] [stderr]    Compiling memchr v2.7.4
[INFO] [stderr]    Compiling shlex v1.3.0
[INFO] [stderr]    Compiling byteorder v1.5.0
[INFO] [stderr]    Compiling version_check v0.9.5
[INFO] [stderr]    Compiling pin-project-lite v0.2.15
[INFO] [stderr]    Compiling futures-core v0.3.31
[INFO] [stderr]    Compiling itoa v1.0.11
[INFO] [stderr]    Compiling smallvec v1.13.2
[INFO] [stderr]    Compiling libm v0.2.11
[INFO] [stderr]    Compiling parking_lot_core v0.9.10
[INFO] [stderr]    Compiling bytes v1.8.0
[INFO] [stderr]    Compiling stable_deref_trait v1.2.0
[INFO] [stderr]    Compiling subtle v2.6.1
[INFO] [stderr]    Compiling scopeguard v1.2.0
[INFO] [stderr]    Compiling typenum v1.17.0
[INFO] [stderr]    Compiling generic-array v0.14.7
[INFO] [stderr]    Compiling lock_api v0.4.12
[INFO] [stderr]    Compiling num-traits v0.2.19
[INFO] [stderr]    Compiling slab v0.4.9
[INFO] [stderr]    Compiling quote v1.0.37
[INFO] [stderr]    Compiling const-oid v0.9.6
[INFO] [stderr]    Compiling syn v2.0.87
[INFO] [stderr]    Compiling jobserver v0.1.32
[INFO] [stderr]    Compiling getrandom v0.2.15
[INFO] [stderr]    Compiling socket2 v0.5.7
[INFO] [stderr]    Compiling rand_core v0.6.4
[INFO] [stderr]    Compiling cc v1.2.0
[INFO] [stderr]    Compiling log v0.4.22
[INFO] [stderr]    Compiling mio v1.0.2
[INFO] [stderr]    Compiling ahash v0.8.11
[INFO] [stderr]    Compiling pin-utils v0.1.0
[INFO] [stderr]    Compiling litemap v0.7.3
[INFO] [stderr]    Compiling futures-task v0.3.31
[INFO] [stderr]    Compiling writeable v0.5.5
[INFO] [stderr]    Compiling futures-io v0.3.31
[INFO] [stderr]    Compiling thiserror v1.0.69
[INFO] [stderr]    Compiling futures-sink v0.3.31
[INFO] [stderr]    Compiling zeroize v1.8.1
[INFO] [stderr]    Compiling icu_locid_transform_data v1.5.0
[INFO] [stderr]    Compiling icu_properties_data v1.5.0
[INFO] [stderr]    Compiling equivalent v1.0.1
[INFO] [stderr]    Compiling crossbeam-utils v0.8.20
[INFO] [stderr]    Compiling tracing-core v0.1.32
[INFO] [stderr]    Compiling write16 v1.0.0
[INFO] [stderr]    Compiling percent-encoding v2.3.1
[INFO] [stderr]    Compiling pkg-config v0.3.31
[INFO] [stderr]    Compiling utf16_iter v1.0.5
[INFO] [stderr]    Compiling icu_normalizer_data v1.5.0
[INFO] [stderr]    Compiling vcpkg v0.2.15
[INFO] [stderr]    Compiling utf8_iter v1.0.4
[INFO] [stderr]    Compiling parking_lot v0.12.3
[INFO] [stderr]    Compiling block-buffer v0.10.4
[INFO] [stderr]    Compiling crypto-common v0.1.6
[INFO] [stderr]    Compiling digest v0.10.7
[INFO] [stderr]    Compiling num-integer v0.1.46
[INFO] [stderr]    Compiling futures-channel v0.3.31
[INFO] [stderr]    Compiling fnv v1.0.7
[INFO] [stderr]    Compiling allocator-api2 v0.2.20
[INFO] [stderr]    Compiling serde_json v1.0.132
[INFO] [stderr]    Compiling paste v1.0.15
[INFO] [stderr]    Compiling spin v0.9.8
[INFO] [stderr]    Compiling ryu v1.0.18
[INFO] [stderr]    Compiling signal-hook-registry v1.4.2
[INFO] [stderr]    Compiling foldhash v0.1.3
[INFO] [stderr]    Compiling openssl-sys v0.9.104
[INFO] [stderr]    Compiling base64ct v1.6.0
[INFO] [stderr]    Compiling hashbrown v0.15.1
[INFO] [stderr]    Compiling lazy_static v1.5.0
[INFO] [stderr]    Compiling foreign-types-shared v0.1.1
[INFO] [stderr]    Compiling openssl v0.10.68
[INFO] [stderr]    Compiling openssl-probe v0.1.5
[INFO] [stderr]    Compiling foreign-types v0.3.2
[INFO] [stderr]    Compiling pem-rfc7468 v0.7.0
[INFO] [stderr]    Compiling cmake v0.1.51
[INFO] [stderr]    Compiling native-tls v0.2.12
[INFO] [stderr]    Compiling iana-time-zone v0.1.61
[INFO] [stderr]    Compiling fs_extra v1.3.0
[INFO] [stderr]    Compiling minimal-lexical v0.2.1
[INFO] [stderr]    Compiling indexmap v2.6.0
[INFO] [stderr]    Compiling dunce v1.0.5
[INFO] [stderr]    Compiling cpufeatures v0.2.15
[INFO] [stderr]    Compiling siphasher v0.3.11
[INFO] [stderr]    Compiling der v0.7.9
[INFO] [stderr]    Compiling aws-lc-sys v0.22.0
[INFO] [stderr]    Compiling nom v7.1.3
[INFO] [stderr]    Compiling num-bigint v0.4.6
[INFO] [stderr]    Compiling http v1.1.0
[INFO] [stderr]    Compiling num-bigint-dig v0.8.4
[INFO] [stderr]    Compiling num-iter v0.1.45
[INFO] [stderr]    Compiling aho-corasick v1.1.3
[INFO] [stderr]    Compiling bigdecimal v0.4.6
[INFO] [stderr]    Compiling regex-syntax v0.8.5
[INFO] [stderr]    Compiling spki v0.7.3
[INFO] [stderr]    Compiling crunchy v0.2.2
[INFO] [stderr]    Compiling synstructure v0.13.1
[INFO] [stderr]    Compiling parking v2.2.1
[INFO] [stderr]    Compiling pkcs8 v0.10.2
[INFO] [stderr]    Compiling http-body v1.0.1
[INFO] [stderr]    Compiling phf_shared v0.11.2
[INFO] [stderr]    Compiling form_urlencoded v1.2.1
[INFO] [stderr]    Compiling tiny-keccak v2.0.2
[INFO] [stderr]    Compiling tinyvec_macros v0.1.1
[INFO] [stderr]    Compiling base64 v0.22.1
[INFO] [stderr]    Compiling aws-lc-rs v1.10.0
[INFO] [stderr]    Compiling crc-catalog v2.4.0
[INFO] [stderr]    Compiling unicode_categories v0.1.1
[INFO] [stderr]    Compiling crc v3.2.1
[INFO] [stderr]    Compiling sqlformat v0.2.6
[INFO] [stderr]    Compiling tinyvec v1.8.0
[INFO] [stderr]    Compiling pkcs1 v0.7.5
[INFO] [stderr]    Compiling regex-automata v0.4.9
[INFO] [stderr]    Compiling serde_derive v1.0.215
[INFO] [stderr]    Compiling zerocopy-derive v0.7.35
[INFO] [stderr]    Compiling zerofrom-derive v0.1.4
[INFO] [stderr]    Compiling zerocopy v0.7.35
[INFO] [stderr]    Compiling yoke-derive v0.7.4
[INFO] [stderr]    Compiling zerovec-derive v0.10.3
[INFO] [stderr]    Compiling displaydoc v0.2.5
[INFO] [stderr]    Compiling zerofrom v0.1.4
[INFO] [stderr]    Compiling ppv-lite86 v0.2.20
[INFO] [stderr]    Compiling tracing-attributes v0.1.27
[INFO] [stderr]    Compiling yoke v0.7.4
[INFO] [stderr]    Compiling rand_chacha v0.3.1
[INFO] [stderr]    Compiling icu_provider_macros v1.5.0
[INFO] [stderr]    Compiling zerovec v0.10.4
[INFO] [stderr]    Compiling thiserror-impl v1.0.69
[INFO] [stderr]    Compiling futures-macro v0.3.31
[INFO] [stderr]    Compiling tinystr v0.7.6
[INFO] [stderr]    Compiling icu_collections v1.5.0
[INFO] [stderr]    Compiling futures-util v0.3.31
[INFO] [stderr]    Compiling icu_locid v1.5.0
[INFO] [stderr]    Compiling hashbrown v0.14.5
[INFO] [stderr]    Compiling tokio-macros v2.4.0
[INFO] [stderr]    Compiling icu_provider v1.5.0
[INFO] [stderr]    Compiling tracing v0.1.40
[INFO] [stderr]    Compiling rand v0.8.5
[INFO] [stderr]    Compiling tokio v1.41.1
[INFO] [stderr]    Compiling icu_locid_transform v1.5.0
[INFO] [stderr]    Compiling openssl-macros v0.1.1
[INFO] [stderr]    Compiling hashlink v0.9.1
[INFO] [stderr]    Compiling icu_properties v1.5.1
[INFO] [stderr]    Compiling signature v2.2.0
[INFO] [stderr]    Compiling atoi v2.0.0
[INFO] [stderr]    Compiling tower-service v0.3.3
[INFO] [stderr]    Compiling rustls-pki-types v1.10.0
[INFO] [stderr]    Compiling httpdate v1.0.3
[INFO] [stderr]    Compiling bitflags v2.6.0
[INFO] [stderr]    Compiling either v1.13.0
[INFO] [stderr]    Compiling httparse v1.9.5
[INFO] [stderr]    Compiling strsim v0.11.1
[INFO] [stderr]    Compiling ucd-trie v0.1.7
[INFO] [stderr]    Compiling hex v0.4.3
[INFO] [stderr]    Compiling untrusted v0.9.0
[INFO] [stderr]    Compiling icu_normalizer v1.5.0
[INFO] [stderr]    Compiling pest v2.7.14
[INFO] [stderr]    Compiling idna_adapter v1.2.0
[INFO] [stderr]    Compiling idna v1.0.3
[INFO] [stderr]    Compiling regex v1.11.1
[INFO] [stderr]    Compiling phf_generator v0.11.2
[INFO] [stderr]    Compiling unicode-normalization v0.1.24
[INFO] [stderr]    Compiling concurrent-queue v2.5.0
[INFO] [stderr]    Compiling hmac v0.12.1
[INFO] [stderr]    Compiling crossbeam-epoch v0.9.18
[INFO] [stderr]    Compiling tokio-util v0.7.12
[INFO] [stderr]    Compiling atomic-waker v1.1.2
[INFO] [stderr]    Compiling try-lock v0.2.5
[INFO] [stderr]    Compiling unicode-properties v0.1.3
[INFO] [stderr]    Compiling mirai-annotations v1.12.0
[INFO] [stderr]    Compiling unicode-bidi v0.3.17
[INFO] [stderr]    Compiling rustix v0.38.40
[INFO] [stderr]    Compiling proc-macro-hack v0.5.20+deprecated
[INFO] [stderr]    Compiling h2 v0.4.6
[INFO] [stderr]    Compiling stringprep v0.1.5
[INFO] [stderr]    Compiling want v0.3.1
[INFO] [stderr]    Compiling url v2.5.3
[INFO] [stderr]    Compiling pest_meta v2.7.14
[INFO] [stderr]    Compiling event-listener v5.3.1
[INFO] [stderr]    Compiling hkdf v0.12.4
[INFO] [stderr]    Compiling const-random-macro v0.1.16
[INFO] [stderr]    Compiling phf_codegen v0.11.2
[INFO] [stderr]    Compiling parse-zoneinfo v0.3.1
[INFO] [stderr]    Compiling futures-intrusive v0.5.0
[INFO] [stderr]    Compiling chrono v0.4.38
[INFO] [stderr]    Compiling tokio-stream v0.1.16
[INFO] [stderr]    Compiling crossbeam-queue v0.3.11
[INFO] [stderr]    Compiling phf v0.11.2
[INFO] [stderr]    Compiling sha1 v0.10.6
[INFO] [stderr]    Compiling sha2 v0.10.8
[INFO] [stderr]    Compiling psm v0.1.23
[INFO] [stderr]    Compiling md-5 v0.10.6
[INFO] [stderr]    Compiling whoami v1.5.2
[INFO] [stderr]    Compiling heck v0.5.0
[INFO] [stderr]    Compiling time-core v0.1.2
[INFO] [stderr]    Compiling mime v0.3.17
[INFO] [stderr]    Compiling dotenvy v0.15.7
[INFO] [stderr]    Compiling powerfmt v0.2.0
[INFO] [stderr]    Compiling num-conv v0.1.0
[INFO] [stderr]    Compiling rustls v0.23.16
[INFO] [stderr]    Compiling linux-raw-sys v0.4.14
[INFO] [stderr]    Compiling ident_case v1.0.1
[INFO] [stderr]    Compiling fastrand v2.2.0
[INFO] [stderr]    Compiling time-macros v0.2.18
[INFO] [stderr]    Compiling darling_core v0.20.10
[INFO] [stderr]    Compiling deranged v0.3.11
[INFO] [stderr]    Compiling sqlx-core v0.8.2
[INFO] [stderr]    Compiling hyper v1.5.0
[INFO] [stderr]    Compiling chrono-tz-build v0.3.0
[INFO] [stderr]    Compiling rsa v0.9.6
[INFO] [stderr]    Compiling pest_generator v2.7.14
[INFO] [stderr]    Compiling const-random v0.1.18
[INFO] [stderr]    Compiling http-body-util v0.1.2
[INFO] [stderr]    Compiling stacker v0.1.17
[INFO] [stderr]    Compiling bstr v1.10.0
[INFO] [stderr]    Compiling unic-common v0.9.0
[INFO] [stderr]    Compiling tower-layer v0.3.3
[INFO] [stderr]    Compiling rustversion v1.0.18
[INFO] [stderr]    Compiling unic-char-range v0.9.0
[INFO] [stderr]    Compiling unicase v2.8.0
[INFO] [stderr]    Compiling utf8parse v0.2.2
[INFO] [stderr]    Compiling anstyle-parse v0.2.6
[INFO] [stderr]    Compiling darling_macro v0.20.10
[INFO] [stderr]    Compiling globset v0.4.15
[INFO] [stderr]    Compiling mime_guess v2.0.5
[INFO] [stderr]    Compiling walkdir v2.5.0
[INFO] [stderr]    Compiling unic-char-property v0.9.0
[INFO] [stderr]    Compiling unic-ucd-version v0.9.0
[INFO] [stderr]    Compiling regex-automata v0.1.10
[INFO] [stderr]    Compiling tempfile v3.14.0
[INFO] [stderr]    Compiling pest_derive v2.7.14
[INFO] [stderr]    Compiling random-number-macro-impl v0.1.8
[INFO] [stderr]    Compiling hyper-util v0.1.10
[INFO] [stderr]    Compiling dlv-list v0.5.2
[INFO] [stderr]    Compiling chrono-tz v0.9.0
[INFO] [stderr]    Compiling time v0.3.36
[INFO] [stderr]    Compiling crossbeam-deque v0.8.5
[INFO] [stderr]    Compiling sqlx-mysql v0.8.2
[INFO] [stderr]    Compiling raw-cpuid v11.2.0
[INFO] [stderr]    Compiling rustls-pemfile v2.2.0
[INFO] [stderr]    Compiling serde_spanned v0.6.8
[INFO] [stderr]    Compiling toml_datetime v0.6.8
[INFO] [stderr]    Compiling async-trait v0.1.83
[INFO] [stderr]    Compiling ring v0.17.8
[INFO] [stderr]    Compiling proc-macro-error-attr2 v2.0.0
[INFO] [stderr]    Compiling winnow v0.6.20
[INFO] [stderr]    Compiling colorchoice v1.0.3
[INFO] [stderr]    Compiling sync_wrapper v0.1.2
[INFO] [stderr]    Compiling is_terminal_polyfill v1.70.1
[INFO] [stderr]    Compiling anstyle-query v1.1.2
[INFO] [stderr]    Compiling overload v0.1.1
[INFO] [stderr]    Compiling base64 v0.21.7
[INFO] [stderr]    Compiling anstyle v1.0.10
[INFO] [stderr]    Compiling nu-ansi-term v0.46.0
[INFO] [stderr]    Compiling anstream v0.6.18
[INFO] [stderr]    Compiling tower v0.5.1
[INFO] [stderr]    Compiling proc-macro-error2 v2.0.1
[INFO] [stderr]    Compiling sqlx-macros-core v0.8.2
[INFO] [stderr]    Compiling quanta v0.12.3
[INFO] [stderr]    Compiling rustls-native-certs v0.8.0
[INFO] [stderr]    Compiling ignore v0.4.23
[INFO] [stderr]    Compiling matchers v0.1.0
[INFO] [stderr]    Compiling toml_edit v0.22.22
[INFO] [stderr]    Compiling random-number v0.1.9
[INFO] [stderr]    Compiling ordered-multimap v0.7.3
[INFO] [stderr]    Compiling darling v0.20.10
[INFO] [stderr]    Compiling unic-ucd-segment v0.9.0
[INFO] [stderr]    Compiling tracing-serde v0.1.3
[INFO] [stderr]    Compiling hashlink v0.8.4
[INFO] [stderr]    Compiling metrics v0.24.0
[INFO] [stderr]    Compiling sharded-slab v0.1.7
[INFO] [stderr]    Compiling tracing-log v0.2.0
[INFO] [stderr]    Compiling thread_local v1.1.8
[INFO] [stderr]    Compiling encoding_rs v0.8.35
[INFO] [stderr]    Compiling clap_lex v0.7.2
[INFO] [stderr]    Compiling thiserror v2.0.3
[INFO] [stderr]    Compiling unicode-segmentation v1.12.0
[INFO] [stderr]    Compiling deunicode v1.6.0
[INFO] [stderr]    Compiling sync_wrapper v1.0.1
[INFO] [stderr]    Compiling arraydeque v0.5.1
[INFO] [stderr]    Compiling sketches-ddsketch v0.3.0
[INFO] [stderr]    Compiling slug v0.1.6
[INFO] [stderr]    Compiling toml v0.8.19
[INFO] [stderr]    Compiling convert_case v0.6.0
[INFO] [stderr]    Compiling metrics-util v0.18.0
[INFO] [stderr]    Compiling tracing-subscriber v0.3.18
[INFO] [stderr]    Compiling yaml-rust2 v0.8.1
[INFO] [stderr]    Compiling axum-core v0.4.5
[INFO] [stderr]    Compiling clap_builder v4.5.20
[INFO] [stderr]    Compiling unic-segment v0.9.0
[INFO] [stderr]    Compiling sqlx-macros v0.8.2
[INFO] [stderr]    Compiling validator_derive v0.19.0
[INFO] [stderr]    Compiling rust-ini v0.20.0
[INFO] [stderr]    Compiling globwalk v0.9.1
[INFO] [stderr]    Compiling random-pick v1.2.16
[INFO] [stderr]    Compiling chumsky v0.9.3
[INFO] [stderr]    Compiling ron v0.8.1
[INFO] [stderr]    Compiling simple_asn1 v0.6.2
[INFO] [stderr]    Compiling json5 v0.4.1
[INFO] [stderr]    Compiling clap_derive v4.5.18
[INFO] [stderr]    Compiling uuid v1.11.0
[INFO] [stderr]    Compiling serde_urlencoded v0.7.1
[INFO] [stderr]    Compiling serde_path_to_error v0.1.16
[INFO] [stderr]    Compiling futures-executor v0.3.31
[INFO] [stderr]    Compiling thiserror-impl v2.0.3
[INFO] [stderr]    Compiling email-encoding v0.3.0
[INFO] [stderr]    Compiling pem v3.0.4
[INFO] [stderr]    Compiling password-hash v0.5.0
[INFO] [stderr]    Compiling blake2 v0.10.6
[INFO] [stderr]    Compiling crossbeam-channel v0.5.13
[INFO] [stderr]    Compiling humansize v2.1.3
[INFO] [stderr]    Compiling hostname v0.4.0
[INFO] [stderr]    Compiling ipnet v2.10.1
[INFO] [stderr]    Compiling email_address v0.2.9
[INFO] [stderr]    Compiling http-range-header v0.4.1
[INFO] [stderr]    Compiling matchit v0.7.3
[INFO] [stderr]    Compiling quoted_printable v0.5.1
[INFO] [stderr]    Compiling pathdiff v0.2.2
[INFO] [stderr]    Compiling config v0.14.1
[INFO] [stderr]    Compiling tracing-appender v0.2.3
[INFO] [stderr]    Compiling lettre v0.11.10
[INFO] [stderr]    Compiling axum v0.7.7
[INFO] [stderr]    Compiling tower-http v0.6.1
[INFO] [stderr]    Compiling tera v1.20.0
[INFO] [stderr]    Compiling clap v4.5.20
[INFO] [stderr]    Compiling argon2 v0.5.3
[INFO] [stderr]    Compiling jsonwebtoken v9.3.0
[INFO] [stderr]    Compiling futures v0.3.31
[INFO] [stderr]    Compiling sqlx v0.8.2
[INFO] [stderr]    Compiling validator v0.19.0
[INFO] [stderr]    Compiling passwords v3.1.16
[INFO] [stderr]    Compiling http-auth-basic v0.3.5
[INFO] [stderr]    Compiling rustls-webpki v0.102.8
[INFO] [stderr]    Compiling tokio-rustls v0.26.0
[INFO] [stderr]    Compiling hyper-rustls v0.27.3
[INFO] [stderr]    Compiling metrics-exporter-prometheus v0.16.0
[INFO] [stderr]    Compiling auth2-api v0.1.0 (/opt/rustwide/workdir)
[INFO] [stderr]     Finished `dev` profile [unoptimized + debuginfo] target(s) in 6m 03s
[INFO] running `Command { std: "docker" "inspect" "243dfde247e33820949efcab0397a7e05abb8a6e8e685b97a724f8f94f7f74c0", kill_on_drop: false }`
[INFO] running `Command { std: "docker" "rm" "-f" "243dfde247e33820949efcab0397a7e05abb8a6e8e685b97a724f8f94f7f74c0", kill_on_drop: false }`
[INFO] [stdout] 243dfde247e33820949efcab0397a7e05abb8a6e8e685b97a724f8f94f7f74c0
[INFO] running `Command { std: "docker" "create" "-v" "/var/lib/crater-agent-workspace/builds/worker-4-tc1/target:/opt/rustwide/target:rw,Z" "-v" "/var/lib/crater-agent-workspace/builds/worker-4-tc1/source:/opt/rustwide/workdir:ro,Z" "-v" "/var/lib/crater-agent-workspace/cargo-home:/opt/rustwide/cargo-home:ro,Z" "-v" "/var/lib/crater-agent-workspace/rustup-home:/opt/rustwide/rustup-home:ro,Z" "-e" "SOURCE_DIR=/opt/rustwide/workdir" "-e" "CARGO_TARGET_DIR=/opt/rustwide/target" "-e" "CARGO_INCREMENTAL=0" "-e" "RUST_BACKTRACE=full" "-e" "RUSTFLAGS=--cap-lints=forbid" "-e" "RUSTDOCFLAGS=--cap-lints=forbid" "-e" "CARGO_HOME=/opt/rustwide/cargo-home" "-e" "RUSTUP_HOME=/opt/rustwide/rustup-home" "-w" "/opt/rustwide/workdir" "-m" "1610612736" "--user" "0:0" "--network" "none" "ghcr.io/rust-lang/crates-build-env/linux@sha256:819108c5571ea2e421544af4d832f968d213c87fbe3707a016657f43d2f853bc" "/opt/rustwide/cargo-home/bin/cargo" "+nightly-2025-01-18" "test" "--frozen" "--no-run" "--message-format=json", kill_on_drop: false }`
[INFO] [stdout] 39c4818a33ef86106acd67c38ce3bd0e7a371a11355af0a4321935929e63c93b
[INFO] running `Command { std: "docker" "start" "-a" "39c4818a33ef86106acd67c38ce3bd0e7a371a11355af0a4321935929e63c93b", kill_on_drop: false }`
[INFO] [stderr]    Compiling yansi v1.0.1
[INFO] [stderr]    Compiling diff v0.1.13
[INFO] [stderr]    Compiling fake v3.0.1
[INFO] [stderr]    Compiling pretty_assertions v1.4.1
[INFO] [stderr]    Compiling auth2-api v0.1.0 (/opt/rustwide/workdir)
[INFO] [stderr]     Finished `test` profile [unoptimized + debuginfo] target(s) in 11.52s
[INFO] running `Command { std: "docker" "inspect" "39c4818a33ef86106acd67c38ce3bd0e7a371a11355af0a4321935929e63c93b", kill_on_drop: false }`
[INFO] running `Command { std: "docker" "rm" "-f" "39c4818a33ef86106acd67c38ce3bd0e7a371a11355af0a4321935929e63c93b", kill_on_drop: false }`
[INFO] [stdout] 39c4818a33ef86106acd67c38ce3bd0e7a371a11355af0a4321935929e63c93b
[INFO] running `Command { std: "docker" "create" "-v" "/var/lib/crater-agent-workspace/builds/worker-4-tc1/target:/opt/rustwide/target:rw,Z" "-v" "/var/lib/crater-agent-workspace/builds/worker-4-tc1/source:/opt/rustwide/workdir:ro,Z" "-v" "/var/lib/crater-agent-workspace/cargo-home:/opt/rustwide/cargo-home:ro,Z" "-v" "/var/lib/crater-agent-workspace/rustup-home:/opt/rustwide/rustup-home:ro,Z" "-e" "SOURCE_DIR=/opt/rustwide/workdir" "-e" "CARGO_TARGET_DIR=/opt/rustwide/target" "-e" "CARGO_INCREMENTAL=0" "-e" "RUST_BACKTRACE=full" "-e" "RUSTFLAGS=--cap-lints=forbid" "-e" "RUSTDOCFLAGS=--cap-lints=forbid" "-e" "CARGO_HOME=/opt/rustwide/cargo-home" "-e" "RUSTUP_HOME=/opt/rustwide/rustup-home" "-w" "/opt/rustwide/workdir" "-m" "1610612736" "--user" "0:0" "--network" "none" "ghcr.io/rust-lang/crates-build-env/linux@sha256:819108c5571ea2e421544af4d832f968d213c87fbe3707a016657f43d2f853bc" "/opt/rustwide/cargo-home/bin/cargo" "+nightly-2025-01-18" "test" "--frozen", kill_on_drop: false }`
[INFO] [stdout] 92c3cdbc75d57630c843b7d1a80982249fe762b8348577f2c74b31741daafb75
[INFO] running `Command { std: "docker" "start" "-a" "92c3cdbc75d57630c843b7d1a80982249fe762b8348577f2c74b31741daafb75", kill_on_drop: false }`
[INFO] [stderr]     Finished `test` profile [unoptimized + debuginfo] target(s) in 0.43s
[INFO] [stdout] 
[INFO] [stderr]      Running unittests src/lib.rs (/opt/rustwide/target/debug/deps/auth2_api-9032323651fd9af9)
[INFO] [stdout] running 46 tests
[INFO] [stdout] test adapters::database::mysql::tests::test_mysql_query_sorts_with_valid_fields ... ok
[INFO] [stdout] test adapters::database::mysql::tests::test_mysql_query_sorts_with_valid_fields_and_table_prefix ... ok
[INFO] [stdout] test adapters::database::mysql::tests::test_mysql_pagination_to_sql ... ok
[INFO] [stdout] test adapters::email::forgotten_password::test::test_forgotten_password_request_try_into_message ... ok
[INFO] [stdout] test domain::services::security::payload::tests::test_payload_data_from_payload ... ok
[INFO] [stdout] test adapters::database::mysql::tests::test_mysql_query_sorts_without_valid_fields ... ok
[INFO] [stdout] test adapters::email::forgotten_password::test::test_forgotten_password_request_subject ... ok
[INFO] [stdout] test adapters::database::mysql::tests::test_mysql_query_sorts_without_sort ... ok
[INFO] [stdout] test domain::services::security::jwt::tests::test_jwt_algorithm_from_str ... ok
[INFO] [stdout] test adapters::email::forgotten_password::test::test_forgotten_password_request_link ... ok
[INFO] [stdout] test adapters::database::mysql::tests::test_from_pagination_mysql_pagination ... ok
[INFO] [stdout] test domain::services::security::jwt::tests::test_jwt_use_secret ... ok
[INFO] [stdout] test domain::use_cases::application::create_application::tests::test_create_application ... ok
[INFO] [stdout] test domain::use_cases::application::get_application::tests::test_get_application_error ... ok
[INFO] [stdout] test domain::use_cases::application::delete_application::tests::test_delete_application_use_case_with_error ... ok
[INFO] [stdout] test domain::use_cases::application::create_application::tests::test_create_application_error ... ok
[INFO] [stdout] test domain::use_cases::application::get_application::tests::test_get_application ... ok
[INFO] [stdout] test domain::use_cases::application::delete_application::tests::test_delete_application_use_case ... ok
[INFO] [stdout] test domain::use_cases::application::restore_application::tests::test_restore_application_use_case ... ok
[INFO] [stdout] test domain::use_cases::application::create_application::tests::test_create_application_invalid_name ... ok
[INFO] [stdout] test domain::use_cases::external_link::create_external_link::tests::test_create_external_link ... ok
[INFO] [stdout] test domain::use_cases::application::restore_application::tests::test_restore_application_use_case_with_error ... ok
[INFO] [stdout] test domain::use_cases::scope::create_scope::tests::test_create_scope_database_error ... ok
[INFO] [stdout] test domain::use_cases::scope::create_scope::tests::test_create_scope ... ok
[INFO] [stdout] test domain::use_cases::user::delete_user::tests::test_delete_user_use_case ... ok
[INFO] [stdout] test domain::use_cases::user::delete_user::tests::test_delete_user_use_case_not_found ... ok
[INFO] [stdout] test domain::use_cases::scope::delete_scope::tests::test_delete_scope_use_case ... ok
[INFO] [stdout] test domain::use_cases::scope::restore_scope::tests::test_restore_scope_use_case ... ok
[INFO] [stdout] test domain::use_cases::scope::restore_scope::tests::test_restore_scope_use_case_with_error ... ok
[INFO] [stdout] test domain::use_cases::scope::delete_scope::tests::test_delete_scope_use_case_with_error ... ok
[INFO] [stdout] test domain::use_cases::user::get_user::tests::test_get_user_use_case ... ok
[INFO] [stdout] test domain::use_cases::user::get_user::tests::test_get_user_use_case_not_found ... ok
[INFO] [stdout] test domain::use_cases::user::get_users::tests::test_get_users_use_case ... ok
[INFO] [stdout] test domain::use_cases::user::refresh_token::tests::test_refresh_token_use_case ... ok
[INFO] [stdout] test domain::use_cases::user::refresh_token::tests::test_refresh_token_use_case_invalid_token ... ok
[INFO] [stdout] test domain::use_cases::user::restore_user::tests::test_delete_user_use_case ... ok
[INFO] [stdout] test domain::use_cases::user::restore_user::tests::test_delete_user_use_case_not_found ... ok
[INFO] [stdout] test domain::value_objects::datetime::test::test_utc_date_time_display ... ok
[INFO] [stdout] test domain::value_objects::query_sort::tests::test_filter_sorts_from_str ... ok
[INFO] [stdout] test domain::use_cases::user::get_access_token::tests::test_get_access_token_use_case_invalid_email ... ok
[INFO] [stdout] test domain::use_cases::user::get_access_token::tests::test_get_access_token_use_case_user_not_found ... ok
[INFO] [stdout] test domain::use_cases::user::create_user::tests::test_create_user_use_case_invalid_email ... ok
[INFO] [stdout] test domain::use_cases::user::create_user::tests::test_create_user_use_case ... ok
[INFO] [stdout] test domain::use_cases::user::update_password_from_token::tests::test_update_password_from_token_use_case ... ok
[INFO] [stdout] test domain::use_cases::user::get_access_token::tests::test_get_access_token_use_case ... ok
[INFO] [stdout] test domain::use_cases::user::get_access_token::tests::test_get_access_token_use_case_incorrect_password ... ok
[INFO] [stdout] 
[INFO] [stdout] test result: ok. 46 passed; 0 failed; 0 ignored; 0 measured; 0 filtered out; finished in 0.94s
[INFO] [stdout] 
[INFO] [stderr]      Running unittests src/bin/main.rs (/opt/rustwide/target/debug/deps/auth2_api-647225a9e82748a5)
[INFO] [stdout] 
[INFO] [stdout] running 0 tests
[INFO] [stdout] 
[INFO] [stdout] test result: ok. 0 passed; 0 failed; 0 ignored; 0 measured; 0 filtered out; finished in 0.00s
[INFO] [stdout] 
[INFO] [stderr]    Doc-tests auth2_api
[INFO] [stdout] 
[INFO] [stdout] running 14 tests
[INFO] [stdout] test src/domain/value_objects/email.rs - domain::value_objects::email::Email::new (line 23) ... FAILED
[INFO] [stdout] test src/domain/value_objects/id.rs - domain::value_objects::id::Id::from_str (line 51) ... FAILED
[INFO] [stdout] test src/domain/entities/refresh_token.rs - domain::entities::refresh_token::RefreshToken::is_valid (line 78) ... ok
[INFO] [stdout] test src/domain/value_objects/datetime.rs - domain::value_objects::datetime::UtcDateTime::from_rfc3339 (line 34) ... ok
[INFO] [stdout] test src/domain/value_objects/id.rs - domain::value_objects::id::Id::new (line 29) ... ok
[INFO] [stdout] test src/domain/entities/user.rs - domain::entities::user::User::fullname (line 23) ... ok
[INFO] [stdout] test src/infrastructure/api/layers/auth.rs - infrastructure::api::layers::auth::auth (line 88) ... ignored
[INFO] [stdout] test src/domain/entities/refresh_token.rs - domain::entities::refresh_token::RefreshToken::create (line 35) ... ok
[INFO] [stdout] test src/domain/value_objects/pagination.rs - domain::value_objects::pagination::Pagination::default (line 59) ... ok
[INFO] [stdout] test src/domain/value_objects/pagination.rs - domain::value_objects::pagination::Pagination::new (line 17) ... ok
[INFO] [stdout] test src/domain/value_objects/password.rs - domain::value_objects::password::Password::new (line 49) ... ok
[INFO] [stdout] test src/domain/value_objects/scope_id.rs - domain::value_objects::scope_id::ScopeId::new (line 33) ... ok
[INFO] [stdout] test src/domain/value_objects/query_sort.rs - domain::value_objects::query_sort::QuerySorts::from (line 55) ... ok
[INFO] [stdout] test src/domain/value_objects/password.rs - domain::value_objects::password::Password::verify (line 116) ... ok
[INFO] [stdout] 
[INFO] [stdout] failures:
[INFO] [stdout] 
[INFO] [stdout] ---- src/domain/value_objects/email.rs - domain::value_objects::email::Email::new (line 23) stdout ----
[INFO] [stdout] error: linking with `cc` failed: exit status: 1
[INFO] [stdout]   |
[INFO] [stdout]   = note: LC_ALL="C" PATH="/opt/rustwide/rustup-home/toolchains/nightly-2025-01-18-x86_64-unknown-linux-gnu/lib/rustlib/x86_64-unknown-linux-gnu/bin:/opt/rustwide/rustup-home/toolchains/nightly-2025-01-18-x86_64-unknown-linux-gnu/lib/rustlib/x86_64-unknown-linux-gnu/bin/self-contained:/opt/rustwide/cargo-home/bin:/usr/local/sbin:/usr/local/bin:/usr/sbin:/usr/bin:/sbin:/bin" VSLANG="1033" "cc" "-m64" "/tmp/rustc53SYZe/symbols.o" "<2 object files omitted>" "-Wl,--as-needed" "-Wl,-Bstatic" "/opt/rustwide/target/debug/deps/{libauth2_api-f694278156a020fc.rlib,libtracing_appender-1d4c61d5616cc52c.rlib,libcrossbeam_channel-76efdca71fbd9856.rlib,libconfig-601857bee8b61437.rlib,libpathdiff-1c1b832b7495c5fa.rlib,libjson5-54470d4c4be615c1.rlib,libron-45b59da7c484b2a8.rlib,libtoml-8ee51baed5b1aca6.rlib,libtoml_edit-83d4665accc97da9.rlib,libserde_spanned-ae8c5c53ec24f8d8.rlib,libwinnow-aec8fd883abf5a30.rlib,libtoml_datetime-71c3f6abffc42f52.rlib,libini-0049736b7167575c.rlib,libordered_multimap-e07e613a326536ed.rlib,libdlv_list-0bcadac3723106d1.rlib,libyaml_rust2-087a04f29fc3bce1.rlib,libencoding_rs-68ad4a143c31cce1.rlib,libarraydeque-be9e663bcba0ae31.rlib,libhashlink-21ae92534179fac8.rlib,libconvert_case-772cc0932d4e91a2.rlib,libunicode_segmentation-ff3f1aa3aad6e639.rlib,libclap-732dd119fe8ee9e9.rlib,libclap_builder-50fc3443f7d963fe.rlib,libstrsim-24acdad2526b95b7.rlib,libanstream-3a5850ea78bcd0e3.rlib,libanstyle_query-f0be367a66cb0b02.rlib,libis_terminal_polyfill-c14c9d53c4f80a97.rlib,libcolorchoice-dfb6701820ae12a0.rlib,libanstyle_parse-80647c630cc5391e.rlib,libutf8parse-8828ddbb63eb8bad.rlib,libclap_lex-0e908d52bfe2a542.rlib,libanstyle-df82d657645c4a5c.rlib,libtracing_subscriber-dab063a0a8edf240.rlib,libtracing_serde-c291363d10f8984c.rlib,libnu_ansi_term-c634e6ff7c6e5c03.rlib,liboverload-23726fa51fddfe0c.rlib,libsharded_slab-aefb68f44979f1e0.rlib,libmatchers-325c66ff3d6c0610.rlib,libregex_automata-c55e6e1ce4e1007c.rlib,libregex_syntax-e3521940133a580f.rlib,libthread_local-0f0b93b43b5e76ce.rlib,libtracing_log-5089218df49ecc16.rlib,libtower_http-8ec6c90af2441fe0.rlib,libmime_guess-7b18753a5a296a59.rlib,libunicase-e68199b98a5d4cb3.rlib,libhttp_range_header-4912917e88d55998.rlib,libhttp_auth_basic-ce3b5112fb52603e.rlib,libfutures-54fbae88526e3b60.rlib,libfutures_executor-64bc7a68c46755c4.rlib,libtera-e63eee5525fe8d21.rlib,libslug-ccb10a21a6d536dc.rlib,libdeunicode-859f88a9208541c1.rlib,libglobwalk-0653639465cfd71d.rlib,libignore-a3ed24822cb909e9.rlib,libwalkdir-1a00c768f8c7f3de.rlib,libsame_file-1ceb7b6153588b15.rlib,libcrossbeam_deque-337e201672f94d3a.rlib,libcrossbeam_epoch-6eaad7f981b0bedd.rlib,libglobset-c5bf932a10d90db8.rlib,libbstr-aeec5d7a3ff7087c.rlib,libpest-4e44e23d9fad686a.rlib,libucd_trie-01dd94f548235104.rlib,libunic_segment-9a82efb0fdea9f9b.rlib,libunic_ucd_segment-ce71ce7232c50ccd.rlib,libunic_ucd_version-95ab1c46fc2dce4c.rlib,libunic_common-95572032ffd99b0d.rlib,libunic_char_property-14ec15120d11108a.rlib,libunic_char_range-a799f89c5585e437.rlib,libhumansize-f1a3c6b4c1c2c72d.rlib,libchrono_tz-3ea5a830bbe571c3.rlib,libphf-f4592ce42c87a924.rlib,libphf_shared-6a67c157c0247ec5.rlib,libsiphasher-7b49b0cc05d9e611.rlib,libaxum-6a4f9699274e9300.rlib,libserde_path_to_error-a7f918a12878e22c.rlib,libserde_urlencoded-84295b4c8fcba9e5.rlib,libhyper_util-dcc5e307e8ceb2bc.rlib,libhyper-f212316e233d349c.rlib,libwant-0f3c3ee377cad37f.rlib,libtry_lock-aabba5e3d97e6b57.rlib,libhttparse-1f171d883a977f5d.rlib,libh2-8c274c79b7aa03a6.rlib,libatomic_waker-001109810bdecbaa.rlib,libtokio_util-a87a2a10a54eb96f.rlib,libmatchit-b2689776cf6e5db9.rlib,libaxum_core-71b4c4c8affff376.rlib,libsync_wrapper-3774b2b6a2e7860b.rlib,libhttp_body_util-40fa5d38c6b0fc1e.rlib,libhttp_body-5ced07248982098e.rlib,libhttp-49835eadea3670d0.rlib,libfnv-2d77ec4f6f971b24.rlib,libtower-41f72a01a9e268bc.rlib,libsync_wrapper-17f912c27eab8964.rlib,libtower_layer-d70c7e404336389b.rlib,libtower_service-0d7df29686b13872.rlib,libpasswords-a9768d5dcf843845.rlib,librandom_pick-1b313b4cac193164.rlib,librandom_number-e45b6f8e308e6bc2.rlib,libargon2-b81fe113980c0bfa.rlib,libblake2-037bcee25c411daa.rlib,libpassword_hash-6b070cbaaec09ebf.rlib,libjsonwebtoken-62efe50078dafab3.rlib,libpem-7790ac933df6cf06.rlib,libsimple_asn1-78570af770a855fe.rlib,libtime-5e8c3c65e4d9f1e7.rlib,libtime_core-4e44e5dcd53c485d.rlib,libnum_conv-2c976fbf8b8f2899.rlib,libderanged-9df638cca9ea2119.rlib,libpowerfmt-a0c185df26c26a22.rlib,libbase64-64299f9d815d057c.rlib,libring-977256ebfed7ff33.rlib,libuntrusted-3420b86308bec153.rlib,libuuid-0634efa43bd338ca.rlib,liblettre-eb4e2fd4889973a7.rlib,libhostname-ab675e27dfdf83aa.rlib,libfastrand-ae5aa3bcd1a9721b.rlib,libquoted_printable-7d55cf8c6b4707b9.rlib,libchumsky-d8613071be03e605.rlib,libstacker-419374a5caa6040e.rlib,libpsm-2763542da687e00d.rlib,libhttpdate-9f9d2502c6a38412.rlib,libmime-4b44681fdb2c65f7.rlib,libemail_encoding-1df3456a3159c956.rlib,libbase64-2a03de3babadded3.rlib,libemail_address-4a023cb5aae49a0f.rlib,libvalidator-fb2a70caa9946ae9.rlib,libregex-559452b3305f3ffc.rlib,libregex_automata-d063da7641e754a9.rlib,libaho_corasick-f95a2d77404a73d2.rlib,libregex_syntax-13fc688ae7f36982.rlib,libsqlx-d4924deb9a613630.rlib,libsqlx_mysql-3a6cce1bdac2b0d2.rlib,libdotenvy-c158e10653a35757.rlib,libcrc-dad355042bb8f721.rlib,libcrc_catalog-bb32f52851f13aa4.rlib,libsha1-f5db70ff04ec77fe.rlib,librsa-e7f5095116fb6a03.rlib,libpkcs1-daacf7aae4b0c67e.rlib,libpkcs8-4f445c4e87eaaa3e.rlib,libspki-32e0da810cb62779.rlib,libder-3cd6c8a31824454e.rlib,libpem_rfc7468-5583564c38c68a1e.rlib,libbase64ct-04e748031ddf4896.rlib,libsignature-7dbf64aef8bc79fc.rlib,libnum_bigint_dig-0e11bd71b098099c.rlib,libnum_iter-5469e3a5a75ff554.rlib,libzeroize-ead98f074a37f829.rlib,liblazy_static-baa1b60cad294b8b.rlib,libspin-b0f789aa2a8dd050.rlib,librand-fb3ff404e3be6731.rlib,librand_chacha-5b73af034f4f18d1.rlib,libppv_lite86-eaf9f821f91d08a1.rlib,librand_core-afaa2536c6ca1678.rlib,libgetrandom-e8006e8781fdc5c1.rlib,libsqlx_core-f48fcbbbc3e7cbb8.rlib,libthiserror-97881d17c5203a46.rlib,libindexmap-44088fe779046c57.rlib,libequivalent-fdc46004df91ad08.rlib,libhashbrown-01efde272a6110fe.rlib,libfoldhash-6d45a3996f846e3d.rlib,libsha2-45dee51943440566.rlib,libcpufeatures-fe114a1e469cc2f8.rlib,libdigest-aab4f8a6db51c72b.rlib,libsubtle-ca7024fc66e4388f.rlib,libconst_oid-5d63b50f42b847e9.rlib,libblock_buffer-3c22f9850993a748.rlib,libcrypto_common-57b5775ae13b5cdb.rlib,libgeneric_array-55e3d99ab424402d.rlib,libtypenum-e3323f6ed06bf501.rlib,libnative_tls-28ff32c440ff6f99.rlib,libopenssl_probe-dfbd35d7fb1bbeff.rlib,libopenssl-36aa53c58ff7aaac.rlib,libbitflags-33810c8ffaafae53.rlib,libforeign_types-0d5385f641bbbadd.rlib,libforeign_types_shared-1d09a6084921ca40.rlib,libopenssl_sys-239e43d2ef24edb6.rlib,libsqlformat-77b7737b953d7a24.rlib,libunicode_categories-ef4962be3dfb8f25.rlib,libnom-2634eb9b7f5f7aae.rlib,libtokio-13c76b23d502a92f.rlib,libsignal_hook_registry-8407b51dae731dc7.rlib,libsocket2-384f56b43710a99f.rlib,libmio-832749be013892d3.rlib,libparking_lot-750e486acb810554.rlib,libparking_lot_core-80ca181c1feb2f3a.rlib,liblibc-e57f72c4fc712844.rlib,liblock_api-0fd539a479e0f355.rlib,libscopeguard-d52bd00767847e44.rlib,libbytes-3d9b205de7df0211.rlib,libhashlink-00948c3f9dd8eea7.rlib,libhashbrown-a7795bda93408fd0.rlib,libahash-850951232cb53e1e.rlib,libcfg_if-33ef6c02a07f9fec.rlib,libzerocopy-25d05050e762fbaf.rlib,libbyteorder-1e924d369e48dcfe.rlib,liballocator_api2-57a541bb0b50754b.rlib,libbigdecimal-fc0a5085ee884be8.rlib,liblibm-d1e2c88ada3ffce0.rlib,libnum_bigint-093296244eb9e1e4.rlib,libnum_integer-0c252e8fcf8d2a5a.rlib,libchrono-95e621901df47997.rlib,libnum_traits-8a6ee6dc99dfb666.rlib,libiana_time_zone-33839373f004bfb1.rlib,libserde_json-4b2a624cb99fe56a.rlib,libitoa-4c6598116a867907.rlib,libryu-f8ba606093049f91.rlib,liburl-5fded62bc0ecde76.rlib,libidna-e15df4e62605c4d7.rlib,libidna_adapter-b92590b264b13315.rlib,libicu_normalizer-e87dd63081197968.rlib,libicu_normalizer_data-924449c90d89dbe9.rlib,libwrite16-e3dc6fad88157cf5.rlib,libutf8_iter-0d9be7b316c2b184.rlib,libutf16_iter-d3264925eca367d9.rlib,libsmallvec-e2fbd282c83e646d.rlib,libicu_properties-85d4c94be357014c.rlib,libicu_properties_data-51b5eb2cadc91212.rlib,libicu_locid_transform-579b84af0fc755f8.rlib,libicu_locid_transform_data-ad15ccbe3fb30a0f.rlib,libicu_collections-dff5cfa3147c0269.rlib,libicu_provider-482ed3112b809149.rlib,libicu_locid-8cef783bea960fb2.rlib,liblitemap-cc127d15603ff5ed.rlib,libtinystr-291ee20495a24109.rlib,libzerovec-eb328f369252c104.rlib,libwriteable-45c783735d88c2b0.rlib,libyoke-36bb47cebd0bcc6c.rlib,libzerofrom-b5b464fab6fe5286.rlib,libstable_deref_trait-e5f295e98f1b80b2.rlib,libform_urlencoded-a5edb5174711de82.rlib,libpercent_encoding-9bee39bbc5bd523a.rlib,libcrossbeam_queue-0ab88da34c5ea507.rlib,libcrossbeam_utils-d3f614f0e73f3455.rlib,libeither-fbd22bd024aa1c11.rlib,libserde-9cc06f8829a613a1.rlib,libevent_listener-35d59f5bca2890f7.rlib,libparking-49fcf10303d3525f.rlib,libfutures_util-918fa12fabcb124b.rlib,libmemchr-3ffe5f7a52883367.rlib,libfutures_io-972ebb79349338ae.rlib,libslab-d2d6782c70f6d408.rlib,libfutures_channel-f26d4826b597103e.rlib,libfutures_sink-be8442ee548d90f9.rlib,libfutures_task-19b3aba2be9e7ae8.rlib,libpin_utils-9a5791cba021167a.rlib,libfutures_core-fc6bb1738f00fc87.rlib,libthiserror-60f845dbffcc23f8.rlib,libtracing-9a83974c383d4234.rlib,liblog-669e9396cafcbb01.rlib,libpin_project_lite-1b69109c4d0b18c5.rlib,libtracing_core-031a241797973ce7.rlib,libonce_cell-debe7c411cf97340.rlib}" "/opt/rustwide/rustup-home/toolchains/nightly-2025-01-18-x86_64-unknown-linux-gnu/lib/rustlib/x86_64-unknown-linux-gnu/lib/{libstd-006123e2ce67e99d.rlib,libpanic_unwind-e1447e1efa6f1e57.rlib,libobject-f6963a4916fcf097.rlib,libmemchr-49a2d9af912f4524.rlib,libaddr2line-04d19aad3936869d.rlib,libgimli-483c235edb789db0.rlib,librustc_demangle-294281af50b8f748.rlib,libstd_detect-3b08295250aabc2a.rlib,libhashbrown-4472d1e05ba0dfaf.rlib,librustc_std_workspace_alloc-2ef099fac590e457.rlib,libminiz_oxide-8a51f5e848546c29.rlib,libadler2-3d3fa22b868db521.rlib,libunwind-0ffda8b08e22dbea.rlib,libcfg_if-b08f62458fdd43b9.rlib,liblibc-559675126e63b890.rlib,liballoc-fcf21c8d1c9c7b75.rlib,librustc_std_workspace_core-e0b0460135bcf21d.rlib,libcore-d4097fdcbddd3bc7.rlib,libcompiler_builtins-fea484ac1eed7881.rlib}" "-Wl,-Bdynamic" "-lssl" "-lcrypto" "-lgcc_s" "-lutil" "-lrt" "-lpthread" "-lm" "-ldl" "-lc" "-B/opt/rustwide/rustup-home/toolchains/nightly-2025-01-18-x86_64-unknown-linux-gnu/lib/rustlib/x86_64-unknown-linux-gnu/bin/gcc-ld" "-fuse-ld=lld" "-Wl,--eh-frame-hdr" "-Wl,-z,noexecstack" "-L" "/opt/rustwide/target/debug/build/aws-lc-sys-bc5cfd873e98706d/out" "-L" "/opt/rustwide/target/debug/build/psm-9519c56c2d83fb12/out" "-L" "/opt/rustwide/target/debug/build/ring-66ff04c0912af53e/out" "-L" "/opt/rustwide/rustup-home/toolchains/nightly-2025-01-18-x86_64-unknown-linux-gnu/lib/rustlib/x86_64-unknown-linux-gnu/lib" "-o" "/tmp/rustdoctestoujWhq/rust_out" "-Wl,--gc-sections" "-pie" "-Wl,-z,relro,-z,now" "-nodefaultlibs"
[INFO] [stdout]   = note: some arguments are omitted. use `--verbose` to show all linker arguments
[INFO] [stdout]   = note: collect2: fatal error: ld terminated with signal 9 [Killed]
[INFO] [stdout]           compilation terminated.
[INFO] [stdout]           
[INFO] [stdout] 
[INFO] [stdout] error: aborting due to 1 previous error
[INFO] [stdout] 
[INFO] [stdout] Couldn't compile the test.
[INFO] [stdout] ---- src/domain/value_objects/id.rs - domain::value_objects::id::Id::from_str (line 51) stdout ----
[INFO] [stdout] error: linking with `cc` failed: exit status: 1
[INFO] [stdout]   |
[INFO] [stdout]   = note: LC_ALL="C" PATH="/opt/rustwide/rustup-home/toolchains/nightly-2025-01-18-x86_64-unknown-linux-gnu/lib/rustlib/x86_64-unknown-linux-gnu/bin:/opt/rustwide/rustup-home/toolchains/nightly-2025-01-18-x86_64-unknown-linux-gnu/lib/rustlib/x86_64-unknown-linux-gnu/bin/self-contained:/opt/rustwide/cargo-home/bin:/usr/local/sbin:/usr/local/bin:/usr/sbin:/usr/bin:/sbin:/bin" VSLANG="1033" "cc" "-m64" "/tmp/rustcNNsd1L/symbols.o" "<2 object files omitted>" "-Wl,--as-needed" "-Wl,-Bstatic" "/opt/rustwide/target/debug/deps/{libauth2_api-f694278156a020fc.rlib,libtracing_appender-1d4c61d5616cc52c.rlib,libcrossbeam_channel-76efdca71fbd9856.rlib,libconfig-601857bee8b61437.rlib,libpathdiff-1c1b832b7495c5fa.rlib,libjson5-54470d4c4be615c1.rlib,libron-45b59da7c484b2a8.rlib,libtoml-8ee51baed5b1aca6.rlib,libtoml_edit-83d4665accc97da9.rlib,libserde_spanned-ae8c5c53ec24f8d8.rlib,libwinnow-aec8fd883abf5a30.rlib,libtoml_datetime-71c3f6abffc42f52.rlib,libini-0049736b7167575c.rlib,libordered_multimap-e07e613a326536ed.rlib,libdlv_list-0bcadac3723106d1.rlib,libyaml_rust2-087a04f29fc3bce1.rlib,libencoding_rs-68ad4a143c31cce1.rlib,libarraydeque-be9e663bcba0ae31.rlib,libhashlink-21ae92534179fac8.rlib,libconvert_case-772cc0932d4e91a2.rlib,libunicode_segmentation-ff3f1aa3aad6e639.rlib,libclap-732dd119fe8ee9e9.rlib,libclap_builder-50fc3443f7d963fe.rlib,libstrsim-24acdad2526b95b7.rlib,libanstream-3a5850ea78bcd0e3.rlib,libanstyle_query-f0be367a66cb0b02.rlib,libis_terminal_polyfill-c14c9d53c4f80a97.rlib,libcolorchoice-dfb6701820ae12a0.rlib,libanstyle_parse-80647c630cc5391e.rlib,libutf8parse-8828ddbb63eb8bad.rlib,libclap_lex-0e908d52bfe2a542.rlib,libanstyle-df82d657645c4a5c.rlib,libtracing_subscriber-dab063a0a8edf240.rlib,libtracing_serde-c291363d10f8984c.rlib,libnu_ansi_term-c634e6ff7c6e5c03.rlib,liboverload-23726fa51fddfe0c.rlib,libsharded_slab-aefb68f44979f1e0.rlib,libmatchers-325c66ff3d6c0610.rlib,libregex_automata-c55e6e1ce4e1007c.rlib,libregex_syntax-e3521940133a580f.rlib,libthread_local-0f0b93b43b5e76ce.rlib,libtracing_log-5089218df49ecc16.rlib,libtower_http-8ec6c90af2441fe0.rlib,libmime_guess-7b18753a5a296a59.rlib,libunicase-e68199b98a5d4cb3.rlib,libhttp_range_header-4912917e88d55998.rlib,libhttp_auth_basic-ce3b5112fb52603e.rlib,libfutures-54fbae88526e3b60.rlib,libfutures_executor-64bc7a68c46755c4.rlib,libtera-e63eee5525fe8d21.rlib,libslug-ccb10a21a6d536dc.rlib,libdeunicode-859f88a9208541c1.rlib,libglobwalk-0653639465cfd71d.rlib,libignore-a3ed24822cb909e9.rlib,libwalkdir-1a00c768f8c7f3de.rlib,libsame_file-1ceb7b6153588b15.rlib,libcrossbeam_deque-337e201672f94d3a.rlib,libcrossbeam_epoch-6eaad7f981b0bedd.rlib,libglobset-c5bf932a10d90db8.rlib,libbstr-aeec5d7a3ff7087c.rlib,libpest-4e44e23d9fad686a.rlib,libucd_trie-01dd94f548235104.rlib,libunic_segment-9a82efb0fdea9f9b.rlib,libunic_ucd_segment-ce71ce7232c50ccd.rlib,libunic_ucd_version-95ab1c46fc2dce4c.rlib,libunic_common-95572032ffd99b0d.rlib,libunic_char_property-14ec15120d11108a.rlib,libunic_char_range-a799f89c5585e437.rlib,libhumansize-f1a3c6b4c1c2c72d.rlib,libchrono_tz-3ea5a830bbe571c3.rlib,libphf-f4592ce42c87a924.rlib,libphf_shared-6a67c157c0247ec5.rlib,libsiphasher-7b49b0cc05d9e611.rlib,libaxum-6a4f9699274e9300.rlib,libserde_path_to_error-a7f918a12878e22c.rlib,libserde_urlencoded-84295b4c8fcba9e5.rlib,libhyper_util-dcc5e307e8ceb2bc.rlib,libhyper-f212316e233d349c.rlib,libwant-0f3c3ee377cad37f.rlib,libtry_lock-aabba5e3d97e6b57.rlib,libhttparse-1f171d883a977f5d.rlib,libh2-8c274c79b7aa03a6.rlib,libatomic_waker-001109810bdecbaa.rlib,libtokio_util-a87a2a10a54eb96f.rlib,libmatchit-b2689776cf6e5db9.rlib,libaxum_core-71b4c4c8affff376.rlib,libsync_wrapper-3774b2b6a2e7860b.rlib,libhttp_body_util-40fa5d38c6b0fc1e.rlib,libhttp_body-5ced07248982098e.rlib,libhttp-49835eadea3670d0.rlib,libfnv-2d77ec4f6f971b24.rlib,libtower-41f72a01a9e268bc.rlib,libsync_wrapper-17f912c27eab8964.rlib,libtower_layer-d70c7e404336389b.rlib,libtower_service-0d7df29686b13872.rlib,libpasswords-a9768d5dcf843845.rlib,librandom_pick-1b313b4cac193164.rlib,librandom_number-e45b6f8e308e6bc2.rlib,libargon2-b81fe113980c0bfa.rlib,libblake2-037bcee25c411daa.rlib,libpassword_hash-6b070cbaaec09ebf.rlib,libjsonwebtoken-62efe50078dafab3.rlib,libpem-7790ac933df6cf06.rlib,libsimple_asn1-78570af770a855fe.rlib,libtime-5e8c3c65e4d9f1e7.rlib,libtime_core-4e44e5dcd53c485d.rlib,libnum_conv-2c976fbf8b8f2899.rlib,libderanged-9df638cca9ea2119.rlib,libpowerfmt-a0c185df26c26a22.rlib,libbase64-64299f9d815d057c.rlib,libring-977256ebfed7ff33.rlib,libuntrusted-3420b86308bec153.rlib,libuuid-0634efa43bd338ca.rlib,liblettre-eb4e2fd4889973a7.rlib,libhostname-ab675e27dfdf83aa.rlib,libfastrand-ae5aa3bcd1a9721b.rlib,libquoted_printable-7d55cf8c6b4707b9.rlib,libchumsky-d8613071be03e605.rlib,libstacker-419374a5caa6040e.rlib,libpsm-2763542da687e00d.rlib,libhttpdate-9f9d2502c6a38412.rlib,libmime-4b44681fdb2c65f7.rlib,libemail_encoding-1df3456a3159c956.rlib,libbase64-2a03de3babadded3.rlib,libemail_address-4a023cb5aae49a0f.rlib,libvalidator-fb2a70caa9946ae9.rlib,libregex-559452b3305f3ffc.rlib,libregex_automata-d063da7641e754a9.rlib,libaho_corasick-f95a2d77404a73d2.rlib,libregex_syntax-13fc688ae7f36982.rlib,libsqlx-d4924deb9a613630.rlib,libsqlx_mysql-3a6cce1bdac2b0d2.rlib,libdotenvy-c158e10653a35757.rlib,libcrc-dad355042bb8f721.rlib,libcrc_catalog-bb32f52851f13aa4.rlib,libsha1-f5db70ff04ec77fe.rlib,librsa-e7f5095116fb6a03.rlib,libpkcs1-daacf7aae4b0c67e.rlib,libpkcs8-4f445c4e87eaaa3e.rlib,libspki-32e0da810cb62779.rlib,libder-3cd6c8a31824454e.rlib,libpem_rfc7468-5583564c38c68a1e.rlib,libbase64ct-04e748031ddf4896.rlib,libsignature-7dbf64aef8bc79fc.rlib,libnum_bigint_dig-0e11bd71b098099c.rlib,libnum_iter-5469e3a5a75ff554.rlib,libzeroize-ead98f074a37f829.rlib,liblazy_static-baa1b60cad294b8b.rlib,libspin-b0f789aa2a8dd050.rlib,librand-fb3ff404e3be6731.rlib,librand_chacha-5b73af034f4f18d1.rlib,libppv_lite86-eaf9f821f91d08a1.rlib,librand_core-afaa2536c6ca1678.rlib,libgetrandom-e8006e8781fdc5c1.rlib,libsqlx_core-f48fcbbbc3e7cbb8.rlib,libthiserror-97881d17c5203a46.rlib,libindexmap-44088fe779046c57.rlib,libequivalent-fdc46004df91ad08.rlib,libhashbrown-01efde272a6110fe.rlib,libfoldhash-6d45a3996f846e3d.rlib,libsha2-45dee51943440566.rlib,libcpufeatures-fe114a1e469cc2f8.rlib,libdigest-aab4f8a6db51c72b.rlib,libsubtle-ca7024fc66e4388f.rlib,libconst_oid-5d63b50f42b847e9.rlib,libblock_buffer-3c22f9850993a748.rlib,libcrypto_common-57b5775ae13b5cdb.rlib,libgeneric_array-55e3d99ab424402d.rlib,libtypenum-e3323f6ed06bf501.rlib,libnative_tls-28ff32c440ff6f99.rlib,libopenssl_probe-dfbd35d7fb1bbeff.rlib,libopenssl-36aa53c58ff7aaac.rlib,libbitflags-33810c8ffaafae53.rlib,libforeign_types-0d5385f641bbbadd.rlib,libforeign_types_shared-1d09a6084921ca40.rlib,libopenssl_sys-239e43d2ef24edb6.rlib,libsqlformat-77b7737b953d7a24.rlib,libunicode_categories-ef4962be3dfb8f25.rlib,libnom-2634eb9b7f5f7aae.rlib,libtokio-13c76b23d502a92f.rlib,libsignal_hook_registry-8407b51dae731dc7.rlib,libsocket2-384f56b43710a99f.rlib,libmio-832749be013892d3.rlib,libparking_lot-750e486acb810554.rlib,libparking_lot_core-80ca181c1feb2f3a.rlib,liblibc-e57f72c4fc712844.rlib,liblock_api-0fd539a479e0f355.rlib,libscopeguard-d52bd00767847e44.rlib,libbytes-3d9b205de7df0211.rlib,libhashlink-00948c3f9dd8eea7.rlib,libhashbrown-a7795bda93408fd0.rlib,libahash-850951232cb53e1e.rlib,libcfg_if-33ef6c02a07f9fec.rlib,libzerocopy-25d05050e762fbaf.rlib,libbyteorder-1e924d369e48dcfe.rlib,liballocator_api2-57a541bb0b50754b.rlib,libbigdecimal-fc0a5085ee884be8.rlib,liblibm-d1e2c88ada3ffce0.rlib,libnum_bigint-093296244eb9e1e4.rlib,libnum_integer-0c252e8fcf8d2a5a.rlib,libchrono-95e621901df47997.rlib,libnum_traits-8a6ee6dc99dfb666.rlib,libiana_time_zone-33839373f004bfb1.rlib,libserde_json-4b2a624cb99fe56a.rlib,libitoa-4c6598116a867907.rlib,libryu-f8ba606093049f91.rlib,liburl-5fded62bc0ecde76.rlib,libidna-e15df4e62605c4d7.rlib,libidna_adapter-b92590b264b13315.rlib,libicu_normalizer-e87dd63081197968.rlib,libicu_normalizer_data-924449c90d89dbe9.rlib,libwrite16-e3dc6fad88157cf5.rlib,libutf8_iter-0d9be7b316c2b184.rlib,libutf16_iter-d3264925eca367d9.rlib,libsmallvec-e2fbd282c83e646d.rlib,libicu_properties-85d4c94be357014c.rlib,libicu_properties_data-51b5eb2cadc91212.rlib,libicu_locid_transform-579b84af0fc755f8.rlib,libicu_locid_transform_data-ad15ccbe3fb30a0f.rlib,libicu_collections-dff5cfa3147c0269.rlib,libicu_provider-482ed3112b809149.rlib,libicu_locid-8cef783bea960fb2.rlib,liblitemap-cc127d15603ff5ed.rlib,libtinystr-291ee20495a24109.rlib,libzerovec-eb328f369252c104.rlib,libwriteable-45c783735d88c2b0.rlib,libyoke-36bb47cebd0bcc6c.rlib,libzerofrom-b5b464fab6fe5286.rlib,libstable_deref_trait-e5f295e98f1b80b2.rlib,libform_urlencoded-a5edb5174711de82.rlib,libpercent_encoding-9bee39bbc5bd523a.rlib,libcrossbeam_queue-0ab88da34c5ea507.rlib,libcrossbeam_utils-d3f614f0e73f3455.rlib,libeither-fbd22bd024aa1c11.rlib,libserde-9cc06f8829a613a1.rlib,libevent_listener-35d59f5bca2890f7.rlib,libparking-49fcf10303d3525f.rlib,libfutures_util-918fa12fabcb124b.rlib,libmemchr-3ffe5f7a52883367.rlib,libfutures_io-972ebb79349338ae.rlib,libslab-d2d6782c70f6d408.rlib,libfutures_channel-f26d4826b597103e.rlib,libfutures_sink-be8442ee548d90f9.rlib,libfutures_task-19b3aba2be9e7ae8.rlib,libpin_utils-9a5791cba021167a.rlib,libfutures_core-fc6bb1738f00fc87.rlib,libthiserror-60f845dbffcc23f8.rlib,libtracing-9a83974c383d4234.rlib,liblog-669e9396cafcbb01.rlib,libpin_project_lite-1b69109c4d0b18c5.rlib,libtracing_core-031a241797973ce7.rlib,libonce_cell-debe7c411cf97340.rlib}" "/opt/rustwide/rustup-home/toolchains/nightly-2025-01-18-x86_64-unknown-linux-gnu/lib/rustlib/x86_64-unknown-linux-gnu/lib/{libstd-006123e2ce67e99d.rlib,libpanic_unwind-e1447e1efa6f1e57.rlib,libobject-f6963a4916fcf097.rlib,libmemchr-49a2d9af912f4524.rlib,libaddr2line-04d19aad3936869d.rlib,libgimli-483c235edb789db0.rlib,librustc_demangle-294281af50b8f748.rlib,libstd_detect-3b08295250aabc2a.rlib,libhashbrown-4472d1e05ba0dfaf.rlib,librustc_std_workspace_alloc-2ef099fac590e457.rlib,libminiz_oxide-8a51f5e848546c29.rlib,libadler2-3d3fa22b868db521.rlib,libunwind-0ffda8b08e22dbea.rlib,libcfg_if-b08f62458fdd43b9.rlib,liblibc-559675126e63b890.rlib,liballoc-fcf21c8d1c9c7b75.rlib,librustc_std_workspace_core-e0b0460135bcf21d.rlib,libcore-d4097fdcbddd3bc7.rlib,libcompiler_builtins-fea484ac1eed7881.rlib}" "-Wl,-Bdynamic" "-lssl" "-lcrypto" "-lgcc_s" "-lutil" "-lrt" "-lpthread" "-lm" "-ldl" "-lc" "-B/opt/rustwide/rustup-home/toolchains/nightly-2025-01-18-x86_64-unknown-linux-gnu/lib/rustlib/x86_64-unknown-linux-gnu/bin/gcc-ld" "-fuse-ld=lld" "-Wl,--eh-frame-hdr" "-Wl,-z,noexecstack" "-L" "/opt/rustwide/target/debug/build/aws-lc-sys-bc5cfd873e98706d/out" "-L" "/opt/rustwide/target/debug/build/psm-9519c56c2d83fb12/out" "-L" "/opt/rustwide/target/debug/build/ring-66ff04c0912af53e/out" "-L" "/opt/rustwide/rustup-home/toolchains/nightly-2025-01-18-x86_64-unknown-linux-gnu/lib/rustlib/x86_64-unknown-linux-gnu/lib" "-o" "/tmp/rustdoctestsmrRQ0/rust_out" "-Wl,--gc-sections" "-pie" "-Wl,-z,relro,-z,now" "-nodefaultlibs"
[INFO] [stdout]   = note: some arguments are omitted. use `--verbose` to show all linker arguments
[INFO] [stdout]   = note: collect2: fatal error: ld terminated with signal 9 [Killed]
[INFO] [stdout]           compilation terminated.
[INFO] [stdout]           
[INFO] [stdout] 
[INFO] [stdout] error: aborting due to 1 previous error
[INFO] [stdout] 
[INFO] [stdout] Couldn't compile the test.
[INFO] [stdout] 
[INFO] [stdout] failures:
[INFO] [stdout]     src/domain/value_objects/email.rs - domain::value_objects::email::Email::new (line 23)
[INFO] [stdout]     src/domain/value_objects/id.rs - domain::value_objects::id::Id::from_str (line 51)
[INFO] [stdout] 
[INFO] [stdout] test result: FAILED. 11 passed; 2 failed; 1 ignored; 0 measured; 0 filtered out; finished in 19.88s
[INFO] [stdout] 
[INFO] [stderr] error: doctest failed, to rerun pass `--doc`
[INFO] running `Command { std: "docker" "inspect" "92c3cdbc75d57630c843b7d1a80982249fe762b8348577f2c74b31741daafb75", kill_on_drop: false }`
[INFO] running `Command { std: "docker" "rm" "-f" "92c3cdbc75d57630c843b7d1a80982249fe762b8348577f2c74b31741daafb75", kill_on_drop: false }`
[INFO] [stdout] 92c3cdbc75d57630c843b7d1a80982249fe762b8348577f2c74b31741daafb75
