[INFO] cloning repository https://github.com/eugenehp/fast-distances
[INFO] running `Command { std: "git" "-c" "credential.helper=" "-c" "credential.helper=/workspace/cargo-home/bin/git-credential-null" "clone" "--bare" "https://github.com/eugenehp/fast-distances" "/workspace/cache/git-repos/https%3A%2F%2Fgithub.com%2Feugenehp%2Ffast-distances", kill_on_drop: false }`
[INFO] [stderr] Cloning into bare repository '/workspace/cache/git-repos/https%3A%2F%2Fgithub.com%2Feugenehp%2Ffast-distances'...
[INFO] running `Command { std: "git" "rev-parse" "HEAD", kill_on_drop: false }`
[INFO] [stdout] 5272ca103cb42dee0b08514e021bfdacb5c78f3c
[INFO] testing eugenehp/fast-distances against nightly-2025-01-18 for randomize-layout-2
[INFO] running `Command { std: "git" "clone" "/workspace/cache/git-repos/https%3A%2F%2Fgithub.com%2Feugenehp%2Ffast-distances" "/workspace/builds/worker-0-tc1/source", kill_on_drop: false }`
[INFO] [stderr] Cloning into '/workspace/builds/worker-0-tc1/source'...
[INFO] [stderr] done.
[INFO] validating manifest of git repo https://github.com/eugenehp/fast-distances on toolchain nightly-2025-01-18
[INFO] running `Command { std: CARGO_HOME="/workspace/cargo-home" RUSTUP_HOME="/workspace/rustup-home" "/workspace/cargo-home/bin/cargo" "+nightly-2025-01-18" "metadata" "--manifest-path" "Cargo.toml" "--no-deps", kill_on_drop: false }`
[INFO] started tweaking git repo https://github.com/eugenehp/fast-distances
[INFO] finished tweaking git repo https://github.com/eugenehp/fast-distances
[INFO] tweaked toml for git repo https://github.com/eugenehp/fast-distances written to /workspace/builds/worker-0-tc1/source/Cargo.toml
[INFO] crate git repo https://github.com/eugenehp/fast-distances already has a lockfile, it will not be regenerated
[INFO] running `Command { std: CARGO_HOME="/workspace/cargo-home" RUSTUP_HOME="/workspace/rustup-home" "/workspace/cargo-home/bin/cargo" "+nightly-2025-01-18" "fetch" "--manifest-path" "Cargo.toml", kill_on_drop: false }`
[INFO] running `Command { std: "docker" "create" "-v" "/var/lib/crater-agent-workspace/builds/worker-0-tc1/target:/opt/rustwide/target:rw,Z" "-v" "/var/lib/crater-agent-workspace/builds/worker-0-tc1/source:/opt/rustwide/workdir:ro,Z" "-v" "/var/lib/crater-agent-workspace/cargo-home:/opt/rustwide/cargo-home:ro,Z" "-v" "/var/lib/crater-agent-workspace/rustup-home:/opt/rustwide/rustup-home:ro,Z" "-e" "SOURCE_DIR=/opt/rustwide/workdir" "-e" "CARGO_TARGET_DIR=/opt/rustwide/target" "-e" "CARGO_HOME=/opt/rustwide/cargo-home" "-e" "RUSTUP_HOME=/opt/rustwide/rustup-home" "-w" "/opt/rustwide/workdir" "-m" "1610612736" "--user" "0:0" "--network" "none" "ghcr.io/rust-lang/crates-build-env/linux@sha256:819108c5571ea2e421544af4d832f968d213c87fbe3707a016657f43d2f853bc" "/opt/rustwide/cargo-home/bin/cargo" "+nightly-2025-01-18" "metadata" "--no-deps" "--format-version=1", kill_on_drop: false }`
[INFO] [stdout] 5a24b4dd84d3073e23eaac402a65f44878382dddf1150d604e1ed3528aa70057
[INFO] running `Command { std: "docker" "start" "-a" "5a24b4dd84d3073e23eaac402a65f44878382dddf1150d604e1ed3528aa70057", kill_on_drop: false }`
[INFO] running `Command { std: "docker" "inspect" "5a24b4dd84d3073e23eaac402a65f44878382dddf1150d604e1ed3528aa70057", kill_on_drop: false }`
[INFO] running `Command { std: "docker" "rm" "-f" "5a24b4dd84d3073e23eaac402a65f44878382dddf1150d604e1ed3528aa70057", kill_on_drop: false }`
[INFO] [stdout] 5a24b4dd84d3073e23eaac402a65f44878382dddf1150d604e1ed3528aa70057
[INFO] running `Command { std: "docker" "create" "-v" "/var/lib/crater-agent-workspace/builds/worker-0-tc1/target:/opt/rustwide/target:rw,Z" "-v" "/var/lib/crater-agent-workspace/builds/worker-0-tc1/source:/opt/rustwide/workdir:ro,Z" "-v" "/var/lib/crater-agent-workspace/cargo-home:/opt/rustwide/cargo-home:ro,Z" "-v" "/var/lib/crater-agent-workspace/rustup-home:/opt/rustwide/rustup-home:ro,Z" "-e" "SOURCE_DIR=/opt/rustwide/workdir" "-e" "CARGO_TARGET_DIR=/opt/rustwide/target" "-e" "CARGO_INCREMENTAL=0" "-e" "RUST_BACKTRACE=full" "-e" "RUSTFLAGS=--cap-lints=forbid" "-e" "RUSTDOCFLAGS=--cap-lints=forbid" "-e" "CARGO_HOME=/opt/rustwide/cargo-home" "-e" "RUSTUP_HOME=/opt/rustwide/rustup-home" "-w" "/opt/rustwide/workdir" "-m" "1610612736" "--user" "0:0" "--network" "none" "ghcr.io/rust-lang/crates-build-env/linux@sha256:819108c5571ea2e421544af4d832f968d213c87fbe3707a016657f43d2f853bc" "/opt/rustwide/cargo-home/bin/cargo" "+nightly-2025-01-18" "build" "--frozen" "--message-format=json", kill_on_drop: false }`
[INFO] [stdout] f9720973e87266a0fd07889b460a87bf3663e9aae6386fdf1cfdde41fe3c6da6
[INFO] running `Command { std: "docker" "start" "-a" "f9720973e87266a0fd07889b460a87bf3663e9aae6386fdf1cfdde41fe3c6da6", kill_on_drop: false }`
[INFO] [stderr]    Compiling autocfg v1.4.0
[INFO] [stderr]    Compiling rawpointer v0.2.1
[INFO] [stderr]    Compiling num-traits v0.2.19
[INFO] [stderr]    Compiling matrixmultiply v0.3.9
[INFO] [stderr]    Compiling num-integer v0.1.46
[INFO] [stderr]    Compiling num-complex v0.4.6
[INFO] [stderr]    Compiling approx v0.5.1
[INFO] [stderr]    Compiling num-bigint v0.4.6
[INFO] [stderr]    Compiling num-iter v0.1.45
[INFO] [stderr]    Compiling ndarray v0.16.1
[INFO] [stderr]    Compiling num-rational v0.4.2
[INFO] [stderr]    Compiling num v0.4.3
[INFO] [stderr]    Compiling fast-distances v0.0.1 (/opt/rustwide/workdir)
[INFO] [stderr]     Finished `dev` profile [unoptimized + debuginfo] target(s) in 10.66s
[INFO] running `Command { std: "docker" "inspect" "f9720973e87266a0fd07889b460a87bf3663e9aae6386fdf1cfdde41fe3c6da6", kill_on_drop: false }`
[INFO] running `Command { std: "docker" "rm" "-f" "f9720973e87266a0fd07889b460a87bf3663e9aae6386fdf1cfdde41fe3c6da6", kill_on_drop: false }`
[INFO] [stdout] f9720973e87266a0fd07889b460a87bf3663e9aae6386fdf1cfdde41fe3c6da6
[INFO] running `Command { std: "docker" "create" "-v" "/var/lib/crater-agent-workspace/builds/worker-0-tc1/target:/opt/rustwide/target:rw,Z" "-v" "/var/lib/crater-agent-workspace/builds/worker-0-tc1/source:/opt/rustwide/workdir:ro,Z" "-v" "/var/lib/crater-agent-workspace/cargo-home:/opt/rustwide/cargo-home:ro,Z" "-v" "/var/lib/crater-agent-workspace/rustup-home:/opt/rustwide/rustup-home:ro,Z" "-e" "SOURCE_DIR=/opt/rustwide/workdir" "-e" "CARGO_TARGET_DIR=/opt/rustwide/target" "-e" "CARGO_INCREMENTAL=0" "-e" "RUST_BACKTRACE=full" "-e" "RUSTFLAGS=--cap-lints=forbid" "-e" "RUSTDOCFLAGS=--cap-lints=forbid" "-e" "CARGO_HOME=/opt/rustwide/cargo-home" "-e" "RUSTUP_HOME=/opt/rustwide/rustup-home" "-w" "/opt/rustwide/workdir" "-m" "1610612736" "--user" "0:0" "--network" "none" "ghcr.io/rust-lang/crates-build-env/linux@sha256:819108c5571ea2e421544af4d832f968d213c87fbe3707a016657f43d2f853bc" "/opt/rustwide/cargo-home/bin/cargo" "+nightly-2025-01-18" "test" "--frozen" "--no-run" "--message-format=json", kill_on_drop: false }`
[INFO] [stdout] bc0bd636e6c2648acb83a06d411617207d1caeb63c5591d95583cdc8becb44a9
[INFO] running `Command { std: "docker" "start" "-a" "bc0bd636e6c2648acb83a06d411617207d1caeb63c5591d95583cdc8becb44a9", kill_on_drop: false }`
[INFO] [stderr]    Compiling fast-distances v0.0.1 (/opt/rustwide/workdir)
[INFO] [stderr]     Finished `test` profile [unoptimized + debuginfo] target(s) in 2.63s
[INFO] running `Command { std: "docker" "inspect" "bc0bd636e6c2648acb83a06d411617207d1caeb63c5591d95583cdc8becb44a9", kill_on_drop: false }`
[INFO] running `Command { std: "docker" "rm" "-f" "bc0bd636e6c2648acb83a06d411617207d1caeb63c5591d95583cdc8becb44a9", kill_on_drop: false }`
[INFO] [stdout] bc0bd636e6c2648acb83a06d411617207d1caeb63c5591d95583cdc8becb44a9
[INFO] running `Command { std: "docker" "create" "-v" "/var/lib/crater-agent-workspace/builds/worker-0-tc1/target:/opt/rustwide/target:rw,Z" "-v" "/var/lib/crater-agent-workspace/builds/worker-0-tc1/source:/opt/rustwide/workdir:ro,Z" "-v" "/var/lib/crater-agent-workspace/cargo-home:/opt/rustwide/cargo-home:ro,Z" "-v" "/var/lib/crater-agent-workspace/rustup-home:/opt/rustwide/rustup-home:ro,Z" "-e" "SOURCE_DIR=/opt/rustwide/workdir" "-e" "CARGO_TARGET_DIR=/opt/rustwide/target" "-e" "CARGO_INCREMENTAL=0" "-e" "RUST_BACKTRACE=full" "-e" "RUSTFLAGS=--cap-lints=forbid" "-e" "RUSTDOCFLAGS=--cap-lints=forbid" "-e" "CARGO_HOME=/opt/rustwide/cargo-home" "-e" "RUSTUP_HOME=/opt/rustwide/rustup-home" "-w" "/opt/rustwide/workdir" "-m" "1610612736" "--user" "0:0" "--network" "none" "ghcr.io/rust-lang/crates-build-env/linux@sha256:819108c5571ea2e421544af4d832f968d213c87fbe3707a016657f43d2f853bc" "/opt/rustwide/cargo-home/bin/cargo" "+nightly-2025-01-18" "test" "--frozen", kill_on_drop: false }`
[INFO] [stdout] 664f85a5ac29eff9e8dca3ffa1afae425f13f17d935f1a0a4837c9149af53c34
[INFO] running `Command { std: "docker" "start" "-a" "664f85a5ac29eff9e8dca3ffa1afae425f13f17d935f1a0a4837c9149af53c34", kill_on_drop: false }`
[INFO] [stderr]     Finished `test` profile [unoptimized + debuginfo] target(s) in 0.03s
[INFO] [stderr]      Running unittests src/lib.rs (/opt/rustwide/target/debug/deps/fast_distances-f39a99f7d1d3173d)
[INFO] [stdout] 
[INFO] [stdout] running 191 tests
[INFO] [stdout] test distances::approx_log_gamma::tests::test_approx_log_gamma_f32 ... ok
[INFO] [stdout] test distances::approx_log_gamma::tests::test_approx_log_gamma_f64 ... ok
[INFO] [stdout] test distances::bray_curtis::tests::test_bray_curtis_basic ... ok
[INFO] [stdout] test distances::bray_curtis::tests::test_bray_curtis_identical_vectors ... ok
[INFO] [stdout] test distances::bray_curtis::tests::test_bray_curtis_zero_denominator ... ok
[INFO] [stdout] test distances::bray_curtis::tests::test_bray_curtis_zero_vector ... ok
[INFO] [stdout] test distances::bray_curtis_grad::tests::test_bray_curtis_grad_basic ... ok
[INFO] [stdout] test distances::bray_curtis_grad::tests::test_bray_curtis_grad_empty_vectors ... ok
[INFO] [stdout] test distances::bray_curtis_grad::tests::test_bray_curtis_grad_identical_vectors ... ok
[INFO] [stdout] test distances::bray_curtis_grad::tests::test_bray_curtis_grad_zero_denominator ... ok
[INFO] [stdout] test distances::bray_curtis_grad::tests::test_bray_curtis_grad_zero_vector ... ok
[INFO] [stdout] test distances::bray_curtis::tests::test_bray_curtis_empty_vectors ... ok
[INFO] [stdout] test distances::canberra::tests::test_canberra_empty_vectors ... ok
[INFO] [stdout] test distances::canberra::tests::test_canberra_basic ... ok
[INFO] [stdout] test distances::canberra::tests::test_canberra_identical_vectors ... ok
[INFO] [stdout] test distances::canberra_grad::tests::test_canberra_grad_basic ... ok
[INFO] [stdout] test distances::canberra::tests::test_canberra_zero_elements ... ok
[INFO] [stdout] test distances::canberra_grad::tests::test_canberra_grad_zero_elements ... ok
[INFO] [stdout] test distances::canberra_grad::tests::test_canberra_grad_identical_vectors ... ok
[INFO] [stdout] test distances::chebyshev::tests::test_chebyshev_mixed_signs ... ok
[INFO] [stdout] test distances::chebyshev::tests::test_chebyshev ... ok
[INFO] [stdout] test distances::chebyshev_grad::tests::test_chebyshev_grad_mixed_signs ... ok
[INFO] [stdout] test distances::chebyshev_grad::tests::test_chebyshev_grad ... ok
[INFO] [stdout] test distances::chebyshev::tests::test_chebyshev_same_vectors ... ok
[INFO] [stdout] test distances::correlation::tests::test_correlation_basic_f64 ... ok
[INFO] [stdout] test distances::chebyshev_grad::tests::test_chebyshev_grad_same_vectors ... ok
[INFO] [stdout] test distances::correlation::tests::test_correlation_zero_both_norm_f64 ... ok
[INFO] [stdout] test distances::correlation::tests::test_correlation_zero_norm_f32 ... ok
[INFO] [stdout] test distances::correlation::tests::test_correlation_zero_norm_f64 ... ok
[INFO] [stdout] test distances::cosine::tests::test_cosine_basic_f32 ... ok
[INFO] [stdout] test distances::cosine::tests::test_cosine_basic_f64 ... ok
[INFO] [stdout] test distances::cosine::tests::test_cosine_zero_both_norm_f32 ... ok
[INFO] [stdout] test distances::cosine::tests::test_cosine_zero_both_norm_f64 ... ok
[INFO] [stdout] test distances::cosine::tests::test_cosine_zero_norm_f32 ... ok
[INFO] [stdout] test distances::canberra_grad::tests::test_canberra_grad_empty_vectors ... ok
[INFO] [stdout] test distances::cosine::tests::test_cosine_zero_norm_f64 ... ok
[INFO] [stdout] test distances::cosine_grad::tests::test_cosine_grad_basic_f32 ... ok
[INFO] [stdout] test distances::cosine_grad::tests::test_cosine_grad_zero_both_norm_f32 ... ok
[INFO] [stdout] test distances::cosine_grad::tests::test_cosine_grad_zero_both_norm_f64 ... ok
[INFO] [stdout] test distances::cosine_grad::tests::test_cosine_grad_zero_norm_f64 ... ok
[INFO] [stdout] test distances::dice::tests::test_dice_basic ... ok
[INFO] [stdout] test distances::dice::tests::test_dice_empty_vectors ... ok
[INFO] [stdout] test distances::dice::tests::test_dice_identical_vectors ... ok
[INFO] [stdout] test distances::dice::tests::test_dice_zero_vector ... ok
[INFO] [stdout] test distances::correlation::tests::test_correlation_basic_f32 ... ok
[INFO] [stdout] test distances::correlation::tests::test_correlation_zero_both_norm_f32 ... ok
[INFO] [stdout] test distances::cosine_grad::tests::test_cosine_grad_basic_f64 ... ok
[INFO] [stdout] test distances::euclidean::tests::test_euclidean_f32 ... ok
[INFO] [stdout] test distances::euclidean::tests::test_euclidean_f64 ... ok
[INFO] [stdout] test distances::euclidean::tests::test_euclidean_zero_distance ... ok
[INFO] [stdout] test distances::euclidean_grad::tests::test_euclidean_grad_f64 ... ok
[INFO] [stdout] test distances::euclidean_grad::tests::test_euclidean_grad_f32 ... ok
[INFO] [stdout] test distances::hamming::tests::test_hamming_basic ... ok
[INFO] [stdout] test distances::cosine_grad::tests::test_cosine_grad_zero_norm_f32 ... ok
[INFO] [stdout] test distances::dice::tests::test_dice_no_overlap ... ok
[INFO] [stdout] test distances::hamming::tests::test_hamming_empty_vectors ... ok
[INFO] [stdout] test distances::hamming::tests::test_hamming_max_distance ... ok
[INFO] [stdout] test distances::haversine::tests::test_haversine_basic ... ok
[INFO] [stdout] test distances::haversine::tests::test_haversine_different_longitudes ... ok
[INFO] [stdout] test distances::haversine::tests::test_haversine_identical_points ... ok
[INFO] [stdout] test distances::hamming::tests::test_hamming_identical_vectors ... ok
[INFO] [stdout] test distances::haversine::tests::test_haversine_opposite_points ... ok
[INFO] [stdout] test distances::euclidean_grad::tests::test_euclidean_grad_zero_distance ... ok
[INFO] [stdout] test distances::haversine_grad::tests::test_haversine_grad_identical_points ... ok
[INFO] [stdout] test distances::haversine_grad::tests::test_haversine_grad_basic ... ok
[INFO] [stdout] test distances::haversine_grad::tests::test_haversine_grad_opposite_points ... ok
[INFO] [stdout] test distances::hellinger::tests::test_hellinger_basic_f32 ... ok
[INFO] [stdout] test distances::hellinger::tests::test_hellinger_basic_f64 ... ok
[INFO] [stdout] test distances::hellinger::tests::test_hellinger_zero_both_norm_f32 ... ok
[INFO] [stdout] test distances::hellinger::tests::test_hellinger_zero_both_norm_f64 ... ok
[INFO] [stdout] test distances::hellinger::tests::test_hellinger_zero_norm_f32 ... ok
[INFO] [stdout] test distances::hellinger::tests::test_hellinger_zero_norm_f64 ... ok
[INFO] [stdout] test distances::hellinger_grad::tests::test_hellinger_grad_basic_f32 ... ok
[INFO] [stdout] test distances::hellinger_grad::tests::test_hellinger_grad_basic_f64 ... ok
[INFO] [stdout] test distances::hellinger_grad::tests::test_hellinger_grad_zero_both_norm_f32 ... ok
[INFO] [stdout] test distances::hellinger_grad::tests::test_hellinger_grad_zero_both_norm_f64 ... ok
[INFO] [stdout] test distances::hellinger_grad::tests::test_hellinger_grad_zero_norm_f32 ... ok
[INFO] [stdout] test distances::hellinger_grad::tests::test_hellinger_grad_zero_norm_f64 ... ok
[INFO] [stdout] test distances::hyperboloid_grad::tests::test_hyperboloid_grad_f32 ... ok
[INFO] [stdout] test distances::hyperboloid_grad::tests::test_hyperboloid_grad_f64 ... ok
[INFO] [stdout] test distances::hyperboloid_grad::tests::test_hyperboloid_grad_identical_vectors ... ok
[INFO] [stdout] test distances::canberra::tests::test_canberra_different_length_vectors - should panic ... ok
[INFO] [stdout] test distances::canberra_grad::tests::test_canberra_grad_different_length_vectors - should panic ... ok
[INFO] [stdout] test distances::jaccard::tests::test_jaccard_basic ... ok
[INFO] [stdout] test distances::jaccard::tests::test_jaccard_empty_vectors ... ok
[INFO] [stdout] test distances::jaccard::tests::test_jaccard_identical_vectors ... ok
[INFO] [stdout] test distances::jaccard::tests::test_jaccard_no_overlap ... ok
[INFO] [stdout] test distances::jaccard::tests::test_jaccard_zero_vector ... ok
[INFO] [stdout] test distances::kulsinski::tests::test_kulsinski_basic ... ok
[INFO] [stdout] test distances::kulsinski::tests::test_kulsinski_empty_vectors ... ok
[INFO] [stdout] test distances::kulsinski::tests::test_kulsinski_identical_vectors ... ok
[INFO] [stdout] test distances::kulsinski::tests::test_kulsinski_no_overlap ... ok
[INFO] [stdout] test distances::kulsinski::tests::test_kulsinski_zero_vector ... ok
[INFO] [stdout] test distances::ll_dirichlet::tests::test_ll_dirichlet_f32 ... ok
[INFO] [stdout] test distances::ll_dirichlet::tests::test_ll_dirichlet_f64 ... ok
[INFO] [stdout] test distances::log_beta::tests::test_log_beta_f32 ... ok
[INFO] [stdout] test distances::log_beta::tests::test_log_beta_f64 ... ok
[INFO] [stdout] test distances::log_single_beta::tests::test_log_single_beta_f32 ... ok
[INFO] [stdout] test distances::log_single_beta::tests::test_log_single_beta_f64 ... ok
[INFO] [stdout] test distances::mahalanobis::tests::test_mahalanobis_default_identity ... ok
[INFO] [stdout] test distances::mahalanobis::tests::test_mahalanobis_edge_case ... ok
[INFO] [stdout] test distances::mahalanobis::tests::test_mahalanobis_with_vinv ... ok
[INFO] [stdout] test distances::mahalanobis_grad::tests::test_mahalanobis_grad_default_identity ... ok
[INFO] [stdout] test distances::mahalanobis_grad::tests::test_mahalanobis_grad_edge_case ... ok
[INFO] [stdout] test distances::mahalanobis_grad::tests::test_mahalanobis_grad_with_vinv ... ok
[INFO] [stdout] test distances::manhattan::tests::test_manhattan ... ok
[INFO] [stdout] test distances::manhattan::tests::test_manhattan_different_lengths - should panic ... ok
[INFO] [stdout] test distances::hyperboloid_grad::tests::test_hyperboloid_grad_zero_vectors ... ok
[INFO] [stdout] test distances::euclidean::tests::test_euclidean_different_lengths - should panic ... ok
[INFO] [stdout] test distances::euclidean_grad::tests::test_euclidean_grad_different_lengths - should panic ... ok
[INFO] [stdout] test distances::manhattan_grad::tests::test_manhattan_grad ... ok
[INFO] [stdout] test distances::hamming::tests::test_hamming_different_length_vectors - should panic ... ok
[INFO] [stdout] test distances::manhattan_grad::tests::test_manhattan_grad_mixed_signs ... ok
[INFO] [stdout] test distances::haversine::tests::test_haversine_invalid_dimension ... ok
[INFO] [stdout] test distances::matching::tests::test_matching_basic ... ok
[INFO] [stdout] test distances::matching::tests::test_matching_identical_vectors ... ok
[INFO] [stdout] test distances::matching::tests::test_matching_empty_vectors ... ok
[INFO] [stdout] test distances::matching::tests::test_matching_zero_vector ... ok
[INFO] [stdout] test distances::manhattan_grad::tests::test_manhattan_grad_same_vectors ... ok
[INFO] [stdout] test distances::matching::tests::test_matching_no_overlap ... ok
[INFO] [stdout] test distances::minkowski::tests::test_minkowski_manhattan ... ok
[INFO] [stdout] test distances::minkowski::tests::test_minkowski_chebyshev ... ok
[INFO] [stdout] test distances::minkowski::tests::test_minkowski_euclidean ... ok
[INFO] [stdout] test distances::minkowski::tests::test_minkowski_p_3 ... ok
[INFO] [stdout] test distances::poincare::tests::test_poincare_identical_vectors ... ok
[INFO] [stdout] test distances::minkowski_grad::tests::test_minkowski_grad_chebyshev ... ok
[INFO] [stdout] test distances::haversine_grad::tests::test_haversine_grad_invalid_dimension ... ok
[INFO] [stdout] test distances::rogers_tanimoto::tests::test_rogers_tanimoto_empty_vectors ... ok
[INFO] [stdout] test distances::poincare::tests::test_poincare_f32 ... FAILED
[INFO] [stdout] test distances::poincare::tests::test_poincare_f64 ... FAILED
[INFO] [stdout] test distances::minkowski_grad::tests::test_minkowski_grad_euclidean ... ok
[INFO] [stdout] test distances::minkowski_grad::tests::test_minkowski_grad_manhattan ... ok
[INFO] [stdout] test distances::poincare::tests::test_poincare_zero_vectors ... ok
[INFO] [stdout] test distances::rogers_tanimoto::tests::test_rogers_tanimoto_identical_vectors ... ok
[INFO] [stdout] test distances::rogers_tanimoto::tests::test_rogers_tanimoto_no_overlap ... ok
[INFO] [stdout] test distances::rogers_tanimoto::tests::test_rogers_tanimoto_zero_vector ... ok
[INFO] [stdout] test distances::russellrao::tests::test_russell_rao_basic ... ok
[INFO] [stdout] test distances::russellrao::tests::test_russell_rao_empty_vectors ... ok
[INFO] [stdout] test distances::russellrao::tests::test_russell_rao_identical_vectors ... ok
[INFO] [stdout] test distances::russellrao::tests::test_russell_rao_no_overlap ... ok
[INFO] [stdout] test distances::russellrao::tests::test_russell_rao_zero_vector ... ok
[INFO] [stdout] test distances::sokal_michener::tests::test_sokal_michener_empty_vectors ... ok
[INFO] [stdout] test distances::sokal_michener::tests::test_sokal_michener_identical_vectors ... ok
[INFO] [stdout] test distances::sokal_michener::tests::test_sokal_michener_no_overlap ... ok
[INFO] [stdout] test distances::sokal_sneath::tests::test_sokal_sneath_basic ... ok
[INFO] [stdout] test distances::sokal_michener::tests::test_sokal_michener_zero_vector ... ok
[INFO] [stdout] test distances::sokal_sneath::tests::test_sokal_sneath_empty_vectors ... ok
[INFO] [stdout] test distances::sokal_sneath::tests::test_sokal_sneath_identical_vectors ... ok
[INFO] [stdout] test distances::sokal_sneath::tests::test_sokal_sneath_zero_vector ... ok
[INFO] [stdout] test distances::standardised_euclidean::tests::test_standardised_euclidean_with_all_zero_sigma ... ok
[INFO] [stdout] test distances::sokal_sneath::tests::test_sokal_sneath_no_overlap ... ok
[INFO] [stdout] test distances::sokal_michener::tests::test_sokal_michener_basic ... ok
[INFO] [stdout] test distances::standardised_euclidean::tests::test_standardised_euclidean_with_f32 ... ok
[INFO] [stdout] test distances::standardised_euclidean::tests::test_standardised_euclidean_with_different_sigma ... ok
[INFO] [stdout] test distances::rogers_tanimoto::tests::test_rogers_tanimoto_basic ... ok
[INFO] [stdout] test distances::standardised_euclidean::tests::test_standardised_euclidean_with_negative_sigma ... ok
[INFO] [stdout] test distances::standardised_euclidean::tests::test_standardised_euclidean_with_sigma ... ok
[INFO] [stdout] test distances::standardised_euclidean::tests::test_standardised_euclidean_with_zero_sigma ... ok
[INFO] [stdout] test distances::standardised_euclidean::tests::test_standardised_euclidean_without_sigma ... ok
[INFO] [stdout] test distances::standardised_euclidean_grad::tests::test_standardised_euclidean_grad_with_sigma ... ok
[INFO] [stdout] test distances::standardised_euclidean_grad::tests::test_standardised_euclidean_grad_without_sigma ... ok
[INFO] [stdout] test distances::weighted_minkowski::tests::test_weighted_minkowski_f32 ... ok
[INFO] [stdout] test distances::weighted_minkowski::tests::test_weighted_minkowski_f64 ... ok
[INFO] [stdout] test distances::weighted_minkowski::tests::test_weighted_minkowski_no_weights ... ok
[INFO] [stdout] test distances::weighted_minkowski::tests::test_weighted_minkowski_p1 ... ok
[INFO] [stdout] test distances::weighted_minkowski_grad::tests::test_weighted_minkowski_grad_f32 ... ok
[INFO] [stdout] test distances::weighted_minkowski_grad::tests::test_weighted_minkowski_grad_f64 ... ok
[INFO] [stdout] test distances::weighted_minkowski_grad::tests::test_weighted_minkowski_grad_no_weights ... ok
[INFO] [stdout] test distances::weighted_minkowski_grad::tests::test_weighted_minkowski_grad_p1 ... ok
[INFO] [stdout] test distances::yule::tests::test_yule_basic_f32 ... ok
[INFO] [stdout] test distances::yule::tests::test_yule_basic_f64 ... ok
[INFO] [stdout] test distances::yule::tests::test_yule_equal_arrays_f32 ... ok
[INFO] [stdout] test distances::yule::tests::test_yule_equal_arrays_f64 ... ok
[INFO] [stdout] test utils::tests::test_cost_matrix_f32 ... ok
[INFO] [stdout] test distances::yule::tests::test_yule_zero_false_f32 ... ok
[INFO] [stdout] test distances::yule::tests::test_yule_zero_false_f64 ... ok
[INFO] [stdout] test utils::tests::test_identity_matrix_1x1_f64 ... ok
[INFO] [stdout] test utils::tests::test_identity_matrix_f32 ... ok
[INFO] [stdout] test utils::tests::test_cost_matrix_f64 ... ok
[INFO] [stdout] test utils::tests::test_identity_matrix_1x1_f32 ... ok
[INFO] [stdout] test utils::tests::test_ones_vector_f64 ... ok
[INFO] [stdout] test utils::tests::test_sign_edge_cases ... ok
[INFO] [stdout] test utils::tests::test_sign_f32 ... ok
[INFO] [stdout] test utils::tests::test_sign_f64 ... ok
[INFO] [stdout] test utils::tests::test_sign_i32 ... ok
[INFO] [stdout] test distances::yule::tests::test_yule_different_lengths_f64 ... ok
[INFO] [stdout] test distances::yule::tests::test_yule_no_agreement_f32 ... ok
[INFO] [stdout] test distances::yule::tests::test_yule_no_agreement_f64 ... ok
[INFO] [stdout] test utils::tests::test_identity_matrix_f64 ... ok
[INFO] [stdout] test distances::yule::tests::test_yule_different_lengths_f32 ... ok
[INFO] [stdout] test utils::tests::test_ones_vector_f32 ... ok
[INFO] [stdout] 
[INFO] [stdout] failures:
[INFO] [stdout] 
[INFO] [stdout] ---- distances::poincare::tests::test_poincare_f32 stdout ----
[INFO] [stdout] 
[INFO] [stdout] thread 'distances::poincare::tests::test_poincare_f32' panicked at src/distances/poincare.rs:96:9:
[INFO] [stdout] assertion `left == right` failed: Test failed for f32
[INFO] [stdout]   left: 1.2372291
[INFO] [stdout]  right: 1.237229
[INFO] [stdout] stack backtrace:
[INFO] [stdout]    0:     0x650e6c630c2a - std::backtrace_rs::backtrace::libunwind::trace::hb059275cfc8d6126
[INFO] [stdout]                                at /rustc/6067b36314ab5eb2eb47cecc464545ba58e1ad24/library/std/src/../../backtrace/src/backtrace/libunwind.rs:116:5
[INFO] [stdout]    1:     0x650e6c630c2a - std::backtrace_rs::backtrace::trace_unsynchronized::h2da071e4327ce3ee
[INFO] [stdout]                                at /rustc/6067b36314ab5eb2eb47cecc464545ba58e1ad24/library/std/src/../../backtrace/src/backtrace/mod.rs:66:5
[INFO] [stdout]    2:     0x650e6c630c2a - std::sys::backtrace::_print_fmt::h842a1474e6f8d23f
[INFO] [stdout]                                at /rustc/6067b36314ab5eb2eb47cecc464545ba58e1ad24/library/std/src/sys/backtrace.rs:66:9
[INFO] [stdout]    3:     0x650e6c630c2a - <std::sys::backtrace::BacktraceLock::print::DisplayBacktrace as core::fmt::Display>::fmt::h71a62eb3b9696b12
[INFO] [stderr] error: test failed, to rerun pass `--lib`
[INFO] [stdout]                                at /rustc/6067b36314ab5eb2eb47cecc464545ba58e1ad24/library/std/src/sys/backtrace.rs:39:26
[INFO] [stdout]    4:     0x650e6c659093 - core::fmt::rt::Argument::fmt::hdb6b616786b41dc1
[INFO] [stdout]                                at /rustc/6067b36314ab5eb2eb47cecc464545ba58e1ad24/library/core/src/fmt/rt.rs:177:76
[INFO] [stdout]    5:     0x650e6c659093 - core::fmt::write::h2cc1698af7e2d686
[INFO] [stdout]                                at /rustc/6067b36314ab5eb2eb47cecc464545ba58e1ad24/library/core/src/fmt/mod.rs:1440:21
[INFO] [stdout]    6:     0x650e6c62d783 - std::io::Write::write_fmt::hab1b4cd059a79022
[INFO] [stdout]                                at /rustc/6067b36314ab5eb2eb47cecc464545ba58e1ad24/library/std/src/io/mod.rs:1887:15
[INFO] [stdout]    7:     0x650e6c630a72 - std::sys::backtrace::BacktraceLock::print::h147fe35b4ea13b08
[INFO] [stdout]                                at /rustc/6067b36314ab5eb2eb47cecc464545ba58e1ad24/library/std/src/sys/backtrace.rs:42:9
[INFO] [stdout]    8:     0x650e6c63204f - std::panicking::default_hook::{{closure}}::hbd44223dbdc0d208
[INFO] [stdout]                                at /rustc/6067b36314ab5eb2eb47cecc464545ba58e1ad24/library/std/src/panicking.rs:298:22
[INFO] [stdout]    9:     0x650e6c631e68 - std::panicking::default_hook::h20f81eb0576efcec
[INFO] [stdout]                                at /rustc/6067b36314ab5eb2eb47cecc464545ba58e1ad24/library/std/src/panicking.rs:322:9
[INFO] [stdout]   10:     0x650e6c5f3993 - <alloc::boxed::Box<F,A> as core::ops::function::Fn<Args>>::call::hdb53814c496a4d34
[INFO] [stdout]                                at /rustc/6067b36314ab5eb2eb47cecc464545ba58e1ad24/library/alloc/src/boxed.rs:2027:9
[INFO] [stdout]   11:     0x650e6c5f3993 - test::test_main::{{closure}}::hc0a4963c59427c24
[INFO] [stdout]                                at /rustc/6067b36314ab5eb2eb47cecc464545ba58e1ad24/library/test/src/lib.rs:134:21
[INFO] [stdout]   12:     0x650e6c632b43 - <alloc::boxed::Box<F,A> as core::ops::function::Fn<Args>>::call::h591b2225413a77e9
[INFO] [stdout]                                at /rustc/6067b36314ab5eb2eb47cecc464545ba58e1ad24/library/alloc/src/boxed.rs:2027:9
[INFO] [stdout]   13:     0x650e6c632b43 - std::panicking::rust_panic_with_hook::h625eea43051b2edc
[INFO] [stdout]                                at /rustc/6067b36314ab5eb2eb47cecc464545ba58e1ad24/library/std/src/panicking.rs:839:13
[INFO] [stdout]   14:     0x650e6c6327fa - std::panicking::begin_panic_handler::{{closure}}::h4f9159cfbc3f6bd3
[INFO] [stdout]                                at /rustc/6067b36314ab5eb2eb47cecc464545ba58e1ad24/library/std/src/panicking.rs:704:13
[INFO] [stdout]   15:     0x650e6c631129 - std::sys::backtrace::__rust_end_short_backtrace::h0390abce48353151
[INFO] [stdout]                                at /rustc/6067b36314ab5eb2eb47cecc464545ba58e1ad24/library/std/src/sys/backtrace.rs:168:18
[INFO] [stdout]   16:     0x650e6c63248d - rust_begin_unwind
[INFO] [stdout]                                at /rustc/6067b36314ab5eb2eb47cecc464545ba58e1ad24/library/std/src/panicking.rs:695:5
[INFO] [stdout]   17:     0x650e6c656c60 - core::panicking::panic_fmt::h9e7c637e9e5f29c9
[INFO] [stdout]                                at /rustc/6067b36314ab5eb2eb47cecc464545ba58e1ad24/library/core/src/panicking.rs:75:14
[INFO] [stdout]   18:     0x650e6c657052 - core::panicking::assert_failed_inner::h538bec7c1374cd9c
[INFO] [stdout]   19:     0x650e6c60426f - core::panicking::assert_failed::hd726cc61b922a88c
[INFO] [stdout]                                at /rustc/6067b36314ab5eb2eb47cecc464545ba58e1ad24/library/core/src/panicking.rs:364:5
[INFO] [stdout]   20:     0x650e6c59f84f - fast_distances::distances::poincare::tests::test_poincare_f32::h5f36711173c13e25
[INFO] [stdout]                                at /opt/rustwide/workdir/src/distances/poincare.rs:96:9
[INFO] [stdout]   21:     0x650e6c59f6d7 - fast_distances::distances::poincare::tests::test_poincare_f32::{{closure}}::hd1ccae021c9da65f
[INFO] [stdout]                                at /opt/rustwide/workdir/src/distances/poincare.rs:87:27
[INFO] [stdout]   22:     0x650e6c59a8a6 - core::ops::function::FnOnce::call_once::h64df7fe9c9e6b7cb
[INFO] [stdout]                                at /rustc/6067b36314ab5eb2eb47cecc464545ba58e1ad24/library/core/src/ops/function.rs:250:5
[INFO] [stdout]   23:     0x650e6c5f90eb - core::ops::function::FnOnce::call_once::he27718dfdd183f43
[INFO] [stdout]                                at /rustc/6067b36314ab5eb2eb47cecc464545ba58e1ad24/library/core/src/ops/function.rs:250:5
[INFO] [stdout]   24:     0x650e6c5f90eb - test::__rust_begin_short_backtrace::h4e84902998457a5d
[INFO] [stdout]                                at /rustc/6067b36314ab5eb2eb47cecc464545ba58e1ad24/library/test/src/lib.rs:632:18
[INFO] [stdout]   25:     0x650e6c5f8023 - test::run_test_in_process::{{closure}}::h7176fd18fc1feca0
[INFO] [stdout]                                at /rustc/6067b36314ab5eb2eb47cecc464545ba58e1ad24/library/test/src/lib.rs:655:60
[INFO] [stdout]   26:     0x650e6c5f8023 - <core::panic::unwind_safe::AssertUnwindSafe<F> as core::ops::function::FnOnce<()>>::call_once::hf79cff2a624d8cf7
[INFO] [stdout]                                at /rustc/6067b36314ab5eb2eb47cecc464545ba58e1ad24/library/core/src/panic/unwind_safe.rs:272:9
[INFO] [stdout]   27:     0x650e6c5f8023 - std::panicking::try::do_call::h3da0561d9ab99c25
[INFO] [stdout]                                at /rustc/6067b36314ab5eb2eb47cecc464545ba58e1ad24/library/std/src/panicking.rs:587:40
[INFO] [stdout]   28:     0x650e6c5f8023 - std::panicking::try::h41c9fa508bc61df6
[INFO] [stdout]                                at /rustc/6067b36314ab5eb2eb47cecc464545ba58e1ad24/library/std/src/panicking.rs:550:19
[INFO] [stdout]   29:     0x650e6c5f8023 - std::panic::catch_unwind::h6b3ff07bb5afad93
[INFO] [stdout]                                at /rustc/6067b36314ab5eb2eb47cecc464545ba58e1ad24/library/std/src/panic.rs:358:14
[INFO] [stdout]   30:     0x650e6c5f8023 - test::run_test_in_process::hc7253dd11b39b9f4
[INFO] [stdout]                                at /rustc/6067b36314ab5eb2eb47cecc464545ba58e1ad24/library/test/src/lib.rs:655:27
[INFO] [stdout]   31:     0x650e6c5f8023 - test::run_test::{{closure}}::hfb2007f8649c30bb
[INFO] [stdout]                                at /rustc/6067b36314ab5eb2eb47cecc464545ba58e1ad24/library/test/src/lib.rs:576:43
[INFO] [stdout]   32:     0x650e6c5bb105 - test::run_test::{{closure}}::h56a17aa7a282a9f4
[INFO] [stdout]                                at /rustc/6067b36314ab5eb2eb47cecc464545ba58e1ad24/library/test/src/lib.rs:606:41
[INFO] [stdout]   33:     0x650e6c5bb105 - std::sys::backtrace::__rust_begin_short_backtrace::hd2d2d2fb8e8c6aac
[INFO] [stdout]                                at /rustc/6067b36314ab5eb2eb47cecc464545ba58e1ad24/library/std/src/sys/backtrace.rs:152:18
[INFO] [stdout]   34:     0x650e6c5be9ea - std::thread::Builder::spawn_unchecked_::{{closure}}::{{closure}}::h4faa3f9db6133423
[INFO] [stdout]                                at /rustc/6067b36314ab5eb2eb47cecc464545ba58e1ad24/library/std/src/thread/mod.rs:559:17
[INFO] [stdout]   35:     0x650e6c5be9ea - <core::panic::unwind_safe::AssertUnwindSafe<F> as core::ops::function::FnOnce<()>>::call_once::hf2e855a36a4ea846
[INFO] [stdout]                                at /rustc/6067b36314ab5eb2eb47cecc464545ba58e1ad24/library/core/src/panic/unwind_safe.rs:272:9
[INFO] [stdout]   36:     0x650e6c5be9ea - std::panicking::try::do_call::h2f73af3616c35465
[INFO] [stdout]                                at /rustc/6067b36314ab5eb2eb47cecc464545ba58e1ad24/library/std/src/panicking.rs:587:40
[INFO] [stdout]   37:     0x650e6c5be9ea - std::panicking::try::hd1660ce9efadef5a
[INFO] [stdout]                                at /rustc/6067b36314ab5eb2eb47cecc464545ba58e1ad24/library/std/src/panicking.rs:550:19
[INFO] [stdout]   38:     0x650e6c5be9ea - std::panic::catch_unwind::h5ee8d7823b8ca744
[INFO] [stdout]                                at /rustc/6067b36314ab5eb2eb47cecc464545ba58e1ad24/library/std/src/panic.rs:358:14
[INFO] [stdout]   39:     0x650e6c5be9ea - std::thread::Builder::spawn_unchecked_::{{closure}}::h53c3a1894dce8407
[INFO] [stdout]                                at /rustc/6067b36314ab5eb2eb47cecc464545ba58e1ad24/library/std/src/thread/mod.rs:557:30
[INFO] [stdout]   40:     0x650e6c5be9ea - core::ops::function::FnOnce::call_once{{vtable.shim}}::h048ce291ad4f62bf
[INFO] [stdout]                                at /rustc/6067b36314ab5eb2eb47cecc464545ba58e1ad24/library/core/src/ops/function.rs:250:5
[INFO] [stdout]   41:     0x650e6c636a7b - <alloc::boxed::Box<F,A> as core::ops::function::FnOnce<Args>>::call_once::ha52bedf99a3b4981
[INFO] [stdout]                                at /rustc/6067b36314ab5eb2eb47cecc464545ba58e1ad24/library/alloc/src/boxed.rs:2013:9
[INFO] [stdout]   42:     0x650e6c636a7b - <alloc::boxed::Box<F,A> as core::ops::function::FnOnce<Args>>::call_once::h567748934d80ccf8
[INFO] [stdout]                                at /rustc/6067b36314ab5eb2eb47cecc464545ba58e1ad24/library/alloc/src/boxed.rs:2013:9
[INFO] [stdout]   43:     0x650e6c636a7b - std::sys::pal::unix::thread::Thread::new::thread_start::h2d970728ae887adc
[INFO] [stdout]                                at /rustc/6067b36314ab5eb2eb47cecc464545ba58e1ad24/library/std/src/sys/pal/unix/thread.rs:106:17
[INFO] [stdout]   44:     0x7d1772d2fac3 - <unknown>
[INFO] [stdout]   45:     0x7d1772dc0a04 - clone
[INFO] [stdout]   46:                0x0 - <unknown>
[INFO] [stdout] 
[INFO] [stdout] ---- distances::poincare::tests::test_poincare_f64 stdout ----
[INFO] [stdout] 
[INFO] [stdout] thread 'distances::poincare::tests::test_poincare_f64' panicked at src/distances/poincare.rs:82:9:
[INFO] [stdout] assertion `left == right` failed: Test failed for f64
[INFO] [stdout]   left: 1.2372289865051935
[INFO] [stdout]  right: 1.2372289865051938
[INFO] [stdout] stack backtrace:
[INFO] [stdout]    0:     0x650e6c630c2a - std::backtrace_rs::backtrace::libunwind::trace::hb059275cfc8d6126
[INFO] [stdout]                                at /rustc/6067b36314ab5eb2eb47cecc464545ba58e1ad24/library/std/src/../../backtrace/src/backtrace/libunwind.rs:116:5
[INFO] [stdout]    1:     0x650e6c630c2a - std::backtrace_rs::backtrace::trace_unsynchronized::h2da071e4327ce3ee
[INFO] [stdout]                                at /rustc/6067b36314ab5eb2eb47cecc464545ba58e1ad24/library/std/src/../../backtrace/src/backtrace/mod.rs:66:5
[INFO] [stdout]    2:     0x650e6c630c2a - std::sys::backtrace::_print_fmt::h842a1474e6f8d23f
[INFO] [stdout]                                at /rustc/6067b36314ab5eb2eb47cecc464545ba58e1ad24/library/std/src/sys/backtrace.rs:66:9
[INFO] [stdout]    3:     0x650e6c630c2a - <std::sys::backtrace::BacktraceLock::print::DisplayBacktrace as core::fmt::Display>::fmt::h71a62eb3b9696b12
[INFO] [stdout]                                at /rustc/6067b36314ab5eb2eb47cecc464545ba58e1ad24/library/std/src/sys/backtrace.rs:39:26
[INFO] [stdout]    4:     0x650e6c659093 - core::fmt::rt::Argument::fmt::hdb6b616786b41dc1
[INFO] [stdout]                                at /rustc/6067b36314ab5eb2eb47cecc464545ba58e1ad24/library/core/src/fmt/rt.rs:177:76
[INFO] [stdout]    5:     0x650e6c659093 - core::fmt::write::h2cc1698af7e2d686
[INFO] [stdout]                                at /rustc/6067b36314ab5eb2eb47cecc464545ba58e1ad24/library/core/src/fmt/mod.rs:1440:21
[INFO] [stdout]    6:     0x650e6c62d783 - std::io::Write::write_fmt::hab1b4cd059a79022
[INFO] [stdout]                                at /rustc/6067b36314ab5eb2eb47cecc464545ba58e1ad24/library/std/src/io/mod.rs:1887:15
[INFO] [stdout]    7:     0x650e6c630a72 - std::sys::backtrace::BacktraceLock::print::h147fe35b4ea13b08
[INFO] [stdout]                                at /rustc/6067b36314ab5eb2eb47cecc464545ba58e1ad24/library/std/src/sys/backtrace.rs:42:9
[INFO] [stdout]    8:     0x650e6c63204f - std::panicking::default_hook::{{closure}}::hbd44223dbdc0d208
[INFO] [stdout]                                at /rustc/6067b36314ab5eb2eb47cecc464545ba58e1ad24/library/std/src/panicking.rs:298:22
[INFO] [stdout]    9:     0x650e6c631e68 - std::panicking::default_hook::h20f81eb0576efcec
[INFO] [stdout]                                at /rustc/6067b36314ab5eb2eb47cecc464545ba58e1ad24/library/std/src/panicking.rs:322:9
[INFO] [stdout]   10:     0x650e6c5f3993 - <alloc::boxed::Box<F,A> as core::ops::function::Fn<Args>>::call::hdb53814c496a4d34
[INFO] [stdout]                                at /rustc/6067b36314ab5eb2eb47cecc464545ba58e1ad24/library/alloc/src/boxed.rs:2027:9
[INFO] [stdout]   11:     0x650e6c5f3993 - test::test_main::{{closure}}::hc0a4963c59427c24
[INFO] [stdout]                                at /rustc/6067b36314ab5eb2eb47cecc464545ba58e1ad24/library/test/src/lib.rs:134:21
[INFO] [stdout]   12:     0x650e6c632b43 - <alloc::boxed::Box<F,A> as core::ops::function::Fn<Args>>::call::h591b2225413a77e9
[INFO] [stdout]                                at /rustc/6067b36314ab5eb2eb47cecc464545ba58e1ad24/library/alloc/src/boxed.rs:2027:9
[INFO] [stdout]   13:     0x650e6c632b43 - std::panicking::rust_panic_with_hook::h625eea43051b2edc
[INFO] [stdout]                                at /rustc/6067b36314ab5eb2eb47cecc464545ba58e1ad24/library/std/src/panicking.rs:839:13
[INFO] [stdout]   14:     0x650e6c6327fa - std::panicking::begin_panic_handler::{{closure}}::h4f9159cfbc3f6bd3
[INFO] [stdout]                                at /rustc/6067b36314ab5eb2eb47cecc464545ba58e1ad24/library/std/src/panicking.rs:704:13
[INFO] [stdout]   15:     0x650e6c631129 - std::sys::backtrace::__rust_end_short_backtrace::h0390abce48353151
[INFO] [stdout]                                at /rustc/6067b36314ab5eb2eb47cecc464545ba58e1ad24/library/std/src/sys/backtrace.rs:168:18
[INFO] [stdout]   16:     0x650e6c63248d - rust_begin_unwind
[INFO] [stdout]                                at /rustc/6067b36314ab5eb2eb47cecc464545ba58e1ad24/library/std/src/panicking.rs:695:5
[INFO] [stdout]   17:     0x650e6c656c60 - core::panicking::panic_fmt::h9e7c637e9e5f29c9
[INFO] [stdout]                                at /rustc/6067b36314ab5eb2eb47cecc464545ba58e1ad24/library/core/src/panicking.rs:75:14
[INFO] [stdout]   18:     0x650e6c657052 - core::panicking::assert_failed_inner::h538bec7c1374cd9c
[INFO] [stdout]   19:     0x650e6c604231 - core::panicking::assert_failed::h58009405cbc60669
[INFO] [stdout]                                at /rustc/6067b36314ab5eb2eb47cecc464545ba58e1ad24/library/core/src/panicking.rs:364:5
[INFO] [stdout]   20:     0x650e6c59f692 - fast_distances::distances::poincare::tests::test_poincare_f64::h669407498066eae9
[INFO] [stdout]                                at /opt/rustwide/workdir/src/distances/poincare.rs:82:9
[INFO] [stdout]   21:     0x650e6c59f507 - fast_distances::distances::poincare::tests::test_poincare_f64::{{closure}}::h5739b62fca1ca67f
[INFO] [stdout]                                at /opt/rustwide/workdir/src/distances/poincare.rs:73:27
[INFO] [stdout]   22:     0x650e6c59b366 - core::ops::function::FnOnce::call_once::h9edf58f20fd9a542
[INFO] [stdout]                                at /rustc/6067b36314ab5eb2eb47cecc464545ba58e1ad24/library/core/src/ops/function.rs:250:5
[INFO] [stdout]   23:     0x650e6c5f90eb - core::ops::function::FnOnce::call_once::he27718dfdd183f43
[INFO] [stdout]                                at /rustc/6067b36314ab5eb2eb47cecc464545ba58e1ad24/library/core/src/ops/function.rs:250:5
[INFO] [stdout]   24:     0x650e6c5f90eb - test::__rust_begin_short_backtrace::h4e84902998457a5d
[INFO] [stdout]                                at /rustc/6067b36314ab5eb2eb47cecc464545ba58e1ad24/library/test/src/lib.rs:632:18
[INFO] [stdout]   25:     0x650e6c5f8023 - test::run_test_in_process::{{closure}}::h7176fd18fc1feca0
[INFO] [stdout]                                at /rustc/6067b36314ab5eb2eb47cecc464545ba58e1ad24/library/test/src/lib.rs:655:60
[INFO] [stdout]   26:     0x650e6c5f8023 - <core::panic::unwind_safe::AssertUnwindSafe<F> as core::ops::function::FnOnce<()>>::call_once::hf79cff2a624d8cf7
[INFO] [stdout]                                at /rustc/6067b36314ab5eb2eb47cecc464545ba58e1ad24/library/core/src/panic/unwind_safe.rs:272:9
[INFO] [stdout]   27:     0x650e6c5f8023 - std::panicking::try::do_call::h3da0561d9ab99c25
[INFO] [stdout]                                at /rustc/6067b36314ab5eb2eb47cecc464545ba58e1ad24/library/std/src/panicking.rs:587:40
[INFO] [stdout]   28:     0x650e6c5f8023 - std::panicking::try::h41c9fa508bc61df6
[INFO] [stdout]                                at /rustc/6067b36314ab5eb2eb47cecc464545ba58e1ad24/library/std/src/panicking.rs:550:19
[INFO] [stdout]   29:     0x650e6c5f8023 - std::panic::catch_unwind::h6b3ff07bb5afad93
[INFO] [stdout]                                at /rustc/6067b36314ab5eb2eb47cecc464545ba58e1ad24/library/std/src/panic.rs:358:14
[INFO] [stdout]   30:     0x650e6c5f8023 - test::run_test_in_process::hc7253dd11b39b9f4
[INFO] [stdout]                                at /rustc/6067b36314ab5eb2eb47cecc464545ba58e1ad24/library/test/src/lib.rs:655:27
[INFO] [stdout]   31:     0x650e6c5f8023 - test::run_test::{{closure}}::hfb2007f8649c30bb
[INFO] [stdout]                                at /rustc/6067b36314ab5eb2eb47cecc464545ba58e1ad24/library/test/src/lib.rs:576:43
[INFO] [stdout]   32:     0x650e6c5bb105 - test::run_test::{{closure}}::h56a17aa7a282a9f4
[INFO] [stdout]                                at /rustc/6067b36314ab5eb2eb47cecc464545ba58e1ad24/library/test/src/lib.rs:606:41
[INFO] [stdout]   33:     0x650e6c5bb105 - std::sys::backtrace::__rust_begin_short_backtrace::hd2d2d2fb8e8c6aac
[INFO] [stdout]                                at /rustc/6067b36314ab5eb2eb47cecc464545ba58e1ad24/library/std/src/sys/backtrace.rs:152:18
[INFO] [stdout]   34:     0x650e6c5be9ea - std::thread::Builder::spawn_unchecked_::{{closure}}::{{closure}}::h4faa3f9db6133423
[INFO] [stdout]                                at /rustc/6067b36314ab5eb2eb47cecc464545ba58e1ad24/library/std/src/thread/mod.rs:559:17
[INFO] [stdout]   35:     0x650e6c5be9ea - <core::panic::unwind_safe::AssertUnwindSafe<F> as core::ops::function::FnOnce<()>>::call_once::hf2e855a36a4ea846
[INFO] [stdout]                                at /rustc/6067b36314ab5eb2eb47cecc464545ba58e1ad24/library/core/src/panic/unwind_safe.rs:272:9
[INFO] [stdout]   36:     0x650e6c5be9ea - std::panicking::try::do_call::h2f73af3616c35465
[INFO] [stdout]                                at /rustc/6067b36314ab5eb2eb47cecc464545ba58e1ad24/library/std/src/panicking.rs:587:40
[INFO] [stdout]   37:     0x650e6c5be9ea - std::panicking::try::hd1660ce9efadef5a
[INFO] [stdout]                                at /rustc/6067b36314ab5eb2eb47cecc464545ba58e1ad24/library/std/src/panicking.rs:550:19
[INFO] [stdout]   38:     0x650e6c5be9ea - std::panic::catch_unwind::h5ee8d7823b8ca744
[INFO] [stdout]                                at /rustc/6067b36314ab5eb2eb47cecc464545ba58e1ad24/library/std/src/panic.rs:358:14
[INFO] [stdout]   39:     0x650e6c5be9ea - std::thread::Builder::spawn_unchecked_::{{closure}}::h53c3a1894dce8407
[INFO] [stdout]                                at /rustc/6067b36314ab5eb2eb47cecc464545ba58e1ad24/library/std/src/thread/mod.rs:557:30
[INFO] [stdout]   40:     0x650e6c5be9ea - core::ops::function::FnOnce::call_once{{vtable.shim}}::h048ce291ad4f62bf
[INFO] [stdout]                                at /rustc/6067b36314ab5eb2eb47cecc464545ba58e1ad24/library/core/src/ops/function.rs:250:5
[INFO] [stdout]   41:     0x650e6c636a7b - <alloc::boxed::Box<F,A> as core::ops::function::FnOnce<Args>>::call_once::ha52bedf99a3b4981
[INFO] [stdout]                                at /rustc/6067b36314ab5eb2eb47cecc464545ba58e1ad24/library/alloc/src/boxed.rs:2013:9
[INFO] [stdout]   42:     0x650e6c636a7b - <alloc::boxed::Box<F,A> as core::ops::function::FnOnce<Args>>::call_once::h567748934d80ccf8
[INFO] [stdout]                                at /rustc/6067b36314ab5eb2eb47cecc464545ba58e1ad24/library/alloc/src/boxed.rs:2013:9
[INFO] [stdout]   43:     0x650e6c636a7b - std::sys::pal::unix::thread::Thread::new::thread_start::h2d970728ae887adc
[INFO] [stdout]                                at /rustc/6067b36314ab5eb2eb47cecc464545ba58e1ad24/library/std/src/sys/pal/unix/thread.rs:106:17
[INFO] [stdout]   44:     0x7d1772d2fac3 - <unknown>
[INFO] [stdout]   45:     0x7d1772dc0a04 - clone
[INFO] [stdout]   46:                0x0 - <unknown>
[INFO] [stdout] 
[INFO] [stdout] 
[INFO] [stdout] failures:
[INFO] [stdout]     distances::poincare::tests::test_poincare_f32
[INFO] [stdout]     distances::poincare::tests::test_poincare_f64
[INFO] [stdout] 
[INFO] [stdout] test result: FAILED. 189 passed; 2 failed; 0 ignored; 0 measured; 0 filtered out; finished in 0.14s
[INFO] [stdout] 
[INFO] running `Command { std: "docker" "inspect" "664f85a5ac29eff9e8dca3ffa1afae425f13f17d935f1a0a4837c9149af53c34", kill_on_drop: false }`
[INFO] running `Command { std: "docker" "rm" "-f" "664f85a5ac29eff9e8dca3ffa1afae425f13f17d935f1a0a4837c9149af53c34", kill_on_drop: false }`
[INFO] [stdout] 664f85a5ac29eff9e8dca3ffa1afae425f13f17d935f1a0a4837c9149af53c34
