[INFO] cloning repository https://github.com/ethanmsl/advent_of_code_2024
[INFO] running `Command { std: "git" "-c" "credential.helper=" "-c" "credential.helper=/workspace/cargo-home/bin/git-credential-null" "clone" "--bare" "https://github.com/ethanmsl/advent_of_code_2024" "/workspace/cache/git-repos/https%3A%2F%2Fgithub.com%2Fethanmsl%2Fadvent_of_code_2024", kill_on_drop: false }`
[INFO] [stderr] Cloning into bare repository '/workspace/cache/git-repos/https%3A%2F%2Fgithub.com%2Fethanmsl%2Fadvent_of_code_2024'...
[INFO] running `Command { std: "git" "rev-parse" "HEAD", kill_on_drop: false }`
[INFO] [stdout] a993bf3438e82f43c6e2e19e418e1d0e65953e53
[INFO] testing ethanmsl/advent_of_code_2024 against nightly-2025-01-18 for randomize-layout-2
[INFO] running `Command { std: "git" "clone" "/workspace/cache/git-repos/https%3A%2F%2Fgithub.com%2Fethanmsl%2Fadvent_of_code_2024" "/workspace/builds/worker-0-tc1/source", kill_on_drop: false }`
[INFO] [stderr] Cloning into '/workspace/builds/worker-0-tc1/source'...
[INFO] [stderr] done.
[INFO] validating manifest of git repo https://github.com/ethanmsl/advent_of_code_2024 on toolchain nightly-2025-01-18
[INFO] running `Command { std: CARGO_HOME="/workspace/cargo-home" RUSTUP_HOME="/workspace/rustup-home" "/workspace/cargo-home/bin/cargo" "+nightly-2025-01-18" "metadata" "--manifest-path" "Cargo.toml" "--no-deps", kill_on_drop: false }`
[INFO] removed /workspace/builds/worker-0-tc1/source/.cargo/config.toml
[INFO] removed /workspace/builds/worker-0-tc1/source/rust-toolchain.toml
[INFO] started tweaking git repo https://github.com/ethanmsl/advent_of_code_2024
[INFO] finished tweaking git repo https://github.com/ethanmsl/advent_of_code_2024
[INFO] tweaked toml for git repo https://github.com/ethanmsl/advent_of_code_2024 written to /workspace/builds/worker-0-tc1/source/Cargo.toml
[INFO] crate git repo https://github.com/ethanmsl/advent_of_code_2024 already has a lockfile, it will not be regenerated
[INFO] running `Command { std: CARGO_HOME="/workspace/cargo-home" RUSTUP_HOME="/workspace/rustup-home" "/workspace/cargo-home/bin/cargo" "+nightly-2025-01-18" "fetch" "--manifest-path" "Cargo.toml", kill_on_drop: false }`
[INFO] [stderr] warning: /workspace/builds/worker-0-tc1/source/Cargo.toml: unused manifest key: workspace.dependencies.insta.ff
[INFO] [stderr]     Updating crates.io index
[INFO] [stderr]  Downloading crates ...
[INFO] [stderr]   Downloaded test-log v0.2.16
[INFO] [stderr]   Downloaded test-log-macros v0.2.16
[INFO] [stderr]   Downloaded egui_commonmark_macros v0.19.0
[INFO] [stderr]   Downloaded egui_commonmark_backend v0.19.0
[INFO] [stderr]   Downloaded tracing-tree v0.4.0
[INFO] [stderr]   Downloaded bon v3.3.2
[INFO] [stderr]   Downloaded egui_commonmark v0.19.0
[INFO] [stderr]   Downloaded pulldown-cmark v0.12.2
[INFO] [stderr]   Downloaded bon-macros v3.3.2
[INFO] [stderr]   Downloaded syntect v5.2.0
[INFO] running `Command { std: "docker" "create" "-v" "/var/lib/crater-agent-workspace/builds/worker-0-tc1/target:/opt/rustwide/target:rw,Z" "-v" "/var/lib/crater-agent-workspace/builds/worker-0-tc1/source:/opt/rustwide/workdir:ro,Z" "-v" "/var/lib/crater-agent-workspace/cargo-home:/opt/rustwide/cargo-home:ro,Z" "-v" "/var/lib/crater-agent-workspace/rustup-home:/opt/rustwide/rustup-home:ro,Z" "-e" "SOURCE_DIR=/opt/rustwide/workdir" "-e" "CARGO_TARGET_DIR=/opt/rustwide/target" "-e" "CARGO_HOME=/opt/rustwide/cargo-home" "-e" "RUSTUP_HOME=/opt/rustwide/rustup-home" "-w" "/opt/rustwide/workdir" "-m" "1610612736" "--user" "0:0" "--network" "none" "ghcr.io/rust-lang/crates-build-env/linux@sha256:819108c5571ea2e421544af4d832f968d213c87fbe3707a016657f43d2f853bc" "/opt/rustwide/cargo-home/bin/cargo" "+nightly-2025-01-18" "metadata" "--no-deps" "--format-version=1", kill_on_drop: false }`
[INFO] [stdout] 236eb0b9ed8b5a40f1c4a5f29d71baa1ee1d623656e3538ee32ea4b620028502
[INFO] running `Command { std: "docker" "start" "-a" "236eb0b9ed8b5a40f1c4a5f29d71baa1ee1d623656e3538ee32ea4b620028502", kill_on_drop: false }`
[INFO] running `Command { std: "docker" "inspect" "236eb0b9ed8b5a40f1c4a5f29d71baa1ee1d623656e3538ee32ea4b620028502", kill_on_drop: false }`
[INFO] running `Command { std: "docker" "rm" "-f" "236eb0b9ed8b5a40f1c4a5f29d71baa1ee1d623656e3538ee32ea4b620028502", kill_on_drop: false }`
[INFO] [stdout] 236eb0b9ed8b5a40f1c4a5f29d71baa1ee1d623656e3538ee32ea4b620028502
[INFO] running `Command { std: "docker" "create" "-v" "/var/lib/crater-agent-workspace/builds/worker-0-tc1/target:/opt/rustwide/target:rw,Z" "-v" "/var/lib/crater-agent-workspace/builds/worker-0-tc1/source:/opt/rustwide/workdir:ro,Z" "-v" "/var/lib/crater-agent-workspace/cargo-home:/opt/rustwide/cargo-home:ro,Z" "-v" "/var/lib/crater-agent-workspace/rustup-home:/opt/rustwide/rustup-home:ro,Z" "-e" "SOURCE_DIR=/opt/rustwide/workdir" "-e" "CARGO_TARGET_DIR=/opt/rustwide/target" "-e" "CARGO_INCREMENTAL=0" "-e" "RUST_BACKTRACE=full" "-e" "RUSTFLAGS=--cap-lints=forbid" "-e" "RUSTDOCFLAGS=--cap-lints=forbid" "-e" "CARGO_HOME=/opt/rustwide/cargo-home" "-e" "RUSTUP_HOME=/opt/rustwide/rustup-home" "-w" "/opt/rustwide/workdir" "-m" "1610612736" "--user" "0:0" "--network" "none" "ghcr.io/rust-lang/crates-build-env/linux@sha256:819108c5571ea2e421544af4d832f968d213c87fbe3707a016657f43d2f853bc" "/opt/rustwide/cargo-home/bin/cargo" "+nightly-2025-01-18" "build" "--frozen" "--message-format=json", kill_on_drop: false }`
[INFO] [stdout] 27754464c95fa0b5fdb465f73b6a7872fa8d37b9438a78c739790e0d3de7a751
[INFO] running `Command { std: "docker" "start" "-a" "27754464c95fa0b5fdb465f73b6a7872fa8d37b9438a78c739790e0d3de7a751", kill_on_drop: false }`
[INFO] [stderr] warning: /opt/rustwide/workdir/Cargo.toml: unused manifest key: workspace.dependencies.insta.ff
[INFO] [stderr]    Compiling proc-macro2 v1.0.93
[INFO] [stderr]    Compiling unicode-ident v1.0.14
[INFO] [stderr]    Compiling log v0.4.22
[INFO] [stderr]    Compiling strsim v0.11.1
[INFO] [stderr]    Compiling once_cell v1.20.2
[INFO] [stderr]    Compiling regex-syntax v0.6.29
[INFO] [stderr]    Compiling regex-syntax v0.8.5
[INFO] [stderr]    Compiling rustix v0.38.43
[INFO] [stderr]    Compiling lazy_static v1.5.0
[INFO] [stderr]    Compiling overload v0.1.1
[INFO] [stderr]    Compiling memchr v2.7.4
[INFO] [stderr]    Compiling tracing-core v0.1.33
[INFO] [stderr]    Compiling bitflags v2.7.0
[INFO] [stderr]    Compiling pin-project-lite v0.2.16
[INFO] [stderr]    Compiling linux-raw-sys v0.4.15
[INFO] [stderr]    Compiling utf8parse v0.2.2
[INFO] [stderr]    Compiling anstyle-parse v0.2.6
[INFO] [stderr]    Compiling thread_local v1.1.8
[INFO] [stderr]    Compiling nu-ansi-term v0.46.0
[INFO] [stderr]    Compiling tracing-log v0.2.0
[INFO] [stderr]    Compiling aho-corasick v1.1.3
[INFO] [stderr]    Compiling quote v1.0.38
[INFO] [stderr]    Compiling sharded-slab v0.1.7
[INFO] [stderr]    Compiling syn v2.0.96
[INFO] [stderr]    Compiling anstyle-query v1.1.2
[INFO] [stderr]    Compiling anstyle v1.0.10
[INFO] [stderr]    Compiling colorchoice v1.0.3
[INFO] [stderr]    Compiling is_terminal_polyfill v1.70.1
[INFO] [stderr]    Compiling smallvec v1.13.2
[INFO] [stderr]    Compiling anstream v0.6.18
[INFO] [stderr]    Compiling heck v0.5.0
[INFO] [stderr]    Compiling clap_lex v0.7.4
[INFO] [stderr]    Compiling unicase v2.8.1
[INFO] [stderr]    Compiling terminal_size v0.4.1
[INFO] [stderr]    Compiling unicode-width v0.2.0
[INFO] [stderr]    Compiling libc v0.2.169
[INFO] [stderr]    Compiling either v1.13.0
[INFO] [stderr]    Compiling clap_builder v4.5.26
[INFO] [stderr]    Compiling unicode-segmentation v1.12.0
[INFO] [stderr]    Compiling owo-colors v4.1.0
[INFO] [stderr]    Compiling itertools v0.14.0
[INFO] [stderr]    Compiling regex-automata v0.1.10
[INFO] [stderr]    Compiling regex-automata v0.4.9
[INFO] [stderr]    Compiling matchers v0.1.0
[INFO] [stderr]    Compiling convert_case v0.6.0
[INFO] [stderr]    Compiling byteorder v1.5.0
[INFO] [stderr]    Compiling unicode-xid v0.2.6
[INFO] [stderr]    Compiling indoc v2.0.5
[INFO] [stderr]    Compiling crossbeam-utils v0.8.21
[INFO] [stderr]    Compiling getrandom v0.2.15
[INFO] [stderr]    Compiling fnv v1.0.7
[INFO] [stderr]    Compiling ident_case v1.0.1
[INFO] [stderr]    Compiling rand_core v0.6.4
[INFO] [stderr]    Compiling rustversion v1.0.19
[INFO] [stderr]    Compiling prettyplease v0.2.29
[INFO] [stderr]    Compiling nu-ansi-term v0.50.1
[INFO] [stderr]    Compiling thiserror v1.0.69
[INFO] [stderr]    Compiling powerfmt v0.2.0
[INFO] [stderr]    Compiling deranged v0.3.11
[INFO] [stderr]    Compiling num-conv v0.1.0
[INFO] [stderr]    Compiling itoa v1.0.14
[INFO] [stderr]    Compiling time-core v0.1.2
[INFO] [stderr]    Compiling crossbeam-epoch v0.9.18
[INFO] [stderr]    Compiling crossbeam-channel v0.5.14
[INFO] [stderr]    Compiling rayon-core v1.12.1
[INFO] [stderr]    Compiling crossbeam-deque v0.8.6
[INFO] [stderr]    Compiling darling_core v0.20.10
[INFO] [stderr]    Compiling time v0.3.37
[INFO] [stderr]    Compiling regex v1.11.1
[INFO] [stderr]    Compiling rayon v1.10.0
[INFO] [stderr]    Compiling tracing-attributes v0.1.28
[INFO] [stderr]    Compiling clap_derive v4.5.24
[INFO] [stderr]    Compiling zerocopy-derive v0.7.35
[INFO] [stderr]    Compiling derive_more-impl v1.0.0
[INFO] [stderr]    Compiling zerocopy v0.7.35
[INFO] [stderr]    Compiling thiserror-impl v1.0.69
[INFO] [stderr]    Compiling tracing v0.1.41
[INFO] [stderr]    Compiling tracing-subscriber v0.3.19
[INFO] [stderr]    Compiling ppv-lite86 v0.2.20
[INFO] [stderr]    Compiling darling_macro v0.20.10
[INFO] [stderr]    Compiling rand_chacha v0.3.1
[INFO] [stderr]    Compiling darling v0.20.10
[INFO] [stderr]    Compiling clap v4.5.26
[INFO] [stderr]    Compiling bon-macros v3.3.2
[INFO] [stderr]    Compiling xtask v0.1.0 (/opt/rustwide/workdir/xtask)
[INFO] [stderr]    Compiling rand v0.8.5
[INFO] [stderr]    Compiling tracing-error v0.2.1
[INFO] [stderr]    Compiling tracing-tree v0.4.0
[INFO] [stderr]    Compiling tracing-appender v0.2.3
[INFO] [stderr]    Compiling day01 v0.1.0 (/opt/rustwide/workdir/crates/day01)
[INFO] [stderr]    Compiling derive_more v1.0.0
[INFO] [stderr]    Compiling day03 v0.1.0 (/opt/rustwide/workdir/crates/day03)
[INFO] [stderr]    Compiling day02 v0.1.0 (/opt/rustwide/workdir/crates/day02)
[INFO] [stderr]    Compiling bon v3.3.2
[INFO] [stderr]    Compiling day05 v0.1.0 (/opt/rustwide/workdir/crates/day05)
[INFO] [stderr]    Compiling day07 v0.1.0 (/opt/rustwide/workdir/crates/day07)
[INFO] [stderr]    Compiling day04 v0.1.0 (/opt/rustwide/workdir/crates/day04)
[INFO] [stderr]    Compiling day06 v0.1.0 (/opt/rustwide/workdir/crates/day06)
[INFO] [stdout] warning: unused import: `Level`
[INFO] [stdout]   --> crates/day07/src/parse.rs:17:15
[INFO] [stdout]    |
[INFO] [stdout] 17 | use tracing::{Level, instrument};
[INFO] [stdout]    |               ^^^^^
[INFO] [stdout]    |
[INFO] [stdout]    = note: `#[warn(unused_imports)]` on by default
[INFO] [stdout] 
[INFO] [stdout] 
[INFO] [stderr]     Finished `dev` profile [unoptimized + debuginfo] target(s) in 1m 32s
[INFO] running `Command { std: "docker" "inspect" "27754464c95fa0b5fdb465f73b6a7872fa8d37b9438a78c739790e0d3de7a751", kill_on_drop: false }`
[INFO] running `Command { std: "docker" "rm" "-f" "27754464c95fa0b5fdb465f73b6a7872fa8d37b9438a78c739790e0d3de7a751", kill_on_drop: false }`
[INFO] [stdout] 27754464c95fa0b5fdb465f73b6a7872fa8d37b9438a78c739790e0d3de7a751
[INFO] running `Command { std: "docker" "create" "-v" "/var/lib/crater-agent-workspace/builds/worker-0-tc1/target:/opt/rustwide/target:rw,Z" "-v" "/var/lib/crater-agent-workspace/builds/worker-0-tc1/source:/opt/rustwide/workdir:ro,Z" "-v" "/var/lib/crater-agent-workspace/cargo-home:/opt/rustwide/cargo-home:ro,Z" "-v" "/var/lib/crater-agent-workspace/rustup-home:/opt/rustwide/rustup-home:ro,Z" "-e" "SOURCE_DIR=/opt/rustwide/workdir" "-e" "CARGO_TARGET_DIR=/opt/rustwide/target" "-e" "CARGO_INCREMENTAL=0" "-e" "RUST_BACKTRACE=full" "-e" "RUSTFLAGS=--cap-lints=forbid" "-e" "RUSTDOCFLAGS=--cap-lints=forbid" "-e" "CARGO_HOME=/opt/rustwide/cargo-home" "-e" "RUSTUP_HOME=/opt/rustwide/rustup-home" "-w" "/opt/rustwide/workdir" "-m" "1610612736" "--user" "0:0" "--network" "none" "ghcr.io/rust-lang/crates-build-env/linux@sha256:819108c5571ea2e421544af4d832f968d213c87fbe3707a016657f43d2f853bc" "/opt/rustwide/cargo-home/bin/cargo" "+nightly-2025-01-18" "test" "--frozen" "--no-run" "--message-format=json", kill_on_drop: false }`
[INFO] [stdout] 80bbfd25a441d91b4a68fd5a3e47a3a465e9d88e6ff5a81922ad1624b7cf6fc6
[INFO] running `Command { std: "docker" "start" "-a" "80bbfd25a441d91b4a68fd5a3e47a3a465e9d88e6ff5a81922ad1624b7cf6fc6", kill_on_drop: false }`
[INFO] [stderr] warning: /opt/rustwide/workdir/Cargo.toml: unused manifest key: workspace.dependencies.insta.ff
[INFO] [stderr]    Compiling serde v1.0.217
[INFO] [stderr]    Compiling smallvec v1.13.2
[INFO] [stderr]    Compiling libc v0.2.169
[INFO] [stderr]    Compiling rustix v0.38.43
[INFO] [stderr]    Compiling linux-raw-sys v0.4.15
[INFO] [stderr]    Compiling memchr v2.7.4
[INFO] [stderr]    Compiling syn v2.0.96
[INFO] [stderr]    Compiling autocfg v1.4.0
[INFO] [stderr]    Compiling fnv v1.0.7
[INFO] [stderr]    Compiling syn v1.0.109
[INFO] [stderr]    Compiling version_check v0.9.5
[INFO] [stderr]    Compiling env_filter v0.1.3
[INFO] [stderr]    Compiling env_logger v0.11.6
[INFO] [stderr]    Compiling parking_lot_core v0.9.10
[INFO] [stderr]    Compiling lock_api v0.4.12
[INFO] [stderr]    Compiling libloading v0.8.6
[INFO] [stderr]    Compiling pkg-config v0.3.31
[INFO] [stderr]    Compiling aho-corasick v1.1.3
[INFO] [stderr]    Compiling dlib v0.5.2
[INFO] [stderr]    Compiling scopeguard v1.2.0
[INFO] [stderr]    Compiling shlex v1.3.0
[INFO] [stderr]    Compiling wayland-sys v0.31.5
[INFO] [stderr]    Compiling getrandom v0.2.15
[INFO] [stderr]    Compiling cc v1.2.9
[INFO] [stderr]    Compiling rand_core v0.6.4
[INFO] [stderr]    Compiling stable_deref_trait v1.2.0
[INFO] [stderr]    Compiling ttf-parser v0.25.1
[INFO] [stderr]    Compiling time v0.3.37
[INFO] [stderr]    Compiling scoped-tls v1.0.1
[INFO] [stderr]    Compiling ab_glyph_rasterizer v0.1.8
[INFO] [stderr]    Compiling downcast-rs v1.2.1
[INFO] [stderr]    Compiling quick-xml v0.36.2
[INFO] [stderr]    Compiling regex-automata v0.4.9
[INFO] [stderr]    Compiling wayland-client v0.31.7
[INFO] [stderr]    Compiling nohash-hasher v0.2.0
[INFO] [stderr]    Compiling profiling v1.0.16
[INFO] [stderr]    Compiling wayland-scanner v0.31.5
[INFO] [stderr]    Compiling wayland-backend v0.3.7
[INFO] [stderr]    Compiling ahash v0.8.11
[INFO] [stderr]    Compiling litemap v0.7.4
[INFO] [stderr]    Compiling cfg_aliases v0.2.1
[INFO] [stderr]    Compiling writeable v0.5.5
[INFO] [stderr]    Compiling slab v0.4.9
[INFO] [stderr]    Compiling owned_ttf_parser v0.25.0
[INFO] [stderr]    Compiling ab_glyph v0.2.29
[INFO] [stderr]    Compiling simd-adler32 v0.3.7
[INFO] [stderr]    Compiling regex v1.11.1
[INFO] [stderr]    Compiling parking_lot v0.12.3
[INFO] [stderr]    Compiling icu_locid_transform_data v1.5.0
[INFO] [stderr]    Compiling khronos_api v3.1.0
[INFO] [stderr]    Compiling env_logger v0.8.4
[INFO] [stderr]    Compiling synstructure v0.13.1
[INFO] [stderr]    Compiling darling_core v0.20.10
[INFO] [stderr]    Compiling prettyplease v0.2.29
[INFO] [stderr]    Compiling adler2 v2.0.0
[INFO] [stderr]    Compiling miniz_oxide v0.8.2
[INFO] [stderr]    Compiling quickcheck_macros v1.0.0
[INFO] [stderr]    Compiling crc32fast v1.4.2
[INFO] [stderr]    Compiling hashbrown v0.15.2
[INFO] [stderr]    Compiling icu_properties_data v1.5.0
[INFO] [stderr]    Compiling equivalent v1.0.1
[INFO] [stderr]    Compiling epaint_default_fonts v0.30.0
[INFO] [stderr]    Compiling base64 v0.21.7
[INFO] [stderr]    Compiling flate2 v1.0.35
[INFO] [stderr]    Compiling num-traits v0.2.19
[INFO] [stderr]    Compiling bitflags v1.3.2
[INFO] [stderr]    Compiling xcursor v0.3.8
[INFO] [stderr]    Compiling indexmap v2.7.0
[INFO] [stderr]    Compiling zerocopy v0.7.35
[INFO] [stderr]    Compiling write16 v1.0.0
[INFO] [stderr]    Compiling utf8_iter v1.0.4
[INFO] [stderr]    Compiling icu_normalizer_data v1.5.0
[INFO] [stderr]    Compiling xml-rs v0.8.25
[INFO] [stderr]    Compiling utf16_iter v1.0.5
[INFO] [stderr]    Compiling pulldown-cmark v0.12.2
[INFO] [stderr]    Compiling smithay-client-toolkit v0.19.2
[INFO] [stderr]    Compiling emath v0.30.0
[INFO] [stderr]    Compiling xkeysym v0.2.1
[INFO] [stderr]    Compiling once_cell v1.20.2
[INFO] [stderr]    Compiling cursor-icon v1.1.0
[INFO] [stderr]    Compiling ecolor v0.30.0
[INFO] [stderr]    Compiling serde_derive v1.0.217
[INFO] [stderr]    Compiling tracing-attributes v0.1.28
[INFO] [stderr]    Compiling zerocopy-derive v0.7.35
[INFO] [stderr]    Compiling clap_derive v4.5.24
[INFO] [stderr]    Compiling thiserror-impl v1.0.69
[INFO] [stderr]    Compiling derive_more-impl v1.0.0
[INFO] [stderr]    Compiling test-log-macros v0.2.16
[INFO] [stderr]    Compiling zerofrom-derive v0.1.5
[INFO] [stderr]    Compiling darling_macro v0.20.10
[INFO] [stderr]    Compiling tracing v0.1.41
[INFO] [stderr]    Compiling darling v0.20.10
[INFO] [stderr]    Compiling yoke-derive v0.7.5
[INFO] [stderr]    Compiling tracing-subscriber v0.3.19
[INFO] [stderr]    Compiling ppv-lite86 v0.2.20
[INFO] [stderr]    Compiling thiserror v1.0.69
[INFO] [stderr]    Compiling bon-macros v3.3.2
[INFO] [stderr]    Compiling rand_chacha v0.3.1
[INFO] [stderr]    Compiling rand v0.8.5
[INFO] [stderr]    Compiling zerofrom v0.1.5
[INFO] [stderr]    Compiling zerovec-derive v0.10.3
[INFO] [stderr]    Compiling yoke v0.7.5
[INFO] [stderr]    Compiling displaydoc v0.2.5
[INFO] [stderr]    Compiling bytemuck_derive v1.8.1
[INFO] [stderr]    Compiling tracing-error v0.2.1
[INFO] [stderr]    Compiling test-log v0.2.16
[INFO] [stderr]    Compiling quickcheck v1.0.3
[INFO] [stderr]    Compiling tracing-tree v0.4.0
[INFO] [stderr]    Compiling bytemuck v1.21.0
[INFO] [stderr]    Compiling icu_provider_macros v1.5.0
[INFO] [stderr]    Compiling tracing-appender v0.2.3
[INFO] [stderr]    Compiling enum-map-derive v0.17.0
[INFO] [stderr]    Compiling zerovec v0.10.4
[INFO] [stderr]    Compiling gl_generator v0.14.0
[INFO] [stderr]    Compiling fdeflate v0.3.7
[INFO] [stderr]    Compiling memmap2 v0.9.5
[INFO] [stderr]    Compiling png v0.17.16
[INFO] [stderr]    Compiling epaint v0.30.0
[INFO] [stderr]    Compiling glutin_egl_sys v0.7.1
[INFO] [stderr]    Compiling tinystr v0.7.6
[INFO] [stderr]    Compiling icu_locid v1.5.0
[INFO] [stderr]    Compiling icu_collections v1.5.0
[INFO] [stderr]    Compiling icu_provider v1.5.0
[INFO] [stderr]    Compiling derive_more v1.0.0
[INFO] [stderr]    Compiling winit v0.30.8
[INFO] [stderr]    Compiling icu_locid_transform v1.5.0
[INFO] [stderr]    Compiling bon v3.3.2
[INFO] [stderr]    Compiling mime_guess2 v2.0.5
[INFO] [stderr]    Compiling serde_json v1.0.135
[INFO] [stderr]    Compiling byteorder-lite v0.1.0
[INFO] [stderr]    Compiling raw-window-handle v0.6.2
[INFO] [stderr]    Compiling percent-encoding v2.3.1
[INFO] [stderr]    Compiling bitflags v2.7.0
[INFO] [stderr]    Compiling bit-vec v0.6.3
[INFO] [stderr]    Compiling image v0.25.5
[INFO] [stderr]    Compiling ron v0.8.1
[INFO] [stderr]    Compiling bit-set v0.5.3
[INFO] [stderr]    Compiling xkbcommon-dl v0.4.2
[INFO] [stderr]    Compiling form_urlencoded v1.2.1
[INFO] [stderr]    Compiling icu_properties v1.5.1
[INFO] [stderr]    Compiling egui v0.30.0
[INFO] [stderr]    Compiling glutin v0.32.2
[INFO] [stderr]    Compiling quick-xml v0.32.0
[INFO] [stderr]    Compiling memoffset v0.9.1
[INFO] [stderr]    Compiling dpi v0.1.1
[INFO] [stderr]    Compiling diff v0.1.13
[INFO] [stderr]    Compiling enum-map v2.7.3
[INFO] [stderr]    Compiling x11rb-protocol v0.13.1
[INFO] [stderr]    Compiling same-file v1.0.6
[INFO] [stderr]    Compiling linked-hash-map v0.5.6
[INFO] [stderr]    Compiling winnow v0.6.24
[INFO] [stderr]    Compiling icu_normalizer v1.5.0
[INFO] [stderr]    Compiling yansi v1.0.1
[INFO] [stderr]    Compiling idna_adapter v1.2.0
[INFO] [stderr]    Compiling idna v1.0.3
[INFO] [stderr]    Compiling base64 v0.22.1
[INFO] [stderr]    Compiling smol_str v0.2.2
[INFO] [stderr]    Compiling toml_datetime v0.6.8
[INFO] [stderr]    Compiling mime v0.3.17
[INFO] [stderr]    Compiling ryu v1.0.18
[INFO] [stderr]    Compiling toml_edit v0.22.22
[INFO] [stderr]    Compiling egui_extras v0.30.0
[INFO] [stderr]    Compiling plist v1.7.0
[INFO] [stderr]    Compiling terminal_size v0.4.1
[INFO] [stderr]    Compiling clap_builder v4.5.26
[INFO] [stderr]    Compiling polling v3.7.4
[INFO] [stderr]    Compiling calloop v0.13.0
[INFO] [stderr]    Compiling wayland-csd-frame v0.3.0
[INFO] [stderr]    Compiling x11rb v0.13.1
[INFO] [stderr]    Compiling url v2.5.4
[INFO] [stderr]    Compiling pretty_assertions v1.4.1
[INFO] [stderr]    Compiling yaml-rust v0.4.5
[INFO] [stderr]    Compiling walkdir v2.5.0
[INFO] [stderr]    Compiling fancy-regex v0.11.0
[INFO] [stderr]    Compiling wayland-protocols v0.32.5
[INFO] [stderr]    Compiling clap v4.5.26
[INFO] [stderr]    Compiling calloop-wayland-source v0.3.0
[INFO] [stderr]    Compiling wayland-cursor v0.31.7
[INFO] [stderr]    Compiling bincode v1.3.3
[INFO] [stderr]    Compiling glutin-winit v0.5.0
[INFO] [stderr]    Compiling home v0.5.11
[INFO] [stderr]    Compiling litrs v0.4.1
[INFO] [stderr]    Compiling webbrowser v1.0.3
[INFO] [stderr]    Compiling syntect v5.2.0
[INFO] [stderr]    Compiling egui_commonmark_backend v0.19.0
[INFO] [stderr]    Compiling document-features v0.2.10
[INFO] [stderr]    Compiling arboard v3.4.1
[INFO] [stderr]    Compiling proc-macro-crate v3.2.0
[INFO] [stderr]    Compiling web-time v1.1.0
[INFO] [stderr]    Compiling glow v0.16.0
[INFO] [stderr]    Compiling egui_commonmark_macros v0.19.0
[INFO] [stderr]    Compiling static_assertions v1.1.0
[INFO] [stderr]    Compiling day06 v0.1.0 (/opt/rustwide/workdir/crates/day06)
[INFO] [stderr]    Compiling egui_commonmark v0.19.0
[INFO] [stderr]    Compiling egui_glow v0.30.0
[INFO] [stderr]    Compiling day01 v0.1.0 (/opt/rustwide/workdir/crates/day01)
[INFO] [stderr]    Compiling day04 v0.1.0 (/opt/rustwide/workdir/crates/day04)
[INFO] [stderr]    Compiling day05 v0.1.0 (/opt/rustwide/workdir/crates/day05)
[INFO] [stderr]    Compiling day03 v0.1.0 (/opt/rustwide/workdir/crates/day03)
[INFO] [stderr]    Compiling day07 v0.1.0 (/opt/rustwide/workdir/crates/day07)
[INFO] [stderr]    Compiling wayland-protocols-wlr v0.3.5
[INFO] [stdout] warning: unused import: `Level`
[INFO] [stdout]   --> crates/day07/src/parse.rs:17:15
[INFO] [stdout]    |
[INFO] [stdout] 17 | use tracing::{Level, instrument};
[INFO] [stdout]    |               ^^^^^
[INFO] [stdout]    |
[INFO] [stdout]    = note: `#[warn(unused_imports)]` on by default
[INFO] [stdout] 
[INFO] [stdout] 
[INFO] [stderr]    Compiling wayland-protocols-plasma v0.3.5
[INFO] [stderr]    Compiling day02 v0.1.0 (/opt/rustwide/workdir/crates/day02)
[INFO] [stderr]    Compiling xtask v0.1.0 (/opt/rustwide/workdir/xtask)
[INFO] [stdout] warning: unused import: `Level`
[INFO] [stdout]   --> crates/day07/src/parse.rs:17:15
[INFO] [stdout]    |
[INFO] [stdout] 17 | use tracing::{Level, instrument};
[INFO] [stdout]    |               ^^^^^
[INFO] [stdout]    |
[INFO] [stdout]    = note: `#[warn(unused_imports)]` on by default
[INFO] [stdout] 
[INFO] [stdout] 
[INFO] [stderr]    Compiling smithay-clipboard v0.7.2
[INFO] [stderr]    Compiling egui-winit v0.30.0
[INFO] [stderr]    Compiling eframe v0.30.0
[INFO] [stderr]     Finished `test` profile [unoptimized + debuginfo] target(s) in 3m 53s
[INFO] running `Command { std: "docker" "inspect" "80bbfd25a441d91b4a68fd5a3e47a3a465e9d88e6ff5a81922ad1624b7cf6fc6", kill_on_drop: false }`
[INFO] running `Command { std: "docker" "rm" "-f" "80bbfd25a441d91b4a68fd5a3e47a3a465e9d88e6ff5a81922ad1624b7cf6fc6", kill_on_drop: false }`
[INFO] [stdout] 80bbfd25a441d91b4a68fd5a3e47a3a465e9d88e6ff5a81922ad1624b7cf6fc6
[INFO] running `Command { std: "docker" "create" "-v" "/var/lib/crater-agent-workspace/builds/worker-0-tc1/target:/opt/rustwide/target:rw,Z" "-v" "/var/lib/crater-agent-workspace/builds/worker-0-tc1/source:/opt/rustwide/workdir:ro,Z" "-v" "/var/lib/crater-agent-workspace/cargo-home:/opt/rustwide/cargo-home:ro,Z" "-v" "/var/lib/crater-agent-workspace/rustup-home:/opt/rustwide/rustup-home:ro,Z" "-e" "SOURCE_DIR=/opt/rustwide/workdir" "-e" "CARGO_TARGET_DIR=/opt/rustwide/target" "-e" "CARGO_INCREMENTAL=0" "-e" "RUST_BACKTRACE=full" "-e" "RUSTFLAGS=--cap-lints=forbid" "-e" "RUSTDOCFLAGS=--cap-lints=forbid" "-e" "CARGO_HOME=/opt/rustwide/cargo-home" "-e" "RUSTUP_HOME=/opt/rustwide/rustup-home" "-w" "/opt/rustwide/workdir" "-m" "1610612736" "--user" "0:0" "--network" "none" "ghcr.io/rust-lang/crates-build-env/linux@sha256:819108c5571ea2e421544af4d832f968d213c87fbe3707a016657f43d2f853bc" "/opt/rustwide/cargo-home/bin/cargo" "+nightly-2025-01-18" "test" "--frozen", kill_on_drop: false }`
[INFO] [stdout] 62b21314ccedb3c87a9aeea5320d32247ce4ddde6c962aad744c99a96e443ab9
[INFO] running `Command { std: "docker" "start" "-a" "62b21314ccedb3c87a9aeea5320d32247ce4ddde6c962aad744c99a96e443ab9", kill_on_drop: false }`
[INFO] [stderr] warning: /opt/rustwide/workdir/Cargo.toml: unused manifest key: workspace.dependencies.insta.ff
[INFO] [stderr] warning: unused import: `Level`
[INFO] [stderr]   --> crates/day07/src/parse.rs:17:15
[INFO] [stderr]    |
[INFO] [stderr] 17 | use tracing::{Level, instrument};
[INFO] [stderr]    |               ^^^^^
[INFO] [stderr]    |
[INFO] [stderr]    = note: `#[warn(unused_imports)]` on by default
[INFO] [stderr] 
[INFO] [stderr] warning: `day07` (lib) generated 1 warning (run `cargo fix --lib -p day07` to apply 1 suggestion)
[INFO] [stderr] warning: `day07` (lib test) generated 1 warning (1 duplicate)
[INFO] [stderr]     Finished `test` profile [unoptimized + debuginfo] target(s) in 0.72s
[INFO] [stderr]      Running unittests src/lib.rs (/opt/rustwide/target/debug/deps/day01-a87c0b3830d636d0)
[INFO] [stderr]      Running unittests src/main.rs (/opt/rustwide/target/debug/deps/day01-7d25bdc8dba5bcc8)
[INFO] [stdout] 
[INFO] [stdout] running 0 tests
[INFO] [stdout] 
[INFO] [stdout] test result: ok. 0 passed; 0 failed; 0 ignored; 0 measured; 0 filtered out; finished in 0.00s
[INFO] [stdout] 
[INFO] [stdout] 
[INFO] [stdout] running 0 tests
[INFO] [stdout] 
[INFO] [stdout] test result: ok. 0 passed; 0 failed; 0 ignored; 0 measured; 0 filtered out; finished in 0.00s
[INFO] [stdout] 
[INFO] [stderr]      Running unittests src/lib.rs (/opt/rustwide/target/debug/deps/day02-e1453e1b73f722bc)
[INFO] [stdout] 
[INFO] [stdout] running 10 tests
[INFO] [stdout] test part2_lib::tests::test_pair ... ok
[INFO] [stdout] test part2_lib::tests::test_empty_diffs ... ok
[INFO] [stdout] test part2_lib::tests::test_example_input_2 ... ok
[INFO] [stdout] test part2_lib::tests::test_increasing_too_fast ... ok
[INFO] [stdout] test part2_lib::tests::test_simple_decreasing_2 ... ok
[INFO] [stdout] test part2_lib::tests::test_double_outlier ... ok
[INFO] [stdout] test part2_lib::tests::test_single_outlier ... ok
[INFO] [stdout] test part2_lib::tests::test_triple_flat ... ok
[INFO] [stdout] test part2_lib::tests::test_good_sequence ... ok
[INFO] [stdout] test part2_lib::tests::test_simple_increasing_2 ... ok
[INFO] [stdout] 
[INFO] [stdout] test result: ok. 10 passed; 0 failed; 0 ignored; 0 measured; 0 filtered out; finished in 0.03s
[INFO] [stdout] 
[INFO] [stderr]      Running unittests src/main.rs (/opt/rustwide/target/debug/deps/day02-fe277003ad4f16ff)
[INFO] [stdout] 
[INFO] [stdout] running 0 tests
[INFO] [stdout] 
[INFO] [stdout] test result: ok. 0 passed; 0 failed; 0 ignored; 0 measured; 0 filtered out; finished in 0.00s
[INFO] [stdout] 
[INFO] [stderr]      Running unittests src/lib.rs (/opt/rustwide/target/debug/deps/day03-d0a2dd4c3d7e9ce2)
[INFO] [stdout] 
[INFO] [stdout] running 8 tests
[INFO] [stdout] test part1_lib::tests::part1_example_input_test ... ok
[INFO] [stdout] test part2_lib::tests::part2_example_input_test ... ok
[INFO] [stdout] test parse::tests::parse_1_example_test ... ok
[INFO] [stdout] test parse::tests::parse_2_example_test ... ok
[INFO] [stdout] test part1_lib::tests::part1_final_input_test ... ok
[INFO] [stdout] test part2_lib::tests::part2_final_input_test ... ok
[INFO] [stdout] test parse::tests::qc_example_parse_1_test ... ok
[INFO] [stdout] test parse::tests::qc_example_parse_2_test ... ok
[INFO] [stdout] 
[INFO] [stdout] test result: ok. 8 passed; 0 failed; 0 ignored; 0 measured; 0 filtered out; finished in 0.68s
[INFO] [stdout] 
[INFO] [stderr]      Running unittests src/main.rs (/opt/rustwide/target/debug/deps/day03-a1cd6cd709a84951)
[INFO] [stdout] 
[INFO] [stdout] running 0 tests
[INFO] [stdout] 
[INFO] [stdout] test result: ok. 0 passed; 0 failed; 0 ignored; 0 measured; 0 filtered out; finished in 0.00s
[INFO] [stdout] 
[INFO] [stderr]      Running unittests src/lib.rs (/opt/rustwide/target/debug/deps/day04-cd33285821b586b4)
[INFO] [stdout] 
[INFO] [stdout] running 7 tests
[INFO] [stdout] test part1_lib::tests::count_example_test ... ok
[INFO] [stdout] test part1_lib::tests::horizontal_count_example_test ... ok
[INFO] [stdout] test part1_lib::tests::part1_example_input_test ... ok
[INFO] [stdout] test part2_lib::tests::mas_test ... ok
[INFO] [stdout] test part1_lib::tests::part1_final_input_test ... ok
[INFO] [stdout] test part2_lib::tests::part2_example_input_mas_test ... ok
[INFO] [stdout] test part2_lib::tests::part2_final_input_mas_test ... ok
[INFO] [stdout] 
[INFO] [stdout] test result: ok. 7 passed; 0 failed; 0 ignored; 0 measured; 0 filtered out; finished in 10.93s
[INFO] [stdout] 
[INFO] [stderr]      Running unittests src/main.rs (/opt/rustwide/target/debug/deps/day04-20a4620c6429219e)
[INFO] [stdout] 
[INFO] [stdout] running 0 tests
[INFO] [stdout] 
[INFO] [stdout] test result: ok. 0 passed; 0 failed; 0 ignored; 0 measured; 0 filtered out; finished in 0.00s
[INFO] [stdout] 
[INFO] [stderr]      Running unittests src/lib.rs (/opt/rustwide/target/debug/deps/day05-a7a15a2a6b413b70)
[INFO] [stdout] 
[INFO] [stdout] running 6 tests
[INFO] [stdout] test parse::tests::spot_test ... ok
[INFO] [stdout] test part1_lib::tests::test_process_example ... ok
[INFO] [stdout] test part1_lib::tests::spot_test ... ok
[INFO] [stdout] test part2_lib::tests::test_process_example ... ok
[INFO] [stdout] test part1_lib::tests::test_process_problem_input ... ok
[INFO] [stdout] test part2_lib::tests::test_process_problem_input ... FAILED
[INFO] [stdout] 
[INFO] [stdout] failures:
[INFO] [stdout] 
[INFO] [stdout] ---- part2_lib::tests::test_process_problem_input stdout ----
[INFO] [stdout] Error: error: Unable to set the Static Page Relations OnceLock
[INFO] [stdout] 
[INFO] [stdout] 
[INFO] [stdout] spantrace capture: SpanTraceStatus(Empty)
[INFO] [stdout] 
[INFO] [stdout] 
[INFO] [stdout] spantrace: 
[INFO] [stdout] 
[INFO] [stdout] 
[INFO] [stdout] failures:
[INFO] [stdout]     part2_lib::tests::test_process_problem_input
[INFO] [stdout] 
[INFO] [stdout] test result: FAILED. 5 passed; 1 failed; 0 ignored; 0 measured; 0 filtered out; finished in 0.03s
[INFO] [stdout] 
[INFO] [stderr] error: test failed, to rerun pass `-p day05 --lib`
[INFO] running `Command { std: "docker" "inspect" "62b21314ccedb3c87a9aeea5320d32247ce4ddde6c962aad744c99a96e443ab9", kill_on_drop: false }`
[INFO] running `Command { std: "docker" "rm" "-f" "62b21314ccedb3c87a9aeea5320d32247ce4ddde6c962aad744c99a96e443ab9", kill_on_drop: false }`
[INFO] [stdout] 62b21314ccedb3c87a9aeea5320d32247ce4ddde6c962aad744c99a96e443ab9
