[INFO] cloning repository https://github.com/estrandv/jdw-sequencer
[INFO] running `Command { std: "git" "-c" "credential.helper=" "-c" "credential.helper=/workspace/cargo-home/bin/git-credential-null" "clone" "--bare" "https://github.com/estrandv/jdw-sequencer" "/workspace/cache/git-repos/https%3A%2F%2Fgithub.com%2Festrandv%2Fjdw-sequencer", kill_on_drop: false }`
[INFO] [stderr] Cloning into bare repository '/workspace/cache/git-repos/https%3A%2F%2Fgithub.com%2Festrandv%2Fjdw-sequencer'...
[INFO] running `Command { std: "git" "rev-parse" "HEAD", kill_on_drop: false }`
[INFO] [stdout] 481e34f252990c038c63c272c2329a2f2155229c
[INFO] testing estrandv/jdw-sequencer against nightly-2025-01-18+rustflags=-Zrandomize-layout for randomize-layout-2
[INFO] running `Command { std: "git" "clone" "/workspace/cache/git-repos/https%3A%2F%2Fgithub.com%2Festrandv%2Fjdw-sequencer" "/workspace/builds/worker-7-tc2/source", kill_on_drop: false }`
[INFO] [stderr] Cloning into '/workspace/builds/worker-7-tc2/source'...
[INFO] [stderr] done.
[INFO] validating manifest of git repo https://github.com/estrandv/jdw-sequencer on toolchain nightly-2025-01-18
[INFO] running `Command { std: CARGO_HOME="/workspace/cargo-home" RUSTUP_HOME="/workspace/rustup-home" "/workspace/cargo-home/bin/cargo" "+nightly-2025-01-18" "metadata" "--manifest-path" "Cargo.toml" "--no-deps", kill_on_drop: false }`
[INFO] started tweaking git repo https://github.com/estrandv/jdw-sequencer
[INFO] finished tweaking git repo https://github.com/estrandv/jdw-sequencer
[INFO] tweaked toml for git repo https://github.com/estrandv/jdw-sequencer written to /workspace/builds/worker-7-tc2/source/Cargo.toml
[INFO] crate git repo https://github.com/estrandv/jdw-sequencer already has a lockfile, it will not be regenerated
[INFO] running `Command { std: CARGO_HOME="/workspace/cargo-home" RUSTUP_HOME="/workspace/rustup-home" "/workspace/cargo-home/bin/cargo" "+nightly-2025-01-18" "fetch" "--manifest-path" "Cargo.toml", kill_on_drop: false }`
[INFO] running `Command { std: "docker" "create" "-v" "/var/lib/crater-agent-workspace/builds/worker-7-tc2/target:/opt/rustwide/target:rw,Z" "-v" "/var/lib/crater-agent-workspace/builds/worker-7-tc2/source:/opt/rustwide/workdir:ro,Z" "-v" "/var/lib/crater-agent-workspace/cargo-home:/opt/rustwide/cargo-home:ro,Z" "-v" "/var/lib/crater-agent-workspace/rustup-home:/opt/rustwide/rustup-home:ro,Z" "-e" "SOURCE_DIR=/opt/rustwide/workdir" "-e" "CARGO_TARGET_DIR=/opt/rustwide/target" "-e" "CARGO_HOME=/opt/rustwide/cargo-home" "-e" "RUSTUP_HOME=/opt/rustwide/rustup-home" "-w" "/opt/rustwide/workdir" "-m" "1610612736" "--user" "0:0" "--network" "none" "ghcr.io/rust-lang/crates-build-env/linux@sha256:819108c5571ea2e421544af4d832f968d213c87fbe3707a016657f43d2f853bc" "/opt/rustwide/cargo-home/bin/cargo" "+nightly-2025-01-18" "metadata" "--no-deps" "--format-version=1", kill_on_drop: false }`
[INFO] [stdout] 52193436476a9e6ec29337bd5c90d4dfed0dac140726f4e1ea0c2eeefd81c5c2
[INFO] running `Command { std: "docker" "start" "-a" "52193436476a9e6ec29337bd5c90d4dfed0dac140726f4e1ea0c2eeefd81c5c2", kill_on_drop: false }`
[INFO] running `Command { std: "docker" "inspect" "52193436476a9e6ec29337bd5c90d4dfed0dac140726f4e1ea0c2eeefd81c5c2", kill_on_drop: false }`
[INFO] running `Command { std: "docker" "rm" "-f" "52193436476a9e6ec29337bd5c90d4dfed0dac140726f4e1ea0c2eeefd81c5c2", kill_on_drop: false }`
[INFO] [stdout] 52193436476a9e6ec29337bd5c90d4dfed0dac140726f4e1ea0c2eeefd81c5c2
[INFO] running `Command { std: "docker" "create" "-v" "/var/lib/crater-agent-workspace/builds/worker-7-tc2/target:/opt/rustwide/target:rw,Z" "-v" "/var/lib/crater-agent-workspace/builds/worker-7-tc2/source:/opt/rustwide/workdir:ro,Z" "-v" "/var/lib/crater-agent-workspace/cargo-home:/opt/rustwide/cargo-home:ro,Z" "-v" "/var/lib/crater-agent-workspace/rustup-home:/opt/rustwide/rustup-home:ro,Z" "-e" "SOURCE_DIR=/opt/rustwide/workdir" "-e" "CARGO_TARGET_DIR=/opt/rustwide/target" "-e" "CARGO_INCREMENTAL=0" "-e" "RUST_BACKTRACE=full" "-e" "RUSTFLAGS=--cap-lints=forbid -Zrandomize-layout" "-e" "RUSTDOCFLAGS=--cap-lints=forbid" "-e" "CARGO_HOME=/opt/rustwide/cargo-home" "-e" "RUSTUP_HOME=/opt/rustwide/rustup-home" "-w" "/opt/rustwide/workdir" "-m" "1610612736" "--user" "0:0" "--network" "none" "ghcr.io/rust-lang/crates-build-env/linux@sha256:819108c5571ea2e421544af4d832f968d213c87fbe3707a016657f43d2f853bc" "/opt/rustwide/cargo-home/bin/cargo" "+nightly-2025-01-18" "build" "--frozen" "--message-format=json", kill_on_drop: false }`
[INFO] [stdout] 48d02d494f64f6440657abaa7fe5807061c30f3c4b95427d144c78845fa5bcb6
[INFO] running `Command { std: "docker" "start" "-a" "48d02d494f64f6440657abaa7fe5807061c30f3c4b95427d144c78845fa5bcb6", kill_on_drop: false }`
[INFO] [stderr]    Compiling autocfg v1.4.0
[INFO] [stderr]    Compiling proc-macro2 v1.0.92
[INFO] [stderr]    Compiling unicode-ident v1.0.14
[INFO] [stderr]    Compiling memchr v2.7.4
[INFO] [stderr]    Compiling pin-project-lite v0.2.15
[INFO] [stderr]    Compiling regex-syntax v0.8.5
[INFO] [stderr]    Compiling futures-sink v0.3.31
[INFO] [stderr]    Compiling libc v0.2.164
[INFO] [stderr]    Compiling futures-core v0.3.31
[INFO] [stderr]    Compiling log v0.4.22
[INFO] [stderr]    Compiling libm v0.2.11
[INFO] [stderr]    Compiling futures-channel v0.3.31
[INFO] [stderr]    Compiling futures-io v0.3.31
[INFO] [stderr]    Compiling pin-utils v0.1.0
[INFO] [stderr]    Compiling crossbeam-utils v0.8.20
[INFO] [stderr]    Compiling futures-task v0.3.31
[INFO] [stderr]    Compiling utf8parse v0.2.2
[INFO] [stderr]    Compiling num-conv v0.1.0
[INFO] [stderr]    Compiling minimal-lexical v0.2.1
[INFO] [stderr]    Compiling powerfmt v0.2.0
[INFO] [stderr]    Compiling time-core v0.1.2
[INFO] [stderr]    Compiling once_cell v1.20.2
[INFO] [stderr]    Compiling time-macros v0.2.18
[INFO] [stderr]    Compiling deranged v0.3.11
[INFO] [stderr]    Compiling num-traits v0.2.19
[INFO] [stderr]    Compiling quote v1.0.37
[INFO] [stderr]    Compiling slab v0.4.9
[INFO] [stderr]    Compiling aho-corasick v1.1.3
[INFO] [stderr]    Compiling syn v2.0.89
[INFO] [stderr]    Compiling bigdecimal v0.4.6
[INFO] [stderr]    Compiling nom v7.1.3
[INFO] [stderr]    Compiling tracing-core v0.1.32
[INFO] [stderr]    Compiling anstyle-parse v0.2.6
[INFO] [stderr]    Compiling num-integer v0.1.46
[INFO] [stderr]    Compiling regex-automata v0.4.9
[INFO] [stderr]    Compiling num-bigint v0.4.6
[INFO] [stderr]    Compiling serde v1.0.215
[INFO] [stderr]    Compiling lazy_static v1.5.0
[INFO] [stderr]    Compiling colorchoice v1.0.3
[INFO] [stderr]    Compiling num_threads v0.1.7
[INFO] [stderr]    Compiling is_terminal_polyfill v1.70.1
[INFO] [stderr]    Compiling anstyle v1.0.10
[INFO] [stderr]    Compiling itoa v1.0.13
[INFO] [stderr]    Compiling anstyle-query v1.1.2
[INFO] [stderr]    Compiling byteorder v1.5.0
[INFO] [stderr]    Compiling time v0.3.36
[INFO] [stderr]    Compiling anstream v0.6.18
[INFO] [stderr]    Compiling rosc v0.10.1
[INFO] [stderr]    Compiling colored v2.1.0
[INFO] [stderr]    Compiling humantime v2.1.0
[INFO] [stderr]    Compiling iana-time-zone v0.1.61
[INFO] [stderr]    Compiling ringbuf v0.4.7
[INFO] [stderr]    Compiling chrono v0.4.38
[INFO] [stderr]    Compiling bytes v1.8.0
[INFO] [stderr]    Compiling spin_sleep v1.2.1
[INFO] [stderr]    Compiling jdw-osc-lib v0.1.1 (https://github.com/estrandv/jdw-osc-lib.git?branch=master#54e5d466)
[INFO] [stderr]    Compiling simple_logger v5.0.0
[INFO] [stderr]    Compiling regex v1.11.1
[INFO] [stderr]    Compiling env_filter v0.1.2
[INFO] [stderr]    Compiling env_logger v0.11.5
[INFO] [stderr]    Compiling futures-macro v0.3.31
[INFO] [stderr]    Compiling tracing-attributes v0.1.27
[INFO] [stderr]    Compiling pin-project-internal v1.1.7
[INFO] [stderr]    Compiling serde_derive v1.0.215
[INFO] [stderr]    Compiling futures-util v0.3.31
[INFO] [stderr]    Compiling pin-project v1.1.7
[INFO] [stderr]    Compiling tracing v0.1.40
[INFO] [stderr]    Compiling tracing-futures v0.2.5
[INFO] [stderr]    Compiling futures-executor v0.3.31
[INFO] [stderr]    Compiling futures v0.3.31
[INFO] [stderr]    Compiling jdw-sequencer v0.1.0 (/opt/rustwide/workdir)
[INFO] [stdout] warning: unused import: `std::cell::RefCell`
[INFO] [stdout]  --> src/main.rs:3:5
[INFO] [stdout]   |
[INFO] [stdout] 3 | use std::cell::RefCell;
[INFO] [stdout]   |     ^^^^^^^^^^^^^^^^^^
[INFO] [stdout]   |
[INFO] [stdout]   = note: `#[warn(unused_imports)]` on by default
[INFO] [stdout] 
[INFO] [stdout] 
[INFO] [stdout] warning: unused import: `std::thread`
[INFO] [stdout]  --> src/main.rs:7:5
[INFO] [stdout]   |
[INFO] [stdout] 7 | use std::thread;
[INFO] [stdout]   |     ^^^^^^^^^^^
[INFO] [stdout] 
[INFO] [stdout] 
[INFO] [stdout] warning: unused import: `jdw_osc_lib::model::TaggedBundle`
[INFO] [stdout]   --> src/main.rs:12:5
[INFO] [stdout]    |
[INFO] [stdout] 12 | use jdw_osc_lib::model::TaggedBundle;
[INFO] [stdout]    |     ^^^^^^^^^^^^^^^^^^^^^^^^^^^^^^^^
[INFO] [stdout] 
[INFO] [stdout] 
[INFO] [stdout] warning: unused import: `sequencing_daemon::SequencingDaemonState`
[INFO] [stdout]   --> src/main.rs:19:5
[INFO] [stdout]    |
[INFO] [stdout] 19 | use sequencing_daemon::SequencingDaemonState;
[INFO] [stdout]    |     ^^^^^^^^^^^^^^^^^^^^^^^^^^^^^^^^^^^^^^^^
[INFO] [stdout] 
[INFO] [stdout] 
[INFO] [stdout] warning: unused import: `hash::Hash`
[INFO] [stdout]  --> src/master_sequencer.rs:8:33
[INFO] [stdout]   |
[INFO] [stdout] 8 | use std::{collections::HashMap, hash::Hash, str::FromStr};
[INFO] [stdout]   |                                 ^^^^^^^^^^
[INFO] [stdout] 
[INFO] [stdout] 
[INFO] [stdout] warning: unused import: `bigdecimal::num_traits::one`
[INFO] [stdout]   --> src/master_sequencer.rs:11:5
[INFO] [stdout]    |
[INFO] [stdout] 11 | use bigdecimal::num_traits::one;
[INFO] [stdout]    |     ^^^^^^^^^^^^^^^^^^^^^^^^^^^
[INFO] [stdout] 
[INFO] [stdout] 
[INFO] [stdout] warning: unused imports: `SequencerResetMode`, `SequencerStartMode`, and `sequencer::SequencerEntry`
[INFO] [stdout]    --> src/master_sequencer.rs:217:17
[INFO] [stdout]     |
[INFO] [stdout] 217 |     use crate::{sequencer::SequencerEntry, master_sequencer::{SequencerStartMode, SequencerResetMode}};
[INFO] [stdout]     |                 ^^^^^^^^^^^^^^^^^^^^^^^^^                     ^^^^^^^^^^^^^^^^^^  ^^^^^^^^^^^^^^^^^^
[INFO] [stdout] 
[INFO] [stdout] 
[INFO] [stdout] warning: unused import: `super::MasterSequencer`
[INFO] [stdout]    --> src/master_sequencer.rs:219:9
[INFO] [stdout]     |
[INFO] [stdout] 219 |     use super::MasterSequencer;
[INFO] [stdout]     |         ^^^^^^^^^^^^^^^^^^^^^^
[INFO] [stdout] 
[INFO] [stdout] 
[INFO] [stdout] warning: unused import: `TimeDelta`
[INFO] [stdout]  --> src/midi_utils.rs:8:24
[INFO] [stdout]   |
[INFO] [stdout] 8 | use chrono::{Duration, TimeDelta};
[INFO] [stdout]   |                        ^^^^^^^^^
[INFO] [stdout] 
[INFO] [stdout] 
[INFO] [stdout] warning: unused import: `std::str::FromStr`
[INFO] [stdout]  --> src/sequencer.rs:1:5
[INFO] [stdout]   |
[INFO] [stdout] 1 | use std::str::FromStr;
[INFO] [stdout]   |     ^^^^^^^^^^^^^^^^^
[INFO] [stdout] 
[INFO] [stdout] 
[INFO] [stdout] warning: unused import: `debug`
[INFO] [stdout]  --> src/sequencer.rs:3:11
[INFO] [stdout]   |
[INFO] [stdout] 3 | use log::{debug, info};
[INFO] [stdout]   |           ^^^^^
[INFO] [stdout] 
[INFO] [stdout] 
[INFO] [stdout] warning: unused import: `super::SequencerEntry`
[INFO] [stdout]    --> src/sequencer.rs:120:9
[INFO] [stdout]     |
[INFO] [stdout] 120 |     use super::SequencerEntry;
[INFO] [stdout]     |         ^^^^^^^^^^^^^^^^^^^^^
[INFO] [stdout] 
[INFO] [stdout] 
[INFO] [stdout] warning: unused import: `super::Sequencer`
[INFO] [stdout]    --> src/sequencer.rs:121:9
[INFO] [stdout]     |
[INFO] [stdout] 121 |     use super::Sequencer;
[INFO] [stdout]     |         ^^^^^^^^^^^^^^^^
[INFO] [stdout] 
[INFO] [stdout] 
[INFO] [stdout] warning: unused variable: `buf`
[INFO] [stdout]   --> src/osc_communication.rs:34:13
[INFO] [stdout]    |
[INFO] [stdout] 34 |         let buf = [0u8; rosc::decoder::MTU];
[INFO] [stdout]    |             ^^^ help: if this is intentional, prefix it with an underscore: `_buf`
[INFO] [stdout]    |
[INFO] [stdout]    = note: `#[warn(unused_variables)]` on by default
[INFO] [stdout] 
[INFO] [stdout] 
[INFO] [stdout] warning: variable does not need to be mutable
[INFO] [stdout]   --> src/main.rs:54:10
[INFO] [stdout]    |
[INFO] [stdout] 54 |     let (mut osc_pub, mut osc_sub) = osc_pipe.split();
[INFO] [stdout]    |          ----^^^^^^^
[INFO] [stdout]    |          |
[INFO] [stdout]    |          help: remove this `mut`
[INFO] [stdout]    |
[INFO] [stdout]    = note: `#[warn(unused_mut)]` on by default
[INFO] [stdout] 
[INFO] [stdout] 
[INFO] [stdout] warning: variable does not need to be mutable
[INFO] [stdout]   --> src/main.rs:54:23
[INFO] [stdout]    |
[INFO] [stdout] 54 |     let (mut osc_pub, mut osc_sub) = osc_pipe.split();
[INFO] [stdout]    |                       ----^^^^^^^
[INFO] [stdout]    |                       |
[INFO] [stdout]    |                       help: remove this `mut`
[INFO] [stdout] 
[INFO] [stdout] 
[INFO] [stdout] warning: constant `SEQ_START_MODE_NEAREST` is never used
[INFO] [stdout]   --> src/config.rs:22:11
[INFO] [stdout]    |
[INFO] [stdout] 22 | pub const SEQ_START_MODE_NEAREST: i32 = 0;
[INFO] [stdout]    |           ^^^^^^^^^^^^^^^^^^^^^^
[INFO] [stdout]    |
[INFO] [stdout]    = note: `#[warn(dead_code)]` on by default
[INFO] [stdout] 
[INFO] [stdout] 
[INFO] [stdout] warning: constant `SEQ_START_MODE_LONGEST` is never used
[INFO] [stdout]   --> src/config.rs:23:11
[INFO] [stdout]    |
[INFO] [stdout] 23 | pub const SEQ_START_MODE_LONGEST: i32 = 1;
[INFO] [stdout]    |           ^^^^^^^^^^^^^^^^^^^^^^
[INFO] [stdout] 
[INFO] [stdout] 
[INFO] [stdout] warning: constant `SEQ_START_MODE_IMMEDIATE` is never used
[INFO] [stdout]   --> src/config.rs:24:11
[INFO] [stdout]    |
[INFO] [stdout] 24 | pub const SEQ_START_MODE_IMMEDIATE: i32 = 2;
[INFO] [stdout]    |           ^^^^^^^^^^^^^^^^^^^^^^^^
[INFO] [stdout] 
[INFO] [stdout] 
[INFO] [stdout] warning: constant `SEQUENCER_START_MODE` is never used
[INFO] [stdout]   --> src/config.rs:26:11
[INFO] [stdout]    |
[INFO] [stdout] 26 | pub const SEQUENCER_START_MODE: i32 = SEQ_START_MODE_LONGEST;
[INFO] [stdout]    |           ^^^^^^^^^^^^^^^^^^^^
[INFO] [stdout] 
[INFO] [stdout] 
[INFO] [stdout] warning: constant `SEQ_RESET_MODE_TOGETHER` is never used
[INFO] [stdout]   --> src/config.rs:28:11
[INFO] [stdout]    |
[INFO] [stdout] 28 | pub const SEQ_RESET_MODE_TOGETHER: i32 = 0;
[INFO] [stdout]    |           ^^^^^^^^^^^^^^^^^^^^^^^
[INFO] [stdout] 
[INFO] [stdout] 
[INFO] [stdout] warning: constant `SEQ_RESET_MODE_INDIVIDUAL` is never used
[INFO] [stdout]   --> src/config.rs:29:11
[INFO] [stdout]    |
[INFO] [stdout] 29 | pub const SEQ_RESET_MODE_INDIVIDUAL: i32 = 1;
[INFO] [stdout]    |           ^^^^^^^^^^^^^^^^^^^^^^^^^
[INFO] [stdout] 
[INFO] [stdout] 
[INFO] [stdout] warning: constant `SEQUENER_RESET_MODE` is never used
[INFO] [stdout]   --> src/config.rs:31:11
[INFO] [stdout]    |
[INFO] [stdout] 31 | pub const SEQUENER_RESET_MODE: i32 = SEQ_RESET_MODE_INDIVIDUAL;
[INFO] [stdout]    |           ^^^^^^^^^^^^^^^^^^^
[INFO] [stdout] 
[INFO] [stdout] 
[INFO] [stdout] warning: constant `MIDI_SYNC` is never used
[INFO] [stdout]   --> src/config.rs:36:11
[INFO] [stdout]    |
[INFO] [stdout] 36 | pub const MIDI_SYNC: bool = false;
[INFO] [stdout]    |           ^^^^^^^^^
[INFO] [stdout] 
[INFO] [stdout] 
[INFO] [stdout] warning: variant `BatchQueue` is never constructed
[INFO] [stdout]   --> src/local_messaging.rs:12:5
[INFO] [stdout]    |
[INFO] [stdout] 6  | pub enum LocalSequencerMessage<T: Clone> {
[INFO] [stdout]    |          --------------------- variant in this enum
[INFO] [stdout] ...
[INFO] [stdout] 12 |     BatchQueue(Vec<LocalQueuePayload<T>>),
[INFO] [stdout]    |     ^^^^^^^^^^
[INFO] [stdout]    |
[INFO] [stdout]    = note: `LocalSequencerMessage` has derived impls for the traits `Clone` and `Debug`, but these are intentionally ignored during dead code analysis
[INFO] [stdout] 
[INFO] [stdout] 
[INFO] [stdout] warning: variant `AllAfterLongestSequenceFinished` is never constructed
[INFO] [stdout]   --> src/master_sequencer.rs:23:5
[INFO] [stdout]    |
[INFO] [stdout] 22 | pub enum SequencerResetMode {
[INFO] [stdout]    |          ------------------ variant in this enum
[INFO] [stdout] 23 |     AllAfterLongestSequenceFinished,
[INFO] [stdout]    |     ^^^^^^^^^^^^^^^^^^^^^^^^^^^^^^^
[INFO] [stdout] 
[INFO] [stdout] 
[INFO] [stdout] warning: variants `WithNearestSequence` and `Immediate` are never constructed
[INFO] [stdout]   --> src/master_sequencer.rs:28:5
[INFO] [stdout]    |
[INFO] [stdout] 27 | pub enum SequencerStartMode {
[INFO] [stdout]    |          ------------------ variants in this enum
[INFO] [stdout] 28 |     WithNearestSequence,
[INFO] [stdout]    |     ^^^^^^^^^^^^^^^^^^^
[INFO] [stdout] 29 |     WithLongestSequence,
[INFO] [stdout] 30 |     Immediate
[INFO] [stdout]    |     ^^^^^^^^^
[INFO] [stdout] 
[INFO] [stdout] 
[INFO] [stdout] warning: function `big` is never used
[INFO] [stdout]    --> src/master_sequencer.rs:221:8
[INFO] [stdout]     |
[INFO] [stdout] 221 |     fn big(inp: &str) -> BigDecimal {
[INFO] [stdout]     |        ^^^
[INFO] [stdout] 
[INFO] [stdout] 
[INFO] [stdout] warning: constant `BUFFER_SIZE` is never used
[INFO] [stdout]   --> src/osc_communication.rs:19:7
[INFO] [stdout]    |
[INFO] [stdout] 19 | const BUFFER_SIZE: usize = 333072;
[INFO] [stdout]    |       ^^^^^^^^^^^
[INFO] [stdout] 
[INFO] [stdout] 
[INFO] [stdout] warning: function `big` is never used
[INFO] [stdout]    --> src/sequencer.rs:145:8
[INFO] [stdout]     |
[INFO] [stdout] 145 |     fn big(inp: &str) -> BigDecimal {
[INFO] [stdout]     |        ^^^
[INFO] [stdout] 
[INFO] [stdout] 
[INFO] [stderr]     Finished `dev` profile [unoptimized + debuginfo] target(s) in 54.84s
[INFO] running `Command { std: "docker" "inspect" "48d02d494f64f6440657abaa7fe5807061c30f3c4b95427d144c78845fa5bcb6", kill_on_drop: false }`
[INFO] running `Command { std: "docker" "rm" "-f" "48d02d494f64f6440657abaa7fe5807061c30f3c4b95427d144c78845fa5bcb6", kill_on_drop: false }`
[INFO] [stdout] 48d02d494f64f6440657abaa7fe5807061c30f3c4b95427d144c78845fa5bcb6
[INFO] running `Command { std: "docker" "create" "-v" "/var/lib/crater-agent-workspace/builds/worker-7-tc2/target:/opt/rustwide/target:rw,Z" "-v" "/var/lib/crater-agent-workspace/builds/worker-7-tc2/source:/opt/rustwide/workdir:ro,Z" "-v" "/var/lib/crater-agent-workspace/cargo-home:/opt/rustwide/cargo-home:ro,Z" "-v" "/var/lib/crater-agent-workspace/rustup-home:/opt/rustwide/rustup-home:ro,Z" "-e" "SOURCE_DIR=/opt/rustwide/workdir" "-e" "CARGO_TARGET_DIR=/opt/rustwide/target" "-e" "CARGO_INCREMENTAL=0" "-e" "RUST_BACKTRACE=full" "-e" "RUSTFLAGS=--cap-lints=forbid -Zrandomize-layout" "-e" "RUSTDOCFLAGS=--cap-lints=forbid" "-e" "CARGO_HOME=/opt/rustwide/cargo-home" "-e" "RUSTUP_HOME=/opt/rustwide/rustup-home" "-w" "/opt/rustwide/workdir" "-m" "1610612736" "--user" "0:0" "--network" "none" "ghcr.io/rust-lang/crates-build-env/linux@sha256:819108c5571ea2e421544af4d832f968d213c87fbe3707a016657f43d2f853bc" "/opt/rustwide/cargo-home/bin/cargo" "+nightly-2025-01-18" "test" "--frozen" "--no-run" "--message-format=json", kill_on_drop: false }`
[INFO] [stdout] e8e2b953461753b06934cff44dd3be664285bae9471447d0408818a131b10c62
[INFO] running `Command { std: "docker" "start" "-a" "e8e2b953461753b06934cff44dd3be664285bae9471447d0408818a131b10c62", kill_on_drop: false }`
[INFO] [stderr]    Compiling jdw-sequencer v0.1.0 (/opt/rustwide/workdir)
[INFO] [stdout] warning: unused import: `std::cell::RefCell`
[INFO] [stdout]  --> src/main.rs:3:5
[INFO] [stdout]   |
[INFO] [stdout] 3 | use std::cell::RefCell;
[INFO] [stdout]   |     ^^^^^^^^^^^^^^^^^^
[INFO] [stdout]   |
[INFO] [stdout]   = note: `#[warn(unused_imports)]` on by default
[INFO] [stdout] 
[INFO] [stdout] 
[INFO] [stdout] warning: unused import: `std::thread`
[INFO] [stdout]  --> src/main.rs:7:5
[INFO] [stdout]   |
[INFO] [stdout] 7 | use std::thread;
[INFO] [stdout]   |     ^^^^^^^^^^^
[INFO] [stdout] 
[INFO] [stdout] 
[INFO] [stdout] warning: unused import: `jdw_osc_lib::model::TaggedBundle`
[INFO] [stdout]   --> src/main.rs:12:5
[INFO] [stdout]    |
[INFO] [stdout] 12 | use jdw_osc_lib::model::TaggedBundle;
[INFO] [stdout]    |     ^^^^^^^^^^^^^^^^^^^^^^^^^^^^^^^^
[INFO] [stdout] 
[INFO] [stdout] 
[INFO] [stdout] warning: unused import: `sequencing_daemon::SequencingDaemonState`
[INFO] [stdout]   --> src/main.rs:19:5
[INFO] [stdout]    |
[INFO] [stdout] 19 | use sequencing_daemon::SequencingDaemonState;
[INFO] [stdout]    |     ^^^^^^^^^^^^^^^^^^^^^^^^^^^^^^^^^^^^^^^^
[INFO] [stdout] 
[INFO] [stdout] 
[INFO] [stdout] warning: unused import: `hash::Hash`
[INFO] [stdout]  --> src/master_sequencer.rs:8:33
[INFO] [stdout]   |
[INFO] [stdout] 8 | use std::{collections::HashMap, hash::Hash, str::FromStr};
[INFO] [stdout]   |                                 ^^^^^^^^^^
[INFO] [stdout] 
[INFO] [stdout] 
[INFO] [stdout] warning: unused import: `bigdecimal::num_traits::one`
[INFO] [stdout]   --> src/master_sequencer.rs:11:5
[INFO] [stdout]    |
[INFO] [stdout] 11 | use bigdecimal::num_traits::one;
[INFO] [stdout]    |     ^^^^^^^^^^^^^^^^^^^^^^^^^^^
[INFO] [stdout] 
[INFO] [stdout] 
[INFO] [stdout] warning: unused import: `TimeDelta`
[INFO] [stdout]  --> src/midi_utils.rs:8:24
[INFO] [stdout]   |
[INFO] [stdout] 8 | use chrono::{Duration, TimeDelta};
[INFO] [stdout]   |                        ^^^^^^^^^
[INFO] [stdout] 
[INFO] [stdout] 
[INFO] [stdout] warning: unused import: `std::str::FromStr`
[INFO] [stdout]  --> src/sequencer.rs:1:5
[INFO] [stdout]   |
[INFO] [stdout] 1 | use std::str::FromStr;
[INFO] [stdout]   |     ^^^^^^^^^^^^^^^^^
[INFO] [stdout] 
[INFO] [stdout] 
[INFO] [stdout] warning: unused import: `debug`
[INFO] [stdout]  --> src/sequencer.rs:3:11
[INFO] [stdout]   |
[INFO] [stdout] 3 | use log::{debug, info};
[INFO] [stdout]   |           ^^^^^
[INFO] [stdout] 
[INFO] [stdout] 
[INFO] [stdout] warning: unused variable: `entries2`
[INFO] [stdout]    --> src/master_sequencer.rs:281:13
[INFO] [stdout]     |
[INFO] [stdout] 281 |         let entries2 = vec![
[INFO] [stdout]     |             ^^^^^^^^ help: if this is intentional, prefix it with an underscore: `_entries2`
[INFO] [stdout]     |
[INFO] [stdout]     = note: `#[warn(unused_variables)]` on by default
[INFO] [stdout] 
[INFO] [stdout] 
[INFO] [stdout] warning: unused variable: `entries3`
[INFO] [stdout]    --> src/master_sequencer.rs:286:13
[INFO] [stdout]     |
[INFO] [stdout] 286 |         let entries3 = vec![
[INFO] [stdout]     |             ^^^^^^^^ help: if this is intentional, prefix it with an underscore: `_entries3`
[INFO] [stdout] 
[INFO] [stdout] 
[INFO] [stdout] warning: unused variable: `buf`
[INFO] [stdout]   --> src/osc_communication.rs:34:13
[INFO] [stdout]    |
[INFO] [stdout] 34 |         let buf = [0u8; rosc::decoder::MTU];
[INFO] [stdout]    |             ^^^ help: if this is intentional, prefix it with an underscore: `_buf`
[INFO] [stdout] 
[INFO] [stdout] 
[INFO] [stdout] warning: variable does not need to be mutable
[INFO] [stdout]   --> src/main.rs:54:10
[INFO] [stdout]    |
[INFO] [stdout] 54 |     let (mut osc_pub, mut osc_sub) = osc_pipe.split();
[INFO] [stdout]    |          ----^^^^^^^
[INFO] [stdout]    |          |
[INFO] [stdout]    |          help: remove this `mut`
[INFO] [stdout]    |
[INFO] [stdout]    = note: `#[warn(unused_mut)]` on by default
[INFO] [stdout] 
[INFO] [stdout] 
[INFO] [stdout] warning: variable does not need to be mutable
[INFO] [stdout]   --> src/main.rs:54:23
[INFO] [stdout]    |
[INFO] [stdout] 54 |     let (mut osc_pub, mut osc_sub) = osc_pipe.split();
[INFO] [stdout]    |                       ----^^^^^^^
[INFO] [stdout]    |                       |
[INFO] [stdout]    |                       help: remove this `mut`
[INFO] [stdout] 
[INFO] [stdout] 
[INFO] [stdout] warning: constant `SEQ_START_MODE_NEAREST` is never used
[INFO] [stdout]   --> src/config.rs:22:11
[INFO] [stdout]    |
[INFO] [stdout] 22 | pub const SEQ_START_MODE_NEAREST: i32 = 0;
[INFO] [stdout]    |           ^^^^^^^^^^^^^^^^^^^^^^
[INFO] [stdout]    |
[INFO] [stdout]    = note: `#[warn(dead_code)]` on by default
[INFO] [stdout] 
[INFO] [stdout] 
[INFO] [stdout] warning: constant `SEQ_START_MODE_LONGEST` is never used
[INFO] [stdout]   --> src/config.rs:23:11
[INFO] [stdout]    |
[INFO] [stdout] 23 | pub const SEQ_START_MODE_LONGEST: i32 = 1;
[INFO] [stdout]    |           ^^^^^^^^^^^^^^^^^^^^^^
[INFO] [stdout] 
[INFO] [stdout] 
[INFO] [stdout] warning: constant `SEQ_START_MODE_IMMEDIATE` is never used
[INFO] [stdout]   --> src/config.rs:24:11
[INFO] [stdout]    |
[INFO] [stdout] 24 | pub const SEQ_START_MODE_IMMEDIATE: i32 = 2;
[INFO] [stdout]    |           ^^^^^^^^^^^^^^^^^^^^^^^^
[INFO] [stdout] 
[INFO] [stdout] 
[INFO] [stdout] warning: constant `SEQUENCER_START_MODE` is never used
[INFO] [stdout]   --> src/config.rs:26:11
[INFO] [stdout]    |
[INFO] [stdout] 26 | pub const SEQUENCER_START_MODE: i32 = SEQ_START_MODE_LONGEST;
[INFO] [stdout]    |           ^^^^^^^^^^^^^^^^^^^^
[INFO] [stdout] 
[INFO] [stdout] 
[INFO] [stdout] warning: constant `SEQ_RESET_MODE_TOGETHER` is never used
[INFO] [stdout]   --> src/config.rs:28:11
[INFO] [stdout]    |
[INFO] [stdout] 28 | pub const SEQ_RESET_MODE_TOGETHER: i32 = 0;
[INFO] [stdout]    |           ^^^^^^^^^^^^^^^^^^^^^^^
[INFO] [stdout] 
[INFO] [stdout] 
[INFO] [stdout] warning: constant `SEQ_RESET_MODE_INDIVIDUAL` is never used
[INFO] [stdout]   --> src/config.rs:29:11
[INFO] [stdout]    |
[INFO] [stdout] 29 | pub const SEQ_RESET_MODE_INDIVIDUAL: i32 = 1;
[INFO] [stdout]    |           ^^^^^^^^^^^^^^^^^^^^^^^^^
[INFO] [stdout] 
[INFO] [stdout] 
[INFO] [stdout] warning: constant `SEQUENER_RESET_MODE` is never used
[INFO] [stdout]   --> src/config.rs:31:11
[INFO] [stdout]    |
[INFO] [stdout] 31 | pub const SEQUENER_RESET_MODE: i32 = SEQ_RESET_MODE_INDIVIDUAL;
[INFO] [stdout]    |           ^^^^^^^^^^^^^^^^^^^
[INFO] [stdout] 
[INFO] [stdout] 
[INFO] [stdout] warning: constant `MIDI_SYNC` is never used
[INFO] [stdout]   --> src/config.rs:36:11
[INFO] [stdout]    |
[INFO] [stdout] 36 | pub const MIDI_SYNC: bool = false;
[INFO] [stdout]    |           ^^^^^^^^^
[INFO] [stdout] 
[INFO] [stdout] 
[INFO] [stdout] warning: variant `BatchQueue` is never constructed
[INFO] [stdout]   --> src/local_messaging.rs:12:5
[INFO] [stdout]    |
[INFO] [stdout] 6  | pub enum LocalSequencerMessage<T: Clone> {
[INFO] [stdout]    |          --------------------- variant in this enum
[INFO] [stdout] ...
[INFO] [stdout] 12 |     BatchQueue(Vec<LocalQueuePayload<T>>),
[INFO] [stdout]    |     ^^^^^^^^^^
[INFO] [stdout]    |
[INFO] [stdout]    = note: `LocalSequencerMessage` has derived impls for the traits `Clone` and `Debug`, but these are intentionally ignored during dead code analysis
[INFO] [stdout] 
[INFO] [stdout] 
[INFO] [stdout] warning: variant `WithNearestSequence` is never constructed
[INFO] [stdout]   --> src/master_sequencer.rs:28:5
[INFO] [stdout]    |
[INFO] [stdout] 27 | pub enum SequencerStartMode {
[INFO] [stdout]    |          ------------------ variant in this enum
[INFO] [stdout] 28 |     WithNearestSequence,
[INFO] [stdout]    |     ^^^^^^^^^^^^^^^^^^^
[INFO] [stdout] 
[INFO] [stdout] 
[INFO] [stdout] warning: constant `BUFFER_SIZE` is never used
[INFO] [stdout]   --> src/osc_communication.rs:19:7
[INFO] [stdout]    |
[INFO] [stdout] 19 | const BUFFER_SIZE: usize = 333072;
[INFO] [stdout]    |       ^^^^^^^^^^^
[INFO] [stdout] 
[INFO] [stdout] 
[INFO] [stderr]     Finished `test` profile [unoptimized + debuginfo] target(s) in 1.05s
[INFO] running `Command { std: "docker" "inspect" "e8e2b953461753b06934cff44dd3be664285bae9471447d0408818a131b10c62", kill_on_drop: false }`
[INFO] running `Command { std: "docker" "rm" "-f" "e8e2b953461753b06934cff44dd3be664285bae9471447d0408818a131b10c62", kill_on_drop: false }`
[INFO] [stdout] e8e2b953461753b06934cff44dd3be664285bae9471447d0408818a131b10c62
[INFO] running `Command { std: "docker" "create" "-v" "/var/lib/crater-agent-workspace/builds/worker-7-tc2/target:/opt/rustwide/target:rw,Z" "-v" "/var/lib/crater-agent-workspace/builds/worker-7-tc2/source:/opt/rustwide/workdir:ro,Z" "-v" "/var/lib/crater-agent-workspace/cargo-home:/opt/rustwide/cargo-home:ro,Z" "-v" "/var/lib/crater-agent-workspace/rustup-home:/opt/rustwide/rustup-home:ro,Z" "-e" "SOURCE_DIR=/opt/rustwide/workdir" "-e" "CARGO_TARGET_DIR=/opt/rustwide/target" "-e" "CARGO_INCREMENTAL=0" "-e" "RUST_BACKTRACE=full" "-e" "RUSTFLAGS=--cap-lints=forbid -Zrandomize-layout" "-e" "RUSTDOCFLAGS=--cap-lints=forbid" "-e" "CARGO_HOME=/opt/rustwide/cargo-home" "-e" "RUSTUP_HOME=/opt/rustwide/rustup-home" "-w" "/opt/rustwide/workdir" "-m" "1610612736" "--user" "0:0" "--network" "none" "ghcr.io/rust-lang/crates-build-env/linux@sha256:819108c5571ea2e421544af4d832f968d213c87fbe3707a016657f43d2f853bc" "/opt/rustwide/cargo-home/bin/cargo" "+nightly-2025-01-18" "test" "--frozen", kill_on_drop: false }`
[INFO] [stdout] 106f633b1b6ba32c7f60d7e569ed29058edc2dee544ff2f380c780ad6cc3eabe
[INFO] running `Command { std: "docker" "start" "-a" "106f633b1b6ba32c7f60d7e569ed29058edc2dee544ff2f380c780ad6cc3eabe", kill_on_drop: false }`
[INFO] [stderr] warning: unused import: `std::cell::RefCell`
[INFO] [stderr]  --> src/main.rs:3:5
[INFO] [stderr]   |
[INFO] [stderr] 3 | use std::cell::RefCell;
[INFO] [stderr]   |     ^^^^^^^^^^^^^^^^^^
[INFO] [stderr]   |
[INFO] [stderr]   = note: `#[warn(unused_imports)]` on by default
[INFO] [stderr] 
[INFO] [stderr] warning: unused import: `std::thread`
[INFO] [stderr]  --> src/main.rs:7:5
[INFO] [stderr]   |
[INFO] [stderr] 7 | use std::thread;
[INFO] [stderr]   |     ^^^^^^^^^^^
[INFO] [stderr] 
[INFO] [stderr] warning: unused import: `jdw_osc_lib::model::TaggedBundle`
[INFO] [stderr]   --> src/main.rs:12:5
[INFO] [stderr]    |
[INFO] [stderr] 12 | use jdw_osc_lib::model::TaggedBundle;
[INFO] [stderr]    |     ^^^^^^^^^^^^^^^^^^^^^^^^^^^^^^^^
[INFO] [stderr] 
[INFO] [stderr] warning: unused import: `sequencing_daemon::SequencingDaemonState`
[INFO] [stderr]   --> src/main.rs:19:5
[INFO] [stderr]    |
[INFO] [stderr] 19 | use sequencing_daemon::SequencingDaemonState;
[INFO] [stderr]    |     ^^^^^^^^^^^^^^^^^^^^^^^^^^^^^^^^^^^^^^^^
[INFO] [stderr] 
[INFO] [stderr] warning: unused import: `hash::Hash`
[INFO] [stderr]  --> src/master_sequencer.rs:8:33
[INFO] [stderr]   |
[INFO] [stderr] 8 | use std::{collections::HashMap, hash::Hash, str::FromStr};
[INFO] [stderr]   |                                 ^^^^^^^^^^
[INFO] [stderr] 
[INFO] [stderr] warning: unused import: `bigdecimal::num_traits::one`
[INFO] [stderr]   --> src/master_sequencer.rs:11:5
[INFO] [stderr]    |
[INFO] [stderr] 11 | use bigdecimal::num_traits::one;
[INFO] [stderr]    |     ^^^^^^^^^^^^^^^^^^^^^^^^^^^
[INFO] [stderr] 
[INFO] [stderr] warning: unused import: `TimeDelta`
[INFO] [stderr]  --> src/midi_utils.rs:8:24
[INFO] [stderr]   |
[INFO] [stderr] 8 | use chrono::{Duration, TimeDelta};
[INFO] [stderr]   |                        ^^^^^^^^^
[INFO] [stderr] 
[INFO] [stderr] warning: unused import: `std::str::FromStr`
[INFO] [stderr]  --> src/sequencer.rs:1:5
[INFO] [stderr]   |
[INFO] [stderr] 1 | use std::str::FromStr;
[INFO] [stderr]   |     ^^^^^^^^^^^^^^^^^
[INFO] [stderr] 
[INFO] [stderr] warning: unused import: `debug`
[INFO] [stderr]  --> src/sequencer.rs:3:11
[INFO] [stderr]   |
[INFO] [stderr] 3 | use log::{debug, info};
[INFO] [stderr]   |           ^^^^^
[INFO] [stderr] 
[INFO] [stderr] warning: unused variable: `entries2`
[INFO] [stderr]    --> src/master_sequencer.rs:281:13
[INFO] [stderr]     |
[INFO] [stderr] 281 |         let entries2 = vec![
[INFO] [stderr]     |             ^^^^^^^^ help: if this is intentional, prefix it with an underscore: `_entries2`
[INFO] [stderr]     |
[INFO] [stderr]     = note: `#[warn(unused_variables)]` on by default
[INFO] [stderr] 
[INFO] [stderr] warning: unused variable: `entries3`
[INFO] [stderr]    --> src/master_sequencer.rs:286:13
[INFO] [stderr]     |
[INFO] [stderr] 286 |         let entries3 = vec![
[INFO] [stderr]     |             ^^^^^^^^ help: if this is intentional, prefix it with an underscore: `_entries3`
[INFO] [stderr] 
[INFO] [stderr] warning: unused variable: `buf`
[INFO] [stderr]   --> src/osc_communication.rs:34:13
[INFO] [stderr]    |
[INFO] [stderr] 34 |         let buf = [0u8; rosc::decoder::MTU];
[INFO] [stderr]    |             ^^^ help: if this is intentional, prefix it with an underscore: `_buf`
[INFO] [stderr] 
[INFO] [stderr] warning: variable does not need to be mutable
[INFO] [stderr]   --> src/main.rs:54:10
[INFO] [stderr]    |
[INFO] [stderr] 54 |     let (mut osc_pub, mut osc_sub) = osc_pipe.split();
[INFO] [stderr]    |          ----^^^^^^^
[INFO] [stderr]    |          |
[INFO] [stderr]    |          help: remove this `mut`
[INFO] [stderr]    |
[INFO] [stderr]    = note: `#[warn(unused_mut)]` on by default
[INFO] [stderr] 
[INFO] [stderr] warning: variable does not need to be mutable
[INFO] [stderr]   --> src/main.rs:54:23
[INFO] [stderr]    |
[INFO] [stderr] 54 |     let (mut osc_pub, mut osc_sub) = osc_pipe.split();
[INFO] [stderr]    |                       ----^^^^^^^
[INFO] [stderr]    |                       |
[INFO] [stderr]    |                       help: remove this `mut`
[INFO] [stderr] 
[INFO] [stderr] warning: constant `SEQ_START_MODE_NEAREST` is never used
[INFO] [stderr]   --> src/config.rs:22:11
[INFO] [stderr]    |
[INFO] [stderr] 22 | pub const SEQ_START_MODE_NEAREST: i32 = 0;
[INFO] [stderr]    |           ^^^^^^^^^^^^^^^^^^^^^^
[INFO] [stderr]    |
[INFO] [stderr]    = note: `#[warn(dead_code)]` on by default
[INFO] [stderr] 
[INFO] [stderr] warning: constant `SEQ_START_MODE_LONGEST` is never used
[INFO] [stderr]   --> src/config.rs:23:11
[INFO] [stderr]    |
[INFO] [stderr] 23 | pub const SEQ_START_MODE_LONGEST: i32 = 1;
[INFO] [stderr]    |           ^^^^^^^^^^^^^^^^^^^^^^
[INFO] [stderr] 
[INFO] [stderr] warning: constant `SEQ_START_MODE_IMMEDIATE` is never used
[INFO] [stderr]   --> src/config.rs:24:11
[INFO] [stderr]    |
[INFO] [stderr] 24 | pub const SEQ_START_MODE_IMMEDIATE: i32 = 2;
[INFO] [stderr]    |           ^^^^^^^^^^^^^^^^^^^^^^^^
[INFO] [stderr] 
[INFO] [stderr] warning: constant `SEQUENCER_START_MODE` is never used
[INFO] [stderr]   --> src/config.rs:26:11
[INFO] [stderr]    |
[INFO] [stderr] 26 | pub const SEQUENCER_START_MODE: i32 = SEQ_START_MODE_LONGEST;
[INFO] [stderr]    |           ^^^^^^^^^^^^^^^^^^^^
[INFO] [stderr] 
[INFO] [stderr] warning: constant `SEQ_RESET_MODE_TOGETHER` is never used
[INFO] [stderr]   --> src/config.rs:28:11
[INFO] [stderr]    |
[INFO] [stderr] 28 | pub const SEQ_RESET_MODE_TOGETHER: i32 = 0;
[INFO] [stderr]    |           ^^^^^^^^^^^^^^^^^^^^^^^
[INFO] [stderr] 
[INFO] [stderr] warning: constant `SEQ_RESET_MODE_INDIVIDUAL` is never used
[INFO] [stderr]   --> src/config.rs:29:11
[INFO] [stderr]    |
[INFO] [stderr] 29 | pub const SEQ_RESET_MODE_INDIVIDUAL: i32 = 1;
[INFO] [stderr]    |           ^^^^^^^^^^^^^^^^^^^^^^^^^
[INFO] [stderr] 
[INFO] [stderr] warning: constant `SEQUENER_RESET_MODE` is never used
[INFO] [stderr]   --> src/config.rs:31:11
[INFO] [stderr]    |
[INFO] [stderr] 31 | pub const SEQUENER_RESET_MODE: i32 = SEQ_RESET_MODE_INDIVIDUAL;
[INFO] [stderr]    |           ^^^^^^^^^^^^^^^^^^^
[INFO] [stderr] 
[INFO] [stderr] warning: constant `MIDI_SYNC` is never used
[INFO] [stderr]   --> src/config.rs:36:11
[INFO] [stderr]    |
[INFO] [stderr] 36 | pub const MIDI_SYNC: bool = false;
[INFO] [stderr]    |           ^^^^^^^^^
[INFO] [stderr] 
[INFO] [stderr] warning: variant `BatchQueue` is never constructed
[INFO] [stderr]   --> src/local_messaging.rs:12:5
[INFO] [stderr]    |
[INFO] [stderr] 6  | pub enum LocalSequencerMessage<T: Clone> {
[INFO] [stderr]    |          --------------------- variant in this enum
[INFO] [stderr] ...
[INFO] [stderr] 12 |     BatchQueue(Vec<LocalQueuePayload<T>>),
[INFO] [stderr]    |     ^^^^^^^^^^
[INFO] [stderr]    |
[INFO] [stderr]    = note: `LocalSequencerMessage` has derived impls for the traits `Clone` and `Debug`, but these are intentionally ignored during dead code analysis
[INFO] [stderr] 
[INFO] [stderr] warning: variant `WithNearestSequence` is never constructed
[INFO] [stderr]   --> src/master_sequencer.rs:28:5
[INFO] [stderr]    |
[INFO] [stderr] 27 | pub enum SequencerStartMode {
[INFO] [stderr]    |          ------------------ variant in this enum
[INFO] [stderr] 28 |     WithNearestSequence,
[INFO] [stderr]    |     ^^^^^^^^^^^^^^^^^^^
[INFO] [stderr] 
[INFO] [stderr] warning: constant `BUFFER_SIZE` is never used
[INFO] [stderr]   --> src/osc_communication.rs:19:7
[INFO] [stderr]    |
[INFO] [stderr] 19 | const BUFFER_SIZE: usize = 333072;
[INFO] [stderr]    |       ^^^^^^^^^^^
[INFO] [stderr] 
[INFO] [stderr] warning: `jdw-sequencer` (bin "jdw-sequencer" test) generated 25 warnings (run `cargo fix --bin "jdw-sequencer" --tests` to apply 11 suggestions)
[INFO] [stderr]     Finished `test` profile [unoptimized + debuginfo] target(s) in 0.16s
[INFO] [stderr]      Running unittests src/main.rs (/opt/rustwide/target/debug/deps/jdw_sequencer-d135bb19ac5dcff2)
[INFO] [stdout] 
[INFO] [stdout] running 6 tests
[INFO] [stdout] test master_sequencer::tests::create_or_find_queue_test ... ok
[INFO] [stdout] test master_sequencer::tests::start_mode_longest_test ... ok
[INFO] [stdout] test sequencer::tests::reset_test ... ok
[INFO] [stdout] test sequencer::tests::tick_test ... ok
[INFO] [stderr] error: test failed, to rerun pass `--bin jdw-sequencer`
[INFO] [stdout] test master_sequencer::tests::reset_check_individual_test ... FAILED
[INFO] [stdout] test master_sequencer::tests::reset_check_longest_test ... FAILED
[INFO] [stdout] 
[INFO] [stdout] failures:
[INFO] [stdout] 
[INFO] [stdout] ---- master_sequencer::tests::reset_check_individual_test stdout ----
[INFO] [stdout] 
[INFO] [stdout] thread 'master_sequencer::tests::reset_check_individual_test' panicked at src/master_sequencer.rs:300:9:
[INFO] [stdout] assertion `left == right` failed
[INFO] [stdout]   left: 0
[INFO] [stdout]  right: 2
[INFO] [stdout] stack backtrace:
[INFO] [stdout]    0:     0x64423f0deaca - std::backtrace_rs::backtrace::libunwind::trace::hb059275cfc8d6126
[INFO] [stdout]                                at /rustc/6067b36314ab5eb2eb47cecc464545ba58e1ad24/library/std/src/../../backtrace/src/backtrace/libunwind.rs:116:5
[INFO] [stdout]    1:     0x64423f0deaca - std::backtrace_rs::backtrace::trace_unsynchronized::h2da071e4327ce3ee
[INFO] [stdout]                                at /rustc/6067b36314ab5eb2eb47cecc464545ba58e1ad24/library/std/src/../../backtrace/src/backtrace/mod.rs:66:5
[INFO] [stdout]    2:     0x64423f0deaca - std::sys::backtrace::_print_fmt::h842a1474e6f8d23f
[INFO] [stdout]                                at /rustc/6067b36314ab5eb2eb47cecc464545ba58e1ad24/library/std/src/sys/backtrace.rs:66:9
[INFO] [stdout]    3:     0x64423f0deaca - <std::sys::backtrace::BacktraceLock::print::DisplayBacktrace as core::fmt::Display>::fmt::h71a62eb3b9696b12
[INFO] [stdout]                                at /rustc/6067b36314ab5eb2eb47cecc464545ba58e1ad24/library/std/src/sys/backtrace.rs:39:26
[INFO] [stdout]    4:     0x64423f106843 - core::fmt::rt::Argument::fmt::hdb6b616786b41dc1
[INFO] [stdout]                                at /rustc/6067b36314ab5eb2eb47cecc464545ba58e1ad24/library/core/src/fmt/rt.rs:177:76
[INFO] [stdout]    5:     0x64423f106843 - core::fmt::write::h2cc1698af7e2d686
[INFO] [stdout]                                at /rustc/6067b36314ab5eb2eb47cecc464545ba58e1ad24/library/core/src/fmt/mod.rs:1440:21
[INFO] [stdout]    6:     0x64423f0db623 - std::io::Write::write_fmt::hab1b4cd059a79022
[INFO] [stdout]                                at /rustc/6067b36314ab5eb2eb47cecc464545ba58e1ad24/library/std/src/io/mod.rs:1887:15
[INFO] [stdout]    7:     0x64423f0de912 - std::sys::backtrace::BacktraceLock::print::h147fe35b4ea13b08
[INFO] [stdout]                                at /rustc/6067b36314ab5eb2eb47cecc464545ba58e1ad24/library/std/src/sys/backtrace.rs:42:9
[INFO] [stdout]    8:     0x64423f0dfeef - std::panicking::default_hook::{{closure}}::hbd44223dbdc0d208
[INFO] [stdout]                                at /rustc/6067b36314ab5eb2eb47cecc464545ba58e1ad24/library/std/src/panicking.rs:298:22
[INFO] [stdout]    9:     0x64423f0dfd08 - std::panicking::default_hook::h20f81eb0576efcec
[INFO] [stdout]                                at /rustc/6067b36314ab5eb2eb47cecc464545ba58e1ad24/library/std/src/panicking.rs:322:9
[INFO] [stdout]   10:     0x64423f071fa3 - <alloc::boxed::Box<F,A> as core::ops::function::Fn<Args>>::call::hdb53814c496a4d34
[INFO] [stdout]                                at /rustc/6067b36314ab5eb2eb47cecc464545ba58e1ad24/library/alloc/src/boxed.rs:2027:9
[INFO] [stdout]   11:     0x64423f071fa3 - test::test_main::{{closure}}::hc0a4963c59427c24
[INFO] [stdout]                                at /rustc/6067b36314ab5eb2eb47cecc464545ba58e1ad24/library/test/src/lib.rs:134:21
[INFO] [stdout]   12:     0x64423f0e09e3 - <alloc::boxed::Box<F,A> as core::ops::function::Fn<Args>>::call::h591b2225413a77e9
[INFO] [stdout]                                at /rustc/6067b36314ab5eb2eb47cecc464545ba58e1ad24/library/alloc/src/boxed.rs:2027:9
[INFO] [stdout]   13:     0x64423f0e09e3 - std::panicking::rust_panic_with_hook::h625eea43051b2edc
[INFO] [stdout]                                at /rustc/6067b36314ab5eb2eb47cecc464545ba58e1ad24/library/std/src/panicking.rs:839:13
[INFO] [stdout]   14:     0x64423f0e069a - std::panicking::begin_panic_handler::{{closure}}::h4f9159cfbc3f6bd3
[INFO] [stdout]                                at /rustc/6067b36314ab5eb2eb47cecc464545ba58e1ad24/library/std/src/panicking.rs:704:13
[INFO] [stdout]   15:     0x64423f0defc9 - std::sys::backtrace::__rust_end_short_backtrace::h0390abce48353151
[INFO] [stdout]                                at /rustc/6067b36314ab5eb2eb47cecc464545ba58e1ad24/library/std/src/sys/backtrace.rs:168:18
[INFO] [stdout]   16:     0x64423f0e032d - rust_begin_unwind
[INFO] [stdout]                                at /rustc/6067b36314ab5eb2eb47cecc464545ba58e1ad24/library/std/src/panicking.rs:695:5
[INFO] [stdout]   17:     0x64423f104cd0 - core::panicking::panic_fmt::h9e7c637e9e5f29c9
[INFO] [stdout]                                at /rustc/6067b36314ab5eb2eb47cecc464545ba58e1ad24/library/core/src/panicking.rs:75:14
[INFO] [stdout]   18:     0x64423f1050c2 - core::panicking::assert_failed_inner::h538bec7c1374cd9c
[INFO] [stdout]   19:     0x64423f104f79 - core::panicking::assert_failed::h7fe8c93d80615b71
[INFO] [stdout]                                at /rustc/6067b36314ab5eb2eb47cecc464545ba58e1ad24/library/core/src/panicking.rs:364:5
[INFO] [stdout]   20:     0x64423f02d476 - jdw_sequencer::master_sequencer::tests::reset_check_individual_test::h16c48014972bfb0e
[INFO] [stdout]                                at /opt/rustwide/workdir/src/master_sequencer.rs:300:9
[INFO] [stdout]   21:     0x64423f02c9b7 - jdw_sequencer::master_sequencer::tests::reset_check_individual_test::{{closure}}::hba1e8fd7da308472
[INFO] [stdout]                                at /opt/rustwide/workdir/src/master_sequencer.rs:274:37
[INFO] [stdout]   22:     0x64423f033496 - core::ops::function::FnOnce::call_once::h26fdeccc8ac6a4e3
[INFO] [stdout]                                at /rustc/6067b36314ab5eb2eb47cecc464545ba58e1ad24/library/core/src/ops/function.rs:250:5
[INFO] [stdout]   23:     0x64423f0776fb - core::ops::function::FnOnce::call_once::he27718dfdd183f43
[INFO] [stdout]                                at /rustc/6067b36314ab5eb2eb47cecc464545ba58e1ad24/library/core/src/ops/function.rs:250:5
[INFO] [stdout]   24:     0x64423f0776fb - test::__rust_begin_short_backtrace::h4e84902998457a5d
[INFO] [stdout]                                at /rustc/6067b36314ab5eb2eb47cecc464545ba58e1ad24/library/test/src/lib.rs:632:18
[INFO] [stdout]   25:     0x64423f076633 - test::run_test_in_process::{{closure}}::h7176fd18fc1feca0
[INFO] [stdout]                                at /rustc/6067b36314ab5eb2eb47cecc464545ba58e1ad24/library/test/src/lib.rs:655:60
[INFO] [stdout]   26:     0x64423f076633 - <core::panic::unwind_safe::AssertUnwindSafe<F> as core::ops::function::FnOnce<()>>::call_once::hf79cff2a624d8cf7
[INFO] [stdout]                                at /rustc/6067b36314ab5eb2eb47cecc464545ba58e1ad24/library/core/src/panic/unwind_safe.rs:272:9
[INFO] [stdout]   27:     0x64423f076633 - std::panicking::try::do_call::h3da0561d9ab99c25
[INFO] [stdout]                                at /rustc/6067b36314ab5eb2eb47cecc464545ba58e1ad24/library/std/src/panicking.rs:587:40
[INFO] [stdout]   28:     0x64423f076633 - std::panicking::try::h41c9fa508bc61df6
[INFO] [stdout]                                at /rustc/6067b36314ab5eb2eb47cecc464545ba58e1ad24/library/std/src/panicking.rs:550:19
[INFO] [stdout]   29:     0x64423f076633 - std::panic::catch_unwind::h6b3ff07bb5afad93
[INFO] [stdout]                                at /rustc/6067b36314ab5eb2eb47cecc464545ba58e1ad24/library/std/src/panic.rs:358:14
[INFO] [stdout]   30:     0x64423f076633 - test::run_test_in_process::hc7253dd11b39b9f4
[INFO] [stdout]                                at /rustc/6067b36314ab5eb2eb47cecc464545ba58e1ad24/library/test/src/lib.rs:655:27
[INFO] [stdout]   31:     0x64423f076633 - test::run_test::{{closure}}::hfb2007f8649c30bb
[INFO] [stdout]                                at /rustc/6067b36314ab5eb2eb47cecc464545ba58e1ad24/library/test/src/lib.rs:576:43
[INFO] [stdout]   32:     0x64423f039715 - test::run_test::{{closure}}::h56a17aa7a282a9f4
[INFO] [stdout]                                at /rustc/6067b36314ab5eb2eb47cecc464545ba58e1ad24/library/test/src/lib.rs:606:41
[INFO] [stdout]   33:     0x64423f039715 - std::sys::backtrace::__rust_begin_short_backtrace::hd2d2d2fb8e8c6aac
[INFO] [stdout]                                at /rustc/6067b36314ab5eb2eb47cecc464545ba58e1ad24/library/std/src/sys/backtrace.rs:152:18
[INFO] [stdout]   34:     0x64423f03cffa - std::thread::Builder::spawn_unchecked_::{{closure}}::{{closure}}::h4faa3f9db6133423
[INFO] [stdout]                                at /rustc/6067b36314ab5eb2eb47cecc464545ba58e1ad24/library/std/src/thread/mod.rs:559:17
[INFO] [stdout]   35:     0x64423f03cffa - <core::panic::unwind_safe::AssertUnwindSafe<F> as core::ops::function::FnOnce<()>>::call_once::hf2e855a36a4ea846
[INFO] [stdout]                                at /rustc/6067b36314ab5eb2eb47cecc464545ba58e1ad24/library/core/src/panic/unwind_safe.rs:272:9
[INFO] [stdout]   36:     0x64423f03cffa - std::panicking::try::do_call::h2f73af3616c35465
[INFO] [stdout]                                at /rustc/6067b36314ab5eb2eb47cecc464545ba58e1ad24/library/std/src/panicking.rs:587:40
[INFO] [stdout]   37:     0x64423f03cffa - std::panicking::try::hd1660ce9efadef5a
[INFO] [stdout]                                at /rustc/6067b36314ab5eb2eb47cecc464545ba58e1ad24/library/std/src/panicking.rs:550:19
[INFO] [stdout]   38:     0x64423f03cffa - std::panic::catch_unwind::h5ee8d7823b8ca744
[INFO] [stdout]                                at /rustc/6067b36314ab5eb2eb47cecc464545ba58e1ad24/library/std/src/panic.rs:358:14
[INFO] [stdout]   39:     0x64423f03cffa - std::thread::Builder::spawn_unchecked_::{{closure}}::h53c3a1894dce8407
[INFO] [stdout]                                at /rustc/6067b36314ab5eb2eb47cecc464545ba58e1ad24/library/std/src/thread/mod.rs:557:30
[INFO] [stdout]   40:     0x64423f03cffa - core::ops::function::FnOnce::call_once{{vtable.shim}}::h048ce291ad4f62bf
[INFO] [stdout]                                at /rustc/6067b36314ab5eb2eb47cecc464545ba58e1ad24/library/core/src/ops/function.rs:250:5
[INFO] [stdout]   41:     0x64423f0e491b - <alloc::boxed::Box<F,A> as core::ops::function::FnOnce<Args>>::call_once::ha52bedf99a3b4981
[INFO] [stdout]                                at /rustc/6067b36314ab5eb2eb47cecc464545ba58e1ad24/library/alloc/src/boxed.rs:2013:9
[INFO] [stdout]   42:     0x64423f0e491b - <alloc::boxed::Box<F,A> as core::ops::function::FnOnce<Args>>::call_once::h567748934d80ccf8
[INFO] [stdout]                                at /rustc/6067b36314ab5eb2eb47cecc464545ba58e1ad24/library/alloc/src/boxed.rs:2013:9
[INFO] [stdout]   43:     0x64423f0e491b - std::sys::pal::unix::thread::Thread::new::thread_start::h2d970728ae887adc
[INFO] [stdout]                                at /rustc/6067b36314ab5eb2eb47cecc464545ba58e1ad24/library/std/src/sys/pal/unix/thread.rs:106:17
[INFO] [stdout]   44:     0x73ab18404ac3 - <unknown>
[INFO] [stdout]   45:     0x73ab18495a04 - clone
[INFO] [stdout]   46:                0x0 - <unknown>
[INFO] [stdout] 
[INFO] [stdout] ---- master_sequencer::tests::reset_check_longest_test stdout ----
[INFO] [stdout] 
[INFO] [stdout] thread 'master_sequencer::tests::reset_check_longest_test' panicked at src/master_sequencer.rs:326:9:
[INFO] [stdout] assertion `left == right` failed
[INFO] [stdout]   left: 0
[INFO] [stdout]  right: 3
[INFO] [stdout] stack backtrace:
[INFO] [stdout]    0:     0x64423f0deaca - std::backtrace_rs::backtrace::libunwind::trace::hb059275cfc8d6126
[INFO] [stdout]                                at /rustc/6067b36314ab5eb2eb47cecc464545ba58e1ad24/library/std/src/../../backtrace/src/backtrace/libunwind.rs:116:5
[INFO] [stdout]    1:     0x64423f0deaca - std::backtrace_rs::backtrace::trace_unsynchronized::h2da071e4327ce3ee
[INFO] [stdout]                                at /rustc/6067b36314ab5eb2eb47cecc464545ba58e1ad24/library/std/src/../../backtrace/src/backtrace/mod.rs:66:5
[INFO] [stdout]    2:     0x64423f0deaca - std::sys::backtrace::_print_fmt::h842a1474e6f8d23f
[INFO] [stdout]                                at /rustc/6067b36314ab5eb2eb47cecc464545ba58e1ad24/library/std/src/sys/backtrace.rs:66:9
[INFO] [stdout]    3:     0x64423f0deaca - <std::sys::backtrace::BacktraceLock::print::DisplayBacktrace as core::fmt::Display>::fmt::h71a62eb3b9696b12
[INFO] [stdout]                                at /rustc/6067b36314ab5eb2eb47cecc464545ba58e1ad24/library/std/src/sys/backtrace.rs:39:26
[INFO] [stdout]    4:     0x64423f106843 - core::fmt::rt::Argument::fmt::hdb6b616786b41dc1
[INFO] [stdout]                                at /rustc/6067b36314ab5eb2eb47cecc464545ba58e1ad24/library/core/src/fmt/rt.rs:177:76
[INFO] [stdout]    5:     0x64423f106843 - core::fmt::write::h2cc1698af7e2d686
[INFO] [stdout]                                at /rustc/6067b36314ab5eb2eb47cecc464545ba58e1ad24/library/core/src/fmt/mod.rs:1440:21
[INFO] [stdout]    6:     0x64423f0db623 - std::io::Write::write_fmt::hab1b4cd059a79022
[INFO] [stdout]                                at /rustc/6067b36314ab5eb2eb47cecc464545ba58e1ad24/library/std/src/io/mod.rs:1887:15
[INFO] [stdout]    7:     0x64423f0de912 - std::sys::backtrace::BacktraceLock::print::h147fe35b4ea13b08
[INFO] [stdout]                                at /rustc/6067b36314ab5eb2eb47cecc464545ba58e1ad24/library/std/src/sys/backtrace.rs:42:9
[INFO] [stdout]    8:     0x64423f0dfeef - std::panicking::default_hook::{{closure}}::hbd44223dbdc0d208
[INFO] [stdout]                                at /rustc/6067b36314ab5eb2eb47cecc464545ba58e1ad24/library/std/src/panicking.rs:298:22
[INFO] [stdout]    9:     0x64423f0dfd08 - std::panicking::default_hook::h20f81eb0576efcec
[INFO] [stdout]                                at /rustc/6067b36314ab5eb2eb47cecc464545ba58e1ad24/library/std/src/panicking.rs:322:9
[INFO] [stdout]   10:     0x64423f071fa3 - <alloc::boxed::Box<F,A> as core::ops::function::Fn<Args>>::call::hdb53814c496a4d34
[INFO] [stdout]                                at /rustc/6067b36314ab5eb2eb47cecc464545ba58e1ad24/library/alloc/src/boxed.rs:2027:9
[INFO] [stdout]   11:     0x64423f071fa3 - test::test_main::{{closure}}::hc0a4963c59427c24
[INFO] [stdout]                                at /rustc/6067b36314ab5eb2eb47cecc464545ba58e1ad24/library/test/src/lib.rs:134:21
[INFO] [stdout]   12:     0x64423f0e09e3 - <alloc::boxed::Box<F,A> as core::ops::function::Fn<Args>>::call::h591b2225413a77e9
[INFO] [stdout]                                at /rustc/6067b36314ab5eb2eb47cecc464545ba58e1ad24/library/alloc/src/boxed.rs:2027:9
[INFO] [stdout]   13:     0x64423f0e09e3 - std::panicking::rust_panic_with_hook::h625eea43051b2edc
[INFO] [stdout]                                at /rustc/6067b36314ab5eb2eb47cecc464545ba58e1ad24/library/std/src/panicking.rs:839:13
[INFO] [stdout]   14:     0x64423f0e069a - std::panicking::begin_panic_handler::{{closure}}::h4f9159cfbc3f6bd3
[INFO] [stdout]                                at /rustc/6067b36314ab5eb2eb47cecc464545ba58e1ad24/library/std/src/panicking.rs:704:13
[INFO] [stdout]   15:     0x64423f0defc9 - std::sys::backtrace::__rust_end_short_backtrace::h0390abce48353151
[INFO] [stdout]                                at /rustc/6067b36314ab5eb2eb47cecc464545ba58e1ad24/library/std/src/sys/backtrace.rs:168:18
[INFO] [stdout]   16:     0x64423f0e032d - rust_begin_unwind
[INFO] [stdout]                                at /rustc/6067b36314ab5eb2eb47cecc464545ba58e1ad24/library/std/src/panicking.rs:695:5
[INFO] [stdout]   17:     0x64423f104cd0 - core::panicking::panic_fmt::h9e7c637e9e5f29c9
[INFO] [stdout]                                at /rustc/6067b36314ab5eb2eb47cecc464545ba58e1ad24/library/core/src/panicking.rs:75:14
[INFO] [stdout]   18:     0x64423f1050c2 - core::panicking::assert_failed_inner::h538bec7c1374cd9c
[INFO] [stdout]   19:     0x64423f104f79 - core::panicking::assert_failed::h7fe8c93d80615b71
[INFO] [stdout]                                at /rustc/6067b36314ab5eb2eb47cecc464545ba58e1ad24/library/core/src/panicking.rs:364:5
[INFO] [stdout]   20:     0x64423f02deb8 - jdw_sequencer::master_sequencer::tests::reset_check_longest_test::hd57e6782859f013a
[INFO] [stdout]                                at /opt/rustwide/workdir/src/master_sequencer.rs:326:9
[INFO] [stdout]   21:     0x64423f02d747 - jdw_sequencer::master_sequencer::tests::reset_check_longest_test::{{closure}}::h8d68340a6ea371a5
[INFO] [stdout]                                at /opt/rustwide/workdir/src/master_sequencer.rs:311:34
[INFO] [stdout]   22:     0x64423f033746 - core::ops::function::FnOnce::call_once::hd2f585d47fa99cf8
[INFO] [stdout]                                at /rustc/6067b36314ab5eb2eb47cecc464545ba58e1ad24/library/core/src/ops/function.rs:250:5
[INFO] [stdout]   23:     0x64423f0776fb - core::ops::function::FnOnce::call_once::he27718dfdd183f43
[INFO] [stdout]                                at /rustc/6067b36314ab5eb2eb47cecc464545ba58e1ad24/library/core/src/ops/function.rs:250:5
[INFO] [stdout]   24:     0x64423f0776fb - test::__rust_begin_short_backtrace::h4e84902998457a5d
[INFO] [stdout]                                at /rustc/6067b36314ab5eb2eb47cecc464545ba58e1ad24/library/test/src/lib.rs:632:18
[INFO] [stdout]   25:     0x64423f076633 - test::run_test_in_process::{{closure}}::h7176fd18fc1feca0
[INFO] [stdout]                                at /rustc/6067b36314ab5eb2eb47cecc464545ba58e1ad24/library/test/src/lib.rs:655:60
[INFO] [stdout]   26:     0x64423f076633 - <core::panic::unwind_safe::AssertUnwindSafe<F> as core::ops::function::FnOnce<()>>::call_once::hf79cff2a624d8cf7
[INFO] [stdout]                                at /rustc/6067b36314ab5eb2eb47cecc464545ba58e1ad24/library/core/src/panic/unwind_safe.rs:272:9
[INFO] [stdout]   27:     0x64423f076633 - std::panicking::try::do_call::h3da0561d9ab99c25
[INFO] [stdout]                                at /rustc/6067b36314ab5eb2eb47cecc464545ba58e1ad24/library/std/src/panicking.rs:587:40
[INFO] [stdout]   28:     0x64423f076633 - std::panicking::try::h41c9fa508bc61df6
[INFO] [stdout]                                at /rustc/6067b36314ab5eb2eb47cecc464545ba58e1ad24/library/std/src/panicking.rs:550:19
[INFO] [stdout]   29:     0x64423f076633 - std::panic::catch_unwind::h6b3ff07bb5afad93
[INFO] [stdout]                                at /rustc/6067b36314ab5eb2eb47cecc464545ba58e1ad24/library/std/src/panic.rs:358:14
[INFO] [stdout]   30:     0x64423f076633 - test::run_test_in_process::hc7253dd11b39b9f4
[INFO] [stdout]                                at /rustc/6067b36314ab5eb2eb47cecc464545ba58e1ad24/library/test/src/lib.rs:655:27
[INFO] [stdout]   31:     0x64423f076633 - test::run_test::{{closure}}::hfb2007f8649c30bb
[INFO] [stdout]                                at /rustc/6067b36314ab5eb2eb47cecc464545ba58e1ad24/library/test/src/lib.rs:576:43
[INFO] [stdout]   32:     0x64423f039715 - test::run_test::{{closure}}::h56a17aa7a282a9f4
[INFO] [stdout]                                at /rustc/6067b36314ab5eb2eb47cecc464545ba58e1ad24/library/test/src/lib.rs:606:41
[INFO] [stdout]   33:     0x64423f039715 - std::sys::backtrace::__rust_begin_short_backtrace::hd2d2d2fb8e8c6aac
[INFO] [stdout]                                at /rustc/6067b36314ab5eb2eb47cecc464545ba58e1ad24/library/std/src/sys/backtrace.rs:152:18
[INFO] [stdout]   34:     0x64423f03cffa - std::thread::Builder::spawn_unchecked_::{{closure}}::{{closure}}::h4faa3f9db6133423
[INFO] [stdout]                                at /rustc/6067b36314ab5eb2eb47cecc464545ba58e1ad24/library/std/src/thread/mod.rs:559:17
[INFO] [stdout]   35:     0x64423f03cffa - <core::panic::unwind_safe::AssertUnwindSafe<F> as core::ops::function::FnOnce<()>>::call_once::hf2e855a36a4ea846
[INFO] [stdout]                                at /rustc/6067b36314ab5eb2eb47cecc464545ba58e1ad24/library/core/src/panic/unwind_safe.rs:272:9
[INFO] [stdout]   36:     0x64423f03cffa - std::panicking::try::do_call::h2f73af3616c35465
[INFO] [stdout]                                at /rustc/6067b36314ab5eb2eb47cecc464545ba58e1ad24/library/std/src/panicking.rs:587:40
[INFO] [stdout]   37:     0x64423f03cffa - std::panicking::try::hd1660ce9efadef5a
[INFO] [stdout]                                at /rustc/6067b36314ab5eb2eb47cecc464545ba58e1ad24/library/std/src/panicking.rs:550:19
[INFO] [stdout]   38:     0x64423f03cffa - std::panic::catch_unwind::h5ee8d7823b8ca744
[INFO] [stdout]                                at /rustc/6067b36314ab5eb2eb47cecc464545ba58e1ad24/library/std/src/panic.rs:358:14
[INFO] [stdout]   39:     0x64423f03cffa - std::thread::Builder::spawn_unchecked_::{{closure}}::h53c3a1894dce8407
[INFO] [stdout]                                at /rustc/6067b36314ab5eb2eb47cecc464545ba58e1ad24/library/std/src/thread/mod.rs:557:30
[INFO] [stdout]   40:     0x64423f03cffa - core::ops::function::FnOnce::call_once{{vtable.shim}}::h048ce291ad4f62bf
[INFO] [stdout]                                at /rustc/6067b36314ab5eb2eb47cecc464545ba58e1ad24/library/core/src/ops/function.rs:250:5
[INFO] [stdout]   41:     0x64423f0e491b - <alloc::boxed::Box<F,A> as core::ops::function::FnOnce<Args>>::call_once::ha52bedf99a3b4981
[INFO] [stdout]                                at /rustc/6067b36314ab5eb2eb47cecc464545ba58e1ad24/library/alloc/src/boxed.rs:2013:9
[INFO] [stdout]   42:     0x64423f0e491b - <alloc::boxed::Box<F,A> as core::ops::function::FnOnce<Args>>::call_once::h567748934d80ccf8
[INFO] [stdout]                                at /rustc/6067b36314ab5eb2eb47cecc464545ba58e1ad24/library/alloc/src/boxed.rs:2013:9
[INFO] [stdout]   43:     0x64423f0e491b - std::sys::pal::unix::thread::Thread::new::thread_start::h2d970728ae887adc
[INFO] [stdout]                                at /rustc/6067b36314ab5eb2eb47cecc464545ba58e1ad24/library/std/src/sys/pal/unix/thread.rs:106:17
[INFO] [stdout]   44:     0x73ab18404ac3 - <unknown>
[INFO] [stdout]   45:     0x73ab18495a04 - clone
[INFO] [stdout]   46:                0x0 - <unknown>
[INFO] [stdout] 
[INFO] [stdout] 
[INFO] [stdout] failures:
[INFO] [stdout]     master_sequencer::tests::reset_check_individual_test
[INFO] [stdout]     master_sequencer::tests::reset_check_longest_test
[INFO] [stdout] 
[INFO] [stdout] test result: FAILED. 4 passed; 2 failed; 0 ignored; 0 measured; 0 filtered out; finished in 0.06s
[INFO] [stdout] 
[INFO] running `Command { std: "docker" "inspect" "106f633b1b6ba32c7f60d7e569ed29058edc2dee544ff2f380c780ad6cc3eabe", kill_on_drop: false }`
[INFO] running `Command { std: "docker" "rm" "-f" "106f633b1b6ba32c7f60d7e569ed29058edc2dee544ff2f380c780ad6cc3eabe", kill_on_drop: false }`
[INFO] [stdout] 106f633b1b6ba32c7f60d7e569ed29058edc2dee544ff2f380c780ad6cc3eabe
