[INFO] cloning repository https://github.com/esmevane/vacuum-reproduction
[INFO] running `Command { std: "git" "-c" "credential.helper=" "-c" "credential.helper=/workspace/cargo-home/bin/git-credential-null" "clone" "--bare" "https://github.com/esmevane/vacuum-reproduction" "/workspace/cache/git-repos/https%3A%2F%2Fgithub.com%2Fesmevane%2Fvacuum-reproduction", kill_on_drop: false }`
[INFO] [stderr] Cloning into bare repository '/workspace/cache/git-repos/https%3A%2F%2Fgithub.com%2Fesmevane%2Fvacuum-reproduction'...
[INFO] running `Command { std: "git" "rev-parse" "HEAD", kill_on_drop: false }`
[INFO] [stdout] 72aa36116808ecef21a48e3fb57152f440d56b3b
[INFO] testing esmevane/vacuum-reproduction against nightly-2025-01-18 for randomize-layout-2
[INFO] running `Command { std: "git" "clone" "/workspace/cache/git-repos/https%3A%2F%2Fgithub.com%2Fesmevane%2Fvacuum-reproduction" "/workspace/builds/worker-0-tc1/source", kill_on_drop: false }`
[INFO] [stderr] Cloning into '/workspace/builds/worker-0-tc1/source'...
[INFO] [stderr] done.
[INFO] validating manifest of git repo https://github.com/esmevane/vacuum-reproduction on toolchain nightly-2025-01-18
[INFO] running `Command { std: CARGO_HOME="/workspace/cargo-home" RUSTUP_HOME="/workspace/rustup-home" "/workspace/cargo-home/bin/cargo" "+nightly-2025-01-18" "metadata" "--manifest-path" "Cargo.toml" "--no-deps", kill_on_drop: false }`
[INFO] started tweaking git repo https://github.com/esmevane/vacuum-reproduction
[INFO] finished tweaking git repo https://github.com/esmevane/vacuum-reproduction
[INFO] tweaked toml for git repo https://github.com/esmevane/vacuum-reproduction written to /workspace/builds/worker-0-tc1/source/Cargo.toml
[INFO] crate git repo https://github.com/esmevane/vacuum-reproduction already has a lockfile, it will not be regenerated
[INFO] running `Command { std: CARGO_HOME="/workspace/cargo-home" RUSTUP_HOME="/workspace/rustup-home" "/workspace/cargo-home/bin/cargo" "+nightly-2025-01-18" "fetch" "--manifest-path" "Cargo.toml", kill_on_drop: false }`
[INFO] running `Command { std: "docker" "create" "-v" "/var/lib/crater-agent-workspace/builds/worker-0-tc1/target:/opt/rustwide/target:rw,Z" "-v" "/var/lib/crater-agent-workspace/builds/worker-0-tc1/source:/opt/rustwide/workdir:ro,Z" "-v" "/var/lib/crater-agent-workspace/cargo-home:/opt/rustwide/cargo-home:ro,Z" "-v" "/var/lib/crater-agent-workspace/rustup-home:/opt/rustwide/rustup-home:ro,Z" "-e" "SOURCE_DIR=/opt/rustwide/workdir" "-e" "CARGO_TARGET_DIR=/opt/rustwide/target" "-e" "CARGO_HOME=/opt/rustwide/cargo-home" "-e" "RUSTUP_HOME=/opt/rustwide/rustup-home" "-w" "/opt/rustwide/workdir" "-m" "1610612736" "--user" "0:0" "--network" "none" "ghcr.io/rust-lang/crates-build-env/linux@sha256:819108c5571ea2e421544af4d832f968d213c87fbe3707a016657f43d2f853bc" "/opt/rustwide/cargo-home/bin/cargo" "+nightly-2025-01-18" "metadata" "--no-deps" "--format-version=1", kill_on_drop: false }`
[INFO] [stdout] 77001845051b0402e3adce38ce5d4917f98bd1377c607600e4178670db7434cc
[INFO] running `Command { std: "docker" "start" "-a" "77001845051b0402e3adce38ce5d4917f98bd1377c607600e4178670db7434cc", kill_on_drop: false }`
[INFO] running `Command { std: "docker" "inspect" "77001845051b0402e3adce38ce5d4917f98bd1377c607600e4178670db7434cc", kill_on_drop: false }`
[INFO] running `Command { std: "docker" "rm" "-f" "77001845051b0402e3adce38ce5d4917f98bd1377c607600e4178670db7434cc", kill_on_drop: false }`
[INFO] [stdout] 77001845051b0402e3adce38ce5d4917f98bd1377c607600e4178670db7434cc
[INFO] running `Command { std: "docker" "create" "-v" "/var/lib/crater-agent-workspace/builds/worker-0-tc1/target:/opt/rustwide/target:rw,Z" "-v" "/var/lib/crater-agent-workspace/builds/worker-0-tc1/source:/opt/rustwide/workdir:ro,Z" "-v" "/var/lib/crater-agent-workspace/cargo-home:/opt/rustwide/cargo-home:ro,Z" "-v" "/var/lib/crater-agent-workspace/rustup-home:/opt/rustwide/rustup-home:ro,Z" "-e" "SOURCE_DIR=/opt/rustwide/workdir" "-e" "CARGO_TARGET_DIR=/opt/rustwide/target" "-e" "CARGO_INCREMENTAL=0" "-e" "RUST_BACKTRACE=full" "-e" "RUSTFLAGS=--cap-lints=forbid" "-e" "RUSTDOCFLAGS=--cap-lints=forbid" "-e" "CARGO_HOME=/opt/rustwide/cargo-home" "-e" "RUSTUP_HOME=/opt/rustwide/rustup-home" "-w" "/opt/rustwide/workdir" "-m" "1610612736" "--user" "0:0" "--network" "none" "ghcr.io/rust-lang/crates-build-env/linux@sha256:819108c5571ea2e421544af4d832f968d213c87fbe3707a016657f43d2f853bc" "/opt/rustwide/cargo-home/bin/cargo" "+nightly-2025-01-18" "build" "--frozen" "--message-format=json", kill_on_drop: false }`
[INFO] [stdout] e697804e194a20a6c15611ffb8a5931635b1679547145f951838ffcad1e2e8b8
[INFO] running `Command { std: "docker" "start" "-a" "e697804e194a20a6c15611ffb8a5931635b1679547145f951838ffcad1e2e8b8", kill_on_drop: false }`
[INFO] [stderr]    Compiling autocfg v1.3.0
[INFO] [stderr]    Compiling proc-macro2 v1.0.85
[INFO] [stderr]    Compiling libc v0.2.155
[INFO] [stderr]    Compiling unicode-ident v1.0.12
[INFO] [stderr]    Compiling cfg-if v1.0.0
[INFO] [stderr]    Compiling version_check v0.9.4
[INFO] [stderr]    Compiling cc v1.0.98
[INFO] [stderr]    Compiling once_cell v1.19.0
[INFO] [stderr]    Compiling scopeguard v1.2.0
[INFO] [stderr]    Compiling typenum v1.17.0
[INFO] [stderr]    Compiling pin-project-lite v0.2.14
[INFO] [stderr]    Compiling serde v1.0.203
[INFO] [stderr]    Compiling smallvec v1.13.2
[INFO] [stderr]    Compiling futures-core v0.3.30
[INFO] [stderr]    Compiling parking_lot_core v0.9.10
[INFO] [stderr]    Compiling vcpkg v0.2.15
[INFO] [stderr]    Compiling zerocopy v0.7.34
[INFO] [stderr]    Compiling pkg-config v0.3.30
[INFO] [stderr]    Compiling allocator-api2 v0.2.18
[INFO] [stderr]    Compiling futures-sink v0.3.30
[INFO] [stderr]    Compiling serde_json v1.0.117
[INFO] [stderr]    Compiling untrusted v0.9.0
[INFO] [stderr]    Compiling tinyvec_macros v0.1.1
[INFO] [stderr]    Compiling memchr v2.7.2
[INFO] [stderr]    Compiling bytes v1.6.0
[INFO] [stderr]    Compiling tinyvec v1.6.0
[INFO] [stderr]    Compiling itoa v1.0.11
[INFO] [stderr]    Compiling crossbeam-utils v0.8.20
[INFO] [stderr]    Compiling iana-time-zone v0.1.60
[INFO] [stderr]    Compiling ryu v1.0.18
[INFO] [stderr]    Compiling generic-array v0.14.7
[INFO] [stderr]    Compiling ahash v0.8.11
[INFO] [stderr]    Compiling lock_api v0.4.12
[INFO] [stderr]    Compiling quote v1.0.36
[INFO] [stderr]    Compiling num-traits v0.2.19
[INFO] [stderr]    Compiling slab v0.4.9
[INFO] [stderr]    Compiling cpufeatures v0.2.12
[INFO] [stderr]    Compiling thiserror v1.0.61
[INFO] [stderr]    Compiling percent-encoding v2.3.1
[INFO] [stderr]    Compiling spin v0.9.8
[INFO] [stderr]    Compiling rustls v0.21.12
[INFO] [stderr]    Compiling unicode-bidi v0.3.15
[INFO] [stderr]    Compiling minimal-lexical v0.2.1
[INFO] [stderr]    Compiling syn v2.0.66
[INFO] [stderr]    Compiling futures-task v0.3.30
[INFO] [stderr]    Compiling paste v1.0.15
[INFO] [stderr]    Compiling futures-io v0.3.30
[INFO] [stderr]    Compiling pin-utils v0.1.0
[INFO] [stderr]    Compiling form_urlencoded v1.2.1
[INFO] [stderr]    Compiling tracing-core v0.1.32
[INFO] [stderr]    Compiling futures-util v0.3.30
[INFO] [stderr]    Compiling crc-catalog v2.4.0
[INFO] [stderr]    Compiling equivalent v1.0.1
[INFO] [stderr]    Compiling unicode_categories v0.1.1
[INFO] [stderr]    Compiling base64 v0.21.7
[INFO] [stderr]    Compiling crc v3.2.1
[INFO] [stderr]    Compiling nom v7.1.3
[INFO] [stderr]    Compiling futures-channel v0.3.30
[INFO] [stderr]    Compiling event-listener v2.5.3
[INFO] [stderr]    Compiling getrandom v0.2.15
[INFO] [stderr]    Compiling mio v0.8.11
[INFO] [stderr]    Compiling socket2 v0.5.7
[INFO] [stderr]    Compiling unicode-normalization v0.1.23
[INFO] [stderr]    Compiling chrono v0.4.38
[INFO] [stderr]    Compiling crossbeam-queue v0.3.11
[INFO] [stderr]    Compiling rustls-pemfile v1.0.4
[INFO] [stderr]    Compiling atoi v2.0.0
[INFO] [stderr]    Compiling parking_lot v0.12.3
[INFO] [stderr]    Compiling uuid v1.8.0
[INFO] [stderr]    Compiling hex v0.4.3
[INFO] [stderr]    Compiling webpki-roots v0.25.4
[INFO] [stderr]    Compiling log v0.4.21
[INFO] [stderr]    Compiling byteorder v1.5.0
[INFO] [stderr]    Compiling hashbrown v0.14.5
[INFO] [stderr]    Compiling ring v0.17.8
[INFO] [stderr]    Compiling libsqlite3-sys v0.27.0
[INFO] [stderr]    Compiling block-buffer v0.10.4
[INFO] [stderr]    Compiling crypto-common v0.1.6
[INFO] [stderr]    Compiling futures-intrusive v0.5.0
[INFO] [stderr]    Compiling tokio v1.38.0
[INFO] [stderr]    Compiling digest v0.10.7
[INFO] [stderr]    Compiling rustix v0.38.34
[INFO] [stderr]    Compiling idna v0.5.0
[INFO] [stderr]    Compiling bitflags v2.5.0
[INFO] [stderr]    Compiling sha2 v0.10.8
[INFO] [stderr]    Compiling num_cpus v1.16.0
[INFO] [stderr]    Compiling hashlink v0.8.4
[INFO] [stderr]    Compiling indexmap v2.2.6
[INFO] [stderr]    Compiling signal-hook-registry v1.4.2
[INFO] [stderr]    Compiling flume v0.11.0
[INFO] [stderr]    Compiling syn v1.0.109
[INFO] [stderr]    Compiling urlencoding v2.1.3
[INFO] [stderr]    Compiling linux-raw-sys v0.4.14
[INFO] [stderr]    Compiling url v2.5.0
[INFO] [stderr]    Compiling fastrand v2.1.0
[INFO] [stderr]    Compiling regex-syntax v0.8.3
[INFO] [stderr]    Compiling unicode-segmentation v1.11.0
[INFO] [stderr]    Compiling regex-syntax v0.6.29
[INFO] [stderr]    Compiling heck v0.4.1
[INFO] [stderr]    Compiling overload v0.1.1
[INFO] [stderr]    Compiling dotenvy v0.15.7
[INFO] [stderr]    Compiling lazy_static v1.4.0
[INFO] [stderr]    Compiling sharded-slab v0.1.7
[INFO] [stderr]    Compiling nu-ansi-term v0.46.0
[INFO] [stderr]    Compiling tracing-log v0.2.0
[INFO] [stderr]    Compiling thread_local v1.1.8
[INFO] [stderr]    Compiling anyhow v1.0.86
[INFO] [stderr]    Compiling fallible-iterator v0.3.0
[INFO] [stderr]    Compiling fallible-streaming-iterator v0.1.9
[INFO] [stderr]    Compiling futures-executor v0.3.30
[INFO] [stderr]    Compiling regex-automata v0.1.10
[INFO] [stderr]    Compiling tempfile v3.10.1
[INFO] [stderr]    Compiling regex-automata v0.4.6
[INFO] [stderr]    Compiling sct v0.7.1
[INFO] [stderr]    Compiling rustls-webpki v0.101.7
[INFO] [stderr]    Compiling matchers v0.1.0
[INFO] [stderr]    Compiling serde_derive v1.0.203
[INFO] [stderr]    Compiling tracing-attributes v0.1.27
[INFO] [stderr]    Compiling thiserror-impl v1.0.61
[INFO] [stderr]    Compiling tokio-macros v2.3.0
[INFO] [stderr]    Compiling tracing-test-macro v0.2.5
[INFO] [stderr]    Compiling tokio-stream v0.1.15
[INFO] [stderr]    Compiling tracing v0.1.40
[INFO] [stderr]    Compiling regex v1.10.4
[INFO] [stderr]    Compiling either v1.12.0
[INFO] [stderr]    Compiling tracing-serde v0.1.3
[INFO] [stderr]    Compiling itertools v0.12.1
[INFO] [stderr]    Compiling rusqlite v0.30.0
[INFO] [stderr]    Compiling tracing-subscriber v0.3.18
[INFO] [stderr]    Compiling sqlformat v0.2.3
[INFO] [stderr]    Compiling tracing-test v0.2.5
[INFO] [stderr]    Compiling sqlx-core v0.7.4
[INFO] [stderr]    Compiling sqlx-sqlite v0.7.4
[INFO] [stderr]    Compiling sqlx-macros-core v0.7.4
[INFO] [stderr]    Compiling sqlx-macros v0.7.4
[INFO] [stderr]    Compiling sqlx v0.7.4
[INFO] [stderr]    Compiling vacuum-reproduction v0.1.0 (/opt/rustwide/workdir)
[INFO] [stdout] warning: field `name` is never read
[INFO] [stdout]   --> src/main.rs:23:5
[INFO] [stdout]    |
[INFO] [stdout] 22 | struct Table {
[INFO] [stdout]    |        ----- field in this struct
[INFO] [stdout] 23 |     name: String,
[INFO] [stdout]    |     ^^^^
[INFO] [stdout]    |
[INFO] [stdout]    = note: `Table` has a derived impl for the trait `Debug`, but this is intentionally ignored during dead code analysis
[INFO] [stdout]    = note: `#[warn(dead_code)]` on by default
[INFO] [stdout] 
[INFO] [stdout] 
[INFO] [stderr]     Finished `dev` profile [unoptimized + debuginfo] target(s) in 1m 00s
[INFO] running `Command { std: "docker" "inspect" "e697804e194a20a6c15611ffb8a5931635b1679547145f951838ffcad1e2e8b8", kill_on_drop: false }`
[INFO] running `Command { std: "docker" "rm" "-f" "e697804e194a20a6c15611ffb8a5931635b1679547145f951838ffcad1e2e8b8", kill_on_drop: false }`
[INFO] [stdout] e697804e194a20a6c15611ffb8a5931635b1679547145f951838ffcad1e2e8b8
[INFO] running `Command { std: "docker" "create" "-v" "/var/lib/crater-agent-workspace/builds/worker-0-tc1/target:/opt/rustwide/target:rw,Z" "-v" "/var/lib/crater-agent-workspace/builds/worker-0-tc1/source:/opt/rustwide/workdir:ro,Z" "-v" "/var/lib/crater-agent-workspace/cargo-home:/opt/rustwide/cargo-home:ro,Z" "-v" "/var/lib/crater-agent-workspace/rustup-home:/opt/rustwide/rustup-home:ro,Z" "-e" "SOURCE_DIR=/opt/rustwide/workdir" "-e" "CARGO_TARGET_DIR=/opt/rustwide/target" "-e" "CARGO_INCREMENTAL=0" "-e" "RUST_BACKTRACE=full" "-e" "RUSTFLAGS=--cap-lints=forbid" "-e" "RUSTDOCFLAGS=--cap-lints=forbid" "-e" "CARGO_HOME=/opt/rustwide/cargo-home" "-e" "RUSTUP_HOME=/opt/rustwide/rustup-home" "-w" "/opt/rustwide/workdir" "-m" "1610612736" "--user" "0:0" "--network" "none" "ghcr.io/rust-lang/crates-build-env/linux@sha256:819108c5571ea2e421544af4d832f968d213c87fbe3707a016657f43d2f853bc" "/opt/rustwide/cargo-home/bin/cargo" "+nightly-2025-01-18" "test" "--frozen" "--no-run" "--message-format=json", kill_on_drop: false }`
[INFO] [stdout] c6b7b80545ffdfa4b79eb038455b365c0d13d52482319fb92e9138d4ce98ac53
[INFO] running `Command { std: "docker" "start" "-a" "c6b7b80545ffdfa4b79eb038455b365c0d13d52482319fb92e9138d4ce98ac53", kill_on_drop: false }`
[INFO] [stderr]    Compiling vacuum-reproduction v0.1.0 (/opt/rustwide/workdir)
[INFO] [stdout] warning: field `name` is never read
[INFO] [stdout]   --> src/main.rs:23:5
[INFO] [stdout]    |
[INFO] [stdout] 22 | struct Table {
[INFO] [stdout]    |        ----- field in this struct
[INFO] [stdout] 23 |     name: String,
[INFO] [stdout]    |     ^^^^
[INFO] [stdout]    |
[INFO] [stdout]    = note: `Table` has a derived impl for the trait `Debug`, but this is intentionally ignored during dead code analysis
[INFO] [stdout]    = note: `#[warn(dead_code)]` on by default
[INFO] [stdout] 
[INFO] [stdout] 
[INFO] [stderr]     Finished `test` profile [unoptimized + debuginfo] target(s) in 2.26s
[INFO] running `Command { std: "docker" "inspect" "c6b7b80545ffdfa4b79eb038455b365c0d13d52482319fb92e9138d4ce98ac53", kill_on_drop: false }`
[INFO] running `Command { std: "docker" "rm" "-f" "c6b7b80545ffdfa4b79eb038455b365c0d13d52482319fb92e9138d4ce98ac53", kill_on_drop: false }`
[INFO] [stdout] c6b7b80545ffdfa4b79eb038455b365c0d13d52482319fb92e9138d4ce98ac53
[INFO] running `Command { std: "docker" "create" "-v" "/var/lib/crater-agent-workspace/builds/worker-0-tc1/target:/opt/rustwide/target:rw,Z" "-v" "/var/lib/crater-agent-workspace/builds/worker-0-tc1/source:/opt/rustwide/workdir:ro,Z" "-v" "/var/lib/crater-agent-workspace/cargo-home:/opt/rustwide/cargo-home:ro,Z" "-v" "/var/lib/crater-agent-workspace/rustup-home:/opt/rustwide/rustup-home:ro,Z" "-e" "SOURCE_DIR=/opt/rustwide/workdir" "-e" "CARGO_TARGET_DIR=/opt/rustwide/target" "-e" "CARGO_INCREMENTAL=0" "-e" "RUST_BACKTRACE=full" "-e" "RUSTFLAGS=--cap-lints=forbid" "-e" "RUSTDOCFLAGS=--cap-lints=forbid" "-e" "CARGO_HOME=/opt/rustwide/cargo-home" "-e" "RUSTUP_HOME=/opt/rustwide/rustup-home" "-w" "/opt/rustwide/workdir" "-m" "1610612736" "--user" "0:0" "--network" "none" "ghcr.io/rust-lang/crates-build-env/linux@sha256:819108c5571ea2e421544af4d832f968d213c87fbe3707a016657f43d2f853bc" "/opt/rustwide/cargo-home/bin/cargo" "+nightly-2025-01-18" "test" "--frozen", kill_on_drop: false }`
[INFO] [stdout] 4c0d25e58dc3efbe2606fec1aa1ee770c7aabdc241384995cb6d15727081b0c4
[INFO] running `Command { std: "docker" "start" "-a" "4c0d25e58dc3efbe2606fec1aa1ee770c7aabdc241384995cb6d15727081b0c4", kill_on_drop: false }`
[INFO] [stderr] warning: field `name` is never read
[INFO] [stderr]   --> src/main.rs:23:5
[INFO] [stderr]    |
[INFO] [stderr] 22 | struct Table {
[INFO] [stderr]    |        ----- field in this struct
[INFO] [stderr] 23 |     name: String,
[INFO] [stderr]    |     ^^^^
[INFO] [stderr]    |
[INFO] [stderr]    = note: `Table` has a derived impl for the trait `Debug`, but this is intentionally ignored during dead code analysis
[INFO] [stderr]    = note: `#[warn(dead_code)]` on by default
[INFO] [stderr] 
[INFO] [stderr] warning: `vacuum-reproduction` (bin "vacuum-reproduction" test) generated 1 warning
[INFO] [stderr]     Finished `test` profile [unoptimized + debuginfo] target(s) in 0.19s
[INFO] [stderr]      Running unittests src/main.rs (/opt/rustwide/target/debug/deps/vacuum_reproduction-31139130121ffa9a)
[INFO] [stdout] 
[INFO] [stdout] running 3 tests
[INFO] [stdout] test test_rusqlite ... ok
[INFO] [stdout] test test_sqlx_with_pools ... FAILED
[INFO] [stdout] test test_sqlx_with_shared_cache_connection ... FAILED
[INFO] [stdout] 
[INFO] [stdout] failures:
[INFO] [stdout] 
[INFO] [stdout] ---- test_sqlx_with_pools stdout ----
[INFO] [stdout] 2025-01-20T12:58:18.699922Z  INFO test_sqlx_with_pools:Running sqlx with pooled connection: vacuum_reproduction: name="Creating pool with shared cache"
[INFO] [stdout] 2025-01-20T12:58:18.702006Z DEBUG test_sqlx_with_pools:Running sqlx with pooled connection: sqlx::query: summary="PRAGMA foreign_keys = ON; …" db.statement="\n\nPRAGMA foreign_keys = ON;\n" rows_affected=0 rows_returned=0 elapsed=77.82µs elapsed_secs=7.782e-5
[INFO] [stdout] 2025-01-20T12:58:18.702140Z  INFO test_sqlx_with_pools:Running sqlx with pooled connection: vacuum_reproduction: name="Creating table and inserting data" CREATE_TABLE="\n  create table test (id integer primary key, name text);\n  insert into test (name) values ('hello');\n  insert into test (name) values ('world');\n"
[INFO] [stdout] 2025-01-20T12:58:18.705669Z DEBUG test_sqlx_with_pools:Running sqlx with pooled connection: sqlx::query: summary="create table test (id …" db.statement="\n\ncreate table test (id integer primary key, name text);\ninsert into\n  test (name)\nvalues\n  ('hello');\ninsert into\n  test (name)\nvalues\n  ('world');\n" rows_affected=2 rows_returned=0 elapsed=558.17µs elapsed_secs=0.00055817
[INFO] [stdout] 2025-01-20T12:58:18.705907Z  INFO test_sqlx_with_pools:Running sqlx with pooled connection: vacuum_reproduction: name="Selecting all data from memory table" SELECT_ALL="select * from test"
[INFO] [stdout] 2025-01-20T12:58:18.706656Z DEBUG test_sqlx_with_pools:Running sqlx with pooled connection: sqlx::query: summary="select * from test" db.statement="" rows_affected=1 rows_returned=2 elapsed=420.45µs elapsed_secs=0.00042045
[INFO] [stdout] [src/main.rs:28:5] format!("vacuum into '{db_str}'") = "vacuum into '/tmp/.tmpMKz65G'"
[INFO] [stdout] 2025-01-20T12:58:18.706803Z  INFO test_sqlx_with_pools:Running sqlx with pooled connection: vacuum_reproduction: name="Vacuuming into new db" path="/tmp/.tmpMKz65G"
[INFO] [stdout] 2025-01-20T12:58:18.707519Z DEBUG test_sqlx_with_pools:Running sqlx with pooled connection: sqlx::query: summary="vacuum into '/tmp/.tmpMKz65G'" db.statement="" rows_affected=1 rows_returned=0 elapsed=474.61µs elapsed_secs=0.00047461
[INFO] [stdout] 2025-01-20T12:58:18.707614Z  INFO test_sqlx_with_pools:Running sqlx with pooled connection: vacuum_reproduction: name="Dropping pool"
[INFO] [stdout] 2025-01-20T12:58:18.707636Z  INFO test_sqlx_with_pools:Running sqlx with pooled connection: vacuum_reproduction: name="Checking if new db exists"
[INFO] [stdout] 2025-01-20T12:58:18.707662Z  INFO test_sqlx_with_pools:Running sqlx with pooled connection: vacuum_reproduction: name="Opening new db connection to temp db path"
[INFO] [stdout] 2025-01-20T12:58:18.712785Z DEBUG test_sqlx_with_pools:Running sqlx with pooled connection: sqlx::query: summary="PRAGMA foreign_keys = ON; …" db.statement="\n\nPRAGMA foreign_keys = ON;\n" rows_affected=0 rows_returned=0 elapsed=148.86µs elapsed_secs=0.00014886
[INFO] [stdout] 2025-01-20T12:58:18.712957Z  INFO test_sqlx_with_pools:Running sqlx with pooled connection: vacuum_reproduction: name="Checking if tables exist"
[INFO] [stdout] 2025-01-20T12:58:18.714571Z DEBUG test_sqlx_with_pools:Running sqlx with pooled connection: sqlx::query: summary="SELECT name FROM sqlite_master …" db.statement="\n\nSELECT\n  name\nFROM\n  sqlite_master\nWHERE\n  type = 'table'\n" rows_affected=0 rows_returned=0 elapsed=266.3µs elapsed_secs=0.0002663
[INFO] [stdout] [src/main.rs:126:18] sqlx::query_as::<_,
[INFO] [stdout] Table>("SELECT name FROM sqlite_master WHERE type='table'").fetch_all(&pool).await? = []
[INFO] [stdout] 2025-01-20T12:58:18.715359Z  INFO test_sqlx_with_pools:Running sqlx with pooled connection: vacuum_reproduction: name="Current tables" tables=[]
[INFO] [stdout] 
[INFO] [stdout] thread 'test_sqlx_with_pools' panicked at src/main.rs:134:5:
[INFO] [stdout] No tables found in new db
[INFO] [stdout] stack backtrace:
[INFO] [stdout]    0:     0x5580cb87901a - std::backtrace_rs::backtrace::libunwind::trace::hb059275cfc8d6126
[INFO] [stdout]                                at /rustc/6067b36314ab5eb2eb47cecc464545ba58e1ad24/library/std/src/../../backtrace/src/backtrace/libunwind.rs:116:5
[INFO] [stdout]    1:     0x5580cb87901a - std::backtrace_rs::backtrace::trace_unsynchronized::h2da071e4327ce3ee
[INFO] [stdout]                                at /rustc/6067b36314ab5eb2eb47cecc464545ba58e1ad24/library/std/src/../../backtrace/src/backtrace/mod.rs:66:5
[INFO] [stdout]    2:     0x5580cb87901a - std::sys::backtrace::_print_fmt::h842a1474e6f8d23f
[INFO] [stdout]                                at /rustc/6067b36314ab5eb2eb47cecc464545ba58e1ad24/library/std/src/sys/backtrace.rs:66:9
[INFO] [stdout]    3:     0x5580cb87901a - <std::sys::backtrace::BacktraceLock::print::DisplayBacktrace as core::fmt::Display>::fmt::h71a62eb3b9696b12
[INFO] [stdout]                                at /rustc/6067b36314ab5eb2eb47cecc464545ba58e1ad24/library/std/src/sys/backtrace.rs:39:26
[INFO] [stdout]    4:     0x5580cb8a4313 - core::fmt::rt::Argument::fmt::hdb6b616786b41dc1
[INFO] [stdout]                                at /rustc/6067b36314ab5eb2eb47cecc464545ba58e1ad24/library/core/src/fmt/rt.rs:177:76
[INFO] [stdout]    5:     0x5580cb8a4313 - core::fmt::write::h2cc1698af7e2d686
[INFO] [stdout]                                at /rustc/6067b36314ab5eb2eb47cecc464545ba58e1ad24/library/core/src/fmt/mod.rs:1440:21
[INFO] [stdout]    6:     0x5580cb875533 - std::io::Write::write_fmt::hab1b4cd059a79022
[INFO] [stdout]                                at /rustc/6067b36314ab5eb2eb47cecc464545ba58e1ad24/library/std/src/io/mod.rs:1887:15
[INFO] [stdout]    7:     0x5580cb878e62 - std::sys::backtrace::BacktraceLock::print::h147fe35b4ea13b08
[INFO] [stdout]                                at /rustc/6067b36314ab5eb2eb47cecc464545ba58e1ad24/library/std/src/sys/backtrace.rs:42:9
[INFO] [stdout]    8:     0x5580cb87a43f - std::panicking::default_hook::{{closure}}::hbd44223dbdc0d208
[INFO] [stdout]                                at /rustc/6067b36314ab5eb2eb47cecc464545ba58e1ad24/library/std/src/panicking.rs:298:22
[INFO] [stdout]    9:     0x5580cb87a258 - std::panicking::default_hook::h20f81eb0576efcec
[INFO] [stdout]                                at /rustc/6067b36314ab5eb2eb47cecc464545ba58e1ad24/library/std/src/panicking.rs:322:9
[INFO] [stdout]   10:     0x5580cb2a2d13 - <alloc::boxed::Box<F,A> as core::ops::function::Fn<Args>>::call::hdb53814c496a4d34
[INFO] [stdout]                                at /rustc/6067b36314ab5eb2eb47cecc464545ba58e1ad24/library/alloc/src/boxed.rs:2027:9
[INFO] [stdout]   11:     0x5580cb2a2d13 - test::test_main::{{closure}}::hc0a4963c59427c24
[INFO] [stdout]                                at /rustc/6067b36314ab5eb2eb47cecc464545ba58e1ad24/library/test/src/lib.rs:134:21
[INFO] [stdout]   12:     0x5580cb87af33 - <alloc::boxed::Box<F,A> as core::ops::function::Fn<Args>>::call::h591b2225413a77e9
[INFO] [stdout]                                at /rustc/6067b36314ab5eb2eb47cecc464545ba58e1ad24/library/alloc/src/boxed.rs:2027:9
[INFO] [stdout]   13:     0x5580cb87af33 - std::panicking::rust_panic_with_hook::h625eea43051b2edc
[INFO] [stdout]                                at /rustc/6067b36314ab5eb2eb47cecc464545ba58e1ad24/library/std/src/panicking.rs:839:13
[INFO] [stdout]   14:     0x5580cb87abb6 - std::panicking::begin_panic_handler::{{closure}}::h4f9159cfbc3f6bd3
[INFO] [stdout]                                at /rustc/6067b36314ab5eb2eb47cecc464545ba58e1ad24/library/std/src/panicking.rs:697:13
[INFO] [stdout]   15:     0x5580cb879519 - std::sys::backtrace::__rust_end_short_backtrace::h0390abce48353151
[INFO] [stdout]                                at /rustc/6067b36314ab5eb2eb47cecc464545ba58e1ad24/library/std/src/sys/backtrace.rs:168:18
[INFO] [stdout]   16:     0x5580cb87a87d - rust_begin_unwind
[INFO] [stdout]                                at /rustc/6067b36314ab5eb2eb47cecc464545ba58e1ad24/library/std/src/panicking.rs:695:5
[INFO] [stdout]   17:     0x5580cb8a2000 - core::panicking::panic_fmt::h9e7c637e9e5f29c9
[INFO] [stdout]                                at /rustc/6067b36314ab5eb2eb47cecc464545ba58e1ad24/library/core/src/panicking.rs:75:14
[INFO] [stdout]   18:     0x5580cb20aace - vacuum_reproduction::sqlx_with_pooled_connection::{{closure}}::{{closure}}::h99ad73abeb262a90
[INFO] [stdout]                                at /opt/rustwide/workdir/src/main.rs:134:5
[INFO] [stdout]   19:     0x5580cb2528c6 - <tracing::instrument::Instrumented<T> as core::future::future::Future>::poll::h8381b85ef4fcbfbe
[INFO] [stdout]                                at /opt/rustwide/cargo-home/registry/src/index.crates.io-1949cf8c6b5b557f/tracing-0.1.40/src/instrument.rs:321:9
[INFO] [stdout]   20:     0x5580cb203416 - vacuum_reproduction::sqlx_with_pooled_connection::{{closure}}::h17d832bba24863e3
[INFO] [stdout]                                at /opt/rustwide/workdir/src/main.rs:89:1
[INFO] [stdout]   21:     0x5580cb216d32 - vacuum_reproduction::test_sqlx_with_pools::{{closure}}::h20780bb05e903eed
[INFO] [stdout]                                at /opt/rustwide/workdir/src/main.rs:215:35
[INFO] [stdout]   22:     0x5580cb24fad5 - <core::pin::Pin<P> as core::future::future::Future>::poll::h0beb77d49f8628ca
[INFO] [stdout]                                at /rustc/6067b36314ab5eb2eb47cecc464545ba58e1ad24/library/core/src/future/future.rs:124:9
[INFO] [stdout]   23:     0x5580cb24fb0d - <core::pin::Pin<P> as core::future::future::Future>::poll::h9f8f180431c22fb8
[INFO] [stdout]                                at /rustc/6067b36314ab5eb2eb47cecc464545ba58e1ad24/library/core/src/future/future.rs:124:9
[INFO] [stdout]   24:     0x5580cb24862f - tokio::runtime::scheduler::current_thread::CoreGuard::block_on::{{closure}}::{{closure}}::{{closure}}::h707d64c82a98f3e3
[INFO] [stdout]                                at /opt/rustwide/cargo-home/registry/src/index.crates.io-1949cf8c6b5b557f/tokio-1.38.0/src/runtime/scheduler/current_thread/mod.rs:659:57
[INFO] [stdout]   25:     0x5580cb248566 - tokio::runtime::coop::with_budget::h5b05a18044892f67
[INFO] [stdout]                                at /opt/rustwide/cargo-home/registry/src/index.crates.io-1949cf8c6b5b557f/tokio-1.38.0/src/runtime/coop.rs:107:5
[INFO] [stdout]   26:     0x5580cb248566 - tokio::runtime::coop::budget::h310912500718d896
[INFO] [stdout]                                at /opt/rustwide/cargo-home/registry/src/index.crates.io-1949cf8c6b5b557f/tokio-1.38.0/src/runtime/coop.rs:73:5
[INFO] [stdout]   27:     0x5580cb248566 - tokio::runtime::scheduler::current_thread::CoreGuard::block_on::{{closure}}::{{closure}}::hb92ee64b93ff7386
[INFO] [stdout]                                at /opt/rustwide/cargo-home/registry/src/index.crates.io-1949cf8c6b5b557f/tokio-1.38.0/src/runtime/scheduler/current_thread/mod.rs:659:25
[INFO] [stdout]   28:     0x5580cb2471da - tokio::runtime::scheduler::current_thread::Context::enter::h26374e7ca7973eef
[INFO] [stdout]                                at /opt/rustwide/cargo-home/registry/src/index.crates.io-1949cf8c6b5b557f/tokio-1.38.0/src/runtime/scheduler/current_thread/mod.rs:404:19
[INFO] [stdout]   29:     0x5580cb247d3e - tokio::runtime::scheduler::current_thread::CoreGuard::block_on::{{closure}}::h09c4343b60a69501
[INFO] [stdout]                                at /opt/rustwide/cargo-home/registry/src/index.crates.io-1949cf8c6b5b557f/tokio-1.38.0/src/runtime/scheduler/current_thread/mod.rs:658:36
[INFO] [stdout]   30:     0x5580cb247a8b - tokio::runtime::scheduler::current_thread::CoreGuard::enter::{{closure}}::he8769d9306ce30e1
[INFO] [stdout]                                at /opt/rustwide/cargo-home/registry/src/index.crates.io-1949cf8c6b5b557f/tokio-1.38.0/src/runtime/scheduler/current_thread/mod.rs:737:68
[INFO] [stdout]   31:     0x5580cb21909a - tokio::runtime::context::scoped::Scoped<T>::set::h553a2275353cd6ec
[INFO] [stdout]                                at /opt/rustwide/cargo-home/registry/src/index.crates.io-1949cf8c6b5b557f/tokio-1.38.0/src/runtime/context/scoped.rs:40:9
[INFO] [stdout]   32:     0x5580cb24608a - tokio::runtime::context::set_scheduler::{{closure}}::h9fd0458182dc3ad1
[INFO] [stdout]                                at /opt/rustwide/cargo-home/registry/src/index.crates.io-1949cf8c6b5b557f/tokio-1.38.0/src/runtime/context.rs:180:26
[INFO] [stdout]   33:     0x5580cb218ad6 - std::thread::local::LocalKey<T>::try_with::h6adefc7e6c226617
[INFO] [stdout]                                at /rustc/6067b36314ab5eb2eb47cecc464545ba58e1ad24/library/std/src/thread/local.rs:308:12
[INFO] [stdout]   34:     0x5580cb21842d - std::thread::local::LocalKey<T>::with::heed071a30c6f8183
[INFO] [stdout]                                at /rustc/6067b36314ab5eb2eb47cecc464545ba58e1ad24/library/std/src/thread/local.rs:272:9
[INFO] [stdout]   35:     0x5580cb246031 - tokio::runtime::context::set_scheduler::h67e4aa4eacf0d52f
[INFO] [stdout]                                at /opt/rustwide/cargo-home/registry/src/index.crates.io-1949cf8c6b5b557f/tokio-1.38.0/src/runtime/context.rs:180:9
[INFO] [stdout]   36:     0x5580cb2477f9 - tokio::runtime::scheduler::current_thread::CoreGuard::enter::habb8138bd060f271
[INFO] [stdout]                                at /opt/rustwide/cargo-home/registry/src/index.crates.io-1949cf8c6b5b557f/tokio-1.38.0/src/runtime/scheduler/current_thread/mod.rs:737:27
[INFO] [stdout]   37:     0x5580cb247ab3 - tokio::runtime::scheduler::current_thread::CoreGuard::block_on::h96029471c1330c2f
[INFO] [stdout]                                at /opt/rustwide/cargo-home/registry/src/index.crates.io-1949cf8c6b5b557f/tokio-1.38.0/src/runtime/scheduler/current_thread/mod.rs:646:19
[INFO] [stdout]   38:     0x5580cb246403 - tokio::runtime::scheduler::current_thread::CurrentThread::block_on::{{closure}}::h6a57b18a92fd5be2
[INFO] [stdout]                                at /opt/rustwide/cargo-home/registry/src/index.crates.io-1949cf8c6b5b557f/tokio-1.38.0/src/runtime/scheduler/current_thread/mod.rs:175:28
[INFO] [stdout]   39:     0x5580cb22f0f6 - tokio::runtime::context::runtime::enter_runtime::h369e4c4d85ad0b0c
[INFO] [stdout]                                at /opt/rustwide/cargo-home/registry/src/index.crates.io-1949cf8c6b5b557f/tokio-1.38.0/src/runtime/context/runtime.rs:65:16
[INFO] [stdout]   40:     0x5580cb246301 - tokio::runtime::scheduler::current_thread::CurrentThread::block_on::h23d0496bfc379619
[INFO] [stdout]                                at /opt/rustwide/cargo-home/registry/src/index.crates.io-1949cf8c6b5b557f/tokio-1.38.0/src/runtime/scheduler/current_thread/mod.rs:167:9
[INFO] [stdout]   41:     0x5580cb2412a9 - tokio::runtime::runtime::Runtime::block_on::h776168879565ccac
[INFO] [stdout]                                at /opt/rustwide/cargo-home/registry/src/index.crates.io-1949cf8c6b5b557f/tokio-1.38.0/src/runtime/runtime.rs:347:47
[INFO] [stdout]   42:     0x5580cb2162b2 - vacuum_reproduction::test_sqlx_with_pools::h7609210bf2fbb588
[INFO] [stdout]                                at /opt/rustwide/workdir/src/main.rs:217:5
[INFO] [stdout]   43:     0x5580cb216147 - vacuum_reproduction::test_sqlx_with_pools::{{closure}}::h6c23bfa51ec0ba35
[INFO] [stdout]                                at /opt/rustwide/workdir/src/main.rs:214:36
[INFO] [stdout]   44:     0x5580cb223816 - core::ops::function::FnOnce::call_once::h99b6bcb29550bb5b
[INFO] [stdout]                                at /rustc/6067b36314ab5eb2eb47cecc464545ba58e1ad24/library/core/src/ops/function.rs:250:5
[INFO] [stdout]   45:     0x5580cb2a846b - core::ops::function::FnOnce::call_once::he27718dfdd183f43
[INFO] [stdout]                                at /rustc/6067b36314ab5eb2eb47cecc464545ba58e1ad24/library/core/src/ops/function.rs:250:5
[INFO] [stdout]   46:     0x5580cb2a846b - test::__rust_begin_short_backtrace::h4e84902998457a5d
[INFO] [stdout]                                at /rustc/6067b36314ab5eb2eb47cecc464545ba58e1ad24/library/test/src/lib.rs:632:18
[INFO] [stdout]   47:     0x5580cb2a73a3 - test::run_test_in_process::{{closure}}::h7176fd18fc1feca0
[INFO] [stdout]                                at /rustc/6067b36314ab5eb2eb47cecc464545ba58e1ad24/library/test/src/lib.rs:655:60
[INFO] [stdout]   48:     0x5580cb2a73a3 - <core::panic::unwind_safe::AssertUnwindSafe<F> as core::ops::function::FnOnce<()>>::call_once::hf79cff2a624d8cf7
[INFO] [stdout]                                at /rustc/6067b36314ab5eb2eb47cecc464545ba58e1ad24/library/core/src/panic/unwind_safe.rs:272:9
[INFO] [stdout]   49:     0x5580cb2a73a3 - std::panicking::try::do_call::h3da0561d9ab99c25
[INFO] [stdout]                                at /rustc/6067b36314ab5eb2eb47cecc464545ba58e1ad24/library/std/src/panicking.rs:587:40
[INFO] [stdout]   50:     0x5580cb2a73a3 - std::panicking::try::h41c9fa508bc61df6
[INFO] [stdout]                                at /rustc/6067b36314ab5eb2eb47cecc464545ba58e1ad24/library/std/src/panicking.rs:550:19
[INFO] [stdout]   51:     0x5580cb2a73a3 - std::panic::catch_unwind::h6b3ff07bb5afad93
[INFO] [stdout]                                at /rustc/6067b36314ab5eb2eb47cecc464545ba58e1ad24/library/std/src/panic.rs:358:14
[INFO] [stdout]   52:     0x5580cb2a73a3 - test::run_test_in_process::hc7253dd11b39b9f4
[INFO] [stdout]                                at /rustc/6067b36314ab5eb2eb47cecc464545ba58e1ad24/library/test/src/lib.rs:655:27
[INFO] [stdout]   53:     0x5580cb2a73a3 - test::run_test::{{closure}}::hfb2007f8649c30bb
[INFO] [stdout]                                at /rustc/6067b36314ab5eb2eb47cecc464545ba58e1ad24/library/test/src/lib.rs:576:43
[INFO] [stdout]   54:     0x5580cb26a485 - test::run_test::{{closure}}::h56a17aa7a282a9f4
[INFO] [stdout]                                at /rustc/6067b36314ab5eb2eb47cecc464545ba58e1ad24/library/test/src/lib.rs:606:41
[INFO] [stdout]   55:     0x5580cb26a485 - std::sys::backtrace::__rust_begin_short_backtrace::hd2d2d2fb8e8c6aac
[INFO] [stdout]                                at /rustc/6067b36314ab5eb2eb47cecc464545ba58e1ad24/library/std/src/sys/backtrace.rs:152:18
[INFO] [stdout]   56:     0x5580cb26dd6a - std::thread::Builder::spawn_unchecked_::{{closure}}::{{closure}}::h4faa3f9db6133423
[INFO] [stdout]                                at /rustc/6067b36314ab5eb2eb47cecc464545ba58e1ad24/library/std/src/thread/mod.rs:559:17
[INFO] [stdout]   57:     0x5580cb26dd6a - <core::panic::unwind_safe::AssertUnwindSafe<F> as core::ops::function::FnOnce<()>>::call_once::hf2e855a36a4ea846
[INFO] [stdout]                                at /rustc/6067b36314ab5eb2eb47cecc464545ba58e1ad24/library/core/src/panic/unwind_safe.rs:272:9
[INFO] [stdout]   58:     0x5580cb26dd6a - std::panicking::try::do_call::h2f73af3616c35465
[INFO] [stdout]                                at /rustc/6067b36314ab5eb2eb47cecc464545ba58e1ad24/library/std/src/panicking.rs:587:40
[INFO] [stdout]   59:     0x5580cb26dd6a - std::panicking::try::hd1660ce9efadef5a
[INFO] [stdout]                                at /rustc/6067b36314ab5eb2eb47cecc464545ba58e1ad24/library/std/src/panicking.rs:550:19
[INFO] [stdout]   60:     0x5580cb26dd6a - std::panic::catch_unwind::h5ee8d7823b8ca744
[INFO] [stdout]                                at /rustc/6067b36314ab5eb2eb47cecc464545ba58e1ad24/library/std/src/panic.rs:358:14
[INFO] [stdout]   61:     0x5580cb26dd6a - std::thread::Builder::spawn_unchecked_::{{closure}}::h53c3a1894dce8407
[INFO] [stdout]                                at /rustc/6067b36314ab5eb2eb47cecc464545ba58e1ad24/library/std/src/thread/mod.rs:557:30
[INFO] [stdout]   62:     0x5580cb26dd6a - core::ops::function::FnOnce::call_once{{vtable.shim}}::h048ce291ad4f62bf
[INFO] [stdout]                                at /rustc/6067b36314ab5eb2eb47cecc464545ba58e1ad24/library/core/src/ops/function.rs:250:5
[INFO] [stdout]   63:     0x5580cb87f26b - <alloc::boxed::Box<F,A> as core::ops::function::FnOnce<Args>>::call_once::ha52bedf99a3b4981
[INFO] [stdout]                                at /rustc/6067b36314ab5eb2eb47cecc464545ba58e1ad24/library/alloc/src/boxed.rs:2013:9
[INFO] [stdout]   64:     0x5580cb87f26b - <alloc::boxed::Box<F,A> as core::ops::function::FnOnce<Args>>::call_once::h567748934d80ccf8
[INFO] [stdout]                                at /rustc/6067b36314ab5eb2eb47cecc464545ba58e1ad24/library/alloc/src/boxed.rs:2013:9
[INFO] [stdout]   65:     0x5580cb87f26b - std::sys::pal::unix::thread::Thread::new::thread_start::h2d970728ae887adc
[INFO] [stdout]                                at /rustc/6067b36314ab5eb2eb47cecc464545ba58e1ad24/library/std/src/sys/pal/unix/thread.rs:106:17
[INFO] [stdout]   66:     0x7c795200eac3 - <unknown>
[INFO] [stdout]   67:     0x7c795209fa04 - clone
[INFO] [stdout]   68:                0x0 - <unknown>
[INFO] [stdout] 
[INFO] [stdout] ---- test_sqlx_with_shared_cache_connection stdout ----
[INFO] [stdout] 2025-01-20T12:58:18.697843Z  INFO test_sqlx_with_shared_cache_connection:Running sqlx with shared cache connection: vacuum_reproduction: name="Creating connection with shared cache"
[INFO] [stdout] 2025-01-20T12:58:18.701631Z DEBUG test_sqlx_with_shared_cache_connection:Running sqlx with shared cache connection: sqlx::query: summary="PRAGMA foreign_keys = ON; …" db.statement="\n\nPRAGMA foreign_keys = ON;\n" rows_affected=0 rows_returned=0 elapsed=90.23µs elapsed_secs=9.023e-5
[INFO] [stdout] 2025-01-20T12:58:18.701799Z  INFO test_sqlx_with_shared_cache_connection:Running sqlx with shared cache connection: vacuum_reproduction: name="Creating table and inserting data" CREATE_TABLE="\n  create table test (id integer primary key, name text);\n  insert into test (name) values ('hello');\n  insert into test (name) values ('world');\n"
[INFO] [stdout] 2025-01-20T12:58:18.708371Z DEBUG test_sqlx_with_shared_cache_connection:Running sqlx with shared cache connection: sqlx::query: summary="create table test (id …" db.statement="\n\ncreate table test (id integer primary key, name text);\ninsert into\n  test (name)\nvalues\n  ('hello');\ninsert into\n  test (name)\nvalues\n  ('world');\n" rows_affected=2 rows_returned=0 elapsed=374.85µs elapsed_secs=0.00037485
[INFO] [stdout] 2025-01-20T12:58:18.708731Z  INFO test_sqlx_with_shared_cache_connection:Running sqlx with shared cache connection: vacuum_reproduction: name="Selecting all data from memory table" SELECT_ALL="select * from test"
[INFO] [stdout] 2025-01-20T12:58:18.708926Z DEBUG test_sqlx_with_shared_cache_connection:Running sqlx with shared cache connection: sqlx::query: summary="select * from test" db.statement="" rows_affected=1 rows_returned=2 elapsed=86.03µs elapsed_secs=8.603e-5
[INFO] [stdout] [src/main.rs:28:5] format!("vacuum into '{db_str}'") = "vacuum into '/tmp/.tmpGibvxd'"
[INFO] [stdout] 2025-01-20T12:58:18.709089Z  INFO test_sqlx_with_shared_cache_connection:Running sqlx with shared cache connection: vacuum_reproduction: name="Vacuuming into new db" path="/tmp/.tmpGibvxd"
[INFO] [stdout] 2025-01-20T12:58:18.709581Z DEBUG test_sqlx_with_shared_cache_connection:Running sqlx with shared cache connection: sqlx::query: summary="vacuum into '/tmp/.tmpGibvxd'" db.statement="" rows_affected=1 rows_returned=0 elapsed=384.38µs elapsed_secs=0.00038438
[INFO] [stdout] 2025-01-20T12:58:18.709667Z  INFO test_sqlx_with_shared_cache_connection:Running sqlx with shared cache connection: vacuum_reproduction: name="Dropping connection"
[INFO] [stdout] 2025-01-20T12:58:18.709704Z  INFO test_sqlx_with_shared_cache_connection:Running sqlx with shared cache connection: vacuum_reproduction: name="Checking if new db exists"
[INFO] [stdout] 2025-01-20T12:58:18.711361Z DEBUG test_sqlx_with_shared_cache_connection:Running sqlx with shared cache connection: sqlx::query: summary="PRAGMA foreign_keys = ON; …" db.statement="\n\nPRAGMA foreign_keys = ON;\n" rows_affected=0 rows_returned=0 elapsed=87.13µs elapsed_secs=8.713e-5
[INFO] [stdout] 2025-01-20T12:58:18.711609Z  INFO test_sqlx_with_shared_cache_connection:Running sqlx with shared cache connection: vacuum_reproduction: name="Checking if tables exist"
[INFO] [stdout] 2025-01-20T12:58:18.712921Z DEBUG test_sqlx_with_shared_cache_connection:Running sqlx with shared cache connection: sqlx::query: summary="SELECT name FROM sqlite_master …" db.statement="\n\nSELECT\n  name\nFROM\n  sqlite_master\nWHERE\n  type = 'table'\n" rows_affected=0 rows_returned=0 elapsed=313.39µs elapsed_secs=0.00031339
[INFO] [stdout] [src/main.rs:66:18] sqlx::query_as::<_,
[INFO] [stdout] Table>("SELECT name FROM sqlite_master WHERE type='table'").fetch_all(&pool).await? = []
[INFO] [stdout] 2025-01-20T12:58:18.713049Z  INFO test_sqlx_with_shared_cache_connection:Running sqlx with shared cache connection: vacuum_reproduction: name="Current tables" tables=[]
[INFO] [stdout] 
[INFO] [stdout] thread 'test_sqlx_with_shared_cache_connection' panicked at src/main.rs:74:5:
[INFO] [stdout] No tables found in new db
[INFO] [stdout] stack backtrace:
[INFO] [stdout]    0:     0x5580cb87901a - std::backtrace_rs::backtrace::libunwind::trace::hb059275cfc8d6126
[INFO] [stdout]                                at /rustc/6067b36314ab5eb2eb47cecc464545ba58e1ad24/library/std/src/../../backtrace/src/backtrace/libunwind.rs:116:5
[INFO] [stdout]    1:     0x5580cb87901a - std::backtrace_rs::backtrace::trace_unsynchronized::h2da071e4327ce3ee
[INFO] [stdout]                                at /rustc/6067b36314ab5eb2eb47cecc464545ba58e1ad24/library/std/src/../../backtrace/src/backtrace/mod.rs:66:5
[INFO] [stdout]    2:     0x5580cb87901a - std::sys::backtrace::_print_fmt::h842a1474e6f8d23f
[INFO] [stdout]                                at /rustc/6067b36314ab5eb2eb47cecc464545ba58e1ad24/library/std/src/sys/backtrace.rs:66:9
[INFO] [stdout]    3:     0x5580cb87901a - <std::sys::backtrace::BacktraceLock::print::DisplayBacktrace as core::fmt::Display>::fmt::h71a62eb3b9696b12
[INFO] [stdout]                                at /rustc/6067b36314ab5eb2eb47cecc464545ba58e1ad24/library/std/src/sys/backtrace.rs:39:26
[INFO] [stdout]    4:     0x5580cb8a4313 - core::fmt::rt::Argument::fmt::hdb6b616786b41dc1
[INFO] [stdout]                                at /rustc/6067b36314ab5eb2eb47cecc464545ba58e1ad24/library/core/src/fmt/rt.rs:177:76
[INFO] [stdout]    5:     0x5580cb8a4313 - core::fmt::write::h2cc1698af7e2d686
[INFO] [stdout]                                at /rustc/6067b36314ab5eb2eb47cecc464545ba58e1ad24/library/core/src/fmt/mod.rs:1440:21
[INFO] [stdout]    6:     0x5580cb875533 - std::io::Write::write_fmt::hab1b4cd059a79022
[INFO] [stdout]                                at /rustc/6067b36314ab5eb2eb47cecc464545ba58e1ad24/library/std/src/io/mod.rs:1887:15
[INFO] [stdout]    7:     0x5580cb878e62 - std::sys::backtrace::BacktraceLock::print::h147fe35b4ea13b08
[INFO] [stdout]                                at /rustc/6067b36314ab5eb2eb47cecc464545ba58e1ad24/library/std/src/sys/backtrace.rs:42:9
[INFO] [stdout]    8:     0x5580cb87a43f - std::panicking::default_hook::{{closure}}::hbd44223dbdc0d208
[INFO] [stdout]                                at /rustc/6067b36314ab5eb2eb47cecc464545ba58e1ad24/library/std/src/panicking.rs:298:22
[INFO] [stdout]    9:     0x5580cb87a258 - std::panicking::default_hook::h20f81eb0576efcec
[INFO] [stdout]                                at /rustc/6067b36314ab5eb2eb47cecc464545ba58e1ad24/library/std/src/panicking.rs:322:9
[INFO] [stdout]   10:     0x5580cb2a2d13 - <alloc::boxed::Box<F,A> as core::ops::function::Fn<Args>>::call::hdb53814c496a4d34
[INFO] [stdout]                                at /rustc/6067b36314ab5eb2eb47cecc464545ba58e1ad24/library/alloc/src/boxed.rs:2027:9
[INFO] [stdout]   11:     0x5580cb2a2d13 - test::test_main::{{closure}}::hc0a4963c59427c24
[INFO] [stdout]                                at /rustc/6067b36314ab5eb2eb47cecc464545ba58e1ad24/library/test/src/lib.rs:134:21
[INFO] [stdout]   12:     0x5580cb87af33 - <alloc::boxed::Box<F,A> as core::ops::function::Fn<Args>>::call::h591b2225413a77e9
[INFO] [stdout]                                at /rustc/6067b36314ab5eb2eb47cecc464545ba58e1ad24/library/alloc/src/boxed.rs:2027:9
[INFO] [stdout]   13:     0x5580cb87af33 - std::panicking::rust_panic_with_hook::h625eea43051b2edc
[INFO] [stdout]                                at /rustc/6067b36314ab5eb2eb47cecc464545ba58e1ad24/library/std/src/panicking.rs:839:13
[INFO] [stdout]   14:     0x5580cb87abb6 - std::panicking::begin_panic_handler::{{closure}}::h4f9159cfbc3f6bd3
[INFO] [stdout]                                at /rustc/6067b36314ab5eb2eb47cecc464545ba58e1ad24/library/std/src/panicking.rs:697:13
[INFO] [stdout]   15:     0x5580cb879519 - std::sys::backtrace::__rust_end_short_backtrace::h0390abce48353151
[INFO] [stdout]                                at /rustc/6067b36314ab5eb2eb47cecc464545ba58e1ad24/library/std/src/sys/backtrace.rs:168:18
[INFO] [stdout]   16:     0x5580cb87a87d - rust_begin_unwind
[INFO] [stdout]                                at /rustc/6067b36314ab5eb2eb47cecc464545ba58e1ad24/library/std/src/panicking.rs:695:5
[INFO] [stdout]   17:     0x5580cb8a2000 - core::panicking::panic_fmt::h9e7c637e9e5f29c9
[INFO] [stdout]                                at /rustc/6067b36314ab5eb2eb47cecc464545ba58e1ad24/library/core/src/panicking.rs:75:14
[INFO] [stdout]   18:     0x5580cb1ffd7a - vacuum_reproduction::sqlx_with_shared_cache_connection::{{closure}}::{{closure}}::h297b8f626dd1213d
[INFO] [stdout]                                at /opt/rustwide/workdir/src/main.rs:74:5
[INFO] [stdout]   19:     0x5580cb252b56 - <tracing::instrument::Instrumented<T> as core::future::future::Future>::poll::hf2ea79c3429d79ac
[INFO] [stdout]                                at /opt/rustwide/cargo-home/registry/src/index.crates.io-1949cf8c6b5b557f/tracing-0.1.40/src/instrument.rs:321:9
[INFO] [stdout]   20:     0x5580cb1f8f86 - vacuum_reproduction::sqlx_with_shared_cache_connection::{{closure}}::hdd74b616e4ea3e12
[INFO] [stdout]                                at /opt/rustwide/workdir/src/main.rs:31:1
[INFO] [stdout]   21:     0x5580cb217bf2 - vacuum_reproduction::test_sqlx_with_shared_cache_connection::{{closure}}::hdced3b6b0603d491
[INFO] [stdout]                                at /opt/rustwide/workdir/src/main.rs:223:41
[INFO] [stdout]   22:     0x5580cb24fad5 - <core::pin::Pin<P> as core::future::future::Future>::poll::h0beb77d49f8628ca
[INFO] [stdout]                                at /rustc/6067b36314ab5eb2eb47cecc464545ba58e1ad24/library/core/src/future/future.rs:124:9
[INFO] [stdout]   23:     0x5580cb24fb0d - <core::pin::Pin<P> as core::future::future::Future>::poll::h9f8f180431c22fb8
[INFO] [stdout]                                at /rustc/6067b36314ab5eb2eb47cecc464545ba58e1ad24/library/core/src/future/future.rs:124:9
[INFO] [stdout]   24:     0x5580cb24862f - tokio::runtime::scheduler::current_thread::CoreGuard::block_on::{{closure}}::{{closure}}::{{closure}}::h707d64c82a98f3e3
[INFO] [stdout]                                at /opt/rustwide/cargo-home/registry/src/index.crates.io-1949cf8c6b5b557f/tokio-1.38.0/src/runtime/scheduler/current_thread/mod.rs:659:57
[INFO] [stdout]   25:     0x5580cb248566 - tokio::runtime::coop::with_budget::h5b05a18044892f67
[INFO] [stdout]                                at /opt/rustwide/cargo-home/registry/src/index.crates.io-1949cf8c6b5b557f/tokio-1.38.0/src/runtime/coop.rs:107:5
[INFO] [stdout]   26:     0x5580cb248566 - tokio::runtime::coop::budget::h310912500718d896
[INFO] [stdout]                                at /opt/rustwide/cargo-home/registry/src/index.crates.io-1949cf8c6b5b557f/tokio-1.38.0/src/runtime/coop.rs:73:5
[INFO] [stdout]   27:     0x5580cb248566 - tokio::runtime::scheduler::current_thread::CoreGuard::block_on::{{closure}}::{{closure}}::hb92ee64b93ff7386
[INFO] [stdout]                                at /opt/rustwide/cargo-home/registry/src/index.crates.io-1949cf8c6b5b557f/tokio-1.38.0/src/runtime/scheduler/current_thread/mod.rs:659:25
[INFO] [stdout]   28:     0x5580cb2471da - tokio::runtime::scheduler::current_thread::Context::enter::h26374e7ca7973eef
[INFO] [stdout]                                at /opt/rustwide/cargo-home/registry/src/index.crates.io-1949cf8c6b5b557f/tokio-1.38.0/src/runtime/scheduler/current_thread/mod.rs:404:19
[INFO] [stdout]   29:     0x5580cb247d3e - tokio::runtime::scheduler::current_thread::CoreGuard::block_on::{{closure}}::h09c4343b60a69501
[INFO] [stdout]                                at /opt/rustwide/cargo-home/registry/src/index.crates.io-1949cf8c6b5b557f/tokio-1.38.0/src/runtime/scheduler/current_thread/mod.rs:658:36
[INFO] [stdout]   30:     0x5580cb247a8b - tokio::runtime::scheduler::current_thread::CoreGuard::enter::{{closure}}::he8769d9306ce30e1
[INFO] [stdout]                                at /opt/rustwide/cargo-home/registry/src/index.crates.io-1949cf8c6b5b557f/tokio-1.38.0/src/runtime/scheduler/current_thread/mod.rs:737:68
[INFO] [stdout]   31:     0x5580cb21909a - tokio::runtime::context::scoped::Scoped<T>::set::h553a2275353cd6ec
[INFO] [stdout]                                at /opt/rustwide/cargo-home/registry/src/index.crates.io-1949cf8c6b5b557f/tokio-1.38.0/src/runtime/context/scoped.rs:40:9
[INFO] [stdout]   32:     0x5580cb24608a - tokio::runtime::context::set_scheduler::{{closure}}::h9fd0458182dc3ad1
[INFO] [stdout]                                at /opt/rustwide/cargo-home/registry/src/index.crates.io-1949cf8c6b5b557f/tokio-1.38.0/src/runtime/context.rs:180:26
[INFO] [stdout]   33:     0x5580cb218ad6 - std::thread::local::LocalKey<T>::try_with::h6adefc7e6c226617
[INFO] [stdout]                                at /rustc/6067b36314ab5eb2eb47cecc464545ba58e1ad24/library/std/src/thread/local.rs:308:12
[INFO] [stdout]   34:     0x5580cb21842d - std::thread::local::LocalKey<T>::with::heed071a30c6f8183
[INFO] [stdout]                                at /rustc/6067b36314ab5eb2eb47cecc464545ba58e1ad24/library/std/src/thread/local.rs:272:9
[INFO] [stdout]   35:     0x5580cb246031 - tokio::runtime::context::set_scheduler::h67e4aa4eacf0d52f
[INFO] [stdout]                                at /opt/rustwide/cargo-home/registry/src/index.crates.io-1949cf8c6b5b557f/tokio-1.38.0/src/runtime/context.rs:180:9
[INFO] [stdout]   36:     0x5580cb2477f9 - tokio::runtime::scheduler::current_thread::CoreGuard::enter::habb8138bd060f271
[INFO] [stdout]                                at /opt/rustwide/cargo-home/registry/src/index.crates.io-1949cf8c6b5b557f/tokio-1.38.0/src/runtime/scheduler/current_thread/mod.rs:737:27
[INFO] [stdout]   37:     0x5580cb247ab3 - tokio::runtime::scheduler::current_thread::CoreGuard::block_on::h96029471c1330c2f
[INFO] [stdout]                                at /opt/rustwide/cargo-home/registry/src/index.crates.io-1949cf8c6b5b557f/tokio-1.38.0/src/runtime/scheduler/current_thread/mod.rs:646:19
[INFO] [stdout]   38:     0x5580cb246403 - tokio::runtime::scheduler::current_thread::CurrentThread::block_on::{{closure}}::h6a57b18a92fd5be2
[INFO] [stdout]                                at /opt/rustwide/cargo-home/registry/src/index.crates.io-1949cf8c6b5b557f/tokio-1.38.0/src/runtime/scheduler/current_thread/mod.rs:175:28
[INFO] [stdout]   39:     0x5580cb22f0f6 - tokio::runtime::context::runtime::enter_runtime::h369e4c4d85ad0b0c
[INFO] [stdout]                                at /opt/rustwide/cargo-home/registry/src/index.crates.io-1949cf8c6b5b557f/tokio-1.38.0/src/runtime/context/runtime.rs:65:16
[INFO] [stdout]   40:     0x5580cb246301 - tokio::runtime::scheduler::current_thread::CurrentThread::block_on::h23d0496bfc379619
[INFO] [stdout]                                at /opt/rustwide/cargo-home/registry/src/index.crates.io-1949cf8c6b5b557f/tokio-1.38.0/src/runtime/scheduler/current_thread/mod.rs:167:9
[INFO] [stdout]   41:     0x5580cb2412a9 - tokio::runtime::runtime::Runtime::block_on::h776168879565ccac
[INFO] [stdout]                                at /opt/rustwide/cargo-home/registry/src/index.crates.io-1949cf8c6b5b557f/tokio-1.38.0/src/runtime/runtime.rs:347:47
[INFO] [stdout]   42:     0x5580cb217172 - vacuum_reproduction::test_sqlx_with_shared_cache_connection::h057f7f181fd524cb
[INFO] [stdout]                                at /opt/rustwide/workdir/src/main.rs:225:5
[INFO] [stdout]   43:     0x5580cb217007 - vacuum_reproduction::test_sqlx_with_shared_cache_connection::{{closure}}::h1dca831bd08ad43d
[INFO] [stdout]                                at /opt/rustwide/workdir/src/main.rs:222:54
[INFO] [stdout]   44:     0x5580cb223716 - core::ops::function::FnOnce::call_once::h5ca1ef91f0743555
[INFO] [stdout]                                at /rustc/6067b36314ab5eb2eb47cecc464545ba58e1ad24/library/core/src/ops/function.rs:250:5
[INFO] [stdout]   45:     0x5580cb2a846b - core::ops::function::FnOnce::call_once::he27718dfdd183f43
[INFO] [stdout]                                at /rustc/6067b36314ab5eb2eb47cecc464545ba58e1ad24/library/core/src/ops/function.rs:250:5
[INFO] [stdout]   46:     0x5580cb2a846b - test::__rust_begin_short_backtrace::h4e84902998457a5d
[INFO] [stdout]                                at /rustc/6067b36314ab5eb2eb47cecc464545ba58e1ad24/library/test/src/lib.rs:632:18
[INFO] [stdout]   47:     0x5580cb2a73a3 - test::run_test_in_process::{{closure}}::h7176fd18fc1feca0
[INFO] [stdout]                                at /rustc/6067b36314ab5eb2eb47cecc464545ba58e1ad24/library/test/src/lib.rs:655:60
[INFO] [stdout]   48:     0x5580cb2a73a3 - <core::panic::unwind_safe::AssertUnwindSafe<F> as core::ops::function::FnOnce<()>>::call_once::hf79cff2a624d8cf7
[INFO] [stdout]                                at /rustc/6067b36314ab5eb2eb47cecc464545ba58e1ad24/library/core/src/panic/unwind_safe.rs:272:9
[INFO] [stdout]   49:     0x5580cb2a73a3 - std::panicking::try::do_call::h3da0561d9ab99c25
[INFO] [stdout]                                at /rustc/6067b36314ab5eb2eb47cecc464545ba58e1ad24/library/std/src/panicking.rs:587:40
[INFO] [stdout]   50:     0x5580cb2a73a3 - std::panicking::try::h41c9fa508bc61df6
[INFO] [stdout]                                at /rustc/6067b36314ab5eb2eb47cecc464545ba58e1ad24/library/std/src/panicking.rs:550:19
[INFO] [stdout]   51:     0x5580cb2a73a3 - std::panic::catch_unwind::h6b3ff07bb5afad93
[INFO] [stdout]                                at /rustc/6067b36314ab5eb2eb47cecc464545ba58e1ad24/library/std/src/panic.rs:358:14
[INFO] [stdout]   52:     0x5580cb2a73a3 - test::run_test_in_process::hc7253dd11b39b9f4
[INFO] [stdout]                                at /rustc/6067b36314ab5eb2eb47cecc464545ba58e1ad24/library/test/src/lib.rs:655:27
[INFO] [stdout]   53:     0x5580cb2a73a3 - test::run_test::{{closure}}::hfb2007f8649c30bb
[INFO] [stdout]                                at /rustc/6067b36314ab5eb2eb47cecc464545ba58e1ad24/library/test/src/lib.rs:576:43
[INFO] [stdout]   54:     0x5580cb26a485 - test::run_test::{{closure}}::h56a17aa7a282a9f4
[INFO] [stdout]                                at /rustc/6067b36314ab5eb2eb47cecc464545ba58e1ad24/library/test/src/lib.rs:606:41
[INFO] [stdout]   55:     0x5580cb26a485 - std::sys::backtrace::__rust_begin_short_backtrace::hd2d2d2fb8e8c6aac
[INFO] [stdout]                                at /rustc/6067b36314ab5eb2eb47cecc464545ba58e1ad24/library/std/src/sys/backtrace.rs:152:18
[INFO] [stdout]   56:     0x5580cb26dd6a - std::thread::Builder::spawn_unchecked_::{{closure}}::{{closure}}::h4faa3f9db6133423
[INFO] [stdout]                                at /rustc/6067b36314ab5eb2eb47cecc464545ba58e1ad24/library/std/src/thread/mod.rs:559:17
[INFO] [stdout]   57:     0x5580cb26dd6a - <core::panic::unwind_safe::AssertUnwindSafe<F> as core::ops::function::FnOnce<()>>::call_once::hf2e855a36a4ea846
[INFO] [stdout]                                at /rustc/6067b36314ab5eb2eb47cecc464545ba58e1ad24/library/core/src/panic/unwind_safe.rs:272:9
[INFO] [stdout]   58:     0x5580cb26dd6a - std::panicking::try::do_call::h2f73af3616c35465
[INFO] [stdout]                                at /rustc/6067b36314ab5eb2eb47cecc464545ba58e1ad24/library/std/src/panicking.rs:587:40
[INFO] [stdout]   59:     0x5580cb26dd6a - std::panicking::try::hd1660ce9efadef5a
[INFO] [stdout]                                at /rustc/6067b36314ab5eb2eb47cecc464545ba58e1ad24/library/std/src/panicking.rs:550:19
[INFO] [stdout]   60:     0x5580cb26dd6a - std::panic::catch_unwind::h5ee8d7823b8ca744
[INFO] [stdout]                                at /rustc/6067b36314ab5eb2eb47cecc464545ba58e1ad24/library/std/src/panic.rs:358:14
[INFO] [stdout]   61:     0x5580cb26dd6a - std::thread::Builder::spawn_unchecked_::{{closure}}::h53c3a1894dce8407
[INFO] [stdout]                                at /rustc/6067b36314ab5eb2eb47cecc464545ba58e1ad24/library/std/src/thread/mod.rs:557:30
[INFO] [stdout]   62:     0x5580cb26dd6a - core::ops::function::FnOnce::call_once{{vtable.shim}}::h048ce291ad4f62bf
[INFO] [stdout]                                at /rustc/6067b36314ab5eb2eb47cecc464545ba58e1ad24/library/core/src/ops/function.rs:250:5
[INFO] [stdout]   63:     0x5580cb87f26b - <alloc::boxed::Box<F,A> as core::ops::function::FnOnce<Args>>::call_once::ha52bedf99a3b4981
[INFO] [stdout]                                at /rustc/6067b36314ab5eb2eb47cecc464545ba58e1ad24/library/alloc/src/boxed.rs:2013:9
[INFO] [stdout]   64:     0x5580cb87f26b - <alloc::boxed::Box<F,A> as core::ops::function::FnOnce<Args>>::call_once::h567748934d80ccf8
[INFO] [stdout]                                at /rustc/6067b36314ab5eb2eb47cecc464545ba58e1ad24/library/alloc/src/boxed.rs:2013:9
[INFO] [stdout]   65:     0x5580cb87f26b - std::sys::pal::unix::thread::Thread::new::thread_start::h2d970728ae887adc
[INFO] [stdout]                                at /rustc/6067b36314ab5eb2eb47cecc464545ba58e1ad24/library/std/src/sys/pal/unix/thread.rs:106:17
[INFO] [stdout]   66:     0x7c795200eac3 - <unknown>
[INFO] [stdout]   67:     0x7c795209fa04 - clone
[INFO] [stdout]   68:                0x0 - <unknown>
[INFO] [stdout] 
[INFO] [stdout] 
[INFO] [stdout] failures:
[INFO] [stdout]     test_sqlx_with_pools
[INFO] [stdout]     test_sqlx_with_shared_cache_connection
[INFO] [stdout] 
[INFO] [stdout] test result: FAILED. 1 passed; 2 failed; 0 ignored; 0 measured; 0 filtered out; finished in 0.09s
[INFO] [stdout] 
[INFO] [stderr] error: test failed, to rerun pass `--bin vacuum-reproduction`
[INFO] running `Command { std: "docker" "inspect" "4c0d25e58dc3efbe2606fec1aa1ee770c7aabdc241384995cb6d15727081b0c4", kill_on_drop: false }`
[INFO] running `Command { std: "docker" "rm" "-f" "4c0d25e58dc3efbe2606fec1aa1ee770c7aabdc241384995cb6d15727081b0c4", kill_on_drop: false }`
[INFO] [stdout] 4c0d25e58dc3efbe2606fec1aa1ee770c7aabdc241384995cb6d15727081b0c4
