[INFO] cloning repository https://github.com/eqrion/cbindgen
[INFO] running `Command { std: "git" "-c" "credential.helper=" "-c" "credential.helper=/workspace/cargo-home/bin/git-credential-null" "clone" "--bare" "https://github.com/eqrion/cbindgen" "/workspace/cache/git-repos/https%3A%2F%2Fgithub.com%2Feqrion%2Fcbindgen", kill_on_drop: false }`
[INFO] [stderr] Cloning into bare repository '/workspace/cache/git-repos/https%3A%2F%2Fgithub.com%2Feqrion%2Fcbindgen'...
[INFO] running `Command { std: "git" "rev-parse" "HEAD", kill_on_drop: false }`
[INFO] [stdout] bd78bbe59b10eda6ef1255e4acda95c56c6d0279
[INFO] testing eqrion/cbindgen against nightly-2025-01-18 for randomize-layout-2
[INFO] running `Command { std: "git" "clone" "/workspace/cache/git-repos/https%3A%2F%2Fgithub.com%2Feqrion%2Fcbindgen" "/workspace/builds/worker-6-tc1/source", kill_on_drop: false }`
[INFO] [stderr] Cloning into '/workspace/builds/worker-6-tc1/source'...
[INFO] [stderr] done.
[INFO] validating manifest of git repo https://github.com/eqrion/cbindgen on toolchain nightly-2025-01-18
[INFO] running `Command { std: CARGO_HOME="/workspace/cargo-home" RUSTUP_HOME="/workspace/rustup-home" "/workspace/cargo-home/bin/cargo" "+nightly-2025-01-18" "metadata" "--manifest-path" "Cargo.toml" "--no-deps", kill_on_drop: false }`
[INFO] removed /workspace/builds/worker-6-tc1/source/rust-toolchain.toml
[INFO] started tweaking git repo https://github.com/eqrion/cbindgen
[INFO] finished tweaking git repo https://github.com/eqrion/cbindgen
[INFO] tweaked toml for git repo https://github.com/eqrion/cbindgen written to /workspace/builds/worker-6-tc1/source/Cargo.toml
[INFO] crate git repo https://github.com/eqrion/cbindgen already has a lockfile, it will not be regenerated
[INFO] running `Command { std: CARGO_HOME="/workspace/cargo-home" RUSTUP_HOME="/workspace/rustup-home" "/workspace/cargo-home/bin/cargo" "+nightly-2025-01-18" "fetch" "--manifest-path" "Cargo.toml", kill_on_drop: false }`
[INFO] [stderr]  Downloading crates ...
[INFO] [stderr]   Downloaded serial_test v2.0.0
[INFO] [stderr]   Downloaded serial_test_derive v2.0.0
[INFO] running `Command { std: "docker" "create" "-v" "/var/lib/crater-agent-workspace/builds/worker-6-tc1/target:/opt/rustwide/target:rw,Z" "-v" "/var/lib/crater-agent-workspace/builds/worker-6-tc1/source:/opt/rustwide/workdir:ro,Z" "-v" "/var/lib/crater-agent-workspace/cargo-home:/opt/rustwide/cargo-home:ro,Z" "-v" "/var/lib/crater-agent-workspace/rustup-home:/opt/rustwide/rustup-home:ro,Z" "-e" "SOURCE_DIR=/opt/rustwide/workdir" "-e" "CARGO_TARGET_DIR=/opt/rustwide/target" "-e" "CARGO_HOME=/opt/rustwide/cargo-home" "-e" "RUSTUP_HOME=/opt/rustwide/rustup-home" "-w" "/opt/rustwide/workdir" "-m" "1610612736" "--user" "0:0" "--network" "none" "ghcr.io/rust-lang/crates-build-env/linux@sha256:819108c5571ea2e421544af4d832f968d213c87fbe3707a016657f43d2f853bc" "/opt/rustwide/cargo-home/bin/cargo" "+nightly-2025-01-18" "metadata" "--no-deps" "--format-version=1", kill_on_drop: false }`
[INFO] [stdout] 60eab8934c9c55190a2384e62099df9ed5e4c69655719f8cf10d275d7e22748f
[INFO] running `Command { std: "docker" "start" "-a" "60eab8934c9c55190a2384e62099df9ed5e4c69655719f8cf10d275d7e22748f", kill_on_drop: false }`
[INFO] running `Command { std: "docker" "inspect" "60eab8934c9c55190a2384e62099df9ed5e4c69655719f8cf10d275d7e22748f", kill_on_drop: false }`
[INFO] running `Command { std: "docker" "rm" "-f" "60eab8934c9c55190a2384e62099df9ed5e4c69655719f8cf10d275d7e22748f", kill_on_drop: false }`
[INFO] [stdout] 60eab8934c9c55190a2384e62099df9ed5e4c69655719f8cf10d275d7e22748f
[INFO] running `Command { std: "docker" "create" "-v" "/var/lib/crater-agent-workspace/builds/worker-6-tc1/target:/opt/rustwide/target:rw,Z" "-v" "/var/lib/crater-agent-workspace/builds/worker-6-tc1/source:/opt/rustwide/workdir:ro,Z" "-v" "/var/lib/crater-agent-workspace/cargo-home:/opt/rustwide/cargo-home:ro,Z" "-v" "/var/lib/crater-agent-workspace/rustup-home:/opt/rustwide/rustup-home:ro,Z" "-e" "SOURCE_DIR=/opt/rustwide/workdir" "-e" "CARGO_TARGET_DIR=/opt/rustwide/target" "-e" "CARGO_INCREMENTAL=0" "-e" "RUST_BACKTRACE=full" "-e" "RUSTFLAGS=--cap-lints=forbid" "-e" "RUSTDOCFLAGS=--cap-lints=forbid" "-e" "CARGO_HOME=/opt/rustwide/cargo-home" "-e" "RUSTUP_HOME=/opt/rustwide/rustup-home" "-w" "/opt/rustwide/workdir" "-m" "1610612736" "--user" "0:0" "--network" "none" "ghcr.io/rust-lang/crates-build-env/linux@sha256:819108c5571ea2e421544af4d832f968d213c87fbe3707a016657f43d2f853bc" "/opt/rustwide/cargo-home/bin/cargo" "+nightly-2025-01-18" "build" "--frozen" "--message-format=json", kill_on_drop: false }`
[INFO] [stdout] 40ff91533570cb975d768066c6561df0883f1f80a3f492212fa4933ad0945ce8
[INFO] running `Command { std: "docker" "start" "-a" "40ff91533570cb975d768066c6561df0883f1f80a3f492212fa4933ad0945ce8", kill_on_drop: false }`
[INFO] [stderr]    Compiling proc-macro2 v1.0.86
[INFO] [stderr]    Compiling unicode-ident v1.0.12
[INFO] [stderr]    Compiling serde v1.0.205
[INFO] [stderr]    Compiling utf8parse v0.2.2
[INFO] [stderr]    Compiling is_terminal_polyfill v1.70.1
[INFO] [stderr]    Compiling equivalent v1.0.1
[INFO] [stderr]    Compiling anstyle-query v1.1.1
[INFO] [stderr]    Compiling hashbrown v0.14.5
[INFO] [stderr]    Compiling anstyle-parse v0.2.5
[INFO] [stderr]    Compiling colorchoice v1.0.2
[INFO] [stderr]    Compiling anstyle v1.0.8
[INFO] [stderr]    Compiling rustix v0.38.34
[INFO] [stderr]    Compiling winnow v0.6.18
[INFO] [stderr]    Compiling strsim v0.11.1
[INFO] [stderr]    Compiling serde_json v1.0.122
[INFO] [stderr]    Compiling linux-raw-sys v0.4.14
[INFO] [stderr]    Compiling anstream v0.6.15
[INFO] [stderr]    Compiling clap_lex v0.7.2
[INFO] [stderr]    Compiling bitflags v2.6.0
[INFO] [stderr]    Compiling clap_builder v4.5.15
[INFO] [stderr]    Compiling ryu v1.0.18
[INFO] [stderr]    Compiling itoa v1.0.11
[INFO] [stderr]    Compiling cbindgen v0.28.0 (/opt/rustwide/workdir)
[INFO] [stderr]    Compiling once_cell v1.19.0
[INFO] [stderr]    Compiling indexmap v2.3.0
[INFO] [stderr]    Compiling fastrand v2.1.0
[INFO] [stderr]    Compiling quote v1.0.36
[INFO] [stderr]    Compiling heck v0.4.1
[INFO] [stderr]    Compiling syn v2.0.85
[INFO] [stderr]    Compiling log v0.4.22
[INFO] [stderr]    Compiling clap v4.5.15
[INFO] [stderr]    Compiling tempfile v3.12.0
[INFO] [stderr]    Compiling serde_derive v1.0.205
[INFO] [stderr]    Compiling toml_datetime v0.6.8
[INFO] [stderr]    Compiling serde_spanned v0.6.7
[INFO] [stderr]    Compiling toml_edit v0.22.20
[INFO] [stderr]    Compiling toml v0.8.19
[INFO] [stderr]     Finished `dev` profile [unoptimized + debuginfo] target(s) in 1m 02s
[INFO] running `Command { std: "docker" "inspect" "40ff91533570cb975d768066c6561df0883f1f80a3f492212fa4933ad0945ce8", kill_on_drop: false }`
[INFO] running `Command { std: "docker" "rm" "-f" "40ff91533570cb975d768066c6561df0883f1f80a3f492212fa4933ad0945ce8", kill_on_drop: false }`
[INFO] [stdout] 40ff91533570cb975d768066c6561df0883f1f80a3f492212fa4933ad0945ce8
[INFO] running `Command { std: "docker" "create" "-v" "/var/lib/crater-agent-workspace/builds/worker-6-tc1/target:/opt/rustwide/target:rw,Z" "-v" "/var/lib/crater-agent-workspace/builds/worker-6-tc1/source:/opt/rustwide/workdir:ro,Z" "-v" "/var/lib/crater-agent-workspace/cargo-home:/opt/rustwide/cargo-home:ro,Z" "-v" "/var/lib/crater-agent-workspace/rustup-home:/opt/rustwide/rustup-home:ro,Z" "-e" "SOURCE_DIR=/opt/rustwide/workdir" "-e" "CARGO_TARGET_DIR=/opt/rustwide/target" "-e" "CARGO_INCREMENTAL=0" "-e" "RUST_BACKTRACE=full" "-e" "RUSTFLAGS=--cap-lints=forbid" "-e" "RUSTDOCFLAGS=--cap-lints=forbid" "-e" "CARGO_HOME=/opt/rustwide/cargo-home" "-e" "RUSTUP_HOME=/opt/rustwide/rustup-home" "-w" "/opt/rustwide/workdir" "-m" "1610612736" "--user" "0:0" "--network" "none" "ghcr.io/rust-lang/crates-build-env/linux@sha256:819108c5571ea2e421544af4d832f968d213c87fbe3707a016657f43d2f853bc" "/opt/rustwide/cargo-home/bin/cargo" "+nightly-2025-01-18" "test" "--frozen" "--no-run" "--message-format=json", kill_on_drop: false }`
[INFO] [stdout] 29bf712f2fe0143a6a8ecb6359cd84968a1d9b77c972087777f7f2efb1b2e508
[INFO] running `Command { std: "docker" "start" "-a" "29bf712f2fe0143a6a8ecb6359cd84968a1d9b77c972087777f7f2efb1b2e508", kill_on_drop: false }`
[INFO] [stderr]    Compiling libc v0.2.155
[INFO] [stderr]    Compiling autocfg v1.3.0
[INFO] [stderr]    Compiling parking_lot_core v0.9.10
[INFO] [stderr]    Compiling smallvec v1.13.2
[INFO] [stderr]    Compiling serial_test_derive v2.0.0
[INFO] [stderr]    Compiling diff v0.1.13
[INFO] [stderr]    Compiling yansi v0.5.1
[INFO] [stderr]    Compiling lazy_static v1.5.0
[INFO] [stderr]    Compiling pretty_assertions v1.4.0
[INFO] [stderr]    Compiling lock_api v0.4.12
[INFO] [stderr]    Compiling dashmap v5.5.3
[INFO] [stderr]    Compiling parking_lot v0.12.3
[INFO] [stderr]    Compiling serial_test v2.0.0
[INFO] [stderr]    Compiling cbindgen v0.28.0 (/opt/rustwide/workdir)
[INFO] [stderr]     Finished `test` profile [unoptimized + debuginfo] target(s) in 16.99s
[INFO] running `Command { std: "docker" "inspect" "29bf712f2fe0143a6a8ecb6359cd84968a1d9b77c972087777f7f2efb1b2e508", kill_on_drop: false }`
[INFO] running `Command { std: "docker" "rm" "-f" "29bf712f2fe0143a6a8ecb6359cd84968a1d9b77c972087777f7f2efb1b2e508", kill_on_drop: false }`
[INFO] [stdout] 29bf712f2fe0143a6a8ecb6359cd84968a1d9b77c972087777f7f2efb1b2e508
[INFO] running `Command { std: "docker" "create" "-v" "/var/lib/crater-agent-workspace/builds/worker-6-tc1/target:/opt/rustwide/target:rw,Z" "-v" "/var/lib/crater-agent-workspace/builds/worker-6-tc1/source:/opt/rustwide/workdir:ro,Z" "-v" "/var/lib/crater-agent-workspace/cargo-home:/opt/rustwide/cargo-home:ro,Z" "-v" "/var/lib/crater-agent-workspace/rustup-home:/opt/rustwide/rustup-home:ro,Z" "-e" "SOURCE_DIR=/opt/rustwide/workdir" "-e" "CARGO_TARGET_DIR=/opt/rustwide/target" "-e" "CARGO_INCREMENTAL=0" "-e" "RUST_BACKTRACE=full" "-e" "RUSTFLAGS=--cap-lints=forbid" "-e" "RUSTDOCFLAGS=--cap-lints=forbid" "-e" "CARGO_HOME=/opt/rustwide/cargo-home" "-e" "RUSTUP_HOME=/opt/rustwide/rustup-home" "-w" "/opt/rustwide/workdir" "-m" "1610612736" "--user" "0:0" "--network" "none" "ghcr.io/rust-lang/crates-build-env/linux@sha256:819108c5571ea2e421544af4d832f968d213c87fbe3707a016657f43d2f853bc" "/opt/rustwide/cargo-home/bin/cargo" "+nightly-2025-01-18" "test" "--frozen", kill_on_drop: false }`
[INFO] [stdout] 2a6117d5a5bbb8ddb6b95947bb791bf16712a522285d11716d05799e7fc43162
[INFO] running `Command { std: "docker" "start" "-a" "2a6117d5a5bbb8ddb6b95947bb791bf16712a522285d11716d05799e7fc43162", kill_on_drop: false }`
[INFO] [stderr]     Finished `test` profile [unoptimized + debuginfo] target(s) in 0.08s
[INFO] [stderr]      Running unittests src/lib.rs (/opt/rustwide/target/debug/deps/cbindgen-f6f1d915544b068a)
[INFO] [stdout] 
[INFO] [stdout] running 2 tests
[INFO] [stdout] test bindgen::mangle::generics ... ok
[INFO] [stdout] test bindgen::builder::tests::with_style ... ok
[INFO] [stdout] 
[INFO] [stdout] test result: ok. 2 passed; 0 failed; 0 ignored; 0 measured; 0 filtered out; finished in 0.00s
[INFO] [stdout] 
[INFO] [stderr]      Running unittests src/main.rs (/opt/rustwide/target/debug/deps/cbindgen-b3c8b04f4fb1ba39)
[INFO] [stdout] 
[INFO] [stdout] running 2 tests
[INFO] [stdout] test bindgen::builder::tests::with_style ... ok
[INFO] [stdout] test bindgen::mangle::generics ... ok
[INFO] [stdout] 
[INFO] [stdout] test result: ok. 2 passed; 0 failed; 0 ignored; 0 measured; 0 filtered out; finished in 0.00s
[INFO] [stdout] 
[INFO] [stdout] 
[INFO] [stdout] running 3 tests
[INFO] [stderr]      Running tests/depfile.rs (/opt/rustwide/target/debug/deps/depfile-de3352d90f013716)
[INFO] [stdout] test test_depfile_single_crate ... FAILED
[INFO] [stdout] test test_depfile_single_crate_config ... FAILED
[INFO] [stdout] test test_depfile_single_crate_default_config ... FAILED
[INFO] [stdout] 
[INFO] [stdout] failures:
[INFO] [stderr] error: test failed, to rerun pass `--test depfile`
[INFO] [stdout] 
[INFO] [stdout] ---- test_depfile_single_crate stdout ----
[INFO] [stdout] 
[INFO] [stdout] thread 'test_depfile_single_crate' panicked at tests/depfile.rs:31:5:
[INFO] [stdout] Configuring test project failed: stdout: `-- The C compiler identification is unknown
[INFO] [stdout] -- Detecting C compiler ABI info
[INFO] [stdout] -- Detecting C compiler ABI info - failed
[INFO] [stdout] -- Check for working C compiler: /usr/bin/cc
[INFO] [stdout] -- Check for working C compiler: /usr/bin/cc - broken
[INFO] [stdout] -- Configuring incomplete, errors occurred!
[INFO] [stdout] `, stderr: `CMake Error at /usr/share/cmake-3.22/Modules/CMakeDetermineSystem.cmake:181 (file):
[INFO] [stdout]   file failed to open for writing (No such file or directory):
[INFO] [stdout] 
[INFO] [stdout]     /opt/rustwide/workdir/tests/depfile/single_crate/build/CMakeFiles/CMakeOutput.log
[INFO] [stdout] Call Stack (most recent call first):
[INFO] [stdout]   CMakeLists.txt:3 (project)
[INFO] [stdout] 
[INFO] [stdout] 
[INFO] [stdout] CMake Error: Could not open file for write in copy operation /opt/rustwide/workdir/tests/depfile/single_crate/build/CMakeFiles/3.22.1/CMakeSystem.cmake.tmp
[INFO] [stdout] CMake Error: : System Error: No such file or directory
[INFO] [stdout] CMake Error at /usr/share/cmake-3.22/Modules/CMakeDetermineSystem.cmake:193 (configure_file):
[INFO] [stdout]   configure_file Problem configuring file
[INFO] [stdout] Call Stack (most recent call first):
[INFO] [stdout]   CMakeLists.txt:3 (project)
[INFO] [stdout] 
[INFO] [stdout] 
[INFO] [stdout] CMake Error at /usr/share/cmake-3.22/Modules/CMakeDetermineCompilerId.cmake:300 (file):
[INFO] [stdout]   file problem creating directory:
[INFO] [stdout]   /opt/rustwide/workdir/tests/depfile/single_crate/build/CMakeFiles/3.22.1/CompilerIdC
[INFO] [stdout] Call Stack (most recent call first):
[INFO] [stdout]   /usr/share/cmake-3.22/Modules/CMakeDetermineCompilerId.cmake:6 (CMAKE_DETERMINE_COMPILER_ID_BUILD)
[INFO] [stdout]   /usr/share/cmake-3.22/Modules/CMakeDetermineCompilerId.cmake:59 (__determine_compiler_id_test)
[INFO] [stdout]   /usr/share/cmake-3.22/Modules/CMakeDetermineCCompiler.cmake:123 (CMAKE_DETERMINE_COMPILER_ID)
[INFO] [stdout]   CMakeLists.txt:3 (project)
[INFO] [stdout] 
[INFO] [stdout] 
[INFO] [stdout] CMake Error at /usr/share/cmake-3.22/Modules/CMakeDetermineCompilerId.cmake:300 (file):
[INFO] [stdout]   file problem creating directory:
[INFO] [stdout]   /opt/rustwide/workdir/tests/depfile/single_crate/build/CMakeFiles/3.22.1/CompilerIdC
[INFO] [stdout] Call Stack (most recent call first):
[INFO] [stdout]   /usr/share/cmake-3.22/Modules/CMakeDetermineCompilerId.cmake:6 (CMAKE_DETERMINE_COMPILER_ID_BUILD)
[INFO] [stdout]   /usr/share/cmake-3.22/Modules/CMakeDetermineCompilerId.cmake:59 (__determine_compiler_id_test)
[INFO] [stdout]   /usr/share/cmake-3.22/Modules/CMakeDetermineCCompiler.cmake:123 (CMAKE_DETERMINE_COMPILER_ID)
[INFO] [stdout]   CMakeLists.txt:3 (project)
[INFO] [stdout] 
[INFO] [stdout] 
[INFO] [stdout] CMake Error at /usr/share/cmake-3.22/Modules/CMakeDetermineCompilerId.cmake:300 (file):
[INFO] [stdout]   file problem creating directory:
[INFO] [stdout]   /opt/rustwide/workdir/tests/depfile/single_crate/build/CMakeFiles/3.22.1/CompilerIdC
[INFO] [stdout] Call Stack (most recent call first):
[INFO] [stdout]   /usr/share/cmake-3.22/Modules/CMakeDetermineCompilerId.cmake:6 (CMAKE_DETERMINE_COMPILER_ID_BUILD)
[INFO] [stdout]   /usr/share/cmake-3.22/Modules/CMakeDetermineCompilerId.cmake:59 (__determine_compiler_id_test)
[INFO] [stdout]   /usr/share/cmake-3.22/Modules/CMakeDetermineCCompiler.cmake:123 (CMAKE_DETERMINE_COMPILER_ID)
[INFO] [stdout]   CMakeLists.txt:3 (project)
[INFO] [stdout] 
[INFO] [stdout] 
[INFO] [stdout] CMake Error at /usr/share/cmake-3.22/Modules/CMakeDetermineCompilerId.cmake:300 (file):
[INFO] [stdout]   file problem creating directory:
[INFO] [stdout]   /opt/rustwide/workdir/tests/depfile/single_crate/build/CMakeFiles/3.22.1/CompilerIdC
[INFO] [stdout] Call Stack (most recent call first):
[INFO] [stdout]   /usr/share/cmake-3.22/Modules/CMakeDetermineCompilerId.cmake:6 (CMAKE_DETERMINE_COMPILER_ID_BUILD)
[INFO] [stdout]   /usr/share/cmake-3.22/Modules/CMakeDetermineCompilerId.cmake:59 (__determine_compiler_id_test)
[INFO] [stdout]   /usr/share/cmake-3.22/Modules/CMakeDetermineCCompiler.cmake:123 (CMAKE_DETERMINE_COMPILER_ID)
[INFO] [stdout]   CMakeLists.txt:3 (project)
[INFO] [stdout] 
[INFO] [stdout] 
[INFO] [stdout] CMake Error at /usr/share/cmake-3.22/Modules/CMakeDetermineCompilerId.cmake:300 (file):
[INFO] [stdout]   file problem creating directory:
[INFO] [stdout]   /opt/rustwide/workdir/tests/depfile/single_crate/build/CMakeFiles/3.22.1/CompilerIdC
[INFO] [stdout] Call Stack (most recent call first):
[INFO] [stdout]   /usr/share/cmake-3.22/Modules/CMakeDetermineCompilerId.cmake:6 (CMAKE_DETERMINE_COMPILER_ID_BUILD)
[INFO] [stdout]   /usr/share/cmake-3.22/Modules/CMakeDetermineCompilerId.cmake:59 (__determine_compiler_id_test)
[INFO] [stdout]   /usr/share/cmake-3.22/Modules/CMakeDetermineCCompiler.cmake:123 (CMAKE_DETERMINE_COMPILER_ID)
[INFO] [stdout]   CMakeLists.txt:3 (project)
[INFO] [stdout] 
[INFO] [stdout] 
[INFO] [stdout] CMake Error at /usr/share/cmake-3.22/Modules/CMakeDetermineCompilerId.cmake:300 (file):
[INFO] [stdout]   file problem creating directory:
[INFO] [stdout]   /opt/rustwide/workdir/tests/depfile/single_crate/build/CMakeFiles/3.22.1/CompilerIdC
[INFO] [stdout] Call Stack (most recent call first):
[INFO] [stdout]   /usr/share/cmake-3.22/Modules/CMakeDetermineCompilerId.cmake:6 (CMAKE_DETERMINE_COMPILER_ID_BUILD)
[INFO] [stdout]   /usr/share/cmake-3.22/Modules/CMakeDetermineCompilerId.cmake:59 (__determine_compiler_id_test)
[INFO] [stdout]   /usr/share/cmake-3.22/Modules/CMakeDetermineCCompiler.cmake:123 (CMAKE_DETERMINE_COMPILER_ID)
[INFO] [stdout]   CMakeLists.txt:3 (project)
[INFO] [stdout] 
[INFO] [stdout] 
[INFO] [stdout] CMake Error at /usr/share/cmake-3.22/Modules/CMakeDetermineCompilerId.cmake:300 (file):
[INFO] [stdout]   file problem creating directory:
[INFO] [stdout]   /opt/rustwide/workdir/tests/depfile/single_crate/build/CMakeFiles/3.22.1/CompilerIdC
[INFO] [stdout] Call Stack (most recent call first):
[INFO] [stdout]   /usr/share/cmake-3.22/Modules/CMakeDetermineCompilerId.cmake:6 (CMAKE_DETERMINE_COMPILER_ID_BUILD)
[INFO] [stdout]   /usr/share/cmake-3.22/Modules/CMakeDetermineCompilerId.cmake:59 (__determine_compiler_id_test)
[INFO] [stdout]   /usr/share/cmake-3.22/Modules/CMakeDetermineCCompiler.cmake:123 (CMAKE_DETERMINE_COMPILER_ID)
[INFO] [stdout]   CMakeLists.txt:3 (project)
[INFO] [stdout] 
[INFO] [stdout] 
[INFO] [stdout] CMake Error at /usr/share/cmake-3.22/Modules/CMakeDetermineCompilerId.cmake:300 (file):
[INFO] [stdout]   file problem creating directory:
[INFO] [stdout]   /opt/rustwide/workdir/tests/depfile/single_crate/build/CMakeFiles/3.22.1/CompilerIdC
[INFO] [stdout] Call Stack (most recent call first):
[INFO] [stdout]   /usr/share/cmake-3.22/Modules/CMakeDetermineCompilerId.cmake:6 (CMAKE_DETERMINE_COMPILER_ID_BUILD)
[INFO] [stdout]   /usr/share/cmake-3.22/Modules/CMakeDetermineCompilerId.cmake:59 (__determine_compiler_id_test)
[INFO] [stdout]   /usr/share/cmake-3.22/Modules/CMakeDetermineCCompiler.cmake:123 (CMAKE_DETERMINE_COMPILER_ID)
[INFO] [stdout]   CMakeLists.txt:3 (project)
[INFO] [stdout] 
[INFO] [stdout] 
[INFO] [stdout] CMake Error at /usr/share/cmake-3.22/Modules/CMakeDetermineCompilerId.cmake:300 (file):
[INFO] [stdout]   file problem creating directory:
[INFO] [stdout]   /opt/rustwide/workdir/tests/depfile/single_crate/build/CMakeFiles/3.22.1/CompilerIdC
[INFO] [stdout] Call Stack (most recent call first):
[INFO] [stdout]   /usr/share/cmake-3.22/Modules/CMakeDetermineCompilerId.cmake:6 (CMAKE_DETERMINE_COMPILER_ID_BUILD)
[INFO] [stdout]   /usr/share/cmake-3.22/Modules/CMakeDetermineCompilerId.cmake:59 (__determine_compiler_id_test)
[INFO] [stdout]   /usr/share/cmake-3.22/Modules/CMakeDetermineCCompiler.cmake:123 (CMAKE_DETERMINE_COMPILER_ID)
[INFO] [stdout]   CMakeLists.txt:3 (project)
[INFO] [stdout] 
[INFO] [stdout] 
[INFO] [stdout] CMake Error at /usr/share/cmake-3.22/Modules/CMakeDetermineCompilerId.cmake:300 (file):
[INFO] [stdout]   file problem creating directory:
[INFO] [stdout]   /opt/rustwide/workdir/tests/depfile/single_crate/build/CMakeFiles/3.22.1/CompilerIdC
[INFO] [stdout] Call Stack (most recent call first):
[INFO] [stdout]   /usr/share/cmake-3.22/Modules/CMakeDetermineCompilerId.cmake:6 (CMAKE_DETERMINE_COMPILER_ID_BUILD)
[INFO] [stdout]   /usr/share/cmake-3.22/Modules/CMakeDetermineCompilerId.cmake:59 (__determine_compiler_id_test)
[INFO] [stdout]   /usr/share/cmake-3.22/Modules/CMakeDetermineCCompiler.cmake:123 (CMAKE_DETERMINE_COMPILER_ID)
[INFO] [stdout]   CMakeLists.txt:3 (project)
[INFO] [stdout] 
[INFO] [stdout] 
[INFO] [stdout] CMake Error at /usr/share/cmake-3.22/Modules/CMakeDetermineCompilerId.cmake:300 (file):
[INFO] [stdout]   file problem creating directory:
[INFO] [stdout]   /opt/rustwide/workdir/tests/depfile/single_crate/build/CMakeFiles/3.22.1/CompilerIdC
[INFO] [stdout] Call Stack (most recent call first):
[INFO] [stdout]   /usr/share/cmake-3.22/Modules/CMakeDetermineCompilerId.cmake:6 (CMAKE_DETERMINE_COMPILER_ID_BUILD)
[INFO] [stdout]   /usr/share/cmake-3.22/Modules/CMakeDetermineCompilerId.cmake:59 (__determine_compiler_id_test)
[INFO] [stdout]   /usr/share/cmake-3.22/Modules/CMakeDetermineCCompiler.cmake:123 (CMAKE_DETERMINE_COMPILER_ID)
[INFO] [stdout]   CMakeLists.txt:3 (project)
[INFO] [stdout] 
[INFO] [stdout] 
[INFO] [stdout] CMake Error at /usr/share/cmake-3.22/Modules/CMakeDetermineCompilerId.cmake:300 (file):
[INFO] [stdout]   file problem creating directory:
[INFO] [stdout]   /opt/rustwide/workdir/tests/depfile/single_crate/build/CMakeFiles/3.22.1/CompilerIdC
[INFO] [stdout] Call Stack (most recent call first):
[INFO] [stdout]   /usr/share/cmake-3.22/Modules/CMakeDetermineCompilerId.cmake:6 (CMAKE_DETERMINE_COMPILER_ID_BUILD)
[INFO] [stdout]   /usr/share/cmake-3.22/Modules/CMakeDetermineCompilerId.cmake:59 (__determine_compiler_id_test)
[INFO] [stdout]   /usr/share/cmake-3.22/Modules/CMakeDetermineCCompiler.cmake:123 (CMAKE_DETERMINE_COMPILER_ID)
[INFO] [stdout]   CMakeLists.txt:3 (project)
[INFO] [stdout] 
[INFO] [stdout] 
[INFO] [stdout] CMake Error at /usr/share/cmake-3.22/Modules/CMakeDetermineCompilerId.cmake:1075 (file):
[INFO] [stdout]   file failed to open for writing (No such file or directory):
[INFO] [stdout] 
[INFO] [stdout]     /opt/rustwide/workdir/tests/depfile/single_crate/build/CMakeFiles/CMakeError.log
[INFO] [stdout] Call Stack (most recent call first):
[INFO] [stdout]   /usr/share/cmake-3.22/Modules/CMakeDetermineCompilerId.cmake:81 (CMAKE_DETERMINE_COMPILER_ID_VENDOR)
[INFO] [stdout]   /usr/share/cmake-3.22/Modules/CMakeDetermineCCompiler.cmake:123 (CMAKE_DETERMINE_COMPILER_ID)
[INFO] [stdout]   CMakeLists.txt:3 (project)
[INFO] [stdout] 
[INFO] [stdout] 
[INFO] [stdout] CMake Error at /usr/share/cmake-3.22/Modules/CMakeDetermineCompilerId.cmake:1075 (file):
[INFO] [stdout]   file failed to open for writing (No such file or directory):
[INFO] [stdout] 
[INFO] [stdout]     /opt/rustwide/workdir/tests/depfile/single_crate/build/CMakeFiles/CMakeError.log
[INFO] [stdout] Call Stack (most recent call first):
[INFO] [stdout]   /usr/share/cmake-3.22/Modules/CMakeDetermineCompilerId.cmake:81 (CMAKE_DETERMINE_COMPILER_ID_VENDOR)
[INFO] [stdout]   /usr/share/cmake-3.22/Modules/CMakeDetermineCCompiler.cmake:123 (CMAKE_DETERMINE_COMPILER_ID)
[INFO] [stdout]   CMakeLists.txt:3 (project)
[INFO] [stdout] 
[INFO] [stdout] 
[INFO] [stdout] CMake Error: Could not open file for write in copy operation /opt/rustwide/workdir/tests/depfile/single_crate/build/CMakeFiles/3.22.1/CMakeCCompiler.cmake.tmp
[INFO] [stdout] CMake Error: : System Error: No such file or directory
[INFO] [stdout] CMake Error at /usr/share/cmake-3.22/Modules/CMakeDetermineCCompiler.cmake:226 (configure_file):
[INFO] [stdout]   configure_file Problem configuring file
[INFO] [stdout] Call Stack (most recent call first):
[INFO] [stdout]   CMakeLists.txt:3 (project)
[INFO] [stdout] 
[INFO] [stdout] 
[INFO] [stdout] CMake Error: Could not find cmake module file: /opt/rustwide/workdir/tests/depfile/single_crate/build/CMakeFiles/3.22.1/CMakeCCompiler.cmake
[INFO] [stdout] CMake Error at /usr/share/cmake-3.22/Modules/CMakeDetermineCompilerABI.cmake:49 (try_compile):
[INFO] [stdout]   Unknown extension ".c" for file
[INFO] [stdout] 
[INFO] [stdout]     /usr/share/cmake-3.22/Modules/CMakeCCompilerABI.c
[INFO] [stdout] 
[INFO] [stdout]   try_compile() works only for enabled languages.  Currently these are:
[INFO] [stdout] 
[INFO] [stdout]     C
[INFO] [stdout] 
[INFO] [stdout]   See project() command to enable other languages.
[INFO] [stdout] Call Stack (most recent call first):
[INFO] [stdout]   /usr/share/cmake-3.22/Modules/CMakeTestCCompiler.cmake:26 (CMAKE_DETERMINE_COMPILER_ABI)
[INFO] [stdout]   CMakeLists.txt:3 (project)
[INFO] [stdout] 
[INFO] [stdout] 
[INFO] [stdout] CMake Error at /usr/share/cmake-3.22/Modules/CMakeDetermineCompilerABI.cmake:188 (file):
[INFO] [stdout]   file failed to open for writing (No such file or directory):
[INFO] [stdout] 
[INFO] [stdout]     /opt/rustwide/workdir/tests/depfile/single_crate/build/CMakeFiles/CMakeError.log
[INFO] [stdout] Call Stack (most recent call first):
[INFO] [stdout]   /usr/share/cmake-3.22/Modules/CMakeTestCCompiler.cmake:26 (CMAKE_DETERMINE_COMPILER_ABI)
[INFO] [stdout]   CMakeLists.txt:3 (project)
[INFO] [stdout] 
[INFO] [stdout] 
[INFO] [stdout] CMake Error at /usr/share/cmake-3.22/Modules/CMakeTestCCompiler.cmake:41 (file):
[INFO] [stdout]   file failed to open for writing (No such file or directory):
[INFO] [stdout] 
[INFO] [stdout]     /opt/rustwide/workdir/tests/depfile/single_crate/build/CMakeFiles/CMakeTmp/testCCompiler.c
[INFO] [stdout] Call Stack (most recent call first):
[INFO] [stdout]   CMakeLists.txt:3 (project)
[INFO] [stdout] 
[INFO] [stdout] 
[INFO] [stdout] CMake Error at /usr/share/cmake-3.22/Modules/CMakeTestCCompiler.cmake:56 (try_compile):
[INFO] [stdout]   Unknown extension ".c" for file
[INFO] [stdout] 
[INFO] [stdout]     /opt/rustwide/workdir/tests/depfile/single_crate/build/CMakeFiles/CMakeTmp/testCCompiler.c
[INFO] [stdout] 
[INFO] [stdout]   try_compile() works only for enabled languages.  Currently these are:
[INFO] [stdout] 
[INFO] [stdout]     C
[INFO] [stdout] 
[INFO] [stdout]   See project() command to enable other languages.
[INFO] [stdout] Call Stack (most recent call first):
[INFO] [stdout]   CMakeLists.txt:3 (project)
[INFO] [stdout] 
[INFO] [stdout] 
[INFO] [stdout] CMake Error at /usr/share/cmake-3.22/Modules/CMakeTestCCompiler.cmake:65 (file):
[INFO] [stdout]   file failed to open for writing (No such file or directory):
[INFO] [stdout] 
[INFO] [stdout]     /opt/rustwide/workdir/tests/depfile/single_crate/build/CMakeFiles/CMakeError.log
[INFO] [stdout] Call Stack (most recent call first):
[INFO] [stdout]   CMakeLists.txt:3 (project)
[INFO] [stdout] 
[INFO] [stdout] 
[INFO] [stdout] CMake Error at /usr/share/cmake-3.22/Modules/CMakeTestCCompiler.cmake:69 (message):
[INFO] [stdout]   The C compiler
[INFO] [stdout] 
[INFO] [stdout]     "/usr/bin/cc"
[INFO] [stdout] 
[INFO] [stdout]   is not able to compile a simple test program.
[INFO] [stdout] 
[INFO] [stdout]   It fails with the following output:
[INFO] [stdout] 
[INFO] [stdout]     
[INFO] [stdout] 
[INFO] [stdout]   
[INFO] [stdout] 
[INFO] [stdout]   CMake will not be able to correctly generate this project.
[INFO] [stdout] Call Stack (most recent call first):
[INFO] [stdout]   CMakeLists.txt:3 (project)
[INFO] [stdout] 
[INFO] [stdout] 
[INFO] [stdout] CMake Error: Cannot open file for write: /opt/rustwide/workdir/tests/depfile/single_crate/build/CMakeCache.txt.tmpdb7e4
[INFO] [stdout] CMake Error: : System Error: No such file or directory
[INFO] [stdout] CMake Error: Unable to open cache file for save. /opt/rustwide/workdir/tests/depfile/single_crate/build/CMakeCache.txt
[INFO] [stdout] CMake Error: : System Error: No such file or directory
[INFO] [stdout] `
[INFO] [stdout] stack backtrace:
[INFO] [stdout]    0:     0x64d2100863da - std::backtrace_rs::backtrace::libunwind::trace::hb059275cfc8d6126
[INFO] [stdout]                                at /rustc/6067b36314ab5eb2eb47cecc464545ba58e1ad24/library/std/src/../../backtrace/src/backtrace/libunwind.rs:116:5
[INFO] [stdout]    1:     0x64d2100863da - std::backtrace_rs::backtrace::trace_unsynchronized::h2da071e4327ce3ee
[INFO] [stdout]                                at /rustc/6067b36314ab5eb2eb47cecc464545ba58e1ad24/library/std/src/../../backtrace/src/backtrace/mod.rs:66:5
[INFO] [stdout]    2:     0x64d2100863da - std::sys::backtrace::_print_fmt::h842a1474e6f8d23f
[INFO] [stdout]                                at /rustc/6067b36314ab5eb2eb47cecc464545ba58e1ad24/library/std/src/sys/backtrace.rs:66:9
[INFO] [stdout]    3:     0x64d2100863da - <std::sys::backtrace::BacktraceLock::print::DisplayBacktrace as core::fmt::Display>::fmt::h71a62eb3b9696b12
[INFO] [stdout]                                at /rustc/6067b36314ab5eb2eb47cecc464545ba58e1ad24/library/std/src/sys/backtrace.rs:39:26
[INFO] [stdout]    4:     0x64d2100ae5b3 - core::fmt::rt::Argument::fmt::hdb6b616786b41dc1
[INFO] [stdout]                                at /rustc/6067b36314ab5eb2eb47cecc464545ba58e1ad24/library/core/src/fmt/rt.rs:177:76
[INFO] [stdout]    5:     0x64d2100ae5b3 - core::fmt::write::h2cc1698af7e2d686
[INFO] [stdout]                                at /rustc/6067b36314ab5eb2eb47cecc464545ba58e1ad24/library/core/src/fmt/mod.rs:1440:21
[INFO] [stdout]    6:     0x64d210082bd3 - std::io::Write::write_fmt::hab1b4cd059a79022
[INFO] [stdout]                                at /rustc/6067b36314ab5eb2eb47cecc464545ba58e1ad24/library/std/src/io/mod.rs:1887:15
[INFO] [stdout]    7:     0x64d210086222 - std::sys::backtrace::BacktraceLock::print::h147fe35b4ea13b08
[INFO] [stdout]                                at /rustc/6067b36314ab5eb2eb47cecc464545ba58e1ad24/library/std/src/sys/backtrace.rs:42:9
[INFO] [stdout]    8:     0x64d2100877ff - std::panicking::default_hook::{{closure}}::hbd44223dbdc0d208
[INFO] [stdout]                                at /rustc/6067b36314ab5eb2eb47cecc464545ba58e1ad24/library/std/src/panicking.rs:298:22
[INFO] [stdout]    9:     0x64d210087618 - std::panicking::default_hook::h20f81eb0576efcec
[INFO] [stdout]                                at /rustc/6067b36314ab5eb2eb47cecc464545ba58e1ad24/library/std/src/panicking.rs:322:9
[INFO] [stdout]   10:     0x64d21004f743 - <alloc::boxed::Box<F,A> as core::ops::function::Fn<Args>>::call::hdb53814c496a4d34
[INFO] [stdout]                                at /rustc/6067b36314ab5eb2eb47cecc464545ba58e1ad24/library/alloc/src/boxed.rs:2027:9
[INFO] [stdout]   11:     0x64d21004f743 - test::test_main::{{closure}}::hc0a4963c59427c24
[INFO] [stdout]                                at /rustc/6067b36314ab5eb2eb47cecc464545ba58e1ad24/library/test/src/lib.rs:134:21
[INFO] [stdout]   12:     0x64d2100882f3 - <alloc::boxed::Box<F,A> as core::ops::function::Fn<Args>>::call::h591b2225413a77e9
[INFO] [stdout]                                at /rustc/6067b36314ab5eb2eb47cecc464545ba58e1ad24/library/alloc/src/boxed.rs:2027:9
[INFO] [stdout]   13:     0x64d2100882f3 - std::panicking::rust_panic_with_hook::h625eea43051b2edc
[INFO] [stdout]                                at /rustc/6067b36314ab5eb2eb47cecc464545ba58e1ad24/library/std/src/panicking.rs:839:13
[INFO] [stdout]   14:     0x64d210087faa - std::panicking::begin_panic_handler::{{closure}}::h4f9159cfbc3f6bd3
[INFO] [stdout]                                at /rustc/6067b36314ab5eb2eb47cecc464545ba58e1ad24/library/std/src/panicking.rs:704:13
[INFO] [stdout]   15:     0x64d2100868d9 - std::sys::backtrace::__rust_end_short_backtrace::h0390abce48353151
[INFO] [stdout]                                at /rustc/6067b36314ab5eb2eb47cecc464545ba58e1ad24/library/std/src/sys/backtrace.rs:168:18
[INFO] [stdout]   16:     0x64d210087c3d - rust_begin_unwind
[INFO] [stdout]                                at /rustc/6067b36314ab5eb2eb47cecc464545ba58e1ad24/library/std/src/panicking.rs:695:5
[INFO] [stdout]   17:     0x64d2100ad060 - core::panicking::panic_fmt::h9e7c637e9e5f29c9
[INFO] [stdout]                                at /rustc/6067b36314ab5eb2eb47cecc464545ba58e1ad24/library/core/src/panicking.rs:75:14
[INFO] [stdout]   18:     0x64d21000adf4 - depfile::test_project::hb42c8a0d690ea5a4
[INFO] [stdout]                                at /opt/rustwide/workdir/tests/depfile.rs:31:5
[INFO] [stdout]   19:     0x64d21000c042 - depfile::test_depfile_single_crate::h0dfc548a6bff6431
[INFO] [stdout]                                at /opt/rustwide/workdir/tests/depfile.rs:110:13
[INFO] [stdout]   20:     0x64d21000c017 - depfile::test_depfile_single_crate::{{closure}}::h4077569b89234150
[INFO] [stdout]                                at /opt/rustwide/workdir/tests/depfile.rs:109:33
[INFO] [stdout]   21:     0x64d210008586 - core::ops::function::FnOnce::call_once::h5a9f82a9931e3b74
[INFO] [stdout]                                at /rustc/6067b36314ab5eb2eb47cecc464545ba58e1ad24/library/core/src/ops/function.rs:250:5
[INFO] [stdout]   22:     0x64d210054e9b - core::ops::function::FnOnce::call_once::he27718dfdd183f43
[INFO] [stdout]                                at /rustc/6067b36314ab5eb2eb47cecc464545ba58e1ad24/library/core/src/ops/function.rs:250:5
[INFO] [stdout]   23:     0x64d210054e9b - test::__rust_begin_short_backtrace::h4e84902998457a5d
[INFO] [stdout]                                at /rustc/6067b36314ab5eb2eb47cecc464545ba58e1ad24/library/test/src/lib.rs:632:18
[INFO] [stdout]   24:     0x64d210053dd3 - test::run_test_in_process::{{closure}}::h7176fd18fc1feca0
[INFO] [stdout]                                at /rustc/6067b36314ab5eb2eb47cecc464545ba58e1ad24/library/test/src/lib.rs:655:60
[INFO] [stdout]   25:     0x64d210053dd3 - <core::panic::unwind_safe::AssertUnwindSafe<F> as core::ops::function::FnOnce<()>>::call_once::hf79cff2a624d8cf7
[INFO] [stdout]                                at /rustc/6067b36314ab5eb2eb47cecc464545ba58e1ad24/library/core/src/panic/unwind_safe.rs:272:9
[INFO] [stdout]   26:     0x64d210053dd3 - std::panicking::try::do_call::h3da0561d9ab99c25
[INFO] [stdout]                                at /rustc/6067b36314ab5eb2eb47cecc464545ba58e1ad24/library/std/src/panicking.rs:587:40
[INFO] [stdout]   27:     0x64d210053dd3 - std::panicking::try::h41c9fa508bc61df6
[INFO] [stdout]                                at /rustc/6067b36314ab5eb2eb47cecc464545ba58e1ad24/library/std/src/panicking.rs:550:19
[INFO] [stdout]   28:     0x64d210053dd3 - std::panic::catch_unwind::h6b3ff07bb5afad93
[INFO] [stdout]                                at /rustc/6067b36314ab5eb2eb47cecc464545ba58e1ad24/library/std/src/panic.rs:358:14
[INFO] [stdout]   29:     0x64d210053dd3 - test::run_test_in_process::hc7253dd11b39b9f4
[INFO] [stdout]                                at /rustc/6067b36314ab5eb2eb47cecc464545ba58e1ad24/library/test/src/lib.rs:655:27
[INFO] [stdout]   30:     0x64d210053dd3 - test::run_test::{{closure}}::hfb2007f8649c30bb
[INFO] [stdout]                                at /rustc/6067b36314ab5eb2eb47cecc464545ba58e1ad24/library/test/src/lib.rs:576:43
[INFO] [stdout]   31:     0x64d210016eb5 - test::run_test::{{closure}}::h56a17aa7a282a9f4
[INFO] [stdout]                                at /rustc/6067b36314ab5eb2eb47cecc464545ba58e1ad24/library/test/src/lib.rs:606:41
[INFO] [stdout]   32:     0x64d210016eb5 - std::sys::backtrace::__rust_begin_short_backtrace::hd2d2d2fb8e8c6aac
[INFO] [stdout]                                at /rustc/6067b36314ab5eb2eb47cecc464545ba58e1ad24/library/std/src/sys/backtrace.rs:152:18
[INFO] [stdout]   33:     0x64d21001a79a - std::thread::Builder::spawn_unchecked_::{{closure}}::{{closure}}::h4faa3f9db6133423
[INFO] [stdout]                                at /rustc/6067b36314ab5eb2eb47cecc464545ba58e1ad24/library/std/src/thread/mod.rs:559:17
[INFO] [stdout]   34:     0x64d21001a79a - <core::panic::unwind_safe::AssertUnwindSafe<F> as core::ops::function::FnOnce<()>>::call_once::hf2e855a36a4ea846
[INFO] [stdout]                                at /rustc/6067b36314ab5eb2eb47cecc464545ba58e1ad24/library/core/src/panic/unwind_safe.rs:272:9
[INFO] [stdout]   35:     0x64d21001a79a - std::panicking::try::do_call::h2f73af3616c35465
[INFO] [stdout]                                at /rustc/6067b36314ab5eb2eb47cecc464545ba58e1ad24/library/std/src/panicking.rs:587:40
[INFO] [stdout]   36:     0x64d21001a79a - std::panicking::try::hd1660ce9efadef5a
[INFO] [stdout]                                at /rustc/6067b36314ab5eb2eb47cecc464545ba58e1ad24/library/std/src/panicking.rs:550:19
[INFO] [stdout]   37:     0x64d21001a79a - std::panic::catch_unwind::h5ee8d7823b8ca744
[INFO] [stdout]                                at /rustc/6067b36314ab5eb2eb47cecc464545ba58e1ad24/library/std/src/panic.rs:358:14
[INFO] [stdout]   38:     0x64d21001a79a - std::thread::Builder::spawn_unchecked_::{{closure}}::h53c3a1894dce8407
[INFO] [stdout]                                at /rustc/6067b36314ab5eb2eb47cecc464545ba58e1ad24/library/std/src/thread/mod.rs:557:30
[INFO] [stdout]   39:     0x64d21001a79a - core::ops::function::FnOnce::call_once{{vtable.shim}}::h048ce291ad4f62bf
[INFO] [stdout]                                at /rustc/6067b36314ab5eb2eb47cecc464545ba58e1ad24/library/core/src/ops/function.rs:250:5
[INFO] [stdout]   40:     0x64d21008cd9b - <alloc::boxed::Box<F,A> as core::ops::function::FnOnce<Args>>::call_once::ha52bedf99a3b4981
[INFO] [stdout]                                at /rustc/6067b36314ab5eb2eb47cecc464545ba58e1ad24/library/alloc/src/boxed.rs:2013:9
[INFO] [stdout]   41:     0x64d21008cd9b - <alloc::boxed::Box<F,A> as core::ops::function::FnOnce<Args>>::call_once::h567748934d80ccf8
[INFO] [stdout]                                at /rustc/6067b36314ab5eb2eb47cecc464545ba58e1ad24/library/alloc/src/boxed.rs:2013:9
[INFO] [stdout]   42:     0x64d21008cd9b - std::sys::pal::unix::thread::Thread::new::thread_start::h2d970728ae887adc
[INFO] [stdout]                                at /rustc/6067b36314ab5eb2eb47cecc464545ba58e1ad24/library/std/src/sys/pal/unix/thread.rs:106:17
[INFO] [stdout]   43:     0x796699255ac3 - <unknown>
[INFO] [stdout]   44:     0x7966992e6a04 - clone
[INFO] [stdout]   45:                0x0 - <unknown>
[INFO] [stdout] 
[INFO] [stdout] ---- test_depfile_single_crate_config stdout ----
[INFO] [stdout] 
[INFO] [stdout] thread 'test_depfile_single_crate_config' panicked at tests/depfile.rs:31:5:
[INFO] [stdout] Configuring test project failed: stdout: `-- The C compiler identification is unknown
[INFO] [stdout] -- Detecting C compiler ABI info
[INFO] [stdout] -- Detecting C compiler ABI info - failed
[INFO] [stdout] -- Check for working C compiler: /usr/bin/cc
[INFO] [stdout] -- Check for working C compiler: /usr/bin/cc - broken
[INFO] [stdout] -- Configuring incomplete, errors occurred!
[INFO] [stdout] `, stderr: `CMake Error at /usr/share/cmake-3.22/Modules/CMakeDetermineSystem.cmake:181 (file):
[INFO] [stdout]   file failed to open for writing (No such file or directory):
[INFO] [stdout] 
[INFO] [stdout]     /opt/rustwide/workdir/tests/depfile/single_crate_config/build/CMakeFiles/CMakeOutput.log
[INFO] [stdout] Call Stack (most recent call first):
[INFO] [stdout]   CMakeLists.txt:3 (project)
[INFO] [stdout] 
[INFO] [stdout] 
[INFO] [stdout] CMake Error: Could not open file for write in copy operation /opt/rustwide/workdir/tests/depfile/single_crate_config/build/CMakeFiles/3.22.1/CMakeSystem.cmake.tmp
[INFO] [stdout] CMake Error: : System Error: No such file or directory
[INFO] [stdout] CMake Error at /usr/share/cmake-3.22/Modules/CMakeDetermineSystem.cmake:193 (configure_file):
[INFO] [stdout]   configure_file Problem configuring file
[INFO] [stdout] Call Stack (most recent call first):
[INFO] [stdout]   CMakeLists.txt:3 (project)
[INFO] [stdout] 
[INFO] [stdout] 
[INFO] [stdout] CMake Error at /usr/share/cmake-3.22/Modules/CMakeDetermineCompilerId.cmake:300 (file):
[INFO] [stdout]   file problem creating directory:
[INFO] [stdout]   /opt/rustwide/workdir/tests/depfile/single_crate_config/build/CMakeFiles/3.22.1/CompilerIdC
[INFO] [stdout] Call Stack (most recent call first):
[INFO] [stdout]   /usr/share/cmake-3.22/Modules/CMakeDetermineCompilerId.cmake:6 (CMAKE_DETERMINE_COMPILER_ID_BUILD)
[INFO] [stdout]   /usr/share/cmake-3.22/Modules/CMakeDetermineCompilerId.cmake:59 (__determine_compiler_id_test)
[INFO] [stdout]   /usr/share/cmake-3.22/Modules/CMakeDetermineCCompiler.cmake:123 (CMAKE_DETERMINE_COMPILER_ID)
[INFO] [stdout]   CMakeLists.txt:3 (project)
[INFO] [stdout] 
[INFO] [stdout] 
[INFO] [stdout] CMake Error at /usr/share/cmake-3.22/Modules/CMakeDetermineCompilerId.cmake:300 (file):
[INFO] [stdout]   file problem creating directory:
[INFO] [stdout]   /opt/rustwide/workdir/tests/depfile/single_crate_config/build/CMakeFiles/3.22.1/CompilerIdC
[INFO] [stdout] Call Stack (most recent call first):
[INFO] [stdout]   /usr/share/cmake-3.22/Modules/CMakeDetermineCompilerId.cmake:6 (CMAKE_DETERMINE_COMPILER_ID_BUILD)
[INFO] [stdout]   /usr/share/cmake-3.22/Modules/CMakeDetermineCompilerId.cmake:59 (__determine_compiler_id_test)
[INFO] [stdout]   /usr/share/cmake-3.22/Modules/CMakeDetermineCCompiler.cmake:123 (CMAKE_DETERMINE_COMPILER_ID)
[INFO] [stdout]   CMakeLists.txt:3 (project)
[INFO] [stdout] 
[INFO] [stdout] 
[INFO] [stdout] CMake Error at /usr/share/cmake-3.22/Modules/CMakeDetermineCompilerId.cmake:300 (file):
[INFO] [stdout]   file problem creating directory:
[INFO] [stdout]   /opt/rustwide/workdir/tests/depfile/single_crate_config/build/CMakeFiles/3.22.1/CompilerIdC
[INFO] [stdout] Call Stack (most recent call first):
[INFO] [stdout]   /usr/share/cmake-3.22/Modules/CMakeDetermineCompilerId.cmake:6 (CMAKE_DETERMINE_COMPILER_ID_BUILD)
[INFO] [stdout]   /usr/share/cmake-3.22/Modules/CMakeDetermineCompilerId.cmake:59 (__determine_compiler_id_test)
[INFO] [stdout]   /usr/share/cmake-3.22/Modules/CMakeDetermineCCompiler.cmake:123 (CMAKE_DETERMINE_COMPILER_ID)
[INFO] [stdout]   CMakeLists.txt:3 (project)
[INFO] [stdout] 
[INFO] [stdout] 
[INFO] [stdout] CMake Error at /usr/share/cmake-3.22/Modules/CMakeDetermineCompilerId.cmake:300 (file):
[INFO] [stdout]   file problem creating directory:
[INFO] [stdout]   /opt/rustwide/workdir/tests/depfile/single_crate_config/build/CMakeFiles/3.22.1/CompilerIdC
[INFO] [stdout] Call Stack (most recent call first):
[INFO] [stdout]   /usr/share/cmake-3.22/Modules/CMakeDetermineCompilerId.cmake:6 (CMAKE_DETERMINE_COMPILER_ID_BUILD)
[INFO] [stdout]   /usr/share/cmake-3.22/Modules/CMakeDetermineCompilerId.cmake:59 (__determine_compiler_id_test)
[INFO] [stdout]   /usr/share/cmake-3.22/Modules/CMakeDetermineCCompiler.cmake:123 (CMAKE_DETERMINE_COMPILER_ID)
[INFO] [stdout]   CMakeLists.txt:3 (project)
[INFO] [stdout] 
[INFO] [stdout] 
[INFO] [stdout] CMake Error at /usr/share/cmake-3.22/Modules/CMakeDetermineCompilerId.cmake:300 (file):
[INFO] [stdout]   file problem creating directory:
[INFO] [stdout]   /opt/rustwide/workdir/tests/depfile/single_crate_config/build/CMakeFiles/3.22.1/CompilerIdC
[INFO] [stdout] Call Stack (most recent call first):
[INFO] [stdout]   /usr/share/cmake-3.22/Modules/CMakeDetermineCompilerId.cmake:6 (CMAKE_DETERMINE_COMPILER_ID_BUILD)
[INFO] [stdout]   /usr/share/cmake-3.22/Modules/CMakeDetermineCompilerId.cmake:59 (__determine_compiler_id_test)
[INFO] [stdout]   /usr/share/cmake-3.22/Modules/CMakeDetermineCCompiler.cmake:123 (CMAKE_DETERMINE_COMPILER_ID)
[INFO] [stdout]   CMakeLists.txt:3 (project)
[INFO] [stdout] 
[INFO] [stdout] 
[INFO] [stdout] CMake Error at /usr/share/cmake-3.22/Modules/CMakeDetermineCompilerId.cmake:300 (file):
[INFO] [stdout]   file problem creating directory:
[INFO] [stdout]   /opt/rustwide/workdir/tests/depfile/single_crate_config/build/CMakeFiles/3.22.1/CompilerIdC
[INFO] [stdout] Call Stack (most recent call first):
[INFO] [stdout]   /usr/share/cmake-3.22/Modules/CMakeDetermineCompilerId.cmake:6 (CMAKE_DETERMINE_COMPILER_ID_BUILD)
[INFO] [stdout]   /usr/share/cmake-3.22/Modules/CMakeDetermineCompilerId.cmake:59 (__determine_compiler_id_test)
[INFO] [stdout]   /usr/share/cmake-3.22/Modules/CMakeDetermineCCompiler.cmake:123 (CMAKE_DETERMINE_COMPILER_ID)
[INFO] [stdout]   CMakeLists.txt:3 (project)
[INFO] [stdout] 
[INFO] [stdout] 
[INFO] [stdout] CMake Error at /usr/share/cmake-3.22/Modules/CMakeDetermineCompilerId.cmake:300 (file):
[INFO] [stdout]   file problem creating directory:
[INFO] [stdout]   /opt/rustwide/workdir/tests/depfile/single_crate_config/build/CMakeFiles/3.22.1/CompilerIdC
[INFO] [stdout] Call Stack (most recent call first):
[INFO] [stdout]   /usr/share/cmake-3.22/Modules/CMakeDetermineCompilerId.cmake:6 (CMAKE_DETERMINE_COMPILER_ID_BUILD)
[INFO] [stdout]   /usr/share/cmake-3.22/Modules/CMakeDetermineCompilerId.cmake:59 (__determine_compiler_id_test)
[INFO] [stdout]   /usr/share/cmake-3.22/Modules/CMakeDetermineCCompiler.cmake:123 (CMAKE_DETERMINE_COMPILER_ID)
[INFO] [stdout]   CMakeLists.txt:3 (project)
[INFO] [stdout] 
[INFO] [stdout] 
[INFO] [stdout] CMake Error at /usr/share/cmake-3.22/Modules/CMakeDetermineCompilerId.cmake:300 (file):
[INFO] [stdout]   file problem creating directory:
[INFO] [stdout]   /opt/rustwide/workdir/tests/depfile/single_crate_config/build/CMakeFiles/3.22.1/CompilerIdC
[INFO] [stdout] Call Stack (most recent call first):
[INFO] [stdout]   /usr/share/cmake-3.22/Modules/CMakeDetermineCompilerId.cmake:6 (CMAKE_DETERMINE_COMPILER_ID_BUILD)
[INFO] [stdout]   /usr/share/cmake-3.22/Modules/CMakeDetermineCompilerId.cmake:59 (__determine_compiler_id_test)
[INFO] [stdout]   /usr/share/cmake-3.22/Modules/CMakeDetermineCCompiler.cmake:123 (CMAKE_DETERMINE_COMPILER_ID)
[INFO] [stdout]   CMakeLists.txt:3 (project)
[INFO] [stdout] 
[INFO] [stdout] 
[INFO] [stdout] CMake Error at /usr/share/cmake-3.22/Modules/CMakeDetermineCompilerId.cmake:300 (file):
[INFO] [stdout]   file problem creating directory:
[INFO] [stdout]   /opt/rustwide/workdir/tests/depfile/single_crate_config/build/CMakeFiles/3.22.1/CompilerIdC
[INFO] [stdout] Call Stack (most recent call first):
[INFO] [stdout]   /usr/share/cmake-3.22/Modules/CMakeDetermineCompilerId.cmake:6 (CMAKE_DETERMINE_COMPILER_ID_BUILD)
[INFO] [stdout]   /usr/share/cmake-3.22/Modules/CMakeDetermineCompilerId.cmake:59 (__determine_compiler_id_test)
[INFO] [stdout]   /usr/share/cmake-3.22/Modules/CMakeDetermineCCompiler.cmake:123 (CMAKE_DETERMINE_COMPILER_ID)
[INFO] [stdout]   CMakeLists.txt:3 (project)
[INFO] [stdout] 
[INFO] [stdout] 
[INFO] [stdout] CMake Error at /usr/share/cmake-3.22/Modules/CMakeDetermineCompilerId.cmake:300 (file):
[INFO] [stdout]   file problem creating directory:
[INFO] [stdout]   /opt/rustwide/workdir/tests/depfile/single_crate_config/build/CMakeFiles/3.22.1/CompilerIdC
[INFO] [stdout] Call Stack (most recent call first):
[INFO] [stdout]   /usr/share/cmake-3.22/Modules/CMakeDetermineCompilerId.cmake:6 (CMAKE_DETERMINE_COMPILER_ID_BUILD)
[INFO] [stdout]   /usr/share/cmake-3.22/Modules/CMakeDetermineCompilerId.cmake:59 (__determine_compiler_id_test)
[INFO] [stdout]   /usr/share/cmake-3.22/Modules/CMakeDetermineCCompiler.cmake:123 (CMAKE_DETERMINE_COMPILER_ID)
[INFO] [stdout]   CMakeLists.txt:3 (project)
[INFO] [stdout] 
[INFO] [stdout] 
[INFO] [stdout] CMake Error at /usr/share/cmake-3.22/Modules/CMakeDetermineCompilerId.cmake:300 (file):
[INFO] [stdout]   file problem creating directory:
[INFO] [stdout]   /opt/rustwide/workdir/tests/depfile/single_crate_config/build/CMakeFiles/3.22.1/CompilerIdC
[INFO] [stdout] Call Stack (most recent call first):
[INFO] [stdout]   /usr/share/cmake-3.22/Modules/CMakeDetermineCompilerId.cmake:6 (CMAKE_DETERMINE_COMPILER_ID_BUILD)
[INFO] [stdout]   /usr/share/cmake-3.22/Modules/CMakeDetermineCompilerId.cmake:59 (__determine_compiler_id_test)
[INFO] [stdout]   /usr/share/cmake-3.22/Modules/CMakeDetermineCCompiler.cmake:123 (CMAKE_DETERMINE_COMPILER_ID)
[INFO] [stdout]   CMakeLists.txt:3 (project)
[INFO] [stdout] 
[INFO] [stdout] 
[INFO] [stdout] CMake Error at /usr/share/cmake-3.22/Modules/CMakeDetermineCompilerId.cmake:300 (file):
[INFO] [stdout]   file problem creating directory:
[INFO] [stdout]   /opt/rustwide/workdir/tests/depfile/single_crate_config/build/CMakeFiles/3.22.1/CompilerIdC
[INFO] [stdout] Call Stack (most recent call first):
[INFO] [stdout]   /usr/share/cmake-3.22/Modules/CMakeDetermineCompilerId.cmake:6 (CMAKE_DETERMINE_COMPILER_ID_BUILD)
[INFO] [stdout]   /usr/share/cmake-3.22/Modules/CMakeDetermineCompilerId.cmake:59 (__determine_compiler_id_test)
[INFO] [stdout]   /usr/share/cmake-3.22/Modules/CMakeDetermineCCompiler.cmake:123 (CMAKE_DETERMINE_COMPILER_ID)
[INFO] [stdout]   CMakeLists.txt:3 (project)
[INFO] [stdout] 
[INFO] [stdout] 
[INFO] [stdout] CMake Error at /usr/share/cmake-3.22/Modules/CMakeDetermineCompilerId.cmake:1075 (file):
[INFO] [stdout]   file failed to open for writing (No such file or directory):
[INFO] [stdout] 
[INFO] [stdout]     /opt/rustwide/workdir/tests/depfile/single_crate_config/build/CMakeFiles/CMakeError.log
[INFO] [stdout] Call Stack (most recent call first):
[INFO] [stdout]   /usr/share/cmake-3.22/Modules/CMakeDetermineCompilerId.cmake:81 (CMAKE_DETERMINE_COMPILER_ID_VENDOR)
[INFO] [stdout]   /usr/share/cmake-3.22/Modules/CMakeDetermineCCompiler.cmake:123 (CMAKE_DETERMINE_COMPILER_ID)
[INFO] [stdout]   CMakeLists.txt:3 (project)
[INFO] [stdout] 
[INFO] [stdout] 
[INFO] [stdout] CMake Error at /usr/share/cmake-3.22/Modules/CMakeDetermineCompilerId.cmake:1075 (file):
[INFO] [stdout]   file failed to open for writing (No such file or directory):
[INFO] [stdout] 
[INFO] [stdout]     /opt/rustwide/workdir/tests/depfile/single_crate_config/build/CMakeFiles/CMakeError.log
[INFO] [stdout] Call Stack (most recent call first):
[INFO] [stdout]   /usr/share/cmake-3.22/Modules/CMakeDetermineCompilerId.cmake:81 (CMAKE_DETERMINE_COMPILER_ID_VENDOR)
[INFO] [stdout]   /usr/share/cmake-3.22/Modules/CMakeDetermineCCompiler.cmake:123 (CMAKE_DETERMINE_COMPILER_ID)
[INFO] [stdout]   CMakeLists.txt:3 (project)
[INFO] [stdout] 
[INFO] [stdout] 
[INFO] [stdout] CMake Error: Could not open file for write in copy operation /opt/rustwide/workdir/tests/depfile/single_crate_config/build/CMakeFiles/3.22.1/CMakeCCompiler.cmake.tmp
[INFO] [stdout] CMake Error: : System Error: No such file or directory
[INFO] [stdout] CMake Error at /usr/share/cmake-3.22/Modules/CMakeDetermineCCompiler.cmake:226 (configure_file):
[INFO] [stdout]   configure_file Problem configuring file
[INFO] [stdout] Call Stack (most recent call first):
[INFO] [stdout]   CMakeLists.txt:3 (project)
[INFO] [stdout] 
[INFO] [stdout] 
[INFO] [stdout] CMake Error: Could not find cmake module file: /opt/rustwide/workdir/tests/depfile/single_crate_config/build/CMakeFiles/3.22.1/CMakeCCompiler.cmake
[INFO] [stdout] CMake Error at /usr/share/cmake-3.22/Modules/CMakeDetermineCompilerABI.cmake:49 (try_compile):
[INFO] [stdout]   Unknown extension ".c" for file
[INFO] [stdout] 
[INFO] [stdout]     /usr/share/cmake-3.22/Modules/CMakeCCompilerABI.c
[INFO] [stdout] 
[INFO] [stdout]   try_compile() works only for enabled languages.  Currently these are:
[INFO] [stdout] 
[INFO] [stdout]     C
[INFO] [stdout] 
[INFO] [stdout]   See project() command to enable other languages.
[INFO] [stdout] Call Stack (most recent call first):
[INFO] [stdout]   /usr/share/cmake-3.22/Modules/CMakeTestCCompiler.cmake:26 (CMAKE_DETERMINE_COMPILER_ABI)
[INFO] [stdout]   CMakeLists.txt:3 (project)
[INFO] [stdout] 
[INFO] [stdout] 
[INFO] [stdout] CMake Error at /usr/share/cmake-3.22/Modules/CMakeDetermineCompilerABI.cmake:188 (file):
[INFO] [stdout]   file failed to open for writing (No such file or directory):
[INFO] [stdout] 
[INFO] [stdout]     /opt/rustwide/workdir/tests/depfile/single_crate_config/build/CMakeFiles/CMakeError.log
[INFO] [stdout] Call Stack (most recent call first):
[INFO] [stdout]   /usr/share/cmake-3.22/Modules/CMakeTestCCompiler.cmake:26 (CMAKE_DETERMINE_COMPILER_ABI)
[INFO] [stdout]   CMakeLists.txt:3 (project)
[INFO] [stdout] 
[INFO] [stdout] 
[INFO] [stdout] CMake Error at /usr/share/cmake-3.22/Modules/CMakeTestCCompiler.cmake:41 (file):
[INFO] [stdout]   file failed to open for writing (No such file or directory):
[INFO] [stdout] 
[INFO] [stdout]     /opt/rustwide/workdir/tests/depfile/single_crate_config/build/CMakeFiles/CMakeTmp/testCCompiler.c
[INFO] [stdout] Call Stack (most recent call first):
[INFO] [stdout]   CMakeLists.txt:3 (project)
[INFO] [stdout] 
[INFO] [stdout] 
[INFO] [stdout] CMake Error at /usr/share/cmake-3.22/Modules/CMakeTestCCompiler.cmake:56 (try_compile):
[INFO] [stdout]   Unknown extension ".c" for file
[INFO] [stdout] 
[INFO] [stdout]     /opt/rustwide/workdir/tests/depfile/single_crate_config/build/CMakeFiles/CMakeTmp/testCCompiler.c
[INFO] [stdout] 
[INFO] [stdout]   try_compile() works only for enabled languages.  Currently these are:
[INFO] [stdout] 
[INFO] [stdout]     C
[INFO] [stdout] 
[INFO] [stdout]   See project() command to enable other languages.
[INFO] [stdout] Call Stack (most recent call first):
[INFO] [stdout]   CMakeLists.txt:3 (project)
[INFO] [stdout] 
[INFO] [stdout] 
[INFO] [stdout] CMake Error at /usr/share/cmake-3.22/Modules/CMakeTestCCompiler.cmake:65 (file):
[INFO] [stdout]   file failed to open for writing (No such file or directory):
[INFO] [stdout] 
[INFO] [stdout]     /opt/rustwide/workdir/tests/depfile/single_crate_config/build/CMakeFiles/CMakeError.log
[INFO] [stdout] Call Stack (most recent call first):
[INFO] [stdout]   CMakeLists.txt:3 (project)
[INFO] [stdout] 
[INFO] [stdout] 
[INFO] [stdout] CMake Error at /usr/share/cmake-3.22/Modules/CMakeTestCCompiler.cmake:69 (message):
[INFO] [stdout]   The C compiler
[INFO] [stdout] 
[INFO] [stdout]     "/usr/bin/cc"
[INFO] [stdout] 
[INFO] [stdout]   is not able to compile a simple test program.
[INFO] [stdout] 
[INFO] [stdout]   It fails with the following output:
[INFO] [stdout] 
[INFO] [stdout]     
[INFO] [stdout] 
[INFO] [stdout]   
[INFO] [stdout] 
[INFO] [stdout]   CMake will not be able to correctly generate this project.
[INFO] [stdout] Call Stack (most recent call first):
[INFO] [stdout]   CMakeLists.txt:3 (project)
[INFO] [stdout] 
[INFO] [stdout] 
[INFO] [stdout] CMake Error: Cannot open file for write: /opt/rustwide/workdir/tests/depfile/single_crate_config/build/CMakeCache.txt.tmp6983d
[INFO] [stdout] CMake Error: : System Error: No such file or directory
[INFO] [stdout] CMake Error: Unable to open cache file for save. /opt/rustwide/workdir/tests/depfile/single_crate_config/build/CMakeCache.txt
[INFO] [stdout] CMake Error: : System Error: No such file or directory
[INFO] [stdout] `
[INFO] [stdout] stack backtrace:
[INFO] [stdout]    0:     0x64d2100863da - std::backtrace_rs::backtrace::libunwind::trace::hb059275cfc8d6126
[INFO] [stdout]                                at /rustc/6067b36314ab5eb2eb47cecc464545ba58e1ad24/library/std/src/../../backtrace/src/backtrace/libunwind.rs:116:5
[INFO] [stdout]    1:     0x64d2100863da - std::backtrace_rs::backtrace::trace_unsynchronized::h2da071e4327ce3ee
[INFO] [stdout]                                at /rustc/6067b36314ab5eb2eb47cecc464545ba58e1ad24/library/std/src/../../backtrace/src/backtrace/mod.rs:66:5
[INFO] [stdout]    2:     0x64d2100863da - std::sys::backtrace::_print_fmt::h842a1474e6f8d23f
[INFO] [stdout]                                at /rustc/6067b36314ab5eb2eb47cecc464545ba58e1ad24/library/std/src/sys/backtrace.rs:66:9
[INFO] [stdout]    3:     0x64d2100863da - <std::sys::backtrace::BacktraceLock::print::DisplayBacktrace as core::fmt::Display>::fmt::h71a62eb3b9696b12
[INFO] [stdout]                                at /rustc/6067b36314ab5eb2eb47cecc464545ba58e1ad24/library/std/src/sys/backtrace.rs:39:26
[INFO] [stdout]    4:     0x64d2100ae5b3 - core::fmt::rt::Argument::fmt::hdb6b616786b41dc1
[INFO] [stdout]                                at /rustc/6067b36314ab5eb2eb47cecc464545ba58e1ad24/library/core/src/fmt/rt.rs:177:76
[INFO] [stdout]    5:     0x64d2100ae5b3 - core::fmt::write::h2cc1698af7e2d686
[INFO] [stdout]                                at /rustc/6067b36314ab5eb2eb47cecc464545ba58e1ad24/library/core/src/fmt/mod.rs:1440:21
[INFO] [stdout]    6:     0x64d210082bd3 - std::io::Write::write_fmt::hab1b4cd059a79022
[INFO] [stdout]                                at /rustc/6067b36314ab5eb2eb47cecc464545ba58e1ad24/library/std/src/io/mod.rs:1887:15
[INFO] [stdout]    7:     0x64d210086222 - std::sys::backtrace::BacktraceLock::print::h147fe35b4ea13b08
[INFO] [stdout]                                at /rustc/6067b36314ab5eb2eb47cecc464545ba58e1ad24/library/std/src/sys/backtrace.rs:42:9
[INFO] [stdout]    8:     0x64d2100877ff - std::panicking::default_hook::{{closure}}::hbd44223dbdc0d208
[INFO] [stdout]                                at /rustc/6067b36314ab5eb2eb47cecc464545ba58e1ad24/library/std/src/panicking.rs:298:22
[INFO] [stdout]    9:     0x64d210087618 - std::panicking::default_hook::h20f81eb0576efcec
[INFO] [stdout]                                at /rustc/6067b36314ab5eb2eb47cecc464545ba58e1ad24/library/std/src/panicking.rs:322:9
[INFO] [stdout]   10:     0x64d21004f743 - <alloc::boxed::Box<F,A> as core::ops::function::Fn<Args>>::call::hdb53814c496a4d34
[INFO] [stdout]                                at /rustc/6067b36314ab5eb2eb47cecc464545ba58e1ad24/library/alloc/src/boxed.rs:2027:9
[INFO] [stdout]   11:     0x64d21004f743 - test::test_main::{{closure}}::hc0a4963c59427c24
[INFO] [stdout]                                at /rustc/6067b36314ab5eb2eb47cecc464545ba58e1ad24/library/test/src/lib.rs:134:21
[INFO] [stdout]   12:     0x64d2100882f3 - <alloc::boxed::Box<F,A> as core::ops::function::Fn<Args>>::call::h591b2225413a77e9
[INFO] [stdout]                                at /rustc/6067b36314ab5eb2eb47cecc464545ba58e1ad24/library/alloc/src/boxed.rs:2027:9
[INFO] [stdout]   13:     0x64d2100882f3 - std::panicking::rust_panic_with_hook::h625eea43051b2edc
[INFO] [stdout]                                at /rustc/6067b36314ab5eb2eb47cecc464545ba58e1ad24/library/std/src/panicking.rs:839:13
[INFO] [stdout]   14:     0x64d210087faa - std::panicking::begin_panic_handler::{{closure}}::h4f9159cfbc3f6bd3
[INFO] [stdout]                                at /rustc/6067b36314ab5eb2eb47cecc464545ba58e1ad24/library/std/src/panicking.rs:704:13
[INFO] [stdout]   15:     0x64d2100868d9 - std::sys::backtrace::__rust_end_short_backtrace::h0390abce48353151
[INFO] [stdout]                                at /rustc/6067b36314ab5eb2eb47cecc464545ba58e1ad24/library/std/src/sys/backtrace.rs:168:18
[INFO] [stdout]   16:     0x64d210087c3d - rust_begin_unwind
[INFO] [stdout]                                at /rustc/6067b36314ab5eb2eb47cecc464545ba58e1ad24/library/std/src/panicking.rs:695:5
[INFO] [stdout]   17:     0x64d2100ad060 - core::panicking::panic_fmt::h9e7c637e9e5f29c9
[INFO] [stdout]                                at /rustc/6067b36314ab5eb2eb47cecc464545ba58e1ad24/library/core/src/panicking.rs:75:14
[INFO] [stdout]   18:     0x64d21000adf4 - depfile::test_project::hb42c8a0d690ea5a4
[INFO] [stdout]                                at /opt/rustwide/workdir/tests/depfile.rs:31:5
[INFO] [stdout]   19:     0x64d21000bff2 - depfile::test_depfile_single_crate_config::h1d2e10c2acda2d07
[INFO] [stdout]                                at /opt/rustwide/workdir/tests/depfile.rs:110:13
[INFO] [stdout]   20:     0x64d21000bfc7 - depfile::test_depfile_single_crate_config::{{closure}}::h48388aca638bd5ce
[INFO] [stdout]                                at /opt/rustwide/workdir/tests/depfile.rs:109:33
[INFO] [stdout]   21:     0x64d2100085c6 - core::ops::function::FnOnce::call_once::h682018c0b16f6151
[INFO] [stdout]                                at /rustc/6067b36314ab5eb2eb47cecc464545ba58e1ad24/library/core/src/ops/function.rs:250:5
[INFO] [stdout]   22:     0x64d210054e9b - core::ops::function::FnOnce::call_once::he27718dfdd183f43
[INFO] [stdout]                                at /rustc/6067b36314ab5eb2eb47cecc464545ba58e1ad24/library/core/src/ops/function.rs:250:5
[INFO] [stdout]   23:     0x64d210054e9b - test::__rust_begin_short_backtrace::h4e84902998457a5d
[INFO] [stdout]                                at /rustc/6067b36314ab5eb2eb47cecc464545ba58e1ad24/library/test/src/lib.rs:632:18
[INFO] [stdout]   24:     0x64d210053dd3 - test::run_test_in_process::{{closure}}::h7176fd18fc1feca0
[INFO] [stdout]                                at /rustc/6067b36314ab5eb2eb47cecc464545ba58e1ad24/library/test/src/lib.rs:655:60
[INFO] [stdout]   25:     0x64d210053dd3 - <core::panic::unwind_safe::AssertUnwindSafe<F> as core::ops::function::FnOnce<()>>::call_once::hf79cff2a624d8cf7
[INFO] [stdout]                                at /rustc/6067b36314ab5eb2eb47cecc464545ba58e1ad24/library/core/src/panic/unwind_safe.rs:272:9
[INFO] [stdout]   26:     0x64d210053dd3 - std::panicking::try::do_call::h3da0561d9ab99c25
[INFO] [stdout]                                at /rustc/6067b36314ab5eb2eb47cecc464545ba58e1ad24/library/std/src/panicking.rs:587:40
[INFO] [stdout]   27:     0x64d210053dd3 - std::panicking::try::h41c9fa508bc61df6
[INFO] [stdout]                                at /rustc/6067b36314ab5eb2eb47cecc464545ba58e1ad24/library/std/src/panicking.rs:550:19
[INFO] [stdout]   28:     0x64d210053dd3 - std::panic::catch_unwind::h6b3ff07bb5afad93
[INFO] [stdout]                                at /rustc/6067b36314ab5eb2eb47cecc464545ba58e1ad24/library/std/src/panic.rs:358:14
[INFO] [stdout]   29:     0x64d210053dd3 - test::run_test_in_process::hc7253dd11b39b9f4
[INFO] [stdout]                                at /rustc/6067b36314ab5eb2eb47cecc464545ba58e1ad24/library/test/src/lib.rs:655:27
[INFO] [stdout]   30:     0x64d210053dd3 - test::run_test::{{closure}}::hfb2007f8649c30bb
[INFO] [stdout]                                at /rustc/6067b36314ab5eb2eb47cecc464545ba58e1ad24/library/test/src/lib.rs:576:43
[INFO] [stdout]   31:     0x64d210016eb5 - test::run_test::{{closure}}::h56a17aa7a282a9f4
[INFO] [stdout]                                at /rustc/6067b36314ab5eb2eb47cecc464545ba58e1ad24/library/test/src/lib.rs:606:41
[INFO] [stdout]   32:     0x64d210016eb5 - std::sys::backtrace::__rust_begin_short_backtrace::hd2d2d2fb8e8c6aac
[INFO] [stdout]                                at /rustc/6067b36314ab5eb2eb47cecc464545ba58e1ad24/library/std/src/sys/backtrace.rs:152:18
[INFO] [stdout]   33:     0x64d21001a79a - std::thread::Builder::spawn_unchecked_::{{closure}}::{{closure}}::h4faa3f9db6133423
[INFO] [stdout]                                at /rustc/6067b36314ab5eb2eb47cecc464545ba58e1ad24/library/std/src/thread/mod.rs:559:17
[INFO] [stdout]   34:     0x64d21001a79a - <core::panic::unwind_safe::AssertUnwindSafe<F> as core::ops::function::FnOnce<()>>::call_once::hf2e855a36a4ea846
[INFO] [stdout]                                at /rustc/6067b36314ab5eb2eb47cecc464545ba58e1ad24/library/core/src/panic/unwind_safe.rs:272:9
[INFO] [stdout]   35:     0x64d21001a79a - std::panicking::try::do_call::h2f73af3616c35465
[INFO] [stdout]                                at /rustc/6067b36314ab5eb2eb47cecc464545ba58e1ad24/library/std/src/panicking.rs:587:40
[INFO] [stdout]   36:     0x64d21001a79a - std::panicking::try::hd1660ce9efadef5a
[INFO] [stdout]                                at /rustc/6067b36314ab5eb2eb47cecc464545ba58e1ad24/library/std/src/panicking.rs:550:19
[INFO] [stdout]   37:     0x64d21001a79a - std::panic::catch_unwind::h5ee8d7823b8ca744
[INFO] [stdout]                                at /rustc/6067b36314ab5eb2eb47cecc464545ba58e1ad24/library/std/src/panic.rs:358:14
[INFO] [stdout]   38:     0x64d21001a79a - std::thread::Builder::spawn_unchecked_::{{closure}}::h53c3a1894dce8407
[INFO] [stdout]                                at /rustc/6067b36314ab5eb2eb47cecc464545ba58e1ad24/library/std/src/thread/mod.rs:557:30
[INFO] [stdout]   39:     0x64d21001a79a - core::ops::function::FnOnce::call_once{{vtable.shim}}::h048ce291ad4f62bf
[INFO] [stdout]                                at /rustc/6067b36314ab5eb2eb47cecc464545ba58e1ad24/library/core/src/ops/function.rs:250:5
[INFO] [stdout]   40:     0x64d21008cd9b - <alloc::boxed::Box<F,A> as core::ops::function::FnOnce<Args>>::call_once::ha52bedf99a3b4981
[INFO] [stdout]                                at /rustc/6067b36314ab5eb2eb47cecc464545ba58e1ad24/library/alloc/src/boxed.rs:2013:9
[INFO] [stdout]   41:     0x64d21008cd9b - <alloc::boxed::Box<F,A> as core::ops::function::FnOnce<Args>>::call_once::h567748934d80ccf8
[INFO] [stdout]                                at /rustc/6067b36314ab5eb2eb47cecc464545ba58e1ad24/library/alloc/src/boxed.rs:2013:9
[INFO] [stdout]   42:     0x64d21008cd9b - std::sys::pal::unix::thread::Thread::new::thread_start::h2d970728ae887adc
[INFO] [stdout]                                at /rustc/6067b36314ab5eb2eb47cecc464545ba58e1ad24/library/std/src/sys/pal/unix/thread.rs:106:17
[INFO] [stdout]   43:     0x796699255ac3 - <unknown>
[INFO] [stdout]   44:     0x7966992e6a04 - clone
[INFO] [stdout]   45:                0x0 - <unknown>
[INFO] [stdout] 
[INFO] [stdout] ---- test_depfile_single_crate_default_config stdout ----
[INFO] [stdout] 
[INFO] [stdout] thread 'test_depfile_single_crate_default_config' panicked at tests/depfile.rs:31:5:
[INFO] [stdout] Configuring test project failed: stdout: `-- The C compiler identification is unknown
[INFO] [stdout] -- Detecting C compiler ABI info
[INFO] [stdout] -- Detecting C compiler ABI info - failed
[INFO] [stdout] -- Check for working C compiler: /usr/bin/cc
[INFO] [stdout] -- Check for working C compiler: /usr/bin/cc - broken
[INFO] [stdout] -- Configuring incomplete, errors occurred!
[INFO] [stdout] `, stderr: `CMake Error at /usr/share/cmake-3.22/Modules/CMakeDetermineSystem.cmake:181 (file):
[INFO] [stdout]   file failed to open for writing (No such file or directory):
[INFO] [stdout] 
[INFO] [stdout]     /opt/rustwide/workdir/tests/depfile/single_crate_default_config/build/CMakeFiles/CMakeOutput.log
[INFO] [stdout] Call Stack (most recent call first):
[INFO] [stdout]   CMakeLists.txt:3 (project)
[INFO] [stdout] 
[INFO] [stdout] 
[INFO] [stdout] CMake Error: Could not open file for write in copy operation /opt/rustwide/workdir/tests/depfile/single_crate_default_config/build/CMakeFiles/3.22.1/CMakeSystem.cmake.tmp
[INFO] [stdout] CMake Error: : System Error: No such file or directory
[INFO] [stdout] CMake Error at /usr/share/cmake-3.22/Modules/CMakeDetermineSystem.cmake:193 (configure_file):
[INFO] [stdout]   configure_file Problem configuring file
[INFO] [stdout] Call Stack (most recent call first):
[INFO] [stdout]   CMakeLists.txt:3 (project)
[INFO] [stdout] 
[INFO] [stdout] 
[INFO] [stdout] CMake Error at /usr/share/cmake-3.22/Modules/CMakeDetermineCompilerId.cmake:300 (file):
[INFO] [stdout]   file problem creating directory:
[INFO] [stdout]   /opt/rustwide/workdir/tests/depfile/single_crate_default_config/build/CMakeFiles/3.22.1/CompilerIdC
[INFO] [stdout] Call Stack (most recent call first):
[INFO] [stdout]   /usr/share/cmake-3.22/Modules/CMakeDetermineCompilerId.cmake:6 (CMAKE_DETERMINE_COMPILER_ID_BUILD)
[INFO] [stdout]   /usr/share/cmake-3.22/Modules/CMakeDetermineCompilerId.cmake:59 (__determine_compiler_id_test)
[INFO] [stdout]   /usr/share/cmake-3.22/Modules/CMakeDetermineCCompiler.cmake:123 (CMAKE_DETERMINE_COMPILER_ID)
[INFO] [stdout]   CMakeLists.txt:3 (project)
[INFO] [stdout] 
[INFO] [stdout] 
[INFO] [stdout] CMake Error at /usr/share/cmake-3.22/Modules/CMakeDetermineCompilerId.cmake:300 (file):
[INFO] [stdout]   file problem creating directory:
[INFO] [stdout]   /opt/rustwide/workdir/tests/depfile/single_crate_default_config/build/CMakeFiles/3.22.1/CompilerIdC
[INFO] [stdout] Call Stack (most recent call first):
[INFO] [stdout]   /usr/share/cmake-3.22/Modules/CMakeDetermineCompilerId.cmake:6 (CMAKE_DETERMINE_COMPILER_ID_BUILD)
[INFO] [stdout]   /usr/share/cmake-3.22/Modules/CMakeDetermineCompilerId.cmake:59 (__determine_compiler_id_test)
[INFO] [stdout]   /usr/share/cmake-3.22/Modules/CMakeDetermineCCompiler.cmake:123 (CMAKE_DETERMINE_COMPILER_ID)
[INFO] [stdout]   CMakeLists.txt:3 (project)
[INFO] [stdout] 
[INFO] [stdout] 
[INFO] [stdout] CMake Error at /usr/share/cmake-3.22/Modules/CMakeDetermineCompilerId.cmake:300 (file):
[INFO] [stdout]   file problem creating directory:
[INFO] [stdout]   /opt/rustwide/workdir/tests/depfile/single_crate_default_config/build/CMakeFiles/3.22.1/CompilerIdC
[INFO] [stdout] Call Stack (most recent call first):
[INFO] [stdout]   /usr/share/cmake-3.22/Modules/CMakeDetermineCompilerId.cmake:6 (CMAKE_DETERMINE_COMPILER_ID_BUILD)
[INFO] [stdout]   /usr/share/cmake-3.22/Modules/CMakeDetermineCompilerId.cmake:59 (__determine_compiler_id_test)
[INFO] [stdout]   /usr/share/cmake-3.22/Modules/CMakeDetermineCCompiler.cmake:123 (CMAKE_DETERMINE_COMPILER_ID)
[INFO] [stdout]   CMakeLists.txt:3 (project)
[INFO] [stdout] 
[INFO] [stdout] 
[INFO] [stdout] CMake Error at /usr/share/cmake-3.22/Modules/CMakeDetermineCompilerId.cmake:300 (file):
[INFO] [stdout]   file problem creating directory:
[INFO] [stdout]   /opt/rustwide/workdir/tests/depfile/single_crate_default_config/build/CMakeFiles/3.22.1/CompilerIdC
[INFO] [stdout] Call Stack (most recent call first):
[INFO] [stdout]   /usr/share/cmake-3.22/Modules/CMakeDetermineCompilerId.cmake:6 (CMAKE_DETERMINE_COMPILER_ID_BUILD)
[INFO] [stdout]   /usr/share/cmake-3.22/Modules/CMakeDetermineCompilerId.cmake:59 (__determine_compiler_id_test)
[INFO] [stdout]   /usr/share/cmake-3.22/Modules/CMakeDetermineCCompiler.cmake:123 (CMAKE_DETERMINE_COMPILER_ID)
[INFO] [stdout]   CMakeLists.txt:3 (project)
[INFO] [stdout] 
[INFO] [stdout] 
[INFO] [stdout] CMake Error at /usr/share/cmake-3.22/Modules/CMakeDetermineCompilerId.cmake:300 (file):
[INFO] [stdout]   file problem creating directory:
[INFO] [stdout]   /opt/rustwide/workdir/tests/depfile/single_crate_default_config/build/CMakeFiles/3.22.1/CompilerIdC
[INFO] [stdout] Call Stack (most recent call first):
[INFO] [stdout]   /usr/share/cmake-3.22/Modules/CMakeDetermineCompilerId.cmake:6 (CMAKE_DETERMINE_COMPILER_ID_BUILD)
[INFO] [stdout]   /usr/share/cmake-3.22/Modules/CMakeDetermineCompilerId.cmake:59 (__determine_compiler_id_test)
[INFO] [stdout]   /usr/share/cmake-3.22/Modules/CMakeDetermineCCompiler.cmake:123 (CMAKE_DETERMINE_COMPILER_ID)
[INFO] [stdout]   CMakeLists.txt:3 (project)
[INFO] [stdout] 
[INFO] [stdout] 
[INFO] [stdout] CMake Error at /usr/share/cmake-3.22/Modules/CMakeDetermineCompilerId.cmake:300 (file):
[INFO] [stdout]   file problem creating directory:
[INFO] [stdout]   /opt/rustwide/workdir/tests/depfile/single_crate_default_config/build/CMakeFiles/3.22.1/CompilerIdC
[INFO] [stdout] Call Stack (most recent call first):
[INFO] [stdout]   /usr/share/cmake-3.22/Modules/CMakeDetermineCompilerId.cmake:6 (CMAKE_DETERMINE_COMPILER_ID_BUILD)
[INFO] [stdout]   /usr/share/cmake-3.22/Modules/CMakeDetermineCompilerId.cmake:59 (__determine_compiler_id_test)
[INFO] [stdout]   /usr/share/cmake-3.22/Modules/CMakeDetermineCCompiler.cmake:123 (CMAKE_DETERMINE_COMPILER_ID)
[INFO] [stdout]   CMakeLists.txt:3 (project)
[INFO] [stdout] 
[INFO] [stdout] 
[INFO] [stdout] CMake Error at /usr/share/cmake-3.22/Modules/CMakeDetermineCompilerId.cmake:300 (file):
[INFO] [stdout]   file problem creating directory:
[INFO] [stdout]   /opt/rustwide/workdir/tests/depfile/single_crate_default_config/build/CMakeFiles/3.22.1/CompilerIdC
[INFO] [stdout] Call Stack (most recent call first):
[INFO] [stdout]   /usr/share/cmake-3.22/Modules/CMakeDetermineCompilerId.cmake:6 (CMAKE_DETERMINE_COMPILER_ID_BUILD)
[INFO] [stdout]   /usr/share/cmake-3.22/Modules/CMakeDetermineCompilerId.cmake:59 (__determine_compiler_id_test)
[INFO] [stdout]   /usr/share/cmake-3.22/Modules/CMakeDetermineCCompiler.cmake:123 (CMAKE_DETERMINE_COMPILER_ID)
[INFO] [stdout]   CMakeLists.txt:3 (project)
[INFO] [stdout] 
[INFO] [stdout] 
[INFO] [stdout] CMake Error at /usr/share/cmake-3.22/Modules/CMakeDetermineCompilerId.cmake:300 (file):
[INFO] [stdout]   file problem creating directory:
[INFO] [stdout]   /opt/rustwide/workdir/tests/depfile/single_crate_default_config/build/CMakeFiles/3.22.1/CompilerIdC
[INFO] [stdout] Call Stack (most recent call first):
[INFO] [stdout]   /usr/share/cmake-3.22/Modules/CMakeDetermineCompilerId.cmake:6 (CMAKE_DETERMINE_COMPILER_ID_BUILD)
[INFO] [stdout]   /usr/share/cmake-3.22/Modules/CMakeDetermineCompilerId.cmake:59 (__determine_compiler_id_test)
[INFO] [stdout]   /usr/share/cmake-3.22/Modules/CMakeDetermineCCompiler.cmake:123 (CMAKE_DETERMINE_COMPILER_ID)
[INFO] [stdout]   CMakeLists.txt:3 (project)
[INFO] [stdout] 
[INFO] [stdout] 
[INFO] [stdout] CMake Error at /usr/share/cmake-3.22/Modules/CMakeDetermineCompilerId.cmake:300 (file):
[INFO] [stdout]   file problem creating directory:
[INFO] [stdout]   /opt/rustwide/workdir/tests/depfile/single_crate_default_config/build/CMakeFiles/3.22.1/CompilerIdC
[INFO] [stdout] Call Stack (most recent call first):
[INFO] [stdout]   /usr/share/cmake-3.22/Modules/CMakeDetermineCompilerId.cmake:6 (CMAKE_DETERMINE_COMPILER_ID_BUILD)
[INFO] [stdout]   /usr/share/cmake-3.22/Modules/CMakeDetermineCompilerId.cmake:59 (__determine_compiler_id_test)
[INFO] [stdout]   /usr/share/cmake-3.22/Modules/CMakeDetermineCCompiler.cmake:123 (CMAKE_DETERMINE_COMPILER_ID)
[INFO] [stdout]   CMakeLists.txt:3 (project)
[INFO] [stdout] 
[INFO] [stdout] 
[INFO] [stdout] CMake Error at /usr/share/cmake-3.22/Modules/CMakeDetermineCompilerId.cmake:300 (file):
[INFO] [stdout]   file problem creating directory:
[INFO] [stdout]   /opt/rustwide/workdir/tests/depfile/single_crate_default_config/build/CMakeFiles/3.22.1/CompilerIdC
[INFO] [stdout] Call Stack (most recent call first):
[INFO] [stdout]   /usr/share/cmake-3.22/Modules/CMakeDetermineCompilerId.cmake:6 (CMAKE_DETERMINE_COMPILER_ID_BUILD)
[INFO] [stdout]   /usr/share/cmake-3.22/Modules/CMakeDetermineCompilerId.cmake:59 (__determine_compiler_id_test)
[INFO] [stdout]   /usr/share/cmake-3.22/Modules/CMakeDetermineCCompiler.cmake:123 (CMAKE_DETERMINE_COMPILER_ID)
[INFO] [stdout]   CMakeLists.txt:3 (project)
[INFO] [stdout] 
[INFO] [stdout] 
[INFO] [stdout] CMake Error at /usr/share/cmake-3.22/Modules/CMakeDetermineCompilerId.cmake:300 (file):
[INFO] [stdout]   file problem creating directory:
[INFO] [stdout]   /opt/rustwide/workdir/tests/depfile/single_crate_default_config/build/CMakeFiles/3.22.1/CompilerIdC
[INFO] [stdout] Call Stack (most recent call first):
[INFO] [stdout]   /usr/share/cmake-3.22/Modules/CMakeDetermineCompilerId.cmake:6 (CMAKE_DETERMINE_COMPILER_ID_BUILD)
[INFO] [stdout]   /usr/share/cmake-3.22/Modules/CMakeDetermineCompilerId.cmake:59 (__determine_compiler_id_test)
[INFO] [stdout]   /usr/share/cmake-3.22/Modules/CMakeDetermineCCompiler.cmake:123 (CMAKE_DETERMINE_COMPILER_ID)
[INFO] [stdout]   CMakeLists.txt:3 (project)
[INFO] [stdout] 
[INFO] [stdout] 
[INFO] [stdout] CMake Error at /usr/share/cmake-3.22/Modules/CMakeDetermineCompilerId.cmake:300 (file):
[INFO] [stdout]   file problem creating directory:
[INFO] [stdout]   /opt/rustwide/workdir/tests/depfile/single_crate_default_config/build/CMakeFiles/3.22.1/CompilerIdC
[INFO] [stdout] Call Stack (most recent call first):
[INFO] [stdout]   /usr/share/cmake-3.22/Modules/CMakeDetermineCompilerId.cmake:6 (CMAKE_DETERMINE_COMPILER_ID_BUILD)
[INFO] [stdout]   /usr/share/cmake-3.22/Modules/CMakeDetermineCompilerId.cmake:59 (__determine_compiler_id_test)
[INFO] [stdout]   /usr/share/cmake-3.22/Modules/CMakeDetermineCCompiler.cmake:123 (CMAKE_DETERMINE_COMPILER_ID)
[INFO] [stdout]   CMakeLists.txt:3 (project)
[INFO] [stdout] 
[INFO] [stdout] 
[INFO] [stdout] CMake Error at /usr/share/cmake-3.22/Modules/CMakeDetermineCompilerId.cmake:1075 (file):
[INFO] [stdout]   file failed to open for writing (No such file or directory):
[INFO] [stdout] 
[INFO] [stdout]     /opt/rustwide/workdir/tests/depfile/single_crate_default_config/build/CMakeFiles/CMakeError.log
[INFO] [stdout] Call Stack (most recent call first):
[INFO] [stdout]   /usr/share/cmake-3.22/Modules/CMakeDetermineCompilerId.cmake:81 (CMAKE_DETERMINE_COMPILER_ID_VENDOR)
[INFO] [stdout]   /usr/share/cmake-3.22/Modules/CMakeDetermineCCompiler.cmake:123 (CMAKE_DETERMINE_COMPILER_ID)
[INFO] [stdout]   CMakeLists.txt:3 (project)
[INFO] [stdout] 
[INFO] [stdout] 
[INFO] [stdout] CMake Error at /usr/share/cmake-3.22/Modules/CMakeDetermineCompilerId.cmake:1075 (file):
[INFO] [stdout]   file failed to open for writing (No such file or directory):
[INFO] [stdout] 
[INFO] [stdout]     /opt/rustwide/workdir/tests/depfile/single_crate_default_config/build/CMakeFiles/CMakeError.log
[INFO] [stdout] Call Stack (most recent call first):
[INFO] [stdout]   /usr/share/cmake-3.22/Modules/CMakeDetermineCompilerId.cmake:81 (CMAKE_DETERMINE_COMPILER_ID_VENDOR)
[INFO] [stdout]   /usr/share/cmake-3.22/Modules/CMakeDetermineCCompiler.cmake:123 (CMAKE_DETERMINE_COMPILER_ID)
[INFO] [stdout]   CMakeLists.txt:3 (project)
[INFO] [stdout] 
[INFO] [stdout] 
[INFO] [stdout] CMake Error: Could not open file for write in copy operation /opt/rustwide/workdir/tests/depfile/single_crate_default_config/build/CMakeFiles/3.22.1/CMakeCCompiler.cmake.tmp
[INFO] [stdout] CMake Error: : System Error: No such file or directory
[INFO] [stdout] CMake Error at /usr/share/cmake-3.22/Modules/CMakeDetermineCCompiler.cmake:226 (configure_file):
[INFO] [stdout]   configure_file Problem configuring file
[INFO] [stdout] Call Stack (most recent call first):
[INFO] [stdout]   CMakeLists.txt:3 (project)
[INFO] [stdout] 
[INFO] [stdout] 
[INFO] [stdout] CMake Error: Could not find cmake module file: /opt/rustwide/workdir/tests/depfile/single_crate_default_config/build/CMakeFiles/3.22.1/CMakeCCompiler.cmake
[INFO] [stdout] CMake Error at /usr/share/cmake-3.22/Modules/CMakeDetermineCompilerABI.cmake:49 (try_compile):
[INFO] [stdout]   Unknown extension ".c" for file
[INFO] [stdout] 
[INFO] [stdout]     /usr/share/cmake-3.22/Modules/CMakeCCompilerABI.c
[INFO] [stdout] 
[INFO] [stdout]   try_compile() works only for enabled languages.  Currently these are:
[INFO] [stdout] 
[INFO] [stdout]     C
[INFO] [stdout] 
[INFO] [stdout]   See project() command to enable other languages.
[INFO] [stdout] Call Stack (most recent call first):
[INFO] [stdout]   /usr/share/cmake-3.22/Modules/CMakeTestCCompiler.cmake:26 (CMAKE_DETERMINE_COMPILER_ABI)
[INFO] [stdout]   CMakeLists.txt:3 (project)
[INFO] [stdout] 
[INFO] [stdout] 
[INFO] [stdout] CMake Error at /usr/share/cmake-3.22/Modules/CMakeDetermineCompilerABI.cmake:188 (file):
[INFO] [stdout]   file failed to open for writing (No such file or directory):
[INFO] [stdout] 
[INFO] [stdout]     /opt/rustwide/workdir/tests/depfile/single_crate_default_config/build/CMakeFiles/CMakeError.log
[INFO] [stdout] Call Stack (most recent call first):
[INFO] [stdout]   /usr/share/cmake-3.22/Modules/CMakeTestCCompiler.cmake:26 (CMAKE_DETERMINE_COMPILER_ABI)
[INFO] [stdout]   CMakeLists.txt:3 (project)
[INFO] [stdout] 
[INFO] [stdout] 
[INFO] [stdout] CMake Error at /usr/share/cmake-3.22/Modules/CMakeTestCCompiler.cmake:41 (file):
[INFO] [stdout]   file failed to open for writing (No such file or directory):
[INFO] [stdout] 
[INFO] [stdout]     /opt/rustwide/workdir/tests/depfile/single_crate_default_config/build/CMakeFiles/CMakeTmp/testCCompiler.c
[INFO] [stdout] Call Stack (most recent call first):
[INFO] [stdout]   CMakeLists.txt:3 (project)
[INFO] [stdout] 
[INFO] [stdout] 
[INFO] [stdout] CMake Error at /usr/share/cmake-3.22/Modules/CMakeTestCCompiler.cmake:56 (try_compile):
[INFO] [stdout]   Unknown extension ".c" for file
[INFO] [stdout] 
[INFO] [stdout]     /opt/rustwide/workdir/tests/depfile/single_crate_default_config/build/CMakeFiles/CMakeTmp/testCCompiler.c
[INFO] [stdout] 
[INFO] [stdout]   try_compile() works only for enabled languages.  Currently these are:
[INFO] [stdout] 
[INFO] [stdout]     C
[INFO] [stdout] 
[INFO] [stdout]   See project() command to enable other languages.
[INFO] [stdout] Call Stack (most recent call first):
[INFO] [stdout]   CMakeLists.txt:3 (project)
[INFO] [stdout] 
[INFO] [stdout] 
[INFO] [stdout] CMake Error at /usr/share/cmake-3.22/Modules/CMakeTestCCompiler.cmake:65 (file):
[INFO] [stdout]   file failed to open for writing (No such file or directory):
[INFO] [stdout] 
[INFO] [stdout]     /opt/rustwide/workdir/tests/depfile/single_crate_default_config/build/CMakeFiles/CMakeError.log
[INFO] [stdout] Call Stack (most recent call first):
[INFO] [stdout]   CMakeLists.txt:3 (project)
[INFO] [stdout] 
[INFO] [stdout] 
[INFO] [stdout] CMake Error at /usr/share/cmake-3.22/Modules/CMakeTestCCompiler.cmake:69 (message):
[INFO] [stdout]   The C compiler
[INFO] [stdout] 
[INFO] [stdout]     "/usr/bin/cc"
[INFO] [stdout] 
[INFO] [stdout]   is not able to compile a simple test program.
[INFO] [stdout] 
[INFO] [stdout]   It fails with the following output:
[INFO] [stdout] 
[INFO] [stdout]     
[INFO] [stdout] 
[INFO] [stdout]   
[INFO] [stdout] 
[INFO] [stdout]   CMake will not be able to correctly generate this project.
[INFO] [stdout] Call Stack (most recent call first):
[INFO] [stdout]   CMakeLists.txt:3 (project)
[INFO] [stdout] 
[INFO] [stdout] 
[INFO] [stdout] CMake Error: Cannot open file for write: /opt/rustwide/workdir/tests/depfile/single_crate_default_config/build/CMakeCache.txt.tmp447b8
[INFO] [stdout] CMake Error: : System Error: No such file or directory
[INFO] [stdout] CMake Error: Unable to open cache file for save. /opt/rustwide/workdir/tests/depfile/single_crate_default_config/build/CMakeCache.txt
[INFO] [stdout] CMake Error: : System Error: No such file or directory
[INFO] [stdout] `
[INFO] [stdout] stack backtrace:
[INFO] [stdout]    0:     0x64d2100863da - std::backtrace_rs::backtrace::libunwind::trace::hb059275cfc8d6126
[INFO] [stdout]                                at /rustc/6067b36314ab5eb2eb47cecc464545ba58e1ad24/library/std/src/../../backtrace/src/backtrace/libunwind.rs:116:5
[INFO] [stdout]    1:     0x64d2100863da - std::backtrace_rs::backtrace::trace_unsynchronized::h2da071e4327ce3ee
[INFO] [stdout]                                at /rustc/6067b36314ab5eb2eb47cecc464545ba58e1ad24/library/std/src/../../backtrace/src/backtrace/mod.rs:66:5
[INFO] [stdout]    2:     0x64d2100863da - std::sys::backtrace::_print_fmt::h842a1474e6f8d23f
[INFO] [stdout]                                at /rustc/6067b36314ab5eb2eb47cecc464545ba58e1ad24/library/std/src/sys/backtrace.rs:66:9
[INFO] [stdout]    3:     0x64d2100863da - <std::sys::backtrace::BacktraceLock::print::DisplayBacktrace as core::fmt::Display>::fmt::h71a62eb3b9696b12
[INFO] [stdout]                                at /rustc/6067b36314ab5eb2eb47cecc464545ba58e1ad24/library/std/src/sys/backtrace.rs:39:26
[INFO] [stdout]    4:     0x64d2100ae5b3 - core::fmt::rt::Argument::fmt::hdb6b616786b41dc1
[INFO] [stdout]                                at /rustc/6067b36314ab5eb2eb47cecc464545ba58e1ad24/library/core/src/fmt/rt.rs:177:76
[INFO] [stdout]    5:     0x64d2100ae5b3 - core::fmt::write::h2cc1698af7e2d686
[INFO] [stdout]                                at /rustc/6067b36314ab5eb2eb47cecc464545ba58e1ad24/library/core/src/fmt/mod.rs:1440:21
[INFO] [stdout]    6:     0x64d210082bd3 - std::io::Write::write_fmt::hab1b4cd059a79022
[INFO] [stdout]                                at /rustc/6067b36314ab5eb2eb47cecc464545ba58e1ad24/library/std/src/io/mod.rs:1887:15
[INFO] [stdout]    7:     0x64d210086222 - std::sys::backtrace::BacktraceLock::print::h147fe35b4ea13b08
[INFO] [stdout]                                at /rustc/6067b36314ab5eb2eb47cecc464545ba58e1ad24/library/std/src/sys/backtrace.rs:42:9
[INFO] [stdout]    8:     0x64d2100877ff - std::panicking::default_hook::{{closure}}::hbd44223dbdc0d208
[INFO] [stdout]                                at /rustc/6067b36314ab5eb2eb47cecc464545ba58e1ad24/library/std/src/panicking.rs:298:22
[INFO] [stdout]    9:     0x64d210087618 - std::panicking::default_hook::h20f81eb0576efcec
[INFO] [stdout]                                at /rustc/6067b36314ab5eb2eb47cecc464545ba58e1ad24/library/std/src/panicking.rs:322:9
[INFO] [stdout]   10:     0x64d21004f743 - <alloc::boxed::Box<F,A> as core::ops::function::Fn<Args>>::call::hdb53814c496a4d34
[INFO] [stdout]                                at /rustc/6067b36314ab5eb2eb47cecc464545ba58e1ad24/library/alloc/src/boxed.rs:2027:9
[INFO] [stdout]   11:     0x64d21004f743 - test::test_main::{{closure}}::hc0a4963c59427c24
[INFO] [stdout]                                at /rustc/6067b36314ab5eb2eb47cecc464545ba58e1ad24/library/test/src/lib.rs:134:21
[INFO] [stdout]   12:     0x64d2100882f3 - <alloc::boxed::Box<F,A> as core::ops::function::Fn<Args>>::call::h591b2225413a77e9
[INFO] [stdout]                                at /rustc/6067b36314ab5eb2eb47cecc464545ba58e1ad24/library/alloc/src/boxed.rs:2027:9
[INFO] [stdout]   13:     0x64d2100882f3 - std::panicking::rust_panic_with_hook::h625eea43051b2edc
[INFO] [stdout]                                at /rustc/6067b36314ab5eb2eb47cecc464545ba58e1ad24/library/std/src/panicking.rs:839:13
[INFO] [stdout]   14:     0x64d210087faa - std::panicking::begin_panic_handler::{{closure}}::h4f9159cfbc3f6bd3
[INFO] [stdout]                                at /rustc/6067b36314ab5eb2eb47cecc464545ba58e1ad24/library/std/src/panicking.rs:704:13
[INFO] [stdout]   15:     0x64d2100868d9 - std::sys::backtrace::__rust_end_short_backtrace::h0390abce48353151
[INFO] [stdout]                                at /rustc/6067b36314ab5eb2eb47cecc464545ba58e1ad24/library/std/src/sys/backtrace.rs:168:18
[INFO] [stdout]   16:     0x64d210087c3d - rust_begin_unwind
[INFO] [stdout]                                at /rustc/6067b36314ab5eb2eb47cecc464545ba58e1ad24/library/std/src/panicking.rs:695:5
[INFO] [stdout]   17:     0x64d2100ad060 - core::panicking::panic_fmt::h9e7c637e9e5f29c9
[INFO] [stdout]                                at /rustc/6067b36314ab5eb2eb47cecc464545ba58e1ad24/library/core/src/panicking.rs:75:14
[INFO] [stdout]   18:     0x64d21000adf4 - depfile::test_project::hb42c8a0d690ea5a4
[INFO] [stdout]                                at /opt/rustwide/workdir/tests/depfile.rs:31:5
[INFO] [stdout]   19:     0x64d21000bfa2 - depfile::test_depfile_single_crate_default_config::h2e0de756e90b600a
[INFO] [stdout]                                at /opt/rustwide/workdir/tests/depfile.rs:110:13
[INFO] [stdout]   20:     0x64d21000bf77 - depfile::test_depfile_single_crate_default_config::{{closure}}::h7abb1c0535d44de2
[INFO] [stdout]                                at /opt/rustwide/workdir/tests/depfile.rs:109:33
[INFO] [stdout]   21:     0x64d210008676 - core::ops::function::FnOnce::call_once::he5f1520f18367596
[INFO] [stdout]                                at /rustc/6067b36314ab5eb2eb47cecc464545ba58e1ad24/library/core/src/ops/function.rs:250:5
[INFO] [stdout]   22:     0x64d210054e9b - core::ops::function::FnOnce::call_once::he27718dfdd183f43
[INFO] [stdout]                                at /rustc/6067b36314ab5eb2eb47cecc464545ba58e1ad24/library/core/src/ops/function.rs:250:5
[INFO] [stdout]   23:     0x64d210054e9b - test::__rust_begin_short_backtrace::h4e84902998457a5d
[INFO] [stdout]                                at /rustc/6067b36314ab5eb2eb47cecc464545ba58e1ad24/library/test/src/lib.rs:632:18
[INFO] [stdout]   24:     0x64d210053dd3 - test::run_test_in_process::{{closure}}::h7176fd18fc1feca0
[INFO] [stdout]                                at /rustc/6067b36314ab5eb2eb47cecc464545ba58e1ad24/library/test/src/lib.rs:655:60
[INFO] [stdout]   25:     0x64d210053dd3 - <core::panic::unwind_safe::AssertUnwindSafe<F> as core::ops::function::FnOnce<()>>::call_once::hf79cff2a624d8cf7
[INFO] [stdout]                                at /rustc/6067b36314ab5eb2eb47cecc464545ba58e1ad24/library/core/src/panic/unwind_safe.rs:272:9
[INFO] [stdout]   26:     0x64d210053dd3 - std::panicking::try::do_call::h3da0561d9ab99c25
[INFO] [stdout]                                at /rustc/6067b36314ab5eb2eb47cecc464545ba58e1ad24/library/std/src/panicking.rs:587:40
[INFO] [stdout]   27:     0x64d210053dd3 - std::panicking::try::h41c9fa508bc61df6
[INFO] [stdout]                                at /rustc/6067b36314ab5eb2eb47cecc464545ba58e1ad24/library/std/src/panicking.rs:550:19
[INFO] [stdout]   28:     0x64d210053dd3 - std::panic::catch_unwind::h6b3ff07bb5afad93
[INFO] [stdout]                                at /rustc/6067b36314ab5eb2eb47cecc464545ba58e1ad24/library/std/src/panic.rs:358:14
[INFO] [stdout]   29:     0x64d210053dd3 - test::run_test_in_process::hc7253dd11b39b9f4
[INFO] [stdout]                                at /rustc/6067b36314ab5eb2eb47cecc464545ba58e1ad24/library/test/src/lib.rs:655:27
[INFO] [stdout]   30:     0x64d210053dd3 - test::run_test::{{closure}}::hfb2007f8649c30bb
[INFO] [stdout]                                at /rustc/6067b36314ab5eb2eb47cecc464545ba58e1ad24/library/test/src/lib.rs:576:43
[INFO] [stdout]   31:     0x64d210016eb5 - test::run_test::{{closure}}::h56a17aa7a282a9f4
[INFO] [stdout]                                at /rustc/6067b36314ab5eb2eb47cecc464545ba58e1ad24/library/test/src/lib.rs:606:41
[INFO] [stdout]   32:     0x64d210016eb5 - std::sys::backtrace::__rust_begin_short_backtrace::hd2d2d2fb8e8c6aac
[INFO] [stdout]                                at /rustc/6067b36314ab5eb2eb47cecc464545ba58e1ad24/library/std/src/sys/backtrace.rs:152:18
[INFO] [stdout]   33:     0x64d21001a79a - std::thread::Builder::spawn_unchecked_::{{closure}}::{{closure}}::h4faa3f9db6133423
[INFO] [stdout]                                at /rustc/6067b36314ab5eb2eb47cecc464545ba58e1ad24/library/std/src/thread/mod.rs:559:17
[INFO] [stdout]   34:     0x64d21001a79a - <core::panic::unwind_safe::AssertUnwindSafe<F> as core::ops::function::FnOnce<()>>::call_once::hf2e855a36a4ea846
[INFO] [stdout]                                at /rustc/6067b36314ab5eb2eb47cecc464545ba58e1ad24/library/core/src/panic/unwind_safe.rs:272:9
[INFO] [stdout]   35:     0x64d21001a79a - std::panicking::try::do_call::h2f73af3616c35465
[INFO] [stdout]                                at /rustc/6067b36314ab5eb2eb47cecc464545ba58e1ad24/library/std/src/panicking.rs:587:40
[INFO] [stdout]   36:     0x64d21001a79a - std::panicking::try::hd1660ce9efadef5a
[INFO] [stdout]                                at /rustc/6067b36314ab5eb2eb47cecc464545ba58e1ad24/library/std/src/panicking.rs:550:19
[INFO] [stdout]   37:     0x64d21001a79a - std::panic::catch_unwind::h5ee8d7823b8ca744
[INFO] [stdout]                                at /rustc/6067b36314ab5eb2eb47cecc464545ba58e1ad24/library/std/src/panic.rs:358:14
[INFO] [stdout]   38:     0x64d21001a79a - std::thread::Builder::spawn_unchecked_::{{closure}}::h53c3a1894dce8407
[INFO] [stdout]                                at /rustc/6067b36314ab5eb2eb47cecc464545ba58e1ad24/library/std/src/thread/mod.rs:557:30
[INFO] [stdout]   39:     0x64d21001a79a - core::ops::function::FnOnce::call_once{{vtable.shim}}::h048ce291ad4f62bf
[INFO] [stdout]                                at /rustc/6067b36314ab5eb2eb47cecc464545ba58e1ad24/library/core/src/ops/function.rs:250:5
[INFO] [stdout]   40:     0x64d21008cd9b - <alloc::boxed::Box<F,A> as core::ops::function::FnOnce<Args>>::call_once::ha52bedf99a3b4981
[INFO] [stdout]                                at /rustc/6067b36314ab5eb2eb47cecc464545ba58e1ad24/library/alloc/src/boxed.rs:2013:9
[INFO] [stdout]   41:     0x64d21008cd9b - <alloc::boxed::Box<F,A> as core::ops::function::FnOnce<Args>>::call_once::h567748934d80ccf8
[INFO] [stdout]                                at /rustc/6067b36314ab5eb2eb47cecc464545ba58e1ad24/library/alloc/src/boxed.rs:2013:9
[INFO] [stdout]   42:     0x64d21008cd9b - std::sys::pal::unix::thread::Thread::new::thread_start::h2d970728ae887adc
[INFO] [stdout]                                at /rustc/6067b36314ab5eb2eb47cecc464545ba58e1ad24/library/std/src/sys/pal/unix/thread.rs:106:17
[INFO] [stdout]   43:     0x796699255ac3 - <unknown>
[INFO] [stdout]   44:     0x7966992e6a04 - clone
[INFO] [stdout]   45:                0x0 - <unknown>
[INFO] [stdout] 
[INFO] [stdout] 
[INFO] [stdout] failures:
[INFO] [stdout]     test_depfile_single_crate
[INFO] [stdout]     test_depfile_single_crate_config
[INFO] [stdout]     test_depfile_single_crate_default_config
[INFO] [stdout] 
[INFO] [stdout] test result: FAILED. 0 passed; 3 failed; 0 ignored; 0 measured; 0 filtered out; finished in 0.19s
[INFO] [stdout] 
[INFO] running `Command { std: "docker" "inspect" "2a6117d5a5bbb8ddb6b95947bb791bf16712a522285d11716d05799e7fc43162", kill_on_drop: false }`
[INFO] running `Command { std: "docker" "rm" "-f" "2a6117d5a5bbb8ddb6b95947bb791bf16712a522285d11716d05799e7fc43162", kill_on_drop: false }`
[INFO] [stdout] 2a6117d5a5bbb8ddb6b95947bb791bf16712a522285d11716d05799e7fc43162
