[INFO] cloning repository https://github.com/eminesa/staking-smart
[INFO] running `Command { std: "git" "-c" "credential.helper=" "-c" "credential.helper=/workspace/cargo-home/bin/git-credential-null" "clone" "--bare" "https://github.com/eminesa/staking-smart" "/workspace/cache/git-repos/https%3A%2F%2Fgithub.com%2Feminesa%2Fstaking-smart", kill_on_drop: false }`
[INFO] [stderr] Cloning into bare repository '/workspace/cache/git-repos/https%3A%2F%2Fgithub.com%2Feminesa%2Fstaking-smart'...
[INFO] running `Command { std: "git" "rev-parse" "HEAD", kill_on_drop: false }`
[INFO] [stdout] d99c78a3ed2a8a88d6ec9c2460c4fc7b0910463c
[INFO] testing eminesa/staking-smart against nightly-2025-01-18 for randomize-layout-2
[INFO] running `Command { std: "git" "clone" "/workspace/cache/git-repos/https%3A%2F%2Fgithub.com%2Feminesa%2Fstaking-smart" "/workspace/builds/worker-0-tc1/source", kill_on_drop: false }`
[INFO] [stderr] Cloning into '/workspace/builds/worker-0-tc1/source'...
[INFO] [stderr] done.
[INFO] validating manifest of git repo https://github.com/eminesa/staking-smart on toolchain nightly-2025-01-18
[INFO] running `Command { std: CARGO_HOME="/workspace/cargo-home" RUSTUP_HOME="/workspace/rustup-home" "/workspace/cargo-home/bin/cargo" "+nightly-2025-01-18" "metadata" "--manifest-path" "Cargo.toml" "--no-deps", kill_on_drop: false }`
[INFO] started tweaking git repo https://github.com/eminesa/staking-smart
[INFO] finished tweaking git repo https://github.com/eminesa/staking-smart
[INFO] tweaked toml for git repo https://github.com/eminesa/staking-smart written to /workspace/builds/worker-0-tc1/source/Cargo.toml
[INFO] crate git repo https://github.com/eminesa/staking-smart already has a lockfile, it will not be regenerated
[INFO] running `Command { std: CARGO_HOME="/workspace/cargo-home" RUSTUP_HOME="/workspace/rustup-home" "/workspace/cargo-home/bin/cargo" "+nightly-2025-01-18" "fetch" "--manifest-path" "Cargo.toml", kill_on_drop: false }`
[INFO] [stderr]     Updating crates.io index
[INFO] [stderr]     Blocking waiting for file lock on package cache
[INFO] [stderr]  Downloading crates ...
[INFO] [stderr]   Downloaded wat v1.222.0
[INFO] [stderr]   Downloaded multiversx-sc-codec-derive v0.21.1
[INFO] [stderr]   Downloaded multiversx-chain-scenario-format v0.23.0
[INFO] [stderr]   Downloaded multiversx-sc-codec v0.21.1
[INFO] [stderr]   Downloaded multiversx-chain-vm v0.11.1
[INFO] [stderr]   Downloaded multiversx-sc-meta-lib v0.54.6
[INFO] [stderr]   Downloaded wasm-encoder v0.222.0
[INFO] [stderr]   Downloaded wast v222.0.0
[INFO] [stderr]   Downloaded multiversx-sc-scenario v0.54.6
[INFO] [stderr]   Downloaded multiversx-sc-derive v0.54.6
[INFO] [stderr]   Downloaded wasmprinter v0.216.0
[INFO] [stderr]   Downloaded wasmparser v0.216.0
[INFO] [stderr]   Downloaded multiversx-chain-vm-executor v0.2.0
[INFO] [stderr]   Downloaded multiversx-sc v0.54.6
[INFO] [stderr]   Downloaded wasmparser v0.222.0
[INFO] [stderr]   Downloaded multiversx-chain-core v0.11.1
[INFO] running `Command { std: "docker" "create" "-v" "/var/lib/crater-agent-workspace/builds/worker-0-tc1/target:/opt/rustwide/target:rw,Z" "-v" "/var/lib/crater-agent-workspace/builds/worker-0-tc1/source:/opt/rustwide/workdir:ro,Z" "-v" "/var/lib/crater-agent-workspace/cargo-home:/opt/rustwide/cargo-home:ro,Z" "-v" "/var/lib/crater-agent-workspace/rustup-home:/opt/rustwide/rustup-home:ro,Z" "-e" "SOURCE_DIR=/opt/rustwide/workdir" "-e" "CARGO_TARGET_DIR=/opt/rustwide/target" "-e" "CARGO_HOME=/opt/rustwide/cargo-home" "-e" "RUSTUP_HOME=/opt/rustwide/rustup-home" "-w" "/opt/rustwide/workdir" "-m" "1610612736" "--user" "0:0" "--network" "none" "ghcr.io/rust-lang/crates-build-env/linux@sha256:819108c5571ea2e421544af4d832f968d213c87fbe3707a016657f43d2f853bc" "/opt/rustwide/cargo-home/bin/cargo" "+nightly-2025-01-18" "metadata" "--no-deps" "--format-version=1", kill_on_drop: false }`
[INFO] [stdout] 9176abe09ca67e24db5ae66a00175dbdbfae53d78926dd5880faf745df6589f1
[INFO] running `Command { std: "docker" "start" "-a" "9176abe09ca67e24db5ae66a00175dbdbfae53d78926dd5880faf745df6589f1", kill_on_drop: false }`
[INFO] running `Command { std: "docker" "inspect" "9176abe09ca67e24db5ae66a00175dbdbfae53d78926dd5880faf745df6589f1", kill_on_drop: false }`
[INFO] running `Command { std: "docker" "rm" "-f" "9176abe09ca67e24db5ae66a00175dbdbfae53d78926dd5880faf745df6589f1", kill_on_drop: false }`
[INFO] [stdout] 9176abe09ca67e24db5ae66a00175dbdbfae53d78926dd5880faf745df6589f1
[INFO] running `Command { std: "docker" "create" "-v" "/var/lib/crater-agent-workspace/builds/worker-0-tc1/target:/opt/rustwide/target:rw,Z" "-v" "/var/lib/crater-agent-workspace/builds/worker-0-tc1/source:/opt/rustwide/workdir:ro,Z" "-v" "/var/lib/crater-agent-workspace/cargo-home:/opt/rustwide/cargo-home:ro,Z" "-v" "/var/lib/crater-agent-workspace/rustup-home:/opt/rustwide/rustup-home:ro,Z" "-e" "SOURCE_DIR=/opt/rustwide/workdir" "-e" "CARGO_TARGET_DIR=/opt/rustwide/target" "-e" "CARGO_INCREMENTAL=0" "-e" "RUST_BACKTRACE=full" "-e" "RUSTFLAGS=--cap-lints=forbid" "-e" "RUSTDOCFLAGS=--cap-lints=forbid" "-e" "CARGO_HOME=/opt/rustwide/cargo-home" "-e" "RUSTUP_HOME=/opt/rustwide/rustup-home" "-w" "/opt/rustwide/workdir" "-m" "1610612736" "--user" "0:0" "--network" "none" "ghcr.io/rust-lang/crates-build-env/linux@sha256:819108c5571ea2e421544af4d832f968d213c87fbe3707a016657f43d2f853bc" "/opt/rustwide/cargo-home/bin/cargo" "+nightly-2025-01-18" "build" "--frozen" "--message-format=json", kill_on_drop: false }`
[INFO] [stdout] 2ccb7d67d00c2b7ec7a326fd25d28d2b6ac0f3769d30150a6688c5ad3273e2c3
[INFO] running `Command { std: "docker" "start" "-a" "2ccb7d67d00c2b7ec7a326fd25d28d2b6ac0f3769d30150a6688c5ad3273e2c3", kill_on_drop: false }`
[INFO] [stderr]    Compiling proc-macro2 v1.0.86
[INFO] [stderr]    Compiling unicode-ident v1.0.14
[INFO] [stderr]    Compiling hex v0.4.3
[INFO] [stderr]    Compiling smallvec v1.13.2
[INFO] [stderr]    Compiling autocfg v1.4.0
[INFO] [stderr]    Compiling unwrap-infallible v0.1.5
[INFO] [stderr]    Compiling endian-type v0.1.2
[INFO] [stderr]    Compiling arrayvec v0.7.6
[INFO] [stderr]    Compiling bitflags v2.6.0
[INFO] [stderr]    Compiling hex-literal v0.4.1
[INFO] [stderr]    Compiling nibble_vec v0.1.0
[INFO] [stderr]    Compiling radix_trie v0.2.1
[INFO] [stderr]    Compiling num-traits v0.2.19
[INFO] [stderr]    Compiling quote v1.0.37
[INFO] [stderr]    Compiling syn v2.0.77
[INFO] [stderr]    Compiling multiversx-sc-codec-derive v0.21.1
[INFO] [stderr]    Compiling multiversx-sc-derive v0.54.6
[INFO] [stderr]    Compiling multiversx-sc-codec v0.21.1
[INFO] [stderr]    Compiling multiversx-chain-core v0.11.1
[INFO] [stderr]    Compiling multiversx-sc v0.54.6
[INFO] [stderr]    Compiling staking-smart v0.0.0 (/opt/rustwide/workdir)
[INFO] [stdout] Warning! StakingPosition #[type_abi] implementation sees no derive traits. Make sure that the derive attribute comes after #[type_abi]
[INFO] [stdout] warning: use of deprecated macro `TypeAbi`: Replace with attribute #[type_abi], which should be placed before all derives. More about this: https://docs.multiversx.com/developers/transactions/tx-migration/#replace-derivetypeabi-with-type_abi
[INFO] [stdout]  --> src/staking_smart.rs:9:10
[INFO] [stdout]   |
[INFO] [stdout] 9 | #[derive(TypeAbi, TopEncode, TopDecode, PartialEq, Debug)]
[INFO] [stdout]   |          ^^^^^^^
[INFO] [stdout]   |
[INFO] [stdout]   = note: `#[warn(deprecated)]` on by default
[INFO] [stdout] 
[INFO] [stdout] 
[INFO] [stderr]     Finished `dev` profile [unoptimized + debuginfo] target(s) in 31.35s
[INFO] running `Command { std: "docker" "inspect" "2ccb7d67d00c2b7ec7a326fd25d28d2b6ac0f3769d30150a6688c5ad3273e2c3", kill_on_drop: false }`
[INFO] running `Command { std: "docker" "rm" "-f" "2ccb7d67d00c2b7ec7a326fd25d28d2b6ac0f3769d30150a6688c5ad3273e2c3", kill_on_drop: false }`
[INFO] [stdout] 2ccb7d67d00c2b7ec7a326fd25d28d2b6ac0f3769d30150a6688c5ad3273e2c3
[INFO] running `Command { std: "docker" "create" "-v" "/var/lib/crater-agent-workspace/builds/worker-0-tc1/target:/opt/rustwide/target:rw,Z" "-v" "/var/lib/crater-agent-workspace/builds/worker-0-tc1/source:/opt/rustwide/workdir:ro,Z" "-v" "/var/lib/crater-agent-workspace/cargo-home:/opt/rustwide/cargo-home:ro,Z" "-v" "/var/lib/crater-agent-workspace/rustup-home:/opt/rustwide/rustup-home:ro,Z" "-e" "SOURCE_DIR=/opt/rustwide/workdir" "-e" "CARGO_TARGET_DIR=/opt/rustwide/target" "-e" "CARGO_INCREMENTAL=0" "-e" "RUST_BACKTRACE=full" "-e" "RUSTFLAGS=--cap-lints=forbid" "-e" "RUSTDOCFLAGS=--cap-lints=forbid" "-e" "CARGO_HOME=/opt/rustwide/cargo-home" "-e" "RUSTUP_HOME=/opt/rustwide/rustup-home" "-w" "/opt/rustwide/workdir" "-m" "1610612736" "--user" "0:0" "--network" "none" "ghcr.io/rust-lang/crates-build-env/linux@sha256:819108c5571ea2e421544af4d832f968d213c87fbe3707a016657f43d2f853bc" "/opt/rustwide/cargo-home/bin/cargo" "+nightly-2025-01-18" "test" "--frozen" "--no-run" "--message-format=json", kill_on_drop: false }`
[INFO] [stdout] 9ae535e9a80923fb3116e1aa9ea7574f52261ae20309efcb035f4dbe1c81514d
[INFO] running `Command { std: "docker" "start" "-a" "9ae535e9a80923fb3116e1aa9ea7574f52261ae20309efcb035f4dbe1c81514d", kill_on_drop: false }`
[INFO] [stderr]    Compiling version_check v0.9.5
[INFO] [stderr]    Compiling cfg-if v1.0.0
[INFO] [stderr]    Compiling serde v1.0.210
[INFO] [stderr]    Compiling typenum v1.17.0
[INFO] [stderr]    Compiling semver v1.0.24
[INFO] [stderr]    Compiling byteorder v1.5.0
[INFO] [stderr]    Compiling hex v0.4.3
[INFO] [stderr]    Compiling libc v0.2.169
[INFO] [stderr]    Compiling hashbrown v0.15.2
[INFO] [stderr]    Compiling equivalent v1.0.1
[INFO] [stderr]    Compiling num-traits v0.2.19
[INFO] [stderr]    Compiling once_cell v1.20.2
[INFO] [stderr]    Compiling memchr v2.7.4
[INFO] [stderr]    Compiling utf8parse v0.2.2
[INFO] [stderr]    Compiling wasm-encoder v0.222.0
[INFO] [stderr]    Compiling serde_derive v1.0.210
[INFO] [stderr]    Compiling zerocopy-derive v0.7.35
[INFO] [stderr]    Compiling anstyle-query v1.1.2
[INFO] [stderr]    Compiling anstyle-parse v0.2.6
[INFO] [stderr]    Compiling is_terminal_polyfill v1.70.1
[INFO] [stderr]    Compiling anstyle v1.0.10
[INFO] [stderr]    Compiling leb128 v0.2.5
[INFO] [stderr]    Compiling colorchoice v1.0.3
[INFO] [stderr]    Compiling serde_json v1.0.134
[INFO] [stderr]    Compiling anyhow v1.0.95
[INFO] [stderr]    Compiling cpufeatures v0.2.16
[INFO] [stderr]    Compiling curve25519-dalek-derive v0.1.1
[INFO] [stderr]    Compiling itoa v1.0.14
[INFO] [stderr]    Compiling keccak v0.1.5
[INFO] [stderr]    Compiling multiversx-sc-codec-derive v0.21.1
[INFO] [stderr]    Compiling generic-array v0.14.7
[INFO] [stderr]    Compiling ahash v0.8.11
[INFO] [stderr]    Compiling anstream v0.6.18
[INFO] [stderr]    Compiling rustc_version v0.4.1
[INFO] [stderr]    Compiling multiversx-sc-derive v0.54.6
[INFO] [stderr]    Compiling unicode-width v0.2.0
[INFO] [stderr]    Compiling subtle v2.6.1
[INFO] [stderr]    Compiling winnow v0.6.20
[INFO] [stderr]    Compiling signature v2.2.0
[INFO] [stderr]    Compiling bumpalo v3.16.0
[INFO] [stderr]    Compiling lazy_static v1.5.0
[INFO] [stderr]    Compiling strsim v0.11.1
[INFO] [stderr]    Compiling curve25519-dalek v4.1.3
[INFO] [stderr]    Compiling heck v0.5.0
[INFO] [stderr]    Compiling getrandom v0.2.15
[INFO] [stderr]    Compiling ryu v1.0.18
[INFO] [stderr]    Compiling zerocopy v0.7.35
[INFO] [stderr]    Compiling clap_lex v0.7.4
[INFO] [stderr]    Compiling zeroize v1.8.1
[INFO] [stderr]    Compiling colored v2.2.0
[INFO] [stderr]    Compiling rand_core v0.6.4
[INFO] [stderr]    Compiling ed25519 v2.2.3
[INFO] [stderr]    Compiling clap_derive v4.5.18
[INFO] [stderr]    Compiling clap_builder v4.5.23
[INFO] [stderr]    Compiling either v1.13.0
[INFO] [stderr]    Compiling termcolor v1.4.1
[INFO] [stderr]    Compiling unicode-segmentation v1.12.0
[INFO] [stderr]    Compiling num-integer v0.1.46
[INFO] [stderr]    Compiling rand_seeder v0.3.0
[INFO] [stderr]    Compiling multiversx-chain-vm-executor v0.2.0
[INFO] [stderr]    Compiling itertools v0.13.0
[INFO] [stderr]    Compiling num-bigint v0.4.6
[INFO] [stderr]    Compiling bech32 v0.11.0
[INFO] [stderr]    Compiling log v0.4.22
[INFO] [stderr]    Compiling convert_case v0.6.0
[INFO] [stderr]    Compiling ppv-lite86 v0.2.20
[INFO] [stderr]    Compiling wast v222.0.0
[INFO] [stderr]    Compiling base64 v0.22.1
[INFO] [stderr]    Compiling pathdiff v0.2.3
[INFO] [stderr]    Compiling crypto-common v0.1.6
[INFO] [stderr]    Compiling block-buffer v0.10.4
[INFO] [stderr]    Compiling digest v0.10.7
[INFO] [stderr]    Compiling sha3 v0.10.8
[INFO] [stderr]    Compiling sha2 v0.10.8
[INFO] [stderr]    Compiling rand_chacha v0.3.1
[INFO] [stderr]    Compiling rand v0.8.5
[INFO] [stderr]    Compiling multiversx-sc-codec v0.21.1
[INFO] [stderr]    Compiling ed25519-dalek v2.1.1
[INFO] [stderr]    Compiling clap v4.5.23
[INFO] [stderr]    Compiling multiversx-chain-core v0.11.1
[INFO] [stderr]    Compiling multiversx-sc v0.54.6
[INFO] [stderr]    Compiling multiversx-chain-vm v0.11.1
[INFO] [stderr]    Compiling indexmap v2.7.0
[INFO] [stderr]    Compiling serde_spanned v0.6.8
[INFO] [stderr]    Compiling hashbrown v0.14.5
[INFO] [stderr]    Compiling toml_datetime v0.6.8
[INFO] [stderr]    Compiling multiversx-chain-scenario-format v0.23.0
[INFO] [stderr]    Compiling wasmparser v0.216.0
[INFO] [stderr]    Compiling toml_edit v0.22.22
[INFO] [stderr]    Compiling toml v0.8.19
[INFO] [stderr]    Compiling wat v1.222.0
[INFO] [stderr]    Compiling wasmprinter v0.216.0
[INFO] [stderr]    Compiling multiversx-sc-meta-lib v0.54.6
[INFO] [stderr]    Compiling staking-smart v0.0.0 (/opt/rustwide/workdir)
[INFO] [stdout] Warning! StakingPosition #[type_abi] implementation sees no derive traits. Make sure that the derive attribute comes after #[type_abi]
[INFO] [stdout] warning: use of deprecated macro `TypeAbi`: Replace with attribute #[type_abi], which should be placed before all derives. More about this: https://docs.multiversx.com/developers/transactions/tx-migration/#replace-derivetypeabi-with-type_abi
[INFO] [stdout]  --> src/staking_smart.rs:9:10
[INFO] [stdout]   |
[INFO] [stdout] 9 | #[derive(TypeAbi, TopEncode, TopDecode, PartialEq, Debug)]
[INFO] [stdout]   |          ^^^^^^^
[INFO] [stdout]   |
[INFO] [stdout]   = note: `#[warn(deprecated)]` on by default
[INFO] [stdout] 
[INFO] [stdout] 
[INFO] [stderr]    Compiling multiversx-sc-scenario v0.54.6
[INFO] [stdout] warning: unused import: `codec::multi_types::OptionalValue`
[INFO] [stdout]  --> tests/empty_rust_test.rs:1:21
[INFO] [stdout]   |
[INFO] [stdout] 1 | use multiversx_sc::{codec::multi_types::OptionalValue, types::Address};
[INFO] [stdout]   |                     ^^^^^^^^^^^^^^^^^^^^^^^^^^^^^^^^^
[INFO] [stdout]   |
[INFO] [stdout]   = note: `#[warn(unused_imports)]` on by default
[INFO] [stdout] 
[INFO] [stdout] 
[INFO] [stdout] Warning! StakingPosition #[type_abi] implementation sees no derive traits. Make sure that the derive attribute comes after #[type_abi]
[INFO] [stdout] warning: use of deprecated macro `TypeAbi`: Replace with attribute #[type_abi], which should be placed before all derives. More about this: https://docs.multiversx.com/developers/transactions/tx-migration/#replace-derivetypeabi-with-type_abi
[INFO] [stdout]  --> src/staking_smart.rs:9:10
[INFO] [stdout]   |
[INFO] [stdout] 9 | #[derive(TypeAbi, TopEncode, TopDecode, PartialEq, Debug)]
[INFO] [stdout]   |          ^^^^^^^
[INFO] [stdout]   |
[INFO] [stdout]   = note: `#[warn(deprecated)]` on by default
[INFO] [stdout] 
[INFO] [stdout] 
[INFO] [stdout] warning: field `owner_address` is never read
[INFO] [stdout]   --> tests/empty_rust_test.rs:19:9
[INFO] [stdout]    |
[INFO] [stdout] 14 | struct ContractSetup<ContractObjBuilder>
[INFO] [stdout]    |        ------------- field in this struct
[INFO] [stdout] ...
[INFO] [stdout] 19 |     pub owner_address: Address,
[INFO] [stdout]    |         ^^^^^^^^^^^^^
[INFO] [stdout]    |
[INFO] [stdout]    = note: `#[warn(dead_code)]` on by default
[INFO] [stdout] 
[INFO] [stdout] 
[INFO] [stderr]     Finished `test` profile [unoptimized + debuginfo] target(s) in 1m 14s
[INFO] running `Command { std: "docker" "inspect" "9ae535e9a80923fb3116e1aa9ea7574f52261ae20309efcb035f4dbe1c81514d", kill_on_drop: false }`
[INFO] running `Command { std: "docker" "rm" "-f" "9ae535e9a80923fb3116e1aa9ea7574f52261ae20309efcb035f4dbe1c81514d", kill_on_drop: false }`
[INFO] [stdout] 9ae535e9a80923fb3116e1aa9ea7574f52261ae20309efcb035f4dbe1c81514d
[INFO] running `Command { std: "docker" "create" "-v" "/var/lib/crater-agent-workspace/builds/worker-0-tc1/target:/opt/rustwide/target:rw,Z" "-v" "/var/lib/crater-agent-workspace/builds/worker-0-tc1/source:/opt/rustwide/workdir:ro,Z" "-v" "/var/lib/crater-agent-workspace/cargo-home:/opt/rustwide/cargo-home:ro,Z" "-v" "/var/lib/crater-agent-workspace/rustup-home:/opt/rustwide/rustup-home:ro,Z" "-e" "SOURCE_DIR=/opt/rustwide/workdir" "-e" "CARGO_TARGET_DIR=/opt/rustwide/target" "-e" "CARGO_INCREMENTAL=0" "-e" "RUST_BACKTRACE=full" "-e" "RUSTFLAGS=--cap-lints=forbid" "-e" "RUSTDOCFLAGS=--cap-lints=forbid" "-e" "CARGO_HOME=/opt/rustwide/cargo-home" "-e" "RUSTUP_HOME=/opt/rustwide/rustup-home" "-w" "/opt/rustwide/workdir" "-m" "1610612736" "--user" "0:0" "--network" "none" "ghcr.io/rust-lang/crates-build-env/linux@sha256:819108c5571ea2e421544af4d832f968d213c87fbe3707a016657f43d2f853bc" "/opt/rustwide/cargo-home/bin/cargo" "+nightly-2025-01-18" "test" "--frozen", kill_on_drop: false }`
[INFO] [stdout] 861e0095b0ad69bdda5c9ccf0cf3b1e1cf9e9cde9d5b095d38642159e04d1313
[INFO] running `Command { std: "docker" "start" "-a" "861e0095b0ad69bdda5c9ccf0cf3b1e1cf9e9cde9d5b095d38642159e04d1313", kill_on_drop: false }`
[INFO] [stderr] warning: use of deprecated macro `TypeAbi`: Replace with attribute #[type_abi], which should be placed before all derives. More about this: https://docs.multiversx.com/developers/transactions/tx-migration/#replace-derivetypeabi-with-type_abi
[INFO] [stderr]  --> src/staking_smart.rs:9:10
[INFO] [stderr]   |
[INFO] [stderr] 9 | #[derive(TypeAbi, TopEncode, TopDecode, PartialEq, Debug)]
[INFO] [stderr]   |          ^^^^^^^
[INFO] [stderr]   |
[INFO] [stderr]   = note: `#[warn(deprecated)]` on by default
[INFO] [stderr] 
[INFO] [stderr] warning: `staking-smart` (lib) generated 1 warning
[INFO] [stderr] warning: unused import: `codec::multi_types::OptionalValue`
[INFO] [stderr]  --> tests/empty_rust_test.rs:1:21
[INFO] [stderr]   |
[INFO] [stderr] 1 | use multiversx_sc::{codec::multi_types::OptionalValue, types::Address};
[INFO] [stderr]   |                     ^^^^^^^^^^^^^^^^^^^^^^^^^^^^^^^^^
[INFO] [stderr]   |
[INFO] [stderr]   = note: `#[warn(unused_imports)]` on by default
[INFO] [stderr] 
[INFO] [stderr] warning: field `owner_address` is never read
[INFO] [stderr]   --> tests/empty_rust_test.rs:19:9
[INFO] [stderr]    |
[INFO] [stderr] 14 | struct ContractSetup<ContractObjBuilder>
[INFO] [stderr]    |        ------------- field in this struct
[INFO] [stderr] ...
[INFO] [stderr] 19 |     pub owner_address: Address,
[INFO] [stderr]    |         ^^^^^^^^^^^^^
[INFO] [stderr]    |
[INFO] [stderr]    = note: `#[warn(dead_code)]` on by default
[INFO] [stderr] 
[INFO] [stderr] warning: `staking-smart` (lib test) generated 1 warning (1 duplicate)
[INFO] [stderr] warning: `staking-smart` (test "empty_rust_test") generated 2 warnings (run `cargo fix --test "empty_rust_test"` to apply 1 suggestion)
[INFO] [stderr]     Finished `test` profile [unoptimized + debuginfo] target(s) in 0.16s
[INFO] [stderr]      Running unittests src/staking_smart.rs (/opt/rustwide/target/debug/deps/staking_smart-f6ede72c48333cfa)
[INFO] [stdout] 
[INFO] [stdout] running 0 tests
[INFO] [stdout] 
[INFO] [stdout] test result: ok. 0 passed; 0 failed; 0 ignored; 0 measured; 0 filtered out; finished in 0.00s
[INFO] [stdout] 
[INFO] [stderr]      Running tests/empty_rust_test.rs (/opt/rustwide/target/debug/deps/empty_rust_test-6a179e2a054f401f)
[INFO] [stdout] 
[INFO] [stdout] running 1 test
[INFO] [stdout] test rewards_test ... ok
[INFO] [stdout] 
[INFO] [stdout] test result: ok. 1 passed; 0 failed; 0 ignored; 0 measured; 0 filtered out; finished in 0.00s
[INFO] [stdout] 
[INFO] [stderr]      Running tests/staking_smart_scenario_go_test.rs (/opt/rustwide/target/debug/deps/staking_smart_scenario_go_test-87151b0833d41004)
[INFO] [stdout] 
[INFO] [stdout] running 1 test
[INFO] [stderr]      Running tests/staking_smart_scenario_rs_test.rs (/opt/rustwide/target/debug/deps/staking_smart_scenario_rs_test-8f02cd317c7b3440)
[INFO] [stdout] test empty_go ... ok
[INFO] [stdout] 
[INFO] [stdout] test result: ok. 1 passed; 0 failed; 0 ignored; 0 measured; 0 filtered out; finished in 0.00s
[INFO] [stdout] 
[INFO] [stdout] 
[INFO] [stdout] running 1 test
[INFO] [stdout] test empty_rs ... FAILED
[INFO] [stdout] 
[INFO] [stdout] failures:
[INFO] [stdout] 
[INFO] [stdout] ---- empty_rs stdout ----
[INFO] [stdout] wrong number of arguments
[INFO] [stdout] 
[INFO] [stdout] thread 'empty_rs' panicked at /opt/rustwide/cargo-home/registry/src/index.crates.io-1949cf8c6b5b557f/multiversx-chain-vm-0.11.1/src/vm_hooks/vh_impl/vh_debug_api.rs:46:9:
[INFO] [stdout] Box<dyn Any>
[INFO] [stdout] stack backtrace:
[INFO] [stdout]    0:     0x5939533a472a - std::backtrace_rs::backtrace::libunwind::trace::hb059275cfc8d6126
[INFO] [stdout]                                at /rustc/6067b36314ab5eb2eb47cecc464545ba58e1ad24/library/std/src/../../backtrace/src/backtrace/libunwind.rs:116:5
[INFO] [stdout]    1:     0x5939533a472a - std::backtrace_rs::backtrace::trace_unsynchronized::h2da071e4327ce3ee
[INFO] [stdout]                                at /rustc/6067b36314ab5eb2eb47cecc464545ba58e1ad24/library/std/src/../../backtrace/src/backtrace/mod.rs:66:5
[INFO] [stdout]    2:     0x5939533a472a - std::sys::backtrace::_print_fmt::h842a1474e6f8d23f
[INFO] [stdout]                                at /rustc/6067b36314ab5eb2eb47cecc464545ba58e1ad24/library/std/src/sys/backtrace.rs:66:9
[INFO] [stdout]    3:     0x5939533a472a - <std::sys::backtrace::BacktraceLock::print::DisplayBacktrace as core::fmt::Display>::fmt::h71a62eb3b9696b12
[INFO] [stdout]                                at /rustc/6067b36314ab5eb2eb47cecc464545ba58e1ad24/library/std/src/sys/backtrace.rs:39:26
[INFO] [stdout]    4:     0x5939533cce73 - core::fmt::rt::Argument::fmt::hdb6b616786b41dc1
[INFO] [stdout]                                at /rustc/6067b36314ab5eb2eb47cecc464545ba58e1ad24/library/core/src/fmt/rt.rs:177:76
[INFO] [stdout]    5:     0x5939533cce73 - core::fmt::write::h2cc1698af7e2d686
[INFO] [stdout]                                at /rustc/6067b36314ab5eb2eb47cecc464545ba58e1ad24/library/core/src/fmt/mod.rs:1440:21
[INFO] [stdout]    6:     0x5939533a1033 - std::io::Write::write_fmt::hab1b4cd059a79022
[INFO] [stdout]                                at /rustc/6067b36314ab5eb2eb47cecc464545ba58e1ad24/library/std/src/io/mod.rs:1887:15
[INFO] [stdout]    7:     0x5939533a4572 - std::sys::backtrace::BacktraceLock::print::h147fe35b4ea13b08
[INFO] [stdout]                                at /rustc/6067b36314ab5eb2eb47cecc464545ba58e1ad24/library/std/src/sys/backtrace.rs:42:9
[INFO] [stdout]    8:     0x5939533a5b4f - std::panicking::default_hook::{{closure}}::hbd44223dbdc0d208
[INFO] [stdout]                                at /rustc/6067b36314ab5eb2eb47cecc464545ba58e1ad24/library/std/src/panicking.rs:298:22
[INFO] [stdout]    9:     0x5939533a5968 - std::panicking::default_hook::h20f81eb0576efcec
[INFO] [stdout]                                at /rustc/6067b36314ab5eb2eb47cecc464545ba58e1ad24/library/std/src/panicking.rs:322:9
[INFO] [stdout]   10:     0x593953068da3 - <alloc::boxed::Box<F,A> as core::ops::function::Fn<Args>>::call::hdb53814c496a4d34
[INFO] [stdout]                                at /rustc/6067b36314ab5eb2eb47cecc464545ba58e1ad24/library/alloc/src/boxed.rs:2027:9
[INFO] [stdout]   11:     0x593953068da3 - test::test_main::{{closure}}::hc0a4963c59427c24
[INFO] [stdout]                                at /rustc/6067b36314ab5eb2eb47cecc464545ba58e1ad24/library/test/src/lib.rs:134:21
[INFO] [stdout]   12:     0x5939533a6643 - <alloc::boxed::Box<F,A> as core::ops::function::Fn<Args>>::call::h591b2225413a77e9
[INFO] [stdout]                                at /rustc/6067b36314ab5eb2eb47cecc464545ba58e1ad24/library/alloc/src/boxed.rs:2027:9
[INFO] [stdout]   13:     0x5939533a6643 - std::panicking::rust_panic_with_hook::h625eea43051b2edc
[INFO] [stdout]                                at /rustc/6067b36314ab5eb2eb47cecc464545ba58e1ad24/library/std/src/panicking.rs:839:13
[INFO] [stdout]   14:     0x5939532c624c - std::panicking::begin_panic::{{closure}}::h944d4bd83e225c7d
[INFO] [stdout]                                at /rustc/6067b36314ab5eb2eb47cecc464545ba58e1ad24/library/std/src/panicking.rs:768:9
[INFO] [stdout]   15:     0x5939532767ec - std::sys::backtrace::__rust_end_short_backtrace::hc2dcd0d62fe8331d
[INFO] [stdout]                                at /rustc/6067b36314ab5eb2eb47cecc464545ba58e1ad24/library/std/src/sys/backtrace.rs:168:18
[INFO] [stdout]   16:     0x5939532c620b - std::panicking::begin_panic::h77124462dbea0c47
[INFO] [stdout]                                at /rustc/6067b36314ab5eb2eb47cecc464545ba58e1ad24/library/std/src/panicking.rs:767:5
[INFO] [stdout]   17:     0x59395328e654 - std::panic::panic_any::h2294939609707c4e
[INFO] [stdout]                                at /rustc/6067b36314ab5eb2eb47cecc464545ba58e1ad24/library/std/src/panic.rs:259:5
[INFO] [stdout]   18:     0x59395328af68 - <multiversx_chain_vm::vm_hooks::vh_impl::vh_debug_api::DebugApiVMHooksHandler as multiversx_chain_vm::vm_hooks::vh_source::VMHooksHandlerSource>::halt_with_error::h994d74281e8dac01
[INFO] [stdout]                                at /opt/rustwide/cargo-home/registry/src/index.crates.io-1949cf8c6b5b557f/multiversx-chain-vm-0.11.1/src/vm_hooks/vh_impl/vh_debug_api.rs:46:9
[INFO] [stdout]   19:     0x59395300cbfd - multiversx_chain_vm::vm_hooks::vh_handler::vh_error::VMHooksError::signal_error::he6133986b35c541a
[INFO] [stdout]                                at /opt/rustwide/cargo-home/registry/src/index.crates.io-1949cf8c6b5b557f/multiversx-chain-vm-0.11.1/src/vm_hooks/vh_handler/vh_error.rs:13:9
[INFO] [stdout]   20:     0x5939532a0275 - <multiversx_chain_vm::vm_hooks::vh_dispatcher::VMHooksDispatcher as multiversx_chain_vm_executor::vm_hooks::VMHooks>::signal_error::{{closure}}::h00aed3472d1c5502
[INFO] [stdout]                                at /opt/rustwide/cargo-home/registry/src/index.crates.io-1949cf8c6b5b557f/multiversx-chain-vm-0.11.1/src/vm_hooks/vh_dispatcher.rs:64:17
[INFO] [stdout]   21:     0x593953292120 - multiversx_chain_vm::mem_conv::with_bytes::h2aba80e35e1d84f7
[INFO] [stdout]                                at /opt/rustwide/cargo-home/registry/src/index.crates.io-1949cf8c6b5b557f/multiversx-chain-vm-0.11.1/src/mem_conv.rs:27:5
[INFO] [stdout]   22:     0x5939532a0228 - <multiversx_chain_vm::vm_hooks::vh_dispatcher::VMHooksDispatcher as multiversx_chain_vm_executor::vm_hooks::VMHooks>::signal_error::hcb52e6622b32d292
[INFO] [stdout]                                at /opt/rustwide/cargo-home/registry/src/index.crates.io-1949cf8c6b5b557f/multiversx-chain-vm-0.11.1/src/vm_hooks/vh_dispatcher.rs:63:13
[INFO] [stdout]   23:     0x59395301166f - multiversx_sc_scenario::api::core_api_vh::error_api_vh::<impl multiversx_sc::api::error_api::ErrorApiImpl for multiversx_sc_scenario::api::impl_vh::vm_hooks_api::VMHooksApi<VHB>>::signal_error::{{closure}}::{{closure}}::h823fb4869d2628df
[INFO] [stdout]                                at /opt/rustwide/cargo-home/registry/src/index.crates.io-1949cf8c6b5b557f/multiversx-sc-scenario-0.54.6/src/api/core_api_vh/error_api_vh.rs:18:17
[INFO] [stdout]   24:     0x593953011177 - multiversx_chain_vm::mem_conv::with_mem_ptr::h39442f255db4f21c
[INFO] [stdout]                                at /opt/rustwide/cargo-home/registry/src/index.crates.io-1949cf8c6b5b557f/multiversx-chain-vm-0.11.1/src/mem_conv.rs:7:5
[INFO] [stdout]   25:     0x593953011627 - multiversx_sc_scenario::api::core_api_vh::error_api_vh::<impl multiversx_sc::api::error_api::ErrorApiImpl for multiversx_sc_scenario::api::impl_vh::vm_hooks_api::VMHooksApi<VHB>>::signal_error::{{closure}}::h090b3f5df3b220b0
[INFO] [stdout]                                at /opt/rustwide/cargo-home/registry/src/index.crates.io-1949cf8c6b5b557f/multiversx-sc-scenario-0.54.6/src/api/core_api_vh/error_api_vh.rs:17:13
[INFO] [stdout]   26:     0x593953028d1b - <multiversx_sc_scenario::api::impl_vh::debug_api::DebugApiBackend as multiversx_sc_scenario::api::impl_vh::vm_hooks_backend::VMHooksApiBackend>::with_vm_hooks::h94fae71a86f9123e
[INFO] [stdout]                                at /opt/rustwide/cargo-home/registry/src/index.crates.io-1949cf8c6b5b557f/multiversx-sc-scenario-0.54.6/src/api/impl_vh/debug_api.rs:27:9
[INFO] [stdout]   27:     0x593953013290 - multiversx_sc_scenario::api::impl_vh::vm_hooks_api::VMHooksApi<VHB>::with_vm_hooks::hf64d388845cec4da
[INFO] [stdout]                                at /opt/rustwide/cargo-home/registry/src/index.crates.io-1949cf8c6b5b557f/multiversx-sc-scenario-0.54.6/src/api/impl_vh/vm_hooks_api.rs:27:9
[INFO] [stdout]   28:     0x5939530115d7 - multiversx_sc_scenario::api::core_api_vh::error_api_vh::<impl multiversx_sc::api::error_api::ErrorApiImpl for multiversx_sc_scenario::api::impl_vh::vm_hooks_api::VMHooksApi<VHB>>::signal_error::h2e21d0f4bd2c1246
[INFO] [stdout]                                at /opt/rustwide/cargo-home/registry/src/index.crates.io-1949cf8c6b5b557f/multiversx-sc-scenario-0.54.6/src/api/core_api_vh/error_api_vh.rs:16:9
[INFO] [stdout]   29:     0x593953020008 - multiversx_sc::io::arg_nested_tuple::check_num_arguments_eq::hafbaebbf5d2c02ab
[INFO] [stdout]                                at /opt/rustwide/cargo-home/registry/src/index.crates.io-1949cf8c6b5b557f/multiversx-sc-0.54.6/src/io/arg_nested_tuple.rs:37:9
[INFO] [stdout]   30:     0x593953010c4a - <() as multiversx_sc::io::arg_nested_tuple::ArgNestedTuple<AA>>::check_num_single_args::hd9d882662a677318
[INFO] [stdout]                                at /opt/rustwide/cargo-home/registry/src/index.crates.io-1949cf8c6b5b557f/multiversx-sc-0.54.6/src/io/arg_nested_tuple.rs:152:9
[INFO] [stdout]   31:     0x593953010c4a - <(Head,Tail) as multiversx_sc::io::arg_nested_tuple::ArgNestedTuple<AA>>::check_num_single_args::he62cc3e8276ce852
[INFO] [stdout]                                at /opt/rustwide/cargo-home/registry/src/index.crates.io-1949cf8c6b5b557f/multiversx-sc-0.54.6/src/io/arg_nested_tuple.rs:115:13
[INFO] [stdout]   32:     0x593953010c4a - multiversx_sc::io::arg_nested_tuple::load_endpoint_args::he01a3788828dccf0
[INFO] [stdout]                                at /opt/rustwide/cargo-home/registry/src/index.crates.io-1949cf8c6b5b557f/multiversx-sc-0.54.6/src/io/arg_nested_tuple.rs:171:5
[INFO] [stdout]   33:     0x593953010c4a - staking_smart::EndpointWrappers::call_init::h8a1f7a5fa86fa80a
[INFO] [stdout]                                at /opt/rustwide/workdir/src/staking_smart.rs:15:1
[INFO] [stdout]   34:     0x593953010aef - staking_smart::EndpointWrappers::call::h7cc56c02c21f2512
[INFO] [stdout]                                at /opt/rustwide/workdir/src/staking_smart.rs:15:1
[INFO] [stdout]   35:     0x59395300d9f7 - <staking_smart::ContractObj<A> as multiversx_sc::contract_base::callable_contract::CallableContract>::call::he27718b94de1e36c
[INFO] [stdout]                                at /opt/rustwide/workdir/src/staking_smart.rs:15:1
[INFO] [stdout]   36:     0x5939531052c8 - multiversx_sc_scenario::debug_executor::contract_container::ContractContainer::call::h3585fbb98f18bf35
[INFO] [stdout]                                at /opt/rustwide/cargo-home/registry/src/index.crates.io-1949cf8c6b5b557f/multiversx-sc-scenario-0.54.6/src/debug_executor/contract_container.rs:42:13
[INFO] [stdout]   37:     0x593953105680 - <multiversx_sc_scenario::debug_executor::contract_container::ContractContainerRef as multiversx_chain_vm_executor::instance::Instance>::call::{{closure}}::h6b47eab52ebf7ccf
[INFO] [stdout]                                at /opt/rustwide/cargo-home/registry/src/index.crates.io-1949cf8c6b5b557f/multiversx-sc-scenario-0.54.6/src/debug_executor/contract_container.rs:80:35
[INFO] [stdout]   38:     0x593953107e4a - <core::panic::unwind_safe::AssertUnwindSafe<F> as core::ops::function::FnOnce<()>>::call_once::h5e360290477f1675
[INFO] [stdout]                                at /rustc/6067b36314ab5eb2eb47cecc464545ba58e1ad24/library/core/src/panic/unwind_safe.rs:272:9
[INFO] [stdout]   39:     0x5939530a3c04 - std::panicking::try::do_call::h30768fc75f1d748b
[INFO] [stdout]                                at /rustc/6067b36314ab5eb2eb47cecc464545ba58e1ad24/library/std/src/panicking.rs:587:40
[INFO] [stdout]   40:     0x59395308aacb - __rust_try
[INFO] [stdout]   41:     0x593953084f2d - std::panicking::try::h32e9aded3a1a5856
[INFO] [stdout]                                at /rustc/6067b36314ab5eb2eb47cecc464545ba58e1ad24/library/std/src/panicking.rs:550:19
[INFO] [stdout]   42:     0x593953084f2d - std::panic::catch_unwind::hce7007d7a24d6cc9
[INFO] [stdout]                                at /rustc/6067b36314ab5eb2eb47cecc464545ba58e1ad24/library/std/src/panic.rs:358:14
[INFO] [stdout]   43:     0x5939530e2d0a - multiversx_sc_scenario::debug_executor::catch_tx_panic::catch_tx_panic::h16ab7e2d042d9f4d
[INFO] [stdout]                                at /opt/rustwide/cargo-home/registry/src/index.crates.io-1949cf8c6b5b557f/multiversx-sc-scenario-0.54.6/src/debug_executor/catch_tx_panic.rs:14:18
[INFO] [stdout]   44:     0x59395310538f - multiversx_sc_scenario::debug_executor::contract_container::contract_instance_wrapped_execution::h85d2065e1cea9f25
[INFO] [stdout]                                at /opt/rustwide/cargo-home/registry/src/index.crates.io-1949cf8c6b5b557f/multiversx-sc-scenario-0.54.6/src/debug_executor/contract_container.rs:57:18
[INFO] [stdout]   45:     0x59395310560e - <multiversx_sc_scenario::debug_executor::contract_container::ContractContainerRef as multiversx_chain_vm_executor::instance::Instance>::call::hafddc99ca5b5993c
[INFO] [stdout]                                at /opt/rustwide/cargo-home/registry/src/index.crates.io-1949cf8c6b5b557f/multiversx-sc-scenario-0.54.6/src/debug_executor/contract_container.rs:79:9
[INFO] [stdout]   46:     0x5939532d6ec7 - multiversx_chain_vm::tx_execution::exec_call::execute_current_tx_context_input::hc2774c0eff89294f
[INFO] [stdout]                                at /opt/rustwide/cargo-home/registry/src/index.crates.io-1949cf8c6b5b557f/multiversx-chain-vm-0.11.1/src/tx_execution/exec_call.rs:26:5
[INFO] [stdout]   47:     0x5939532c7247 - core::ops::function::FnOnce::call_once::h7fb6ceead3bb6d9e
[INFO] [stdout]                                at /rustc/6067b36314ab5eb2eb47cecc464545ba58e1ad24/library/core/src/ops/function.rs:250:5
[INFO] [stdout]   48:     0x59395329ff85 - multiversx_chain_vm::tx_mock::tx_context_stack::TxContextStack::execute_on_vm_stack::{{closure}}::hee1275a6d86945b2
[INFO] [stdout]                                at /opt/rustwide/cargo-home/registry/src/index.crates.io-1949cf8c6b5b557f/multiversx-chain-vm-0.11.1/src/tx_mock/tx_context_stack.rs:46:26
[INFO] [stdout]   49:     0x593953281ac1 - multiversx_chain_vm::with_shared::shareable::Shareable<T>::with_shared::h0fe8984d27382bbd
[INFO] [stdout]                                at /opt/rustwide/cargo-home/registry/src/index.crates.io-1949cf8c6b5b557f/multiversx-chain-vm-0.11.1/src/with_shared/shareable.rs:116:22
[INFO] [stdout]   50:     0x59395329ff2f - multiversx_chain_vm::tx_mock::tx_context_stack::TxContextStack::execute_on_vm_stack::hbf79485ce4dea0f3
[INFO] [stdout]                                at /opt/rustwide/cargo-home/registry/src/index.crates.io-1949cf8c6b5b557f/multiversx-chain-vm-0.11.1/src/tx_mock/tx_context_stack.rs:43:9
[INFO] [stdout]   51:     0x5939532ae5d4 - multiversx_chain_vm::tx_execution::exec_general_tx::<impl multiversx_chain_vm::tx_execution::blockchain_vm::BlockchainVMRef>::deploy_contract::h3ab19c3cdda970c2
[INFO] [stdout]                                at /opt/rustwide/cargo-home/registry/src/index.crates.io-1949cf8c6b5b557f/multiversx-chain-vm-0.11.1/src/tx_execution/exec_general_tx.rs:165:9
[INFO] [stdout]   52:     0x5939530a34ad - multiversx_chain_vm::tx_execution::exec_create::<impl multiversx_chain_vm::tx_execution::blockchain_vm::BlockchainVMRef>::sc_create::{{closure}}::hff7e2c244e307b3d
[INFO] [stdout]                                at /opt/rustwide/cargo-home/registry/src/index.crates.io-1949cf8c6b5b557f/multiversx-chain-vm-0.11.1/src/tx_execution/exec_create.rs:30:13
[INFO] [stdout]   53:     0x5939530a2c9e - multiversx_chain_vm::with_shared::shareable::Shareable<T>::with_shared::h95641b4eeba47285
[INFO] [stdout]                                at /opt/rustwide/cargo-home/registry/src/index.crates.io-1949cf8c6b5b557f/multiversx-chain-vm-0.11.1/src/with_shared/shareable.rs:116:22
[INFO] [stdout]   54:     0x5939530a3079 - multiversx_chain_vm::tx_execution::exec_create::<impl multiversx_chain_vm::tx_execution::blockchain_vm::BlockchainVMRef>::sc_create::h795755b9096bcfa4
[INFO] [stdout]                                at /opt/rustwide/cargo-home/registry/src/index.crates.io-1949cf8c6b5b557f/multiversx-chain-vm-0.11.1/src/tx_execution/exec_create.rs:27:60
[INFO] [stdout]   55:     0x5939530c241d - multiversx_sc_scenario::scenario::run_vm::sc_deploy::<impl multiversx_sc_scenario::scenario::run_vm::vm_runner::ScenarioVMRunner>::perform_sc_deploy_lambda::h0cfc6f9edd4092b0
[INFO] [stdout]                                at /opt/rustwide/cargo-home/registry/src/index.crates.io-1949cf8c6b5b557f/multiversx-sc-scenario-0.54.6/src/scenario/run_vm/sc_deploy.rs:35:40
[INFO] [stdout]   56:     0x5939530c25c4 - multiversx_sc_scenario::scenario::run_vm::sc_deploy::<impl multiversx_sc_scenario::scenario::run_vm::vm_runner::ScenarioVMRunner>::perform_sc_deploy_lambda_and_check::hc27109deeb19b419
[INFO] [stdout]                                at /opt/rustwide/cargo-home/registry/src/index.crates.io-1949cf8c6b5b557f/multiversx-sc-scenario-0.54.6/src/scenario/run_vm/sc_deploy.rs:57:40
[INFO] [stdout]   57:     0x5939530c20fb - multiversx_sc_scenario::scenario::run_vm::sc_deploy::<impl multiversx_sc_scenario::scenario::run_vm::vm_runner::ScenarioVMRunner>::perform_sc_deploy_update_results::ha97c65117887da9b
[INFO] [stdout]                                at /opt/rustwide/cargo-home/registry/src/index.crates.io-1949cf8c6b5b557f/multiversx-sc-scenario-0.54.6/src/scenario/run_vm/sc_deploy.rs:19:13
[INFO] [stdout]   58:     0x5939530c2de4 - <multiversx_sc_scenario::scenario::run_vm::vm_runner::ScenarioVMRunner as multiversx_sc_scenario::scenario::scenario_runner::ScenarioRunner>::run_sc_deploy_step::h323cce3852ce800f
[INFO] [stdout]                                at /opt/rustwide/cargo-home/registry/src/index.crates.io-1949cf8c6b5b557f/multiversx-sc-scenario-0.54.6/src/scenario/run_vm/vm_runner.rs:56:9
[INFO] [stdout]   59:     0x5939530f000a - <multiversx_sc_scenario::facade::debugger_backend::DebuggerBackend as multiversx_sc_scenario::scenario::scenario_runner::ScenarioRunner>::run_sc_deploy_step::hcbe7666b443fd34b
[INFO] [stdout]                                at /opt/rustwide/cargo-home/registry/src/index.crates.io-1949cf8c6b5b557f/multiversx-sc-scenario-0.54.6/src/facade/debugger_backend.rs:58:9
[INFO] [stdout]   60:     0x5939530f0431 - multiversx_sc_scenario::facade::debugger_backend::DebuggerBackend::run_scenario_file::h5184484fb60d600d
[INFO] [stdout]                                at /opt/rustwide/cargo-home/registry/src/index.crates.io-1949cf8c6b5b557f/multiversx-sc-scenario-0.54.6/src/facade/debugger_backend.rs:113:21
[INFO] [stdout]   61:     0x593953024bff - multiversx_sc_scenario::facade::scenario_world::ScenarioWorld::run::hcc2f197b825047bb
[INFO] [stdout]                                at /opt/rustwide/cargo-home/registry/src/index.crates.io-1949cf8c6b5b557f/multiversx-sc-scenario-0.54.6/src/facade/scenario_world.rs:65:17
[INFO] [stdout]   62:     0x59395302ec94 - staking_smart_scenario_rs_test::empty_rs::hd8479a1217f54ad0
[INFO] [stdout]                                at /opt/rustwide/workdir/tests/staking_smart_scenario_rs_test.rs:13:5
[INFO] [stdout]   63:     0x59395302ec57 - staking_smart_scenario_rs_test::empty_rs::{{closure}}::h50bfd93e67a4d9ff
[INFO] [stdout]                                at /opt/rustwide/workdir/tests/staking_smart_scenario_rs_test.rs:12:14
[INFO] [stdout]   64:     0x5939530251d6 - core::ops::function::FnOnce::call_once::h508b1b0dc8d35b00
[INFO] [stdout]                                at /rustc/6067b36314ab5eb2eb47cecc464545ba58e1ad24/library/core/src/ops/function.rs:250:5
[INFO] [stdout]   65:     0x59395306e4fb - core::ops::function::FnOnce::call_once::he27718dfdd183f43
[INFO] [stdout]                                at /rustc/6067b36314ab5eb2eb47cecc464545ba58e1ad24/library/core/src/ops/function.rs:250:5
[INFO] [stdout]   66:     0x59395306e4fb - test::__rust_begin_short_backtrace::h4e84902998457a5d
[INFO] [stdout]                                at /rustc/6067b36314ab5eb2eb47cecc464545ba58e1ad24/library/test/src/lib.rs:632:18
[INFO] [stdout]   67:     0x59395306d433 - test::run_test_in_process::{{closure}}::h7176fd18fc1feca0
[INFO] [stdout]                                at /rustc/6067b36314ab5eb2eb47cecc464545ba58e1ad24/library/test/src/lib.rs:655:60
[INFO] [stdout]   68:     0x59395306d433 - <core::panic::unwind_safe::AssertUnwindSafe<F> as core::ops::function::FnOnce<()>>::call_once::hf79cff2a624d8cf7
[INFO] [stdout]                                at /rustc/6067b36314ab5eb2eb47cecc464545ba58e1ad24/library/core/src/panic/unwind_safe.rs:272:9
[INFO] [stdout]   69:     0x59395306d433 - std::panicking::try::do_call::h3da0561d9ab99c25
[INFO] [stdout]                                at /rustc/6067b36314ab5eb2eb47cecc464545ba58e1ad24/library/std/src/panicking.rs:587:40
[INFO] [stdout]   70:     0x59395306d433 - std::panicking::try::h41c9fa508bc61df6
[INFO] [stdout]                                at /rustc/6067b36314ab5eb2eb47cecc464545ba58e1ad24/library/std/src/panicking.rs:550:19
[INFO] [stdout]   71:     0x59395306d433 - std::panic::catch_unwind::h6b3ff07bb5afad93
[INFO] [stdout]                                at /rustc/6067b36314ab5eb2eb47cecc464545ba58e1ad24/library/std/src/panic.rs:358:14
[INFO] [stdout]   72:     0x59395306d433 - test::run_test_in_process::hc7253dd11b39b9f4
[INFO] [stdout]                                at /rustc/6067b36314ab5eb2eb47cecc464545ba58e1ad24/library/test/src/lib.rs:655:27
[INFO] [stdout]   73:     0x59395306d433 - test::run_test::{{closure}}::hfb2007f8649c30bb
[INFO] [stdout]                                at /rustc/6067b36314ab5eb2eb47cecc464545ba58e1ad24/library/test/src/lib.rs:576:43
[INFO] [stdout]   74:     0x593953030515 - test::run_test::{{closure}}::h56a17aa7a282a9f4
[INFO] [stdout]                                at /rustc/6067b36314ab5eb2eb47cecc464545ba58e1ad24/library/test/src/lib.rs:606:41
[INFO] [stdout]   75:     0x593953030515 - std::sys::backtrace::__rust_begin_short_backtrace::hd2d2d2fb8e8c6aac
[INFO] [stdout]                                at /rustc/6067b36314ab5eb2eb47cecc464545ba58e1ad24/library/std/src/sys/backtrace.rs:152:18
[INFO] [stdout]   76:     0x593953033dfa - std::thread::Builder::spawn_unchecked_::{{closure}}::{{closure}}::h4faa3f9db6133423
[INFO] [stdout]                                at /rustc/6067b36314ab5eb2eb47cecc464545ba58e1ad24/library/std/src/thread/mod.rs:559:17
[INFO] [stdout]   77:     0x593953033dfa - <core::panic::unwind_safe::AssertUnwindSafe<F> as core::ops::function::FnOnce<()>>::call_once::hf2e855a36a4ea846
[INFO] [stdout]                                at /rustc/6067b36314ab5eb2eb47cecc464545ba58e1ad24/library/core/src/panic/unwind_safe.rs:272:9
[INFO] [stdout]   78:     0x593953033dfa - std::panicking::try::do_call::h2f73af3616c35465
[INFO] [stdout]                                at /rustc/6067b36314ab5eb2eb47cecc464545ba58e1ad24/library/std/src/panicking.rs:587:40
[INFO] [stdout]   79:     0x593953033dfa - std::panicking::try::hd1660ce9efadef5a
[INFO] [stdout]                                at /rustc/6067b36314ab5eb2eb47cecc464545ba58e1ad24/library/std/src/panicking.rs:550:19
[INFO] [stdout]   80:     0x593953033dfa - std::panic::catch_unwind::h5ee8d7823b8ca744
[INFO] [stdout]                                at /rustc/6067b36314ab5eb2eb47cecc464545ba58e1ad24/library/std/src/panic.rs:358:14
[INFO] [stdout]   81:     0x593953033dfa - std::thread::Builder::spawn_unchecked_::{{closure}}::h53c3a1894dce8407
[INFO] [stdout]                                at /rustc/6067b36314ab5eb2eb47cecc464545ba58e1ad24/library/std/src/thread/mod.rs:557:30
[INFO] [stdout]   82:     0x593953033dfa - core::ops::function::FnOnce::call_once{{vtable.shim}}::h048ce291ad4f62bf
[INFO] [stdout]                                at /rustc/6067b36314ab5eb2eb47cecc464545ba58e1ad24/library/core/src/ops/function.rs:250:5
[INFO] [stdout]   83:     0x5939533aa57b - <alloc::boxed::Box<F,A> as core::ops::function::FnOnce<Args>>::call_once::ha52bedf99a3b4981
[INFO] [stdout]                                at /rustc/6067b36314ab5eb2eb47cecc464545ba58e1ad24/library/alloc/src/boxed.rs:2013:9
[INFO] [stdout]   84:     0x5939533aa57b - <alloc::boxed::Box<F,A> as core::ops::function::FnOnce<Args>>::call_once::h567748934d80ccf8
[INFO] [stdout]                                at /rustc/6067b36314ab5eb2eb47cecc464545ba58e1ad24/library/alloc/src/boxed.rs:2013:9
[INFO] [stdout]   85:     0x5939533aa57b - std::sys::pal::unix::thread::Thread::new::thread_start::h2d970728ae887adc
[INFO] [stdout]                                at /rustc/6067b36314ab5eb2eb47cecc464545ba58e1ad24/library/std/src/sys/pal/unix/thread.rs:106:17
[INFO] [stdout]   86:     0x70fd053e3ac3 - <unknown>
[INFO] [stdout]   87:     0x70fd05474a04 - clone
[INFO] [stdout]   88:                0x0 - <unknown>
[INFO] [stdout] 
[INFO] [stdout] thread 'empty_rs' panicked at /opt/rustwide/cargo-home/registry/src/index.crates.io-1949cf8c6b5b557f/multiversx-sc-scenario-0.54.6/src/scenario/run_vm/tx_output_check.rs:10:5:
[INFO] [stdout] result code mismatch. Tx id: 'deploy'. Want: "". Have: 4. Message: wrong number of arguments
[INFO] [stdout] stack backtrace:
[INFO] [stdout]    0:     0x5939533a472a - std::backtrace_rs::backtrace::libunwind::trace::hb059275cfc8d6126
[INFO] [stdout]                                at /rustc/6067b36314ab5eb2eb47cecc464545ba58e1ad24/library/std/src/../../backtrace/src/backtrace/libunwind.rs:116:5
[INFO] [stdout]    1:     0x5939533a472a - std::backtrace_rs::backtrace::trace_unsynchronized::h2da071e4327ce3ee
[INFO] [stdout]                                at /rustc/6067b36314ab5eb2eb47cecc464545ba58e1ad24/library/std/src/../../backtrace/src/backtrace/mod.rs:66:5
[INFO] [stdout]    2:     0x5939533a472a - std::sys::backtrace::_print_fmt::h842a1474e6f8d23f
[INFO] [stdout]                                at /rustc/6067b36314ab5eb2eb47cecc464545ba58e1ad24/library/std/src/sys/backtrace.rs:66:9
[INFO] [stdout]    3:     0x5939533a472a - <std::sys::backtrace::BacktraceLock::print::DisplayBacktrace as core::fmt::Display>::fmt::h71a62eb3b9696b12
[INFO] [stdout]                                at /rustc/6067b36314ab5eb2eb47cecc464545ba58e1ad24/library/std/src/sys/backtrace.rs:39:26
[INFO] [stdout]    4:     0x5939533cce73 - core::fmt::rt::Argument::fmt::hdb6b616786b41dc1
[INFO] [stdout]                                at /rustc/6067b36314ab5eb2eb47cecc464545ba58e1ad24/library/core/src/fmt/rt.rs:177:76
[INFO] [stdout]    5:     0x5939533cce73 - core::fmt::write::h2cc1698af7e2d686
[INFO] [stdout]                                at /rustc/6067b36314ab5eb2eb47cecc464545ba58e1ad24/library/core/src/fmt/mod.rs:1440:21
[INFO] [stdout]    6:     0x5939533a1033 - std::io::Write::write_fmt::hab1b4cd059a79022
[INFO] [stdout]                                at /rustc/6067b36314ab5eb2eb47cecc464545ba58e1ad24/library/std/src/io/mod.rs:1887:15
[INFO] [stdout]    7:     0x5939533a4572 - std::sys::backtrace::BacktraceLock::print::h147fe35b4ea13b08
[INFO] [stdout]                                at /rustc/6067b36314ab5eb2eb47cecc464545ba58e1ad24/library/std/src/sys/backtrace.rs:42:9
[INFO] [stdout]    8:     0x5939533a5b4f - std::panicking::default_hook::{{closure}}::hbd44223dbdc0d208
[INFO] [stdout]                                at /rustc/6067b36314ab5eb2eb47cecc464545ba58e1ad24/library/std/src/panicking.rs:298:22
[INFO] [stdout]    9:     0x5939533a5968 - std::panicking::default_hook::h20f81eb0576efcec
[INFO] [stdout]                                at /rustc/6067b36314ab5eb2eb47cecc464545ba58e1ad24/library/std/src/panicking.rs:322:9
[INFO] [stdout]   10:     0x593953068da3 - <alloc::boxed::Box<F,A> as core::ops::function::Fn<Args>>::call::hdb53814c496a4d34
[INFO] [stdout]                                at /rustc/6067b36314ab5eb2eb47cecc464545ba58e1ad24/library/alloc/src/boxed.rs:2027:9
[INFO] [stdout]   11:     0x593953068da3 - test::test_main::{{closure}}::hc0a4963c59427c24
[INFO] [stdout]                                at /rustc/6067b36314ab5eb2eb47cecc464545ba58e1ad24/library/test/src/lib.rs:134:21
[INFO] [stdout]   12:     0x5939533a6643 - <alloc::boxed::Box<F,A> as core::ops::function::Fn<Args>>::call::h591b2225413a77e9
[INFO] [stdout]                                at /rustc/6067b36314ab5eb2eb47cecc464545ba58e1ad24/library/alloc/src/boxed.rs:2027:9
[INFO] [stdout]   13:     0x5939533a6643 - std::panicking::rust_panic_with_hook::h625eea43051b2edc
[INFO] [stdout]                                at /rustc/6067b36314ab5eb2eb47cecc464545ba58e1ad24/library/std/src/panicking.rs:839:13
[INFO] [stdout]   14:     0x5939533a62fa - std::panicking::begin_panic_handler::{{closure}}::h4f9159cfbc3f6bd3
[INFO] [stdout]                                at /rustc/6067b36314ab5eb2eb47cecc464545ba58e1ad24/library/std/src/panicking.rs:704:13
[INFO] [stdout]   15:     0x5939533a4c29 - std::sys::backtrace::__rust_end_short_backtrace::h0390abce48353151
[INFO] [stdout]                                at /rustc/6067b36314ab5eb2eb47cecc464545ba58e1ad24/library/std/src/sys/backtrace.rs:168:18
[INFO] [stdout]   16:     0x5939533a5f8d - rust_begin_unwind
[INFO] [stdout]                                at /rustc/6067b36314ab5eb2eb47cecc464545ba58e1ad24/library/std/src/panicking.rs:695:5
[INFO] [stdout]   17:     0x5939533cb170 - core::panicking::panic_fmt::h9e7c637e9e5f29c9
[INFO] [stdout]                                at /rustc/6067b36314ab5eb2eb47cecc464545ba58e1ad24/library/core/src/panicking.rs:75:14
[INFO] [stdout]   18:     0x5939530e93b1 - multiversx_sc_scenario::scenario::run_vm::tx_output_check::check_tx_output::h5c22be5ec1ef7a31
[INFO] [stdout]                                at /opt/rustwide/cargo-home/registry/src/index.crates.io-1949cf8c6b5b557f/multiversx-sc-scenario-0.54.6/src/scenario/run_vm/tx_output_check.rs:10:5
[INFO] [stdout]   19:     0x5939530c26fa - multiversx_sc_scenario::scenario::run_vm::sc_deploy::<impl multiversx_sc_scenario::scenario::run_vm::vm_runner::ScenarioVMRunner>::perform_sc_deploy_lambda_and_check::hc27109deeb19b419
[INFO] [stdout]                                at /opt/rustwide/cargo-home/registry/src/index.crates.io-1949cf8c6b5b557f/multiversx-sc-scenario-0.54.6/src/scenario/run_vm/sc_deploy.rs:59:13
[INFO] [stdout]   20:     0x5939530c20fb - multiversx_sc_scenario::scenario::run_vm::sc_deploy::<impl multiversx_sc_scenario::scenario::run_vm::vm_runner::ScenarioVMRunner>::perform_sc_deploy_update_results::ha97c65117887da9b
[INFO] [stdout]                                at /opt/rustwide/cargo-home/registry/src/index.crates.io-1949cf8c6b5b557f/multiversx-sc-scenario-0.54.6/src/scenario/run_vm/sc_deploy.rs:19:13
[INFO] [stdout]   21:     0x5939530c2de4 - <multiversx_sc_scenario::scenario::run_vm::vm_runner::ScenarioVMRunner as multiversx_sc_scenario::scenario::scenario_runner::ScenarioRunner>::run_sc_deploy_step::h323cce3852ce800f
[INFO] [stdout]                                at /opt/rustwide/cargo-home/registry/src/index.crates.io-1949cf8c6b5b557f/multiversx-sc-scenario-0.54.6/src/scenario/run_vm/vm_runner.rs:56:9
[INFO] [stdout]   22:     0x5939530f000a - <multiversx_sc_scenario::facade::debugger_backend::DebuggerBackend as multiversx_sc_scenario::scenario::scenario_runner::ScenarioRunner>::run_sc_deploy_step::hcbe7666b443fd34b
[INFO] [stdout]                                at /opt/rustwide/cargo-home/registry/src/index.crates.io-1949cf8c6b5b557f/multiversx-sc-scenario-0.54.6/src/facade/debugger_backend.rs:58:9
[INFO] [stdout]   23:     0x5939530f0431 - multiversx_sc_scenario::facade::debugger_backend::DebuggerBackend::run_scenario_file::h5184484fb60d600d
[INFO] [stdout]                                at /opt/rustwide/cargo-home/registry/src/index.crates.io-1949cf8c6b5b557f/multiversx-sc-scenario-0.54.6/src/facade/debugger_backend.rs:113:21
[INFO] [stdout]   24:     0x593953024bff - multiversx_sc_scenario::facade::scenario_world::ScenarioWorld::run::hcc2f197b825047bb
[INFO] [stdout]                                at /opt/rustwide/cargo-home/registry/src/index.crates.io-1949cf8c6b5b557f/multiversx-sc-scenario-0.54.6/src/facade/scenario_world.rs:65:17
[INFO] [stdout]   25:     0x59395302ec94 - staking_smart_scenario_rs_test::empty_rs::hd8479a1217f54ad0
[INFO] [stdout]                                at /opt/rustwide/workdir/tests/staking_smart_scenario_rs_test.rs:13:5
[INFO] [stdout]   26:     0x59395302ec57 - staking_smart_scenario_rs_test::empty_rs::{{closure}}::h50bfd93e67a4d9ff
[INFO] [stdout]                                at /opt/rustwide/workdir/tests/staking_smart_scenario_rs_test.rs:12:14
[INFO] [stdout]   27:     0x5939530251d6 - core::ops::function::FnOnce::call_once::h508b1b0dc8d35b00
[INFO] [stdout]                                at /rustc/6067b36314ab5eb2eb47cecc464545ba58e1ad24/library/core/src/ops/function.rs:250:5
[INFO] [stdout]   28:     0x59395306e4fb - core::ops::function::FnOnce::call_once::he27718dfdd183f43
[INFO] [stdout]                                at /rustc/6067b36314ab5eb2eb47cecc464545ba58e1ad24/library/core/src/ops/function.rs:250:5
[INFO] [stdout]   29:     0x59395306e4fb - test::__rust_begin_short_backtrace::h4e84902998457a5d
[INFO] [stdout]                                at /rustc/6067b36314ab5eb2eb47cecc464545ba58e1ad24/library/test/src/lib.rs:632:18
[INFO] [stdout]   30:     0x59395306d433 - test::run_test_in_process::{{closure}}::h7176fd18fc1feca0
[INFO] [stdout]                                at /rustc/6067b36314ab5eb2eb47cecc464545ba58e1ad24/library/test/src/lib.rs:655:60
[INFO] [stdout]   31:     0x59395306d433 - <core::panic::unwind_safe::AssertUnwindSafe<F> as core::ops::function::FnOnce<()>>::call_once::hf79cff2a624d8cf7
[INFO] [stdout]                                at /rustc/6067b36314ab5eb2eb47cecc464545ba58e1ad24/library/core/src/panic/unwind_safe.rs:272:9
[INFO] [stdout]   32:     0x59395306d433 - std::panicking::try::do_call::h3da0561d9ab99c25
[INFO] [stdout]                                at /rustc/6067b36314ab5eb2eb47cecc464545ba58e1ad24/library/std/src/panicking.rs:587:40
[INFO] [stdout]   33:     0x59395306d433 - std::panicking::try::h41c9fa508bc61df6
[INFO] [stdout]                                at /rustc/6067b36314ab5eb2eb47cecc464545ba58e1ad24/library/std/src/panicking.rs:550:19
[INFO] [stdout]   34:     0x59395306d433 - std::panic::catch_unwind::h6b3ff07bb5afad93
[INFO] [stdout]                                at /rustc/6067b36314ab5eb2eb47cecc464545ba58e1ad24/library/std/src/panic.rs:358:14
[INFO] [stdout]   35:     0x59395306d433 - test::run_test_in_process::hc7253dd11b39b9f4
[INFO] [stdout]                                at /rustc/6067b36314ab5eb2eb47cecc464545ba58e1ad24/library/test/src/lib.rs:655:27
[INFO] [stdout]   36:     0x59395306d433 - test::run_test::{{closure}}::hfb2007f8649c30bb
[INFO] [stdout]                                at /rustc/6067b36314ab5eb2eb47cecc464545ba58e1ad24/library/test/src/lib.rs:576:43
[INFO] [stdout]   37:     0x593953030515 - test::run_test::{{closure}}::h56a17aa7a282a9f4
[INFO] [stdout]                                at /rustc/6067b36314ab5eb2eb47cecc464545ba58e1ad24/library/test/src/lib.rs:606:41
[INFO] [stdout]   38:     0x593953030515 - std::sys::backtrace::__rust_begin_short_backtrace::hd2d2d2fb8e8c6aac
[INFO] [stdout]                                at /rustc/6067b36314ab5eb2eb47cecc464545ba58e1ad24/library/std/src/sys/backtrace.rs:152:18
[INFO] [stdout]   39:     0x593953033dfa - std::thread::Builder::spawn_unchecked_::{{closure}}::{{closure}}::h4faa3f9db6133423
[INFO] [stdout]                                at /rustc/6067b36314ab5eb2eb47cecc464545ba58e1ad24/library/std/src/thread/mod.rs:559:17
[INFO] [stdout]   40:     0x593953033dfa - <core::panic::unwind_safe::AssertUnwindSafe<F> as core::ops::function::FnOnce<()>>::call_once::hf2e855a36a4ea846
[INFO] [stdout]                                at /rustc/6067b36314ab5eb2eb47cecc464545ba58e1ad24/library/core/src/panic/unwind_safe.rs:272:9
[INFO] [stdout]   41:     0x593953033dfa - std::panicking::try::do_call::h2f73af3616c35465
[INFO] [stdout]                                at /rustc/6067b36314ab5eb2eb47cecc464545ba58e1ad24/library/std/src/panicking.rs:587:40
[INFO] [stdout]   42:     0x593953033dfa - std::panicking::try::hd1660ce9efadef5a
[INFO] [stdout]                                at /rustc/6067b36314ab5eb2eb47cecc464545ba58e1ad24/library/std/src/panicking.rs:550:19
[INFO] [stdout]   43:     0x593953033dfa - std::panic::catch_unwind::h5ee8d7823b8ca744
[INFO] [stdout]                                at /rustc/6067b36314ab5eb2eb47cecc464545ba58e1ad24/library/std/src/panic.rs:358:14
[INFO] [stdout]   44:     0x593953033dfa - std::thread::Builder::spawn_unchecked_::{{closure}}::h53c3a1894dce8407
[INFO] [stdout]                                at /rustc/6067b36314ab5eb2eb47cecc464545ba58e1ad24/library/std/src/thread/mod.rs:557:30
[INFO] [stdout]   45:     0x593953033dfa - core::ops::function::FnOnce::call_once{{vtable.shim}}::h048ce291ad4f62bf
[INFO] [stdout]                                at /rustc/6067b36314ab5eb2eb47cecc464545ba58e1ad24/library/core/src/ops/function.rs:250:5
[INFO] [stdout]   46:     0x5939533aa57b - <alloc::boxed::Box<F,A> as core::ops::function::FnOnce<Args>>::call_once::ha52bedf99a3b4981
[INFO] [stdout]                                at /rustc/6067b36314ab5eb2eb47cecc464545ba58e1ad24/library/alloc/src/boxed.rs:2013:9
[INFO] [stdout]   47:     0x5939533aa57b - <alloc::boxed::Box<F,A> as core::ops::function::FnOnce<Args>>::call_once::h567748934d80ccf8
[INFO] [stdout]                                at /rustc/6067b36314ab5eb2eb47cecc464545ba58e1ad24/library/alloc/src/boxed.rs:2013:9
[INFO] [stdout]   48:     0x5939533aa57b - std::sys::pal::unix::thread::Thread::new::thread_start::h2d970728ae887adc
[INFO] [stdout]                                at /rustc/6067b36314ab5eb2eb47cecc464545ba58e1ad24/library/std/src/sys/pal/unix/thread.rs:106:17
[INFO] [stdout]   49:     0x70fd053e3ac3 - <unknown>
[INFO] [stdout]   50:     0x70fd05474a04 - clone
[INFO] [stdout]   51:                0x0 - <unknown>
[INFO] [stdout] 
[INFO] [stdout] 
[INFO] [stdout] failures:
[INFO] [stdout]     empty_rs
[INFO] [stdout] 
[INFO] [stdout] test result: FAILED. 0 passed; 1 failed; 0 ignored; 0 measured; 0 filtered out; finished in 0.11s
[INFO] [stdout] 
[INFO] [stderr] error: test failed, to rerun pass `--test staking_smart_scenario_rs_test`
[INFO] running `Command { std: "docker" "inspect" "861e0095b0ad69bdda5c9ccf0cf3b1e1cf9e9cde9d5b095d38642159e04d1313", kill_on_drop: false }`
[INFO] running `Command { std: "docker" "rm" "-f" "861e0095b0ad69bdda5c9ccf0cf3b1e1cf9e9cde9d5b095d38642159e04d1313", kill_on_drop: false }`
[INFO] [stdout] 861e0095b0ad69bdda5c9ccf0cf3b1e1cf9e9cde9d5b095d38642159e04d1313
