[INFO] cloning repository https://github.com/emilpriver/libsql-migrate
[INFO] running `Command { std: "git" "-c" "credential.helper=" "-c" "credential.helper=/workspace/cargo-home/bin/git-credential-null" "clone" "--bare" "https://github.com/emilpriver/libsql-migrate" "/workspace/cache/git-repos/https%3A%2F%2Fgithub.com%2Femilpriver%2Flibsql-migrate", kill_on_drop: false }`
[INFO] [stderr] Cloning into bare repository '/workspace/cache/git-repos/https%3A%2F%2Fgithub.com%2Femilpriver%2Flibsql-migrate'...
[INFO] running `Command { std: "git" "rev-parse" "HEAD", kill_on_drop: false }`
[INFO] [stdout] 1702357b0b3c9a309ec6a57a327436089606853c
[INFO] testing emilpriver/libsql-migrate against nightly-2025-01-18+rustflags=-Zrandomize-layout for randomize-layout-2
[INFO] running `Command { std: "git" "clone" "/workspace/cache/git-repos/https%3A%2F%2Fgithub.com%2Femilpriver%2Flibsql-migrate" "/workspace/builds/worker-6-tc2/source", kill_on_drop: false }`
[INFO] [stderr] Cloning into '/workspace/builds/worker-6-tc2/source'...
[INFO] [stderr] done.
[INFO] validating manifest of git repo https://github.com/emilpriver/libsql-migrate on toolchain nightly-2025-01-18
[INFO] running `Command { std: CARGO_HOME="/workspace/cargo-home" RUSTUP_HOME="/workspace/rustup-home" "/workspace/cargo-home/bin/cargo" "+nightly-2025-01-18" "metadata" "--manifest-path" "Cargo.toml" "--no-deps", kill_on_drop: false }`
[INFO] started tweaking git repo https://github.com/emilpriver/libsql-migrate
[INFO] finished tweaking git repo https://github.com/emilpriver/libsql-migrate
[INFO] tweaked toml for git repo https://github.com/emilpriver/libsql-migrate written to /workspace/builds/worker-6-tc2/source/Cargo.toml
[INFO] crate git repo https://github.com/emilpriver/libsql-migrate already has a lockfile, it will not be regenerated
[INFO] running `Command { std: CARGO_HOME="/workspace/cargo-home" RUSTUP_HOME="/workspace/rustup-home" "/workspace/cargo-home/bin/cargo" "+nightly-2025-01-18" "fetch" "--manifest-path" "Cargo.toml", kill_on_drop: false }`
[INFO] running `Command { std: "docker" "create" "-v" "/var/lib/crater-agent-workspace/builds/worker-6-tc2/target:/opt/rustwide/target:rw,Z" "-v" "/var/lib/crater-agent-workspace/builds/worker-6-tc2/source:/opt/rustwide/workdir:ro,Z" "-v" "/var/lib/crater-agent-workspace/cargo-home:/opt/rustwide/cargo-home:ro,Z" "-v" "/var/lib/crater-agent-workspace/rustup-home:/opt/rustwide/rustup-home:ro,Z" "-e" "SOURCE_DIR=/opt/rustwide/workdir" "-e" "CARGO_TARGET_DIR=/opt/rustwide/target" "-e" "CARGO_HOME=/opt/rustwide/cargo-home" "-e" "RUSTUP_HOME=/opt/rustwide/rustup-home" "-w" "/opt/rustwide/workdir" "-m" "1610612736" "--user" "0:0" "--network" "none" "ghcr.io/rust-lang/crates-build-env/linux@sha256:819108c5571ea2e421544af4d832f968d213c87fbe3707a016657f43d2f853bc" "/opt/rustwide/cargo-home/bin/cargo" "+nightly-2025-01-18" "metadata" "--no-deps" "--format-version=1", kill_on_drop: false }`
[INFO] [stdout] d69e21038c51b76b8f7faef2f398567b44ccadc13451199855989e000ad2aa09
[INFO] running `Command { std: "docker" "start" "-a" "d69e21038c51b76b8f7faef2f398567b44ccadc13451199855989e000ad2aa09", kill_on_drop: false }`
[INFO] running `Command { std: "docker" "inspect" "d69e21038c51b76b8f7faef2f398567b44ccadc13451199855989e000ad2aa09", kill_on_drop: false }`
[INFO] running `Command { std: "docker" "rm" "-f" "d69e21038c51b76b8f7faef2f398567b44ccadc13451199855989e000ad2aa09", kill_on_drop: false }`
[INFO] [stdout] d69e21038c51b76b8f7faef2f398567b44ccadc13451199855989e000ad2aa09
[INFO] running `Command { std: "docker" "create" "-v" "/var/lib/crater-agent-workspace/builds/worker-6-tc2/target:/opt/rustwide/target:rw,Z" "-v" "/var/lib/crater-agent-workspace/builds/worker-6-tc2/source:/opt/rustwide/workdir:ro,Z" "-v" "/var/lib/crater-agent-workspace/cargo-home:/opt/rustwide/cargo-home:ro,Z" "-v" "/var/lib/crater-agent-workspace/rustup-home:/opt/rustwide/rustup-home:ro,Z" "-e" "SOURCE_DIR=/opt/rustwide/workdir" "-e" "CARGO_TARGET_DIR=/opt/rustwide/target" "-e" "CARGO_INCREMENTAL=0" "-e" "RUST_BACKTRACE=full" "-e" "RUSTFLAGS=--cap-lints=forbid -Zrandomize-layout" "-e" "RUSTDOCFLAGS=--cap-lints=forbid" "-e" "CARGO_HOME=/opt/rustwide/cargo-home" "-e" "RUSTUP_HOME=/opt/rustwide/rustup-home" "-w" "/opt/rustwide/workdir" "-m" "1610612736" "--user" "0:0" "--network" "none" "ghcr.io/rust-lang/crates-build-env/linux@sha256:819108c5571ea2e421544af4d832f968d213c87fbe3707a016657f43d2f853bc" "/opt/rustwide/cargo-home/bin/cargo" "+nightly-2025-01-18" "build" "--frozen" "--message-format=json", kill_on_drop: false }`
[INFO] [stdout] b3b4f96817394cf41ca1aa49e23ac6b93dccde542bb372687547d1862fa48ceb
[INFO] running `Command { std: "docker" "start" "-a" "b3b4f96817394cf41ca1aa49e23ac6b93dccde542bb372687547d1862fa48ceb", kill_on_drop: false }`
[INFO] [stderr]    Compiling proc-macro2 v1.0.86
[INFO] [stderr]    Compiling unicode-ident v1.0.12
[INFO] [stderr]    Compiling libc v0.2.159
[INFO] [stderr]    Compiling version_check v0.9.5
[INFO] [stderr]    Compiling autocfg v1.3.0
[INFO] [stderr]    Compiling serde v1.0.214
[INFO] [stderr]    Compiling byteorder v1.5.0
[INFO] [stderr]    Compiling memchr v2.7.4
[INFO] [stderr]    Compiling pin-project-lite v0.2.14
[INFO] [stderr]    Compiling once_cell v1.19.0
[INFO] [stderr]    Compiling futures-core v0.3.31
[INFO] [stderr]    Compiling parking_lot_core v0.9.10
[INFO] [stderr]    Compiling ahash v0.8.11
[INFO] [stderr]    Compiling scopeguard v1.2.0
[INFO] [stderr]    Compiling lock_api v0.4.12
[INFO] [stderr]    Compiling typenum v1.17.0
[INFO] [stderr]    Compiling generic-array v0.14.7
[INFO] [stderr]    Compiling slab v0.4.9
[INFO] [stderr]    Compiling allocator-api2 v0.2.18
[INFO] [stderr]    Compiling itoa v1.0.11
[INFO] [stderr]    Compiling futures-task v0.3.31
[INFO] [stderr]    Compiling pin-utils v0.1.0
[INFO] [stderr]    Compiling futures-io v0.3.31
[INFO] [stderr]    Compiling tracing-core v0.1.32
[INFO] [stderr]    Compiling const-oid v0.9.6
[INFO] [stderr]    Compiling quote v1.0.36
[INFO] [stderr]    Compiling subtle v2.6.1
[INFO] [stderr]    Compiling spin v0.9.8
[INFO] [stderr]    Compiling futures-sink v0.3.31
[INFO] [stderr]    Compiling getrandom v0.2.15
[INFO] [stderr]    Compiling syn v2.0.85
[INFO] [stderr]    Compiling mio v1.0.1
[INFO] [stderr]    Compiling socket2 v0.5.7
[INFO] [stderr]    Compiling libm v0.2.8
[INFO] [stderr]    Compiling equivalent v1.0.1
[INFO] [stderr]    Compiling rand_core v0.6.4
[INFO] [stderr]    Compiling futures-channel v0.3.31
[INFO] [stderr]    Compiling signal-hook-registry v1.4.2
[INFO] [stderr]    Compiling num-traits v0.2.19
[INFO] [stderr]    Compiling minimal-lexical v0.2.1
[INFO] [stderr]    Compiling cc v1.1.7
[INFO] [stderr]    Compiling nom v7.1.3
[INFO] [stderr]    Compiling lazy_static v1.5.0
[INFO] [stderr]    Compiling percent-encoding v2.3.1
[INFO] [stderr]    Compiling zeroize v1.8.1
[INFO] [stderr]    Compiling linux-raw-sys v0.4.14
[INFO] [stderr]    Compiling log v0.4.22
[INFO] [stderr]    Compiling rustix v0.38.37
[INFO] [stderr]    Compiling tinyvec_macros v0.1.1
[INFO] [stderr]    Compiling cpufeatures v0.2.12
[INFO] [stderr]    Compiling home v0.5.9
[INFO] [stderr]    Compiling tinyvec v1.8.0
[INFO] [stderr]    Compiling crossbeam-utils v0.8.20
[INFO] [stderr]    Compiling crypto-common v0.1.6
[INFO] [stderr]    Compiling block-buffer v0.10.4
[INFO] [stderr]    Compiling num-conv v0.1.0
[INFO] [stderr]    Compiling thiserror v1.0.63
[INFO] [stderr]    Compiling digest v0.10.7
[INFO] [stderr]    Compiling unicode-normalization v0.1.23
[INFO] [stderr]    Compiling fnv v1.0.7
[INFO] [stderr]    Compiling powerfmt v0.2.0
[INFO] [stderr]    Compiling unicode-bidi v0.3.15
[INFO] [stderr]    Compiling time-core v0.1.2
[INFO] [stderr]    Compiling time-macros v0.2.18
[INFO] [stderr]    Compiling deranged v0.3.11
[INFO] [stderr]    Compiling glob v0.3.1
[INFO] [stderr]    Compiling base64ct v1.6.0
[INFO] [stderr]    Compiling ryu v1.0.18
[INFO] [stderr]    Compiling rustversion v1.0.17
[INFO] [stderr]    Compiling pem-rfc7468 v0.7.0
[INFO] [stderr]    Compiling idna v0.5.0
[INFO] [stderr]    Compiling form_urlencoded v1.2.1
[INFO] [stderr]    Compiling uncased v0.9.10
[INFO] [stderr]    Compiling clang-sys v1.8.1
[INFO] [stderr]    Compiling tower-service v0.3.2
[INFO] [stderr]    Compiling base64 v0.22.1
[INFO] [stderr]    Compiling paste v1.0.15
[INFO] [stderr]    Compiling iana-time-zone v0.1.60
[INFO] [stderr]    Compiling prettyplease v0.2.20
[INFO] [stderr]    Compiling der v0.7.9
[INFO] [stderr]    Compiling concurrent-queue v2.5.0
[INFO] [stderr]    Compiling num-integer v0.1.46
[INFO] [stderr]    Compiling crc-catalog v2.4.0
[INFO] [stderr]    Compiling unicode_categories v0.1.1
[INFO] [stderr]    Compiling httparse v1.9.4
[INFO] [stderr]    Compiling zerocopy v0.7.35
[INFO] [stderr]    Compiling parking v2.2.0
[INFO] [stderr]    Compiling num-bigint-dig v0.8.4
[INFO] [stderr]    Compiling regex-syntax v0.8.5
[INFO] [stderr]    Compiling num-iter v0.1.45
[INFO] [stderr]    Compiling event-listener v5.3.1
[INFO] [stderr]    Compiling sqlformat v0.2.4
[INFO] [stderr]    Compiling crc v3.2.1
[INFO] [stderr]    Compiling crossbeam-queue v0.3.11
[INFO] [stderr]    Compiling atoi v2.0.0
[INFO] [stderr]    Compiling indexmap v1.9.3
[INFO] [stderr]    Compiling libloading v0.8.5
[INFO] [stderr]    Compiling siphasher v0.3.11
[INFO] [stderr]    Compiling bindgen v0.66.1
[INFO] [stderr]    Compiling spki v0.7.3
[INFO] [stderr]    Compiling try-lock v0.2.5
[INFO] [stderr]    Compiling hex v0.4.3
[INFO] [stderr]    Compiling anyhow v1.0.92
[INFO] [stderr]    Compiling pkcs8 v0.10.2
[INFO] [stderr]    Compiling want v0.3.1
[INFO] [stderr]    Compiling hashbrown v0.14.5
[INFO] [stderr]    Compiling cexpr v0.6.0
[INFO] [stderr]    Compiling ring v0.17.8
[INFO] [stderr]    Compiling hmac v0.12.1
[INFO] [stderr]    Compiling hashbrown v0.12.3
[INFO] [stderr]    Compiling unicode-properties v0.1.1
[INFO] [stderr]    Compiling rustc-hash v1.1.0
[INFO] [stderr]    Compiling lazycell v1.3.0
[INFO] [stderr]    Compiling httpdate v1.0.3
[INFO] [stderr]    Compiling rustls-pki-types v1.7.0
[INFO] [stderr]    Compiling tower-layer v0.3.2
[INFO] [stderr]    Compiling bytes v1.6.1
[INFO] [stderr]    Compiling serde_json v1.0.132
[INFO] [stderr]    Compiling peeking_take_while v0.1.2
[INFO] [stderr]    Compiling shlex v1.3.0
[INFO] [stderr]    Compiling tokio v1.41.0
[INFO] [stderr]    Compiling stringprep v0.1.5
[INFO] [stderr]    Compiling serde_derive v1.0.214
[INFO] [stderr]    Compiling zerocopy-derive v0.6.6
[INFO] [stderr]    Compiling tracing-attributes v0.1.27
[INFO] [stderr]    Compiling zerocopy-derive v0.7.35
[INFO] [stderr]    Compiling zerocopy v0.6.6
[INFO] [stderr]    Compiling ppv-lite86 v0.2.18
[INFO] [stderr]    Compiling tokio-macros v2.4.0
[INFO] [stderr]    Compiling futures-macro v0.3.31
[INFO] [stderr]    Compiling rand_chacha v0.3.1
[INFO] [stderr]    Compiling rand v0.8.5
[INFO] [stderr]    Compiling thiserror-impl v1.0.63
[INFO] [stderr]    Compiling futures-util v0.3.31
[INFO] [stderr]    Compiling regex-automata v0.4.8
[INFO] [stderr]    Compiling pin-project-internal v1.1.5
[INFO] [stderr]    Compiling indexmap v2.2.6
[INFO] [stderr]    Compiling hkdf v0.12.4
[INFO] [stderr]    Compiling pkcs1 v0.7.5
[INFO] [stderr]    Compiling axum-core v0.3.4
[INFO] [stderr]    Compiling signature v2.2.0
[INFO] [stderr]    Compiling md-5 v0.10.6
[INFO] [stderr]    Compiling whoami v1.5.1
[INFO] [stderr]    Compiling dotenvy v0.15.7
[INFO] [stderr]    Compiling tokio-stream v0.1.15
[INFO] [stderr]    Compiling pin-project v1.1.5
[INFO] [stderr]    Compiling tracing v0.1.40
[INFO] [stderr]    Compiling async-trait v0.1.83
[INFO] [stderr]    Compiling regex v1.11.1
[INFO] [stderr]    Compiling hashlink v0.9.1
[INFO] [stderr]    Compiling phf_shared v0.11.2
[INFO] [stderr]    Compiling axum v0.6.20
[INFO] [stderr]    Compiling url v2.5.2
[INFO] [stderr]    Compiling chrono v0.4.38
[INFO] [stderr]    Compiling time v0.3.36
[INFO] [stderr]    Compiling sha2 v0.10.8
[INFO] [stderr]    Compiling block-padding v0.3.3
[INFO] [stderr]    Compiling mime v0.3.17
[INFO] [stderr]    Compiling untrusted v0.9.0
[INFO] [stderr]    Compiling num_threads v0.1.7
[INFO] [stderr]    Compiling inout v0.1.3
[INFO] [stderr]    Compiling phf_generator v0.11.2
[INFO] [stderr]    Compiling async-stream-impl v0.3.5
[INFO] [stderr]    Compiling either v1.13.0
[INFO] [stderr]    Compiling bitflags v2.6.0
[INFO] [stderr]    Compiling smallvec v1.13.2
[INFO] [stderr]    Compiling parking_lot v0.12.3
[INFO] [stderr]    Compiling http v0.2.12
[INFO] [stderr]    Compiling itertools v0.12.1
[INFO] [stderr]    Compiling http-body v0.4.6
[INFO] [stderr]    Compiling futures-intrusive v0.5.0
[INFO] [stderr]    Compiling sha1 v0.10.6
[INFO] [stderr]    Compiling which v4.4.2
[INFO] [stderr]    Compiling sqlx-core v0.8.2
[INFO] [stderr]    Compiling prost-derive v0.12.6
[INFO] [stderr]    Compiling sync_wrapper v0.1.2
[INFO] [stderr]    Compiling matchit v0.7.3
[INFO] [stderr]    Compiling bitflags v1.3.2
[INFO] [stderr]    Compiling rustls v0.22.4
[INFO] [stderr]    Compiling base64 v0.21.7
[INFO] [stderr]    Compiling heck v0.5.0
[INFO] [stderr]    Compiling rsa v0.9.6
[INFO] [stderr]    Compiling rustls-webpki v0.102.6
[INFO] [stderr]    Compiling async-stream v0.3.5
[INFO] [stderr]    Compiling prost v0.12.6
[INFO] [stderr]    Compiling phf_codegen v0.11.2
[INFO] [stderr]    Compiling cipher v0.4.4
[INFO] [stderr]    Compiling hashlink v0.8.4
[INFO] [stderr]    Compiling utf8parse v0.2.2
[INFO] [stderr]    Compiling fallible-streaming-iterator v0.1.9
[INFO] [stderr]    Compiling fallible-iterator v0.2.0
[INFO] [stderr]    Compiling fastrand v2.1.1
[INFO] [stderr]    Compiling anstyle-parse v0.2.5
[INFO] [stderr]    Compiling sqlx-mysql v0.8.2
[INFO] [stderr]    Compiling sqlx-postgres v0.8.2
[INFO] [stderr]    Compiling tempfile v3.13.0
[INFO] [stderr]    Compiling libsql-sqlite3-parser v0.13.0
[INFO] [stderr]    Compiling tokio-util v0.7.11
[INFO] [stderr]    Compiling tokio-io-timeout v1.2.0
[INFO] [stderr]    Compiling h2 v0.3.26
[INFO] [stderr]    Compiling tower v0.4.13
[INFO] [stderr]    Compiling futures-executor v0.3.31
[INFO] [stderr]    Compiling rustls-pemfile v2.1.2
[INFO] [stderr]    Compiling libsql-ffi v0.5.0
[INFO] [stderr]    Compiling openssl-probe v0.1.5
[INFO] [stderr]    Compiling http-range-header v0.3.1
[INFO] [stderr]    Compiling anstyle-query v1.1.1
[INFO] [stderr]    Compiling is_terminal_polyfill v1.70.1
[INFO] [stderr]    Compiling anstyle v1.0.8
[INFO] [stderr]    Compiling colorchoice v1.0.2
[INFO] [stderr]    Compiling sqlx-macros-core v0.8.2
[INFO] [stderr]    Compiling tower-http v0.4.4
[INFO] [stderr]    Compiling anstream v0.6.15
[INFO] [stderr]    Compiling phf v0.11.2
[INFO] [stderr]    Compiling rustls-native-certs v0.7.1
[INFO] [stderr]    Compiling futures v0.3.31
[INFO] [stderr]    Compiling tokio-rustls v0.25.0
[INFO] [stderr]    Compiling aes v0.8.4
[INFO] [stderr]    Compiling hyper v0.14.30
[INFO] [stderr]    Compiling cbc v0.1.2
[INFO] [stderr]    Compiling uuid v1.10.0
[INFO] [stderr]    Compiling webpki-roots v0.26.3
[INFO] [stderr]    Compiling aho-corasick v1.1.3
[INFO] [stderr]    Compiling fallible-iterator v0.3.0
[INFO] [stderr]    Compiling sdd v2.1.0
[INFO] [stderr]    Compiling strsim v0.11.1
[INFO] [stderr]    Compiling clap_lex v0.7.2
[INFO] [stderr]    Compiling clap_builder v4.5.20
[INFO] [stderr]    Compiling scc v2.1.6
[INFO] [stderr]    Compiling sqlx-macros v0.8.2
[INFO] [stderr]    Compiling libsql-hrana v0.2.0
[INFO] [stderr]    Compiling hyper-timeout v0.4.1
[INFO] [stderr]    Compiling hyper-rustls v0.25.0
[INFO] [stderr]    Compiling clap_derive v4.5.18
[INFO] [stderr]    Compiling bincode v1.3.3
[INFO] [stderr]    Compiling serial_test_derive v3.1.1
[INFO] [stderr]    Compiling termcolor v1.4.1
[INFO] [stderr]    Compiling serial_test v3.1.1
[INFO] [stderr]    Compiling simplelog v0.12.2
[INFO] [stderr]    Compiling sqlx v0.8.2
[INFO] [stderr]    Compiling which v7.0.0
[INFO] [stderr]    Compiling clap v4.5.20
[INFO] [stderr]    Compiling libsql-rusqlite v0.33.0
[INFO] [stderr]    Compiling libsql-sys v0.8.0
[INFO] [stderr]    Compiling tonic v0.11.0
[INFO] [stderr]    Compiling tonic-web v0.11.0
[INFO] [stderr]    Compiling libsql_replication v0.6.0
[INFO] [stderr]    Compiling libsql v0.6.0
[INFO] [stderr]    Compiling geni v1.1.5 (/opt/rustwide/workdir)
[INFO] [stdout] warning: elided lifetime has a name
[INFO] [stdout]   --> src/lib/database_drivers/libsql.rs:57:67
[INFO] [stdout]    |
[INFO] [stdout] 53 |     fn execute<'a>(
[INFO] [stdout]    |                -- lifetime `'a` declared here
[INFO] [stdout] ...
[INFO] [stdout] 57 |     ) -> Pin<Box<dyn Future<Output = Result<(), anyhow::Error>> + '_>> {
[INFO] [stdout]    |                                                                   ^^ this elided lifetime gets resolved as `'a`
[INFO] [stdout]    |
[INFO] [stdout]    = note: `#[warn(elided_named_lifetimes)]` on by default
[INFO] [stdout] 
[INFO] [stdout] 
[INFO] [stdout] warning: elided lifetime has a name
[INFO] [stdout]    --> src/lib/database_drivers/libsql.rs:116:67
[INFO] [stdout]     |
[INFO] [stdout] 113 |     fn insert_schema_migration<'a>(
[INFO] [stdout]     |                                -- lifetime `'a` declared here
[INFO] [stdout] ...
[INFO] [stdout] 116 |     ) -> Pin<Box<dyn Future<Output = Result<(), anyhow::Error>> + '_>> {
[INFO] [stdout]     |                                                                   ^^ this elided lifetime gets resolved as `'a`
[INFO] [stdout] 
[INFO] [stdout] 
[INFO] [stdout] warning: elided lifetime has a name
[INFO] [stdout]    --> src/lib/database_drivers/libsql.rs:134:67
[INFO] [stdout]     |
[INFO] [stdout] 131 |     fn remove_schema_migration<'a>(
[INFO] [stdout]     |                                -- lifetime `'a` declared here
[INFO] [stdout] ...
[INFO] [stdout] 134 |     ) -> Pin<Box<dyn Future<Output = Result<(), anyhow::Error>> + '_>> {
[INFO] [stdout]     |                                                                   ^^ this elided lifetime gets resolved as `'a`
[INFO] [stdout] 
[INFO] [stdout] 
[INFO] [stdout] warning: elided lifetime has a name
[INFO] [stdout]   --> src/lib/database_drivers/maria.rs:79:67
[INFO] [stdout]    |
[INFO] [stdout] 75 |     fn execute<'a>(
[INFO] [stdout]    |                -- lifetime `'a` declared here
[INFO] [stdout] ...
[INFO] [stdout] 79 |     ) -> Pin<Box<dyn Future<Output = Result<(), anyhow::Error>> + '_>> {
[INFO] [stdout]    |                                                                   ^^ this elided lifetime gets resolved as `'a`
[INFO] [stdout] 
[INFO] [stdout] 
[INFO] [stdout] warning: elided lifetime has a name
[INFO] [stdout]    --> src/lib/database_drivers/maria.rs:127:67
[INFO] [stdout]     |
[INFO] [stdout] 124 |     fn insert_schema_migration<'a>(
[INFO] [stdout]     |                                -- lifetime `'a` declared here
[INFO] [stdout] ...
[INFO] [stdout] 127 |     ) -> Pin<Box<dyn Future<Output = Result<(), anyhow::Error>> + '_>> {
[INFO] [stdout]     |                                                                   ^^ this elided lifetime gets resolved as `'a`
[INFO] [stdout] 
[INFO] [stdout] 
[INFO] [stdout] warning: elided lifetime has a name
[INFO] [stdout]    --> src/lib/database_drivers/maria.rs:143:67
[INFO] [stdout]     |
[INFO] [stdout] 140 |     fn remove_schema_migration<'a>(
[INFO] [stdout]     |                                -- lifetime `'a` declared here
[INFO] [stdout] ...
[INFO] [stdout] 143 |     ) -> Pin<Box<dyn Future<Output = Result<(), anyhow::Error>> + '_>> {
[INFO] [stdout]     |                                                                   ^^ this elided lifetime gets resolved as `'a`
[INFO] [stdout] 
[INFO] [stdout] 
[INFO] [stdout] warning: elided lifetime has a name
[INFO] [stdout]   --> src/lib/database_drivers/mysql.rs:78:67
[INFO] [stdout]    |
[INFO] [stdout] 74 |     fn execute<'a>(
[INFO] [stdout]    |                -- lifetime `'a` declared here
[INFO] [stdout] ...
[INFO] [stdout] 78 |     ) -> Pin<Box<dyn Future<Output = Result<(), anyhow::Error>> + '_>> {
[INFO] [stdout]    |                                                                   ^^ this elided lifetime gets resolved as `'a`
[INFO] [stdout] 
[INFO] [stdout] 
[INFO] [stdout] warning: elided lifetime has a name
[INFO] [stdout]    --> src/lib/database_drivers/mysql.rs:127:67
[INFO] [stdout]     |
[INFO] [stdout] 124 |     fn insert_schema_migration<'a>(
[INFO] [stdout]     |                                -- lifetime `'a` declared here
[INFO] [stdout] ...
[INFO] [stdout] 127 |     ) -> Pin<Box<dyn Future<Output = Result<(), anyhow::Error>> + '_>> {
[INFO] [stdout]     |                                                                   ^^ this elided lifetime gets resolved as `'a`
[INFO] [stdout] 
[INFO] [stdout] 
[INFO] [stdout] warning: elided lifetime has a name
[INFO] [stdout]    --> src/lib/database_drivers/mysql.rs:143:67
[INFO] [stdout]     |
[INFO] [stdout] 140 |     fn remove_schema_migration<'a>(
[INFO] [stdout]     |                                -- lifetime `'a` declared here
[INFO] [stdout] ...
[INFO] [stdout] 143 |     ) -> Pin<Box<dyn Future<Output = Result<(), anyhow::Error>> + '_>> {
[INFO] [stdout]     |                                                                   ^^ this elided lifetime gets resolved as `'a`
[INFO] [stdout] 
[INFO] [stdout] 
[INFO] [stdout] warning: elided lifetime has a name
[INFO] [stdout]   --> src/lib/database_drivers/postgres.rs:74:67
[INFO] [stdout]    |
[INFO] [stdout] 70 |     fn execute<'a>(
[INFO] [stdout]    |                -- lifetime `'a` declared here
[INFO] [stdout] ...
[INFO] [stdout] 74 |     ) -> Pin<Box<dyn Future<Output = Result<(), anyhow::Error>> + '_>> {
[INFO] [stdout]    |                                                                   ^^ this elided lifetime gets resolved as `'a`
[INFO] [stdout] 
[INFO] [stdout] 
[INFO] [stdout] warning: elided lifetime has a name
[INFO] [stdout]    --> src/lib/database_drivers/postgres.rs:124:67
[INFO] [stdout]     |
[INFO] [stdout] 121 |     fn insert_schema_migration<'a>(
[INFO] [stdout]     |                                -- lifetime `'a` declared here
[INFO] [stdout] ...
[INFO] [stdout] 124 |     ) -> Pin<Box<dyn Future<Output = Result<(), anyhow::Error>> + '_>> {
[INFO] [stdout]     |                                                                   ^^ this elided lifetime gets resolved as `'a`
[INFO] [stdout] 
[INFO] [stdout] 
[INFO] [stdout] warning: elided lifetime has a name
[INFO] [stdout]    --> src/lib/database_drivers/postgres.rs:140:67
[INFO] [stdout]     |
[INFO] [stdout] 137 |     fn remove_schema_migration<'a>(
[INFO] [stdout]     |                                -- lifetime `'a` declared here
[INFO] [stdout] ...
[INFO] [stdout] 140 |     ) -> Pin<Box<dyn Future<Output = Result<(), anyhow::Error>> + '_>> {
[INFO] [stdout]     |                                                                   ^^ this elided lifetime gets resolved as `'a`
[INFO] [stdout] 
[INFO] [stdout] 
[INFO] [stdout] warning: elided lifetime has a name
[INFO] [stdout]   --> src/lib/database_drivers/sqlite.rs:56:67
[INFO] [stdout]    |
[INFO] [stdout] 52 |     fn execute<'a>(
[INFO] [stdout]    |                -- lifetime `'a` declared here
[INFO] [stdout] ...
[INFO] [stdout] 56 |     ) -> Pin<Box<dyn Future<Output = Result<(), anyhow::Error>> + '_>> {
[INFO] [stdout]    |                                                                   ^^ this elided lifetime gets resolved as `'a`
[INFO] [stdout] 
[INFO] [stdout] 
[INFO] [stdout] warning: elided lifetime has a name
[INFO] [stdout]    --> src/lib/database_drivers/sqlite.rs:101:67
[INFO] [stdout]     |
[INFO] [stdout] 98  |     fn insert_schema_migration<'a>(
[INFO] [stdout]     |                                -- lifetime `'a` declared here
[INFO] [stdout] ...
[INFO] [stdout] 101 |     ) -> Pin<Box<dyn Future<Output = Result<(), anyhow::Error>> + '_>> {
[INFO] [stdout]     |                                                                   ^^ this elided lifetime gets resolved as `'a`
[INFO] [stdout] 
[INFO] [stdout] 
[INFO] [stdout] warning: elided lifetime has a name
[INFO] [stdout]    --> src/lib/database_drivers/sqlite.rs:123:67
[INFO] [stdout]     |
[INFO] [stdout] 120 |     fn remove_schema_migration<'a>(
[INFO] [stdout]     |                                -- lifetime `'a` declared here
[INFO] [stdout] ...
[INFO] [stdout] 123 |     ) -> Pin<Box<dyn Future<Output = Result<(), anyhow::Error>> + '_>> {
[INFO] [stdout]     |                                                                   ^^ this elided lifetime gets resolved as `'a`
[INFO] [stdout] 
[INFO] [stdout] 
[INFO] [stdout] warning: elided lifetime has a name
[INFO] [stdout]   --> src/lib/database_drivers/mod.rs:27:67
[INFO] [stdout]    |
[INFO] [stdout] 23 |     fn execute<'a>(
[INFO] [stdout]    |                -- lifetime `'a` declared here
[INFO] [stdout] ...
[INFO] [stdout] 27 |     ) -> Pin<Box<dyn Future<Output = Result<(), anyhow::Error>> + '_>>;
[INFO] [stdout]    |                                                                   ^^ this elided lifetime gets resolved as `'a`
[INFO] [stdout] 
[INFO] [stdout] 
[INFO] [stdout] warning: elided lifetime has a name
[INFO] [stdout]   --> src/lib/database_drivers/mod.rs:44:67
[INFO] [stdout]    |
[INFO] [stdout] 41 |     fn insert_schema_migration<'a>(
[INFO] [stdout]    |                                -- lifetime `'a` declared here
[INFO] [stdout] ...
[INFO] [stdout] 44 |     ) -> Pin<Box<dyn Future<Output = Result<(), anyhow::Error>> + '_>>;
[INFO] [stdout]    |                                                                   ^^ this elided lifetime gets resolved as `'a`
[INFO] [stdout] 
[INFO] [stdout] 
[INFO] [stdout] warning: elided lifetime has a name
[INFO] [stdout]   --> src/lib/database_drivers/mod.rs:50:67
[INFO] [stdout]    |
[INFO] [stdout] 47 |     fn remove_schema_migration<'a>(
[INFO] [stdout]    |                                -- lifetime `'a` declared here
[INFO] [stdout] ...
[INFO] [stdout] 50 |     ) -> Pin<Box<dyn Future<Output = Result<(), anyhow::Error>> + '_>>;
[INFO] [stdout]    |                                                                   ^^ this elided lifetime gets resolved as `'a`
[INFO] [stdout] 
[INFO] [stdout] 
[INFO] [stdout] warning: method `ready` is never used
[INFO] [stdout]   --> src/lib/database_drivers/mod.rs:53:8
[INFO] [stdout]    |
[INFO] [stdout] 21 | pub trait DatabaseDriver {
[INFO] [stdout]    |           -------------- method in this trait
[INFO] [stdout] ...
[INFO] [stdout] 53 |     fn ready(&mut self) -> Pin<Box<dyn Future<Output = Result<(), anyhow::Error>> + '_>>;
[INFO] [stdout]    |        ^^^^^
[INFO] [stdout]    |
[INFO] [stdout]    = note: `#[warn(dead_code)]` on by default
[INFO] [stdout] 
[INFO] [stdout] 
[INFO] [stderr]     Finished `dev` profile [unoptimized + debuginfo] target(s) in 4m 46s
[INFO] running `Command { std: "docker" "inspect" "b3b4f96817394cf41ca1aa49e23ac6b93dccde542bb372687547d1862fa48ceb", kill_on_drop: false }`
[INFO] running `Command { std: "docker" "rm" "-f" "b3b4f96817394cf41ca1aa49e23ac6b93dccde542bb372687547d1862fa48ceb", kill_on_drop: false }`
[INFO] [stdout] b3b4f96817394cf41ca1aa49e23ac6b93dccde542bb372687547d1862fa48ceb
[INFO] running `Command { std: "docker" "create" "-v" "/var/lib/crater-agent-workspace/builds/worker-6-tc2/target:/opt/rustwide/target:rw,Z" "-v" "/var/lib/crater-agent-workspace/builds/worker-6-tc2/source:/opt/rustwide/workdir:ro,Z" "-v" "/var/lib/crater-agent-workspace/cargo-home:/opt/rustwide/cargo-home:ro,Z" "-v" "/var/lib/crater-agent-workspace/rustup-home:/opt/rustwide/rustup-home:ro,Z" "-e" "SOURCE_DIR=/opt/rustwide/workdir" "-e" "CARGO_TARGET_DIR=/opt/rustwide/target" "-e" "CARGO_INCREMENTAL=0" "-e" "RUST_BACKTRACE=full" "-e" "RUSTFLAGS=--cap-lints=forbid -Zrandomize-layout" "-e" "RUSTDOCFLAGS=--cap-lints=forbid" "-e" "CARGO_HOME=/opt/rustwide/cargo-home" "-e" "RUSTUP_HOME=/opt/rustwide/rustup-home" "-w" "/opt/rustwide/workdir" "-m" "1610612736" "--user" "0:0" "--network" "none" "ghcr.io/rust-lang/crates-build-env/linux@sha256:819108c5571ea2e421544af4d832f968d213c87fbe3707a016657f43d2f853bc" "/opt/rustwide/cargo-home/bin/cargo" "+nightly-2025-01-18" "test" "--frozen" "--no-run" "--message-format=json", kill_on_drop: false }`
[INFO] [stdout] 0450b5efa336fa808bc18fbeeab37bd4f50b34d3f3458ec7a87b8b076eb7a054
[INFO] running `Command { std: "docker" "start" "-a" "0450b5efa336fa808bc18fbeeab37bd4f50b34d3f3458ec7a87b8b076eb7a054", kill_on_drop: false }`
[INFO] [stderr]    Compiling rustix v0.38.37
[INFO] [stderr]    Compiling fastrand v2.1.1
[INFO] [stderr]    Compiling predicates-core v1.0.8
[INFO] [stderr]    Compiling mockall_derive v0.13.0
[INFO] [stderr]    Compiling termtree v0.4.1
[INFO] [stderr]    Compiling rand v0.4.6
[INFO] [stderr]    Compiling fragile v2.0.0
[INFO] [stderr]    Compiling downcast v0.11.0
[INFO] [stderr]    Compiling predicates-tree v1.0.11
[INFO] [stderr]    Compiling predicates v3.1.2
[INFO] [stderr]    Compiling remove_dir_all v0.5.3
[INFO] [stderr]    Compiling tempdir v0.3.7
[INFO] [stderr]    Compiling which v7.0.0
[INFO] [stderr]    Compiling tempfile v3.13.0
[INFO] [stderr]    Compiling which v4.4.2
[INFO] [stderr]    Compiling bindgen v0.66.1
[INFO] [stderr]    Compiling sqlx-macros-core v0.8.2
[INFO] [stderr]    Compiling mockall v0.13.0
[INFO] [stderr]    Compiling sqlx-macros v0.8.2
[INFO] [stderr]    Compiling sqlx v0.8.2
[INFO] [stderr]    Compiling libsql-ffi v0.5.0
[INFO] [stderr]    Compiling libsql-rusqlite v0.33.0
[INFO] [stderr]    Compiling libsql-sys v0.8.0
[INFO] [stderr]    Compiling libsql_replication v0.6.0
[INFO] [stderr]    Compiling libsql v0.6.0
[INFO] [stderr]    Compiling geni v1.1.5 (/opt/rustwide/workdir)
[INFO] [stdout] warning: elided lifetime has a name
[INFO] [stdout]   --> src/lib/database_drivers/libsql.rs:57:67
[INFO] [stdout]    |
[INFO] [stdout] 53 |     fn execute<'a>(
[INFO] [stdout]    |                -- lifetime `'a` declared here
[INFO] [stdout] ...
[INFO] [stdout] 57 |     ) -> Pin<Box<dyn Future<Output = Result<(), anyhow::Error>> + '_>> {
[INFO] [stdout]    |                                                                   ^^ this elided lifetime gets resolved as `'a`
[INFO] [stdout]    |
[INFO] [stdout]    = note: `#[warn(elided_named_lifetimes)]` on by default
[INFO] [stdout] 
[INFO] [stdout] 
[INFO] [stdout] warning: elided lifetime has a name
[INFO] [stdout]    --> src/lib/database_drivers/libsql.rs:116:67
[INFO] [stdout]     |
[INFO] [stdout] 113 |     fn insert_schema_migration<'a>(
[INFO] [stdout]     |                                -- lifetime `'a` declared here
[INFO] [stdout] ...
[INFO] [stdout] 116 |     ) -> Pin<Box<dyn Future<Output = Result<(), anyhow::Error>> + '_>> {
[INFO] [stdout]     |                                                                   ^^ this elided lifetime gets resolved as `'a`
[INFO] [stdout] 
[INFO] [stdout] 
[INFO] [stdout] warning: elided lifetime has a name
[INFO] [stdout]    --> src/lib/database_drivers/libsql.rs:134:67
[INFO] [stdout]     |
[INFO] [stdout] 131 |     fn remove_schema_migration<'a>(
[INFO] [stdout]     |                                -- lifetime `'a` declared here
[INFO] [stdout] ...
[INFO] [stdout] 134 |     ) -> Pin<Box<dyn Future<Output = Result<(), anyhow::Error>> + '_>> {
[INFO] [stdout]     |                                                                   ^^ this elided lifetime gets resolved as `'a`
[INFO] [stdout] 
[INFO] [stdout] 
[INFO] [stdout] warning: elided lifetime has a name
[INFO] [stdout]   --> src/lib/database_drivers/maria.rs:79:67
[INFO] [stdout]    |
[INFO] [stdout] 75 |     fn execute<'a>(
[INFO] [stdout]    |                -- lifetime `'a` declared here
[INFO] [stdout] ...
[INFO] [stdout] 79 |     ) -> Pin<Box<dyn Future<Output = Result<(), anyhow::Error>> + '_>> {
[INFO] [stdout]    |                                                                   ^^ this elided lifetime gets resolved as `'a`
[INFO] [stdout] 
[INFO] [stdout] 
[INFO] [stdout] warning: elided lifetime has a name
[INFO] [stdout]    --> src/lib/database_drivers/maria.rs:127:67
[INFO] [stdout]     |
[INFO] [stdout] 124 |     fn insert_schema_migration<'a>(
[INFO] [stdout]     |                                -- lifetime `'a` declared here
[INFO] [stdout] ...
[INFO] [stdout] 127 |     ) -> Pin<Box<dyn Future<Output = Result<(), anyhow::Error>> + '_>> {
[INFO] [stdout]     |                                                                   ^^ this elided lifetime gets resolved as `'a`
[INFO] [stdout] 
[INFO] [stdout] 
[INFO] [stdout] warning: elided lifetime has a name
[INFO] [stdout]    --> src/lib/database_drivers/maria.rs:143:67
[INFO] [stdout]     |
[INFO] [stdout] 140 |     fn remove_schema_migration<'a>(
[INFO] [stdout]     |                                -- lifetime `'a` declared here
[INFO] [stdout] ...
[INFO] [stdout] 143 |     ) -> Pin<Box<dyn Future<Output = Result<(), anyhow::Error>> + '_>> {
[INFO] [stdout]     |                                                                   ^^ this elided lifetime gets resolved as `'a`
[INFO] [stdout] 
[INFO] [stdout] 
[INFO] [stdout] warning: elided lifetime has a name
[INFO] [stdout]   --> src/lib/database_drivers/mysql.rs:78:67
[INFO] [stdout]    |
[INFO] [stdout] 74 |     fn execute<'a>(
[INFO] [stdout]    |                -- lifetime `'a` declared here
[INFO] [stdout] ...
[INFO] [stdout] 78 |     ) -> Pin<Box<dyn Future<Output = Result<(), anyhow::Error>> + '_>> {
[INFO] [stdout]    |                                                                   ^^ this elided lifetime gets resolved as `'a`
[INFO] [stdout] 
[INFO] [stdout] 
[INFO] [stdout] warning: elided lifetime has a name
[INFO] [stdout]    --> src/lib/database_drivers/mysql.rs:127:67
[INFO] [stdout]     |
[INFO] [stdout] 124 |     fn insert_schema_migration<'a>(
[INFO] [stdout]     |                                -- lifetime `'a` declared here
[INFO] [stdout] ...
[INFO] [stdout] 127 |     ) -> Pin<Box<dyn Future<Output = Result<(), anyhow::Error>> + '_>> {
[INFO] [stdout]     |                                                                   ^^ this elided lifetime gets resolved as `'a`
[INFO] [stdout] 
[INFO] [stdout] 
[INFO] [stdout] warning: elided lifetime has a name
[INFO] [stdout]    --> src/lib/database_drivers/mysql.rs:143:67
[INFO] [stdout]     |
[INFO] [stdout] 140 |     fn remove_schema_migration<'a>(
[INFO] [stdout]     |                                -- lifetime `'a` declared here
[INFO] [stdout] ...
[INFO] [stdout] 143 |     ) -> Pin<Box<dyn Future<Output = Result<(), anyhow::Error>> + '_>> {
[INFO] [stdout]     |                                                                   ^^ this elided lifetime gets resolved as `'a`
[INFO] [stdout] 
[INFO] [stdout] 
[INFO] [stdout] warning: elided lifetime has a name
[INFO] [stdout]   --> src/lib/database_drivers/postgres.rs:74:67
[INFO] [stdout]    |
[INFO] [stdout] 70 |     fn execute<'a>(
[INFO] [stdout]    |                -- lifetime `'a` declared here
[INFO] [stdout] ...
[INFO] [stdout] 74 |     ) -> Pin<Box<dyn Future<Output = Result<(), anyhow::Error>> + '_>> {
[INFO] [stdout]    |                                                                   ^^ this elided lifetime gets resolved as `'a`
[INFO] [stdout] 
[INFO] [stdout] 
[INFO] [stdout] warning: elided lifetime has a name
[INFO] [stdout]    --> src/lib/database_drivers/postgres.rs:124:67
[INFO] [stdout]     |
[INFO] [stdout] 121 |     fn insert_schema_migration<'a>(
[INFO] [stdout]     |                                -- lifetime `'a` declared here
[INFO] [stdout] ...
[INFO] [stdout] 124 |     ) -> Pin<Box<dyn Future<Output = Result<(), anyhow::Error>> + '_>> {
[INFO] [stdout]     |                                                                   ^^ this elided lifetime gets resolved as `'a`
[INFO] [stdout] 
[INFO] [stdout] 
[INFO] [stdout] warning: elided lifetime has a name
[INFO] [stdout]    --> src/lib/database_drivers/postgres.rs:140:67
[INFO] [stdout]     |
[INFO] [stdout] 137 |     fn remove_schema_migration<'a>(
[INFO] [stdout]     |                                -- lifetime `'a` declared here
[INFO] [stdout] ...
[INFO] [stdout] 140 |     ) -> Pin<Box<dyn Future<Output = Result<(), anyhow::Error>> + '_>> {
[INFO] [stdout]     |                                                                   ^^ this elided lifetime gets resolved as `'a`
[INFO] [stdout] 
[INFO] [stdout] 
[INFO] [stdout] warning: elided lifetime has a name
[INFO] [stdout]   --> src/lib/database_drivers/sqlite.rs:56:67
[INFO] [stdout]    |
[INFO] [stdout] 52 |     fn execute<'a>(
[INFO] [stdout]    |                -- lifetime `'a` declared here
[INFO] [stdout] ...
[INFO] [stdout] 56 |     ) -> Pin<Box<dyn Future<Output = Result<(), anyhow::Error>> + '_>> {
[INFO] [stdout]    |                                                                   ^^ this elided lifetime gets resolved as `'a`
[INFO] [stdout] 
[INFO] [stdout] 
[INFO] [stdout] warning: elided lifetime has a name
[INFO] [stdout]    --> src/lib/database_drivers/sqlite.rs:101:67
[INFO] [stdout]     |
[INFO] [stdout] 98  |     fn insert_schema_migration<'a>(
[INFO] [stdout]     |                                -- lifetime `'a` declared here
[INFO] [stdout] ...
[INFO] [stdout] 101 |     ) -> Pin<Box<dyn Future<Output = Result<(), anyhow::Error>> + '_>> {
[INFO] [stdout]     |                                                                   ^^ this elided lifetime gets resolved as `'a`
[INFO] [stdout] 
[INFO] [stdout] 
[INFO] [stdout] warning: elided lifetime has a name
[INFO] [stdout]    --> src/lib/database_drivers/sqlite.rs:123:67
[INFO] [stdout]     |
[INFO] [stdout] 120 |     fn remove_schema_migration<'a>(
[INFO] [stdout]     |                                -- lifetime `'a` declared here
[INFO] [stdout] ...
[INFO] [stdout] 123 |     ) -> Pin<Box<dyn Future<Output = Result<(), anyhow::Error>> + '_>> {
[INFO] [stdout]     |                                                                   ^^ this elided lifetime gets resolved as `'a`
[INFO] [stdout] 
[INFO] [stdout] 
[INFO] [stdout] warning: elided lifetime has a name
[INFO] [stdout]   --> src/lib/database_drivers/mod.rs:27:67
[INFO] [stdout]    |
[INFO] [stdout] 23 |     fn execute<'a>(
[INFO] [stdout]    |                -- lifetime `'a` declared here
[INFO] [stdout] ...
[INFO] [stdout] 27 |     ) -> Pin<Box<dyn Future<Output = Result<(), anyhow::Error>> + '_>>;
[INFO] [stdout]    |                                                                   ^^ this elided lifetime gets resolved as `'a`
[INFO] [stdout] 
[INFO] [stdout] 
[INFO] [stdout] warning: elided lifetime has a name
[INFO] [stdout]   --> src/lib/database_drivers/mod.rs:44:67
[INFO] [stdout]    |
[INFO] [stdout] 41 |     fn insert_schema_migration<'a>(
[INFO] [stdout]    |                                -- lifetime `'a` declared here
[INFO] [stdout] ...
[INFO] [stdout] 44 |     ) -> Pin<Box<dyn Future<Output = Result<(), anyhow::Error>> + '_>>;
[INFO] [stdout]    |                                                                   ^^ this elided lifetime gets resolved as `'a`
[INFO] [stdout] 
[INFO] [stdout] 
[INFO] [stdout] warning: elided lifetime has a name
[INFO] [stdout]   --> src/lib/database_drivers/mod.rs:50:67
[INFO] [stdout]    |
[INFO] [stdout] 47 |     fn remove_schema_migration<'a>(
[INFO] [stdout]    |                                -- lifetime `'a` declared here
[INFO] [stdout] ...
[INFO] [stdout] 50 |     ) -> Pin<Box<dyn Future<Output = Result<(), anyhow::Error>> + '_>>;
[INFO] [stdout]    |                                                                   ^^ this elided lifetime gets resolved as `'a`
[INFO] [stdout] 
[INFO] [stdout] 
[INFO] [stdout] warning: method `ready` is never used
[INFO] [stdout]   --> src/lib/database_drivers/mod.rs:53:8
[INFO] [stdout]    |
[INFO] [stdout] 21 | pub trait DatabaseDriver {
[INFO] [stdout]    |           -------------- method in this trait
[INFO] [stdout] ...
[INFO] [stdout] 53 |     fn ready(&mut self) -> Pin<Box<dyn Future<Output = Result<(), anyhow::Error>> + '_>>;
[INFO] [stdout]    |        ^^^^^
[INFO] [stdout]    |
[INFO] [stdout]    = note: `#[warn(dead_code)]` on by default
[INFO] [stdout] 
[INFO] [stdout] 
[INFO] [stdout] warning: elided lifetime has a name
[INFO] [stdout]   --> src/lib/database_drivers/libsql.rs:57:67
[INFO] [stdout]    |
[INFO] [stdout] 53 |     fn execute<'a>(
[INFO] [stdout]    |                -- lifetime `'a` declared here
[INFO] [stdout] ...
[INFO] [stdout] 57 |     ) -> Pin<Box<dyn Future<Output = Result<(), anyhow::Error>> + '_>> {
[INFO] [stdout]    |                                                                   ^^ this elided lifetime gets resolved as `'a`
[INFO] [stdout]    |
[INFO] [stdout]    = note: `#[warn(elided_named_lifetimes)]` on by default
[INFO] [stdout] 
[INFO] [stdout] 
[INFO] [stdout] warning: elided lifetime has a name
[INFO] [stdout]    --> src/lib/database_drivers/libsql.rs:116:67
[INFO] [stdout]     |
[INFO] [stdout] 113 |     fn insert_schema_migration<'a>(
[INFO] [stdout]     |                                -- lifetime `'a` declared here
[INFO] [stdout] ...
[INFO] [stdout] 116 |     ) -> Pin<Box<dyn Future<Output = Result<(), anyhow::Error>> + '_>> {
[INFO] [stdout]     |                                                                   ^^ this elided lifetime gets resolved as `'a`
[INFO] [stdout] 
[INFO] [stdout] 
[INFO] [stdout] warning: elided lifetime has a name
[INFO] [stdout]    --> src/lib/database_drivers/libsql.rs:134:67
[INFO] [stdout]     |
[INFO] [stdout] 131 |     fn remove_schema_migration<'a>(
[INFO] [stdout]     |                                -- lifetime `'a` declared here
[INFO] [stdout] ...
[INFO] [stdout] 134 |     ) -> Pin<Box<dyn Future<Output = Result<(), anyhow::Error>> + '_>> {
[INFO] [stdout]     |                                                                   ^^ this elided lifetime gets resolved as `'a`
[INFO] [stdout] 
[INFO] [stdout] 
[INFO] [stdout] warning: elided lifetime has a name
[INFO] [stdout]   --> src/lib/database_drivers/maria.rs:79:67
[INFO] [stdout]    |
[INFO] [stdout] 75 |     fn execute<'a>(
[INFO] [stdout]    |                -- lifetime `'a` declared here
[INFO] [stdout] ...
[INFO] [stdout] 79 |     ) -> Pin<Box<dyn Future<Output = Result<(), anyhow::Error>> + '_>> {
[INFO] [stdout]    |                                                                   ^^ this elided lifetime gets resolved as `'a`
[INFO] [stdout] 
[INFO] [stdout] 
[INFO] [stdout] warning: elided lifetime has a name
[INFO] [stdout]    --> src/lib/database_drivers/maria.rs:127:67
[INFO] [stdout]     |
[INFO] [stdout] 124 |     fn insert_schema_migration<'a>(
[INFO] [stdout]     |                                -- lifetime `'a` declared here
[INFO] [stdout] ...
[INFO] [stdout] 127 |     ) -> Pin<Box<dyn Future<Output = Result<(), anyhow::Error>> + '_>> {
[INFO] [stdout]     |                                                                   ^^ this elided lifetime gets resolved as `'a`
[INFO] [stdout] 
[INFO] [stdout] 
[INFO] [stdout] warning: elided lifetime has a name
[INFO] [stdout]    --> src/lib/database_drivers/maria.rs:143:67
[INFO] [stdout]     |
[INFO] [stdout] 140 |     fn remove_schema_migration<'a>(
[INFO] [stdout]     |                                -- lifetime `'a` declared here
[INFO] [stdout] ...
[INFO] [stdout] 143 |     ) -> Pin<Box<dyn Future<Output = Result<(), anyhow::Error>> + '_>> {
[INFO] [stdout]     |                                                                   ^^ this elided lifetime gets resolved as `'a`
[INFO] [stdout] 
[INFO] [stdout] 
[INFO] [stdout] warning: elided lifetime has a name
[INFO] [stdout]   --> src/lib/database_drivers/mysql.rs:78:67
[INFO] [stdout]    |
[INFO] [stdout] 74 |     fn execute<'a>(
[INFO] [stdout]    |                -- lifetime `'a` declared here
[INFO] [stdout] ...
[INFO] [stdout] 78 |     ) -> Pin<Box<dyn Future<Output = Result<(), anyhow::Error>> + '_>> {
[INFO] [stdout]    |                                                                   ^^ this elided lifetime gets resolved as `'a`
[INFO] [stdout] 
[INFO] [stdout] 
[INFO] [stdout] warning: elided lifetime has a name
[INFO] [stdout]    --> src/lib/database_drivers/mysql.rs:127:67
[INFO] [stdout]     |
[INFO] [stdout] 124 |     fn insert_schema_migration<'a>(
[INFO] [stdout]     |                                -- lifetime `'a` declared here
[INFO] [stdout] ...
[INFO] [stdout] 127 |     ) -> Pin<Box<dyn Future<Output = Result<(), anyhow::Error>> + '_>> {
[INFO] [stdout]     |                                                                   ^^ this elided lifetime gets resolved as `'a`
[INFO] [stdout] 
[INFO] [stdout] 
[INFO] [stdout] warning: elided lifetime has a name
[INFO] [stdout]    --> src/lib/database_drivers/mysql.rs:143:67
[INFO] [stdout]     |
[INFO] [stdout] 140 |     fn remove_schema_migration<'a>(
[INFO] [stdout]     |                                -- lifetime `'a` declared here
[INFO] [stdout] ...
[INFO] [stdout] 143 |     ) -> Pin<Box<dyn Future<Output = Result<(), anyhow::Error>> + '_>> {
[INFO] [stdout]     |                                                                   ^^ this elided lifetime gets resolved as `'a`
[INFO] [stdout] 
[INFO] [stdout] 
[INFO] [stdout] warning: elided lifetime has a name
[INFO] [stdout]   --> src/lib/database_drivers/postgres.rs:74:67
[INFO] [stdout]    |
[INFO] [stdout] 70 |     fn execute<'a>(
[INFO] [stdout]    |                -- lifetime `'a` declared here
[INFO] [stdout] ...
[INFO] [stdout] 74 |     ) -> Pin<Box<dyn Future<Output = Result<(), anyhow::Error>> + '_>> {
[INFO] [stdout]    |                                                                   ^^ this elided lifetime gets resolved as `'a`
[INFO] [stdout] 
[INFO] [stdout] 
[INFO] [stdout] warning: elided lifetime has a name
[INFO] [stdout]    --> src/lib/database_drivers/postgres.rs:124:67
[INFO] [stdout]     |
[INFO] [stdout] 121 |     fn insert_schema_migration<'a>(
[INFO] [stdout]     |                                -- lifetime `'a` declared here
[INFO] [stdout] ...
[INFO] [stdout] 124 |     ) -> Pin<Box<dyn Future<Output = Result<(), anyhow::Error>> + '_>> {
[INFO] [stdout]     |                                                                   ^^ this elided lifetime gets resolved as `'a`
[INFO] [stdout] 
[INFO] [stdout] 
[INFO] [stdout] warning: elided lifetime has a name
[INFO] [stdout]    --> src/lib/database_drivers/postgres.rs:140:67
[INFO] [stdout]     |
[INFO] [stdout] 137 |     fn remove_schema_migration<'a>(
[INFO] [stdout]     |                                -- lifetime `'a` declared here
[INFO] [stdout] ...
[INFO] [stdout] 140 |     ) -> Pin<Box<dyn Future<Output = Result<(), anyhow::Error>> + '_>> {
[INFO] [stdout]     |                                                                   ^^ this elided lifetime gets resolved as `'a`
[INFO] [stdout] 
[INFO] [stdout] 
[INFO] [stdout] warning: elided lifetime has a name
[INFO] [stdout]   --> src/lib/database_drivers/sqlite.rs:56:67
[INFO] [stdout]    |
[INFO] [stdout] 52 |     fn execute<'a>(
[INFO] [stdout]    |                -- lifetime `'a` declared here
[INFO] [stdout] ...
[INFO] [stdout] 56 |     ) -> Pin<Box<dyn Future<Output = Result<(), anyhow::Error>> + '_>> {
[INFO] [stdout]    |                                                                   ^^ this elided lifetime gets resolved as `'a`
[INFO] [stdout] 
[INFO] [stdout] 
[INFO] [stdout] warning: elided lifetime has a name
[INFO] [stdout]    --> src/lib/database_drivers/sqlite.rs:101:67
[INFO] [stdout]     |
[INFO] [stdout] 98  |     fn insert_schema_migration<'a>(
[INFO] [stdout]     |                                -- lifetime `'a` declared here
[INFO] [stdout] ...
[INFO] [stdout] 101 |     ) -> Pin<Box<dyn Future<Output = Result<(), anyhow::Error>> + '_>> {
[INFO] [stdout]     |                                                                   ^^ this elided lifetime gets resolved as `'a`
[INFO] [stdout] 
[INFO] [stdout] 
[INFO] [stdout] warning: elided lifetime has a name
[INFO] [stdout]    --> src/lib/database_drivers/sqlite.rs:123:67
[INFO] [stdout]     |
[INFO] [stdout] 120 |     fn remove_schema_migration<'a>(
[INFO] [stdout]     |                                -- lifetime `'a` declared here
[INFO] [stdout] ...
[INFO] [stdout] 123 |     ) -> Pin<Box<dyn Future<Output = Result<(), anyhow::Error>> + '_>> {
[INFO] [stdout]     |                                                                   ^^ this elided lifetime gets resolved as `'a`
[INFO] [stdout] 
[INFO] [stdout] 
[INFO] [stdout] warning: elided lifetime has a name
[INFO] [stdout]   --> src/lib/database_drivers/mod.rs:27:67
[INFO] [stdout]    |
[INFO] [stdout] 23 |     fn execute<'a>(
[INFO] [stdout]    |                -- lifetime `'a` declared here
[INFO] [stdout] ...
[INFO] [stdout] 27 |     ) -> Pin<Box<dyn Future<Output = Result<(), anyhow::Error>> + '_>>;
[INFO] [stdout]    |                                                                   ^^ this elided lifetime gets resolved as `'a`
[INFO] [stdout] 
[INFO] [stdout] 
[INFO] [stdout] warning: elided lifetime has a name
[INFO] [stdout]   --> src/lib/database_drivers/mod.rs:44:67
[INFO] [stdout]    |
[INFO] [stdout] 41 |     fn insert_schema_migration<'a>(
[INFO] [stdout]    |                                -- lifetime `'a` declared here
[INFO] [stdout] ...
[INFO] [stdout] 44 |     ) -> Pin<Box<dyn Future<Output = Result<(), anyhow::Error>> + '_>>;
[INFO] [stdout]    |                                                                   ^^ this elided lifetime gets resolved as `'a`
[INFO] [stdout] 
[INFO] [stdout] 
[INFO] [stdout] warning: elided lifetime has a name
[INFO] [stdout]   --> src/lib/database_drivers/mod.rs:50:67
[INFO] [stdout]    |
[INFO] [stdout] 47 |     fn remove_schema_migration<'a>(
[INFO] [stdout]    |                                -- lifetime `'a` declared here
[INFO] [stdout] ...
[INFO] [stdout] 50 |     ) -> Pin<Box<dyn Future<Output = Result<(), anyhow::Error>> + '_>>;
[INFO] [stdout]    |                                                                   ^^ this elided lifetime gets resolved as `'a`
[INFO] [stdout] 
[INFO] [stdout] 
[INFO] [stdout] warning: method `ready` is never used
[INFO] [stdout]   --> src/lib/database_drivers/mod.rs:53:8
[INFO] [stdout]    |
[INFO] [stdout] 21 | pub trait DatabaseDriver {
[INFO] [stdout]    |           -------------- method in this trait
[INFO] [stdout] ...
[INFO] [stdout] 53 |     fn ready(&mut self) -> Pin<Box<dyn Future<Output = Result<(), anyhow::Error>> + '_>>;
[INFO] [stdout]    |        ^^^^^
[INFO] [stdout]    |
[INFO] [stdout]    = note: `#[warn(dead_code)]` on by default
[INFO] [stdout] 
[INFO] [stdout] 
[INFO] [stderr]     Finished `test` profile [unoptimized + debuginfo] target(s) in 1m 07s
[INFO] running `Command { std: "docker" "inspect" "0450b5efa336fa808bc18fbeeab37bd4f50b34d3f3458ec7a87b8b076eb7a054", kill_on_drop: false }`
[INFO] running `Command { std: "docker" "rm" "-f" "0450b5efa336fa808bc18fbeeab37bd4f50b34d3f3458ec7a87b8b076eb7a054", kill_on_drop: false }`
[INFO] [stdout] 0450b5efa336fa808bc18fbeeab37bd4f50b34d3f3458ec7a87b8b076eb7a054
[INFO] running `Command { std: "docker" "create" "-v" "/var/lib/crater-agent-workspace/builds/worker-6-tc2/target:/opt/rustwide/target:rw,Z" "-v" "/var/lib/crater-agent-workspace/builds/worker-6-tc2/source:/opt/rustwide/workdir:ro,Z" "-v" "/var/lib/crater-agent-workspace/cargo-home:/opt/rustwide/cargo-home:ro,Z" "-v" "/var/lib/crater-agent-workspace/rustup-home:/opt/rustwide/rustup-home:ro,Z" "-e" "SOURCE_DIR=/opt/rustwide/workdir" "-e" "CARGO_TARGET_DIR=/opt/rustwide/target" "-e" "CARGO_INCREMENTAL=0" "-e" "RUST_BACKTRACE=full" "-e" "RUSTFLAGS=--cap-lints=forbid -Zrandomize-layout" "-e" "RUSTDOCFLAGS=--cap-lints=forbid" "-e" "CARGO_HOME=/opt/rustwide/cargo-home" "-e" "RUSTUP_HOME=/opt/rustwide/rustup-home" "-w" "/opt/rustwide/workdir" "-m" "1610612736" "--user" "0:0" "--network" "none" "ghcr.io/rust-lang/crates-build-env/linux@sha256:819108c5571ea2e421544af4d832f968d213c87fbe3707a016657f43d2f853bc" "/opt/rustwide/cargo-home/bin/cargo" "+nightly-2025-01-18" "test" "--frozen", kill_on_drop: false }`
[INFO] [stdout] 99bebfcc6b61408873663e2edfc615424795f7762db4aa251288becdd325cacc
[INFO] running `Command { std: "docker" "start" "-a" "99bebfcc6b61408873663e2edfc615424795f7762db4aa251288becdd325cacc", kill_on_drop: false }`
[INFO] [stderr] warning: elided lifetime has a name
[INFO] [stderr]   --> src/lib/database_drivers/libsql.rs:57:67
[INFO] [stderr]    |
[INFO] [stderr] 53 |     fn execute<'a>(
[INFO] [stderr]    |                -- lifetime `'a` declared here
[INFO] [stderr] ...
[INFO] [stderr] 57 |     ) -> Pin<Box<dyn Future<Output = Result<(), anyhow::Error>> + '_>> {
[INFO] [stderr]    |                                                                   ^^ this elided lifetime gets resolved as `'a`
[INFO] [stderr]    |
[INFO] [stderr]    = note: `#[warn(elided_named_lifetimes)]` on by default
[INFO] [stderr] 
[INFO] [stderr] warning: elided lifetime has a name
[INFO] [stderr]    --> src/lib/database_drivers/libsql.rs:116:67
[INFO] [stderr]     |
[INFO] [stderr] 113 |     fn insert_schema_migration<'a>(
[INFO] [stderr]     |                                -- lifetime `'a` declared here
[INFO] [stderr] ...
[INFO] [stderr] 116 |     ) -> Pin<Box<dyn Future<Output = Result<(), anyhow::Error>> + '_>> {
[INFO] [stderr]     |                                                                   ^^ this elided lifetime gets resolved as `'a`
[INFO] [stderr] 
[INFO] [stderr] warning: elided lifetime has a name
[INFO] [stderr]    --> src/lib/database_drivers/libsql.rs:134:67
[INFO] [stderr]     |
[INFO] [stderr] 131 |     fn remove_schema_migration<'a>(
[INFO] [stderr]     |                                -- lifetime `'a` declared here
[INFO] [stderr] ...
[INFO] [stderr] 134 |     ) -> Pin<Box<dyn Future<Output = Result<(), anyhow::Error>> + '_>> {
[INFO] [stderr]     |                                                                   ^^ this elided lifetime gets resolved as `'a`
[INFO] [stderr] 
[INFO] [stderr] warning: elided lifetime has a name
[INFO] [stderr]   --> src/lib/database_drivers/maria.rs:79:67
[INFO] [stderr]    |
[INFO] [stderr] 75 |     fn execute<'a>(
[INFO] [stderr]    |                -- lifetime `'a` declared here
[INFO] [stderr] ...
[INFO] [stderr] 79 |     ) -> Pin<Box<dyn Future<Output = Result<(), anyhow::Error>> + '_>> {
[INFO] [stderr]    |                                                                   ^^ this elided lifetime gets resolved as `'a`
[INFO] [stderr] 
[INFO] [stderr] warning: elided lifetime has a name
[INFO] [stderr]    --> src/lib/database_drivers/maria.rs:127:67
[INFO] [stderr]     |
[INFO] [stderr] 124 |     fn insert_schema_migration<'a>(
[INFO] [stderr]     |                                -- lifetime `'a` declared here
[INFO] [stderr] ...
[INFO] [stderr] 127 |     ) -> Pin<Box<dyn Future<Output = Result<(), anyhow::Error>> + '_>> {
[INFO] [stderr]     |                                                                   ^^ this elided lifetime gets resolved as `'a`
[INFO] [stderr] 
[INFO] [stderr] warning: elided lifetime has a name
[INFO] [stderr]    --> src/lib/database_drivers/maria.rs:143:67
[INFO] [stderr]     |
[INFO] [stderr] 140 |     fn remove_schema_migration<'a>(
[INFO] [stderr]     |                                -- lifetime `'a` declared here
[INFO] [stderr] ...
[INFO] [stderr] 143 |     ) -> Pin<Box<dyn Future<Output = Result<(), anyhow::Error>> + '_>> {
[INFO] [stderr]     |                                                                   ^^ this elided lifetime gets resolved as `'a`
[INFO] [stderr] 
[INFO] [stderr] warning: elided lifetime has a name
[INFO] [stderr]   --> src/lib/database_drivers/mysql.rs:78:67
[INFO] [stderr]    |
[INFO] [stderr] 74 |     fn execute<'a>(
[INFO] [stderr]    |                -- lifetime `'a` declared here
[INFO] [stderr] ...
[INFO] [stderr] 78 |     ) -> Pin<Box<dyn Future<Output = Result<(), anyhow::Error>> + '_>> {
[INFO] [stderr]    |                                                                   ^^ this elided lifetime gets resolved as `'a`
[INFO] [stderr] 
[INFO] [stderr] warning: elided lifetime has a name
[INFO] [stderr]    --> src/lib/database_drivers/mysql.rs:127:67
[INFO] [stderr]     |
[INFO] [stderr] 124 |     fn insert_schema_migration<'a>(
[INFO] [stderr]     |                                -- lifetime `'a` declared here
[INFO] [stderr] ...
[INFO] [stderr] 127 |     ) -> Pin<Box<dyn Future<Output = Result<(), anyhow::Error>> + '_>> {
[INFO] [stderr]     |                                                                   ^^ this elided lifetime gets resolved as `'a`
[INFO] [stderr] 
[INFO] [stderr] warning: elided lifetime has a name
[INFO] [stderr]    --> src/lib/database_drivers/mysql.rs:143:67
[INFO] [stderr]     |
[INFO] [stderr] 140 |     fn remove_schema_migration<'a>(
[INFO] [stderr]     |                                -- lifetime `'a` declared here
[INFO] [stderr] ...
[INFO] [stderr] 143 |     ) -> Pin<Box<dyn Future<Output = Result<(), anyhow::Error>> + '_>> {
[INFO] [stderr]     |                                                                   ^^ this elided lifetime gets resolved as `'a`
[INFO] [stderr] 
[INFO] [stderr] warning: elided lifetime has a name
[INFO] [stderr]   --> src/lib/database_drivers/postgres.rs:74:67
[INFO] [stderr]    |
[INFO] [stderr] 70 |     fn execute<'a>(
[INFO] [stderr]    |                -- lifetime `'a` declared here
[INFO] [stderr] ...
[INFO] [stderr] 74 |     ) -> Pin<Box<dyn Future<Output = Result<(), anyhow::Error>> + '_>> {
[INFO] [stderr]    |                                                                   ^^ this elided lifetime gets resolved as `'a`
[INFO] [stderr] 
[INFO] [stderr] warning: elided lifetime has a name
[INFO] [stderr]    --> src/lib/database_drivers/postgres.rs:124:67
[INFO] [stderr]     |
[INFO] [stderr] 121 |     fn insert_schema_migration<'a>(
[INFO] [stderr]     |                                -- lifetime `'a` declared here
[INFO] [stderr] ...
[INFO] [stderr] 124 |     ) -> Pin<Box<dyn Future<Output = Result<(), anyhow::Error>> + '_>> {
[INFO] [stderr]     |                                                                   ^^ this elided lifetime gets resolved as `'a`
[INFO] [stderr] 
[INFO] [stderr] warning: elided lifetime has a name
[INFO] [stderr]    --> src/lib/database_drivers/postgres.rs:140:67
[INFO] [stderr]     |
[INFO] [stderr] 137 |     fn remove_schema_migration<'a>(
[INFO] [stderr]     |                                -- lifetime `'a` declared here
[INFO] [stderr] ...
[INFO] [stderr] 140 |     ) -> Pin<Box<dyn Future<Output = Result<(), anyhow::Error>> + '_>> {
[INFO] [stderr]     |                                                                   ^^ this elided lifetime gets resolved as `'a`
[INFO] [stderr] 
[INFO] [stderr] warning: elided lifetime has a name
[INFO] [stderr]   --> src/lib/database_drivers/sqlite.rs:56:67
[INFO] [stderr]    |
[INFO] [stderr] 52 |     fn execute<'a>(
[INFO] [stderr]    |                -- lifetime `'a` declared here
[INFO] [stderr] ...
[INFO] [stderr] 56 |     ) -> Pin<Box<dyn Future<Output = Result<(), anyhow::Error>> + '_>> {
[INFO] [stderr]    |                                                                   ^^ this elided lifetime gets resolved as `'a`
[INFO] [stderr] 
[INFO] [stderr] warning: elided lifetime has a name
[INFO] [stderr]    --> src/lib/database_drivers/sqlite.rs:101:67
[INFO] [stderr]     |
[INFO] [stderr] 98  |     fn insert_schema_migration<'a>(
[INFO] [stderr]     |                                -- lifetime `'a` declared here
[INFO] [stderr] ...
[INFO] [stderr] 101 |     ) -> Pin<Box<dyn Future<Output = Result<(), anyhow::Error>> + '_>> {
[INFO] [stderr]     |                                                                   ^^ this elided lifetime gets resolved as `'a`
[INFO] [stderr] 
[INFO] [stderr] warning: elided lifetime has a name
[INFO] [stderr]    --> src/lib/database_drivers/sqlite.rs:123:67
[INFO] [stderr]     |
[INFO] [stderr] 120 |     fn remove_schema_migration<'a>(
[INFO] [stderr]     |                                -- lifetime `'a` declared here
[INFO] [stderr] ...
[INFO] [stderr] 123 |     ) -> Pin<Box<dyn Future<Output = Result<(), anyhow::Error>> + '_>> {
[INFO] [stderr]     |                                                                   ^^ this elided lifetime gets resolved as `'a`
[INFO] [stderr] 
[INFO] [stderr] warning: elided lifetime has a name
[INFO] [stderr]   --> src/lib/database_drivers/mod.rs:27:67
[INFO] [stderr]    |
[INFO] [stderr] 23 |     fn execute<'a>(
[INFO] [stderr]    |                -- lifetime `'a` declared here
[INFO] [stderr] ...
[INFO] [stderr] 27 |     ) -> Pin<Box<dyn Future<Output = Result<(), anyhow::Error>> + '_>>;
[INFO] [stderr]    |                                                                   ^^ this elided lifetime gets resolved as `'a`
[INFO] [stderr] 
[INFO] [stderr] warning: elided lifetime has a name
[INFO] [stderr]   --> src/lib/database_drivers/mod.rs:44:67
[INFO] [stderr]    |
[INFO] [stderr] 41 |     fn insert_schema_migration<'a>(
[INFO] [stderr]    |                                -- lifetime `'a` declared here
[INFO] [stderr] ...
[INFO] [stderr] 44 |     ) -> Pin<Box<dyn Future<Output = Result<(), anyhow::Error>> + '_>>;
[INFO] [stderr]    |                                                                   ^^ this elided lifetime gets resolved as `'a`
[INFO] [stderr] 
[INFO] [stderr] warning: elided lifetime has a name
[INFO] [stderr]   --> src/lib/database_drivers/mod.rs:50:67
[INFO] [stderr]    |
[INFO] [stderr] 47 |     fn remove_schema_migration<'a>(
[INFO] [stderr]    |                                -- lifetime `'a` declared here
[INFO] [stderr] ...
[INFO] [stderr] 50 |     ) -> Pin<Box<dyn Future<Output = Result<(), anyhow::Error>> + '_>>;
[INFO] [stderr]    |                                                                   ^^ this elided lifetime gets resolved as `'a`
[INFO] [stderr] 
[INFO] [stderr] warning: method `ready` is never used
[INFO] [stderr]   --> src/lib/database_drivers/mod.rs:53:8
[INFO] [stderr]    |
[INFO] [stderr] 21 | pub trait DatabaseDriver {
[INFO] [stderr]    |           -------------- method in this trait
[INFO] [stderr] ...
[INFO] [stderr] 53 |     fn ready(&mut self) -> Pin<Box<dyn Future<Output = Result<(), anyhow::Error>> + '_>>;
[INFO] [stderr]    |        ^^^^^
[INFO] [stderr]    |
[INFO] [stderr]    = note: `#[warn(dead_code)]` on by default
[INFO] [stderr] 
[INFO] [stderr] warning: `geni` (lib) generated 19 warnings
[INFO] [stderr] warning: `geni` (lib test) generated 19 warnings (19 duplicates)
[INFO] [stderr]     Finished `test` profile [unoptimized + debuginfo] target(s) in 0.33s
[INFO] [stderr]      Running unittests src/lib/lib.rs (/opt/rustwide/target/debug/deps/geni-ff75b2f9dcd69cc9)
[INFO] [stdout] 
[INFO] [stdout] running 12 tests
[INFO] [stdout] test generate::tests::test_generate_migration ... ok
[INFO] [stdout] test integration_test::tests::test_migrate_failure ... ok
[INFO] [stdout] test utils::tests::test_with_transaction_no_in_first_line ... ok
[INFO] [stdout] test utils::tests::test_with_transaction_no_in_first_line_without_space ... ok
[INFO] [stdout] test utils::tests::test_with_transaction_yes_in_first_line ... ok
[INFO] [stdout] test utils::tests::test_without_transaction_no_in_first_line ... ok
[INFO] [stdout] test utils::tests::test_with_empty_line ... ok
[INFO] [stdout] test integration_test::tests::test_migrate_maria ... FAILED
[INFO] [stdout] test integration_test::tests::test_migrate_libsql has been running for over 60 seconds
[INFO] [stdout] test integration_test::tests::test_migrate_mysql has been running for over 60 seconds
[INFO] [stdout] test integration_test::tests::test_migrate_postgres has been running for over 60 seconds
[INFO] [stdout] test integration_test::tests::test_migrate_sqlite has been running for over 60 seconds
[INFO] [stdout] test integration_test::tests::test_migrate_postgres ... FAILED
[INFO] [stdout] test integration_test::tests::test_migrate_mysql ... FAILED
[INFO] [stdout] test integration_test::tests::test_migrate_libsql ... FAILED
[INFO] [stdout] test integration_test::tests::test_migrate_sqlite ... ok
[INFO] [stdout] 
[INFO] [stdout] failures:
[INFO] [stdout] 
[INFO] [stdout] ---- integration_test::tests::test_migrate_maria stdout ----
[INFO] [stdout] 
[INFO] [stdout] thread 'integration_test::tests::test_migrate_maria' panicked at src/lib/integration_test.rs:107:10:
[INFO] [stdout] called `Result::unwrap()` on an `Err` value: Database is not ready
[INFO] [stdout] 
[INFO] [stdout] Stack backtrace:
[INFO] [stdout]    0: anyhow::error::<impl anyhow::Error>::msg
[INFO] [stdout]              at /opt/rustwide/cargo-home/registry/src/index.crates.io-1949cf8c6b5b557f/anyhow-1.0.92/src/backtrace.rs:27:14
[INFO] [stdout]    1: anyhow::__private::format_err
[INFO] [stdout]              at /opt/rustwide/cargo-home/registry/src/index.crates.io-1949cf8c6b5b557f/anyhow-1.0.92/src/lib.rs:691:13
[INFO] [stdout]    2: geni::database_drivers::maria::MariaDBDriver::new::{{closure}}
[INFO] [stdout]              at ./src/lib/database_drivers/maria.rs:39:21
[INFO] [stdout]    3: geni::database_drivers::new::{{closure}}
[INFO] [stdout]              at ./src/lib/database_drivers/mod.rs:145:14
[INFO] [stdout]    4: geni::integration_test::tests::test_migrate::{{closure}}
[INFO] [stdout]              at ./src/lib/integration_test.rs:106:10
[INFO] [stdout]    5: geni::integration_test::tests::test_migrate_maria::{{closure}}::{{closure}}
[INFO] [stdout]              at ./src/lib/integration_test.rs:229:46
[INFO] [stdout]    6: <core::pin::Pin<P> as core::future::future::Future>::poll
[INFO] [stdout]              at /rustc/6067b36314ab5eb2eb47cecc464545ba58e1ad24/library/core/src/future/future.rs:124:9
[INFO] [stdout]    7: <core::pin::Pin<P> as core::future::future::Future>::poll
[INFO] [stdout]              at /rustc/6067b36314ab5eb2eb47cecc464545ba58e1ad24/library/core/src/future/future.rs:124:9
[INFO] [stdout]    8: tokio::runtime::scheduler::current_thread::CoreGuard::block_on::{{closure}}::{{closure}}::{{closure}}
[INFO] [stdout]              at /opt/rustwide/cargo-home/registry/src/index.crates.io-1949cf8c6b5b557f/tokio-1.41.0/src/runtime/scheduler/current_thread/mod.rs:729:57
[INFO] [stdout]    9: tokio::runtime::coop::with_budget
[INFO] [stdout]              at /opt/rustwide/cargo-home/registry/src/index.crates.io-1949cf8c6b5b557f/tokio-1.41.0/src/runtime/coop.rs:107:5
[INFO] [stdout]   10: tokio::runtime::coop::budget
[INFO] [stdout]              at /opt/rustwide/cargo-home/registry/src/index.crates.io-1949cf8c6b5b557f/tokio-1.41.0/src/runtime/coop.rs:73:5
[INFO] [stdout]   11: tokio::runtime::scheduler::current_thread::CoreGuard::block_on::{{closure}}::{{closure}}
[INFO] [stdout]              at /opt/rustwide/cargo-home/registry/src/index.crates.io-1949cf8c6b5b557f/tokio-1.41.0/src/runtime/scheduler/current_thread/mod.rs:729:25
[INFO] [stdout]   12: tokio::runtime::scheduler::current_thread::Context::enter
[INFO] [stdout]              at /opt/rustwide/cargo-home/registry/src/index.crates.io-1949cf8c6b5b557f/tokio-1.41.0/src/runtime/scheduler/current_thread/mod.rs:428:19
[INFO] [stdout]   13: tokio::runtime::scheduler::current_thread::CoreGuard::block_on::{{closure}}
[INFO] [stdout]              at /opt/rustwide/cargo-home/registry/src/index.crates.io-1949cf8c6b5b557f/tokio-1.41.0/src/runtime/scheduler/current_thread/mod.rs:728:36
[INFO] [stdout]   14: tokio::runtime::scheduler::current_thread::CoreGuard::enter::{{closure}}
[INFO] [stdout]              at /opt/rustwide/cargo-home/registry/src/index.crates.io-1949cf8c6b5b557f/tokio-1.41.0/src/runtime/scheduler/current_thread/mod.rs:807:68
[INFO] [stdout]   15: tokio::runtime::context::scoped::Scoped<T>::set
[INFO] [stdout]              at /opt/rustwide/cargo-home/registry/src/index.crates.io-1949cf8c6b5b557f/tokio-1.41.0/src/runtime/context/scoped.rs:40:9
[INFO] [stdout]   16: tokio::runtime::context::set_scheduler::{{closure}}
[INFO] [stdout]              at /opt/rustwide/cargo-home/registry/src/index.crates.io-1949cf8c6b5b557f/tokio-1.41.0/src/runtime/context.rs:180:26
[INFO] [stdout]   17: std::thread::local::LocalKey<T>::try_with
[INFO] [stdout]              at /rustc/6067b36314ab5eb2eb47cecc464545ba58e1ad24/library/std/src/thread/local.rs:308:12
[INFO] [stdout]   18: std::thread::local::LocalKey<T>::with
[INFO] [stdout]              at /rustc/6067b36314ab5eb2eb47cecc464545ba58e1ad24/library/std/src/thread/local.rs:272:9
[INFO] [stdout]   19: tokio::runtime::context::set_scheduler
[INFO] [stdout]              at /opt/rustwide/cargo-home/registry/src/index.crates.io-1949cf8c6b5b557f/tokio-1.41.0/src/runtime/context.rs:180:9
[INFO] [stdout]   20: tokio::runtime::scheduler::current_thread::CoreGuard::enter
[INFO] [stdout]              at /opt/rustwide/cargo-home/registry/src/index.crates.io-1949cf8c6b5b557f/tokio-1.41.0/src/runtime/scheduler/current_thread/mod.rs:807:27
[INFO] [stdout]   21: tokio::runtime::scheduler::current_thread::CoreGuard::block_on
[INFO] [stdout]              at /opt/rustwide/cargo-home/registry/src/index.crates.io-1949cf8c6b5b557f/tokio-1.41.0/src/runtime/scheduler/current_thread/mod.rs:716:19
[INFO] [stdout]   22: tokio::runtime::scheduler::current_thread::CurrentThread::block_on::{{closure}}
[INFO] [stdout]              at /opt/rustwide/cargo-home/registry/src/index.crates.io-1949cf8c6b5b557f/tokio-1.41.0/src/runtime/scheduler/current_thread/mod.rs:196:28
[INFO] [stdout]   23: tokio::runtime::context::runtime::enter_runtime
[INFO] [stdout]              at /opt/rustwide/cargo-home/registry/src/index.crates.io-1949cf8c6b5b557f/tokio-1.41.0/src/runtime/context/runtime.rs:65:16
[INFO] [stdout]   24: tokio::runtime::scheduler::current_thread::CurrentThread::block_on
[INFO] [stdout]              at /opt/rustwide/cargo-home/registry/src/index.crates.io-1949cf8c6b5b557f/tokio-1.41.0/src/runtime/scheduler/current_thread/mod.rs:184:9
[INFO] [stdout]   25: tokio::runtime::runtime::Runtime::block_on_inner
[INFO] [stdout]              at /opt/rustwide/cargo-home/registry/src/index.crates.io-1949cf8c6b5b557f/tokio-1.41.0/src/runtime/runtime.rs:368:47
[INFO] [stdout]   26: tokio::runtime::runtime::Runtime::block_on
[INFO] [stdout]              at /opt/rustwide/cargo-home/registry/src/index.crates.io-1949cf8c6b5b557f/tokio-1.41.0/src/runtime/runtime.rs:342:13
[INFO] [stdout]   27: geni::integration_test::tests::test_migrate_maria::{{closure}}
[INFO] [stdout]              at ./src/lib/integration_test.rs:229:9
[INFO] [stdout]   28: core::ops::function::FnOnce::call_once
[INFO] [stdout]              at /rustc/6067b36314ab5eb2eb47cecc464545ba58e1ad24/library/core/src/ops/function.rs:250:5
[INFO] [stdout]   29: serial_test::serial_code_lock::local_serial_core_with_return
[INFO] [stdout]              at /opt/rustwide/cargo-home/registry/src/index.crates.io-1949cf8c6b5b557f/serial_test-3.1.1/src/serial_code_lock.rs:30:5
[INFO] [stdout]   30: geni::integration_test::tests::test_migrate_maria
[INFO] [stdout]              at ./src/lib/integration_test.rs:225:5
[INFO] [stdout]   31: geni::integration_test::tests::test_migrate_maria::{{closure}}
[INFO] [stdout]              at ./src/lib/integration_test.rs:226:38
[INFO] [stdout]   32: core::ops::function::FnOnce::call_once
[INFO] [stdout]              at /rustc/6067b36314ab5eb2eb47cecc464545ba58e1ad24/library/core/src/ops/function.rs:250:5
[INFO] [stdout]   33: core::ops::function::FnOnce::call_once
[INFO] [stdout]              at /rustc/6067b36314ab5eb2eb47cecc464545ba58e1ad24/library/core/src/ops/function.rs:250:5
[INFO] [stdout]   34: test::__rust_begin_short_backtrace
[INFO] [stdout]              at /rustc/6067b36314ab5eb2eb47cecc464545ba58e1ad24/library/test/src/lib.rs:632:18
[INFO] [stdout]   35: test::run_test_in_process::{{closure}}
[INFO] [stdout]              at /rustc/6067b36314ab5eb2eb47cecc464545ba58e1ad24/library/test/src/lib.rs:655:60
[INFO] [stdout]   36: <core::panic::unwind_safe::AssertUnwindSafe<F> as core::ops::function::FnOnce<()>>::call_once
[INFO] [stdout]              at /rustc/6067b36314ab5eb2eb47cecc464545ba58e1ad24/library/core/src/panic/unwind_safe.rs:272:9
[INFO] [stdout]   37: std::panicking::try::do_call
[INFO] [stdout]              at /rustc/6067b36314ab5eb2eb47cecc464545ba58e1ad24/library/std/src/panicking.rs:587:40
[INFO] [stdout]   38: std::panicking::try
[INFO] [stdout]              at /rustc/6067b36314ab5eb2eb47cecc464545ba58e1ad24/library/std/src/panicking.rs:550:19
[INFO] [stdout]   39: std::panic::catch_unwind
[INFO] [stdout]              at /rustc/6067b36314ab5eb2eb47cecc464545ba58e1ad24/library/std/src/panic.rs:358:14
[INFO] [stdout]   40: test::run_test_in_process
[INFO] [stdout]              at /rustc/6067b36314ab5eb2eb47cecc464545ba58e1ad24/library/test/src/lib.rs:655:27
[INFO] [stdout]   41: test::run_test::{{closure}}
[INFO] [stdout]              at /rustc/6067b36314ab5eb2eb47cecc464545ba58e1ad24/library/test/src/lib.rs:576:43
[INFO] [stdout]   42: test::run_test::{{closure}}
[INFO] [stdout]              at /rustc/6067b36314ab5eb2eb47cecc464545ba58e1ad24/library/test/src/lib.rs:606:41
[INFO] [stdout]   43: std::sys::backtrace::__rust_begin_short_backtrace
[INFO] [stdout]              at /rustc/6067b36314ab5eb2eb47cecc464545ba58e1ad24/library/std/src/sys/backtrace.rs:152:18
[INFO] [stdout]   44: std::thread::Builder::spawn_unchecked_::{{closure}}::{{closure}}
[INFO] [stdout]              at /rustc/6067b36314ab5eb2eb47cecc464545ba58e1ad24/library/std/src/thread/mod.rs:559:17
[INFO] [stdout]   45: <core::panic::unwind_safe::AssertUnwindSafe<F> as core::ops::function::FnOnce<()>>::call_once
[INFO] [stdout]              at /rustc/6067b36314ab5eb2eb47cecc464545ba58e1ad24/library/core/src/panic/unwind_safe.rs:272:9
[INFO] [stdout]   46: std::panicking::try::do_call
[INFO] [stdout]              at /rustc/6067b36314ab5eb2eb47cecc464545ba58e1ad24/library/std/src/panicking.rs:587:40
[INFO] [stdout]   47: std::panicking::try
[INFO] [stdout]              at /rustc/6067b36314ab5eb2eb47cecc464545ba58e1ad24/library/std/src/panicking.rs:550:19
[INFO] [stdout]   48: std::panic::catch_unwind
[INFO] [stdout]              at /rustc/6067b36314ab5eb2eb47cecc464545ba58e1ad24/library/std/src/panic.rs:358:14
[INFO] [stdout]   49: std::thread::Builder::spawn_unchecked_::{{closure}}
[INFO] [stdout]              at /rustc/6067b36314ab5eb2eb47cecc464545ba58e1ad24/library/std/src/thread/mod.rs:557:30
[INFO] [stdout]   50: core::ops::function::FnOnce::call_once{{vtable.shim}}
[INFO] [stdout]              at /rustc/6067b36314ab5eb2eb47cecc464545ba58e1ad24/library/core/src/ops/function.rs:250:5
[INFO] [stdout]   51: <alloc::boxed::Box<F,A> as core::ops::function::FnOnce<Args>>::call_once
[INFO] [stdout]              at /rustc/6067b36314ab5eb2eb47cecc464545ba58e1ad24/library/alloc/src/boxed.rs:2013:9
[INFO] [stdout]   52: <alloc::boxed::Box<F,A> as core::ops::function::FnOnce<Args>>::call_once
[INFO] [stdout]              at /rustc/6067b36314ab5eb2eb47cecc464545ba58e1ad24/library/alloc/src/boxed.rs:2013:9
[INFO] [stdout]   53: std::sys::pal::unix::thread::Thread::new::thread_start
[INFO] [stdout]              at /rustc/6067b36314ab5eb2eb47cecc464545ba58e1ad24/library/std/src/sys/pal/unix/thread.rs:106:17
[INFO] [stdout]   54: <unknown>
[INFO] [stdout]   55: clone
[INFO] [stdout] stack backtrace:
[INFO] [stdout]    0:     0x58fa100b0aca - std::backtrace_rs::backtrace::libunwind::trace::hb059275cfc8d6126
[INFO] [stdout]                                at /rustc/6067b36314ab5eb2eb47cecc464545ba58e1ad24/library/std/src/../../backtrace/src/backtrace/libunwind.rs:116:5
[INFO] [stdout]    1:     0x58fa100b0aca - std::backtrace_rs::backtrace::trace_unsynchronized::h2da071e4327ce3ee
[INFO] [stdout]                                at /rustc/6067b36314ab5eb2eb47cecc464545ba58e1ad24/library/std/src/../../backtrace/src/backtrace/mod.rs:66:5
[INFO] [stdout]    2:     0x58fa100b0aca - std::sys::backtrace::_print_fmt::h842a1474e6f8d23f
[INFO] [stdout]                                at /rustc/6067b36314ab5eb2eb47cecc464545ba58e1ad24/library/std/src/sys/backtrace.rs:66:9
[INFO] [stdout]    3:     0x58fa100b0aca - <std::sys::backtrace::BacktraceLock::print::DisplayBacktrace as core::fmt::Display>::fmt::h71a62eb3b9696b12
[INFO] [stdout]                                at /rustc/6067b36314ab5eb2eb47cecc464545ba58e1ad24/library/std/src/sys/backtrace.rs:39:26
[INFO] [stdout]    4:     0x58fa100deaa3 - core::fmt::rt::Argument::fmt::hdb6b616786b41dc1
[INFO] [stdout]                                at /rustc/6067b36314ab5eb2eb47cecc464545ba58e1ad24/library/core/src/fmt/rt.rs:177:76
[INFO] [stdout]    5:     0x58fa100deaa3 - core::fmt::write::h2cc1698af7e2d686
[INFO] [stdout]                                at /rustc/6067b36314ab5eb2eb47cecc464545ba58e1ad24/library/core/src/fmt/mod.rs:1440:21
[INFO] [stdout]    6:     0x58fa100ac2b3 - std::io::Write::write_fmt::hab1b4cd059a79022
[INFO] [stdout]                                at /rustc/6067b36314ab5eb2eb47cecc464545ba58e1ad24/library/std/src/io/mod.rs:1887:15
[INFO] [stdout]    7:     0x58fa100b0912 - std::sys::backtrace::BacktraceLock::print::h147fe35b4ea13b08
[INFO] [stdout]                                at /rustc/6067b36314ab5eb2eb47cecc464545ba58e1ad24/library/std/src/sys/backtrace.rs:42:9
[INFO] [stdout]    8:     0x58fa100b1eef - std::panicking::default_hook::{{closure}}::hbd44223dbdc0d208
[INFO] [stdout]                                at /rustc/6067b36314ab5eb2eb47cecc464545ba58e1ad24/library/std/src/panicking.rs:298:22
[INFO] [stdout]    9:     0x58fa100b1d08 - std::panicking::default_hook::h20f81eb0576efcec
[INFO] [stdout]                                at /rustc/6067b36314ab5eb2eb47cecc464545ba58e1ad24/library/std/src/panicking.rs:322:9
[INFO] [stdout]   10:     0x58fa0f342f93 - <alloc::boxed::Box<F,A> as core::ops::function::Fn<Args>>::call::hdb53814c496a4d34
[INFO] [stdout]                                at /rustc/6067b36314ab5eb2eb47cecc464545ba58e1ad24/library/alloc/src/boxed.rs:2027:9
[INFO] [stdout]   11:     0x58fa0f342f93 - test::test_main::{{closure}}::hc0a4963c59427c24
[INFO] [stdout]                                at /rustc/6067b36314ab5eb2eb47cecc464545ba58e1ad24/library/test/src/lib.rs:134:21
[INFO] [stdout]   12:     0x58fa100b29e3 - <alloc::boxed::Box<F,A> as core::ops::function::Fn<Args>>::call::h591b2225413a77e9
[INFO] [stdout]                                at /rustc/6067b36314ab5eb2eb47cecc464545ba58e1ad24/library/alloc/src/boxed.rs:2027:9
[INFO] [stdout]   13:     0x58fa100b29e3 - std::panicking::rust_panic_with_hook::h625eea43051b2edc
[INFO] [stdout]                                at /rustc/6067b36314ab5eb2eb47cecc464545ba58e1ad24/library/std/src/panicking.rs:839:13
[INFO] [stdout]   14:     0x58fa100b269a - std::panicking::begin_panic_handler::{{closure}}::h4f9159cfbc3f6bd3
[INFO] [stdout]                                at /rustc/6067b36314ab5eb2eb47cecc464545ba58e1ad24/library/std/src/panicking.rs:704:13
[INFO] [stdout]   15:     0x58fa100b0fc9 - std::sys::backtrace::__rust_end_short_backtrace::h0390abce48353151
[INFO] [stdout]                                at /rustc/6067b36314ab5eb2eb47cecc464545ba58e1ad24/library/std/src/sys/backtrace.rs:168:18
[INFO] [stdout]   16:     0x58fa100b232d - rust_begin_unwind
[INFO] [stdout]                                at /rustc/6067b36314ab5eb2eb47cecc464545ba58e1ad24/library/std/src/panicking.rs:695:5
[INFO] [stdout]   17:     0x58fa100dc290 - core::panicking::panic_fmt::h9e7c637e9e5f29c9
[INFO] [stdout]                                at /rustc/6067b36314ab5eb2eb47cecc464545ba58e1ad24/library/core/src/panicking.rs:75:14
[INFO] [stdout]   18:     0x58fa100dc766 - core::result::unwrap_failed::h7979f09313fe1849
[INFO] [stdout]                                at /rustc/6067b36314ab5eb2eb47cecc464545ba58e1ad24/library/core/src/result.rs:1704:5
[INFO] [stdout]   19:     0x58fa0f2e07f4 - core::result::Result<T,E>::unwrap::h04634da4e2deffe4
[INFO] [stdout]                                at /rustc/6067b36314ab5eb2eb47cecc464545ba58e1ad24/library/core/src/result.rs:1109:23
[INFO] [stdout]   20:     0x58fa0f2e07f4 - geni::integration_test::tests::test_migrate::{{closure}}::he3a8d917b5440266
[INFO] [stdout]                                at /opt/rustwide/workdir/src/lib/integration_test.rs:97:33
[INFO] [stdout]   21:     0x58fa0f2e3b3c - geni::integration_test::tests::test_migrate_maria::{{closure}}::{{closure}}::hec246737bda7c522
[INFO] [stdout]                                at /opt/rustwide/workdir/src/lib/integration_test.rs:229:46
[INFO] [stdout]   22:     0x58fa0f2b93d5 - <core::pin::Pin<P> as core::future::future::Future>::poll::h497dc33cd3e31673
[INFO] [stdout]                                at /rustc/6067b36314ab5eb2eb47cecc464545ba58e1ad24/library/core/src/future/future.rs:124:9
[INFO] [stdout]   23:     0x58fa0f2b92ed - <core::pin::Pin<P> as core::future::future::Future>::poll::h03e247b0c7b481e7
[INFO] [stdout]                                at /rustc/6067b36314ab5eb2eb47cecc464545ba58e1ad24/library/core/src/future/future.rs:124:9
[INFO] [stdout]   24:     0x58fa0f2d7b6f - tokio::runtime::scheduler::current_thread::CoreGuard::block_on::{{closure}}::{{closure}}::{{closure}}::he01562a08f266afc
[INFO] [stdout]                                at /opt/rustwide/cargo-home/registry/src/index.crates.io-1949cf8c6b5b557f/tokio-1.41.0/src/runtime/scheduler/current_thread/mod.rs:729:57
[INFO] [stdout]   25:     0x58fa0f2d7886 - tokio::runtime::coop::with_budget::hd549f3d69b5eb510
[INFO] [stdout]                                at /opt/rustwide/cargo-home/registry/src/index.crates.io-1949cf8c6b5b557f/tokio-1.41.0/src/runtime/coop.rs:107:5
[INFO] [stdout]   26:     0x58fa0f2d7886 - tokio::runtime::coop::budget::h33f75a1b0d0345e5
[INFO] [stdout]                                at /opt/rustwide/cargo-home/registry/src/index.crates.io-1949cf8c6b5b557f/tokio-1.41.0/src/runtime/coop.rs:73:5
[INFO] [stdout]   27:     0x58fa0f2d7886 - tokio::runtime::scheduler::current_thread::CoreGuard::block_on::{{closure}}::{{closure}}::hb86532d0e87f6b58
[INFO] [stdout]                                at /opt/rustwide/cargo-home/registry/src/index.crates.io-1949cf8c6b5b557f/tokio-1.41.0/src/runtime/scheduler/current_thread/mod.rs:729:25
[INFO] [stdout]   28:     0x58fa0f2d51ba - tokio::runtime::scheduler::current_thread::Context::enter::hac69c897db40846c
[INFO] [stdout]                                at /opt/rustwide/cargo-home/registry/src/index.crates.io-1949cf8c6b5b557f/tokio-1.41.0/src/runtime/scheduler/current_thread/mod.rs:428:19
[INFO] [stdout]   29:     0x58fa0f2d676b - tokio::runtime::scheduler::current_thread::CoreGuard::block_on::{{closure}}::h1bb60f56005f4ac4
[INFO] [stdout]                                at /opt/rustwide/cargo-home/registry/src/index.crates.io-1949cf8c6b5b557f/tokio-1.41.0/src/runtime/scheduler/current_thread/mod.rs:728:36
[INFO] [stdout]   30:     0x58fa0f2d641b - tokio::runtime::scheduler::current_thread::CoreGuard::enter::{{closure}}::h5d2dddd07c1e9bc2
[INFO] [stdout]                                at /opt/rustwide/cargo-home/registry/src/index.crates.io-1949cf8c6b5b557f/tokio-1.41.0/src/runtime/scheduler/current_thread/mod.rs:807:68
[INFO] [stdout]   31:     0x58fa0f2f2b6a - tokio::runtime::context::scoped::Scoped<T>::set::h91d54ac435166276
[INFO] [stdout]                                at /opt/rustwide/cargo-home/registry/src/index.crates.io-1949cf8c6b5b557f/tokio-1.41.0/src/runtime/context/scoped.rs:40:9
[INFO] [stdout]   32:     0x58fa0f295b5a - tokio::runtime::context::set_scheduler::{{closure}}::he5837fcb327c9a3f
[INFO] [stdout]                                at /opt/rustwide/cargo-home/registry/src/index.crates.io-1949cf8c6b5b557f/tokio-1.41.0/src/runtime/context.rs:180:26
[INFO] [stdout]   33:     0x58fa0f299c46 - std::thread::local::LocalKey<T>::try_with::h222f202426761bbc
[INFO] [stdout]                                at /rustc/6067b36314ab5eb2eb47cecc464545ba58e1ad24/library/std/src/thread/local.rs:308:12
[INFO] [stdout]   34:     0x58fa0f29977d - std::thread::local::LocalKey<T>::with::ha2ccab329cd90413
[INFO] [stdout]                                at /rustc/6067b36314ab5eb2eb47cecc464545ba58e1ad24/library/std/src/thread/local.rs:272:9
[INFO] [stdout]   35:     0x58fa0f295aa1 - tokio::runtime::context::set_scheduler::hb7095b5f75e1da6b
[INFO] [stdout]                                at /opt/rustwide/cargo-home/registry/src/index.crates.io-1949cf8c6b5b557f/tokio-1.41.0/src/runtime/context.rs:180:9
[INFO] [stdout]   36:     0x58fa0f2d5d21 - tokio::runtime::scheduler::current_thread::CoreGuard::enter::h18e6691e564a74c0
[INFO] [stdout]                                at /opt/rustwide/cargo-home/registry/src/index.crates.io-1949cf8c6b5b557f/tokio-1.41.0/src/runtime/scheduler/current_thread/mod.rs:807:27
[INFO] [stdout]   37:     0x58fa0f2d6473 - tokio::runtime::scheduler::current_thread::CoreGuard::block_on::h1bdab31828c253a4
[INFO] [stdout]                                at /opt/rustwide/cargo-home/registry/src/index.crates.io-1949cf8c6b5b557f/tokio-1.41.0/src/runtime/scheduler/current_thread/mod.rs:716:19
[INFO] [stdout]   38:     0x58fa0f2d4487 - tokio::runtime::scheduler::current_thread::CurrentThread::block_on::{{closure}}::h69a616d97c8586df
[INFO] [stdout]                                at /opt/rustwide/cargo-home/registry/src/index.crates.io-1949cf8c6b5b557f/tokio-1.41.0/src/runtime/scheduler/current_thread/mod.rs:196:28
[INFO] [stdout]   39:     0x58fa0f2aaad6 - tokio::runtime::context::runtime::enter_runtime::h2309a21589f67fdd
[INFO] [stdout]                                at /opt/rustwide/cargo-home/registry/src/index.crates.io-1949cf8c6b5b557f/tokio-1.41.0/src/runtime/context/runtime.rs:65:16
[INFO] [stdout]   40:     0x58fa0f2d3c71 - tokio::runtime::scheduler::current_thread::CurrentThread::block_on::h7ae4bf75b4e7bc94
[INFO] [stdout]                                at /opt/rustwide/cargo-home/registry/src/index.crates.io-1949cf8c6b5b557f/tokio-1.41.0/src/runtime/scheduler/current_thread/mod.rs:184:9
[INFO] [stdout]   41:     0x58fa0f2dcee7 - tokio::runtime::runtime::Runtime::block_on_inner::hc320ff93ac3a81a2
[INFO] [stdout]                                at /opt/rustwide/cargo-home/registry/src/index.crates.io-1949cf8c6b5b557f/tokio-1.41.0/src/runtime/runtime.rs:368:47
[INFO] [stdout]   42:     0x58fa0f2dd250 - tokio::runtime::runtime::Runtime::block_on::h0687d738a18b9601
[INFO] [stdout]                                at /opt/rustwide/cargo-home/registry/src/index.crates.io-1949cf8c6b5b557f/tokio-1.41.0/src/runtime/runtime.rs:342:13
[INFO] [stdout]   43:     0x58fa0f2e38fa - geni::integration_test::tests::test_migrate_maria::{{closure}}::hb1d68e07055ae252
[INFO] [stdout]                                at /opt/rustwide/workdir/src/lib/integration_test.rs:229:9
[INFO] [stdout]   44:     0x58fa0f26608e - core::ops::function::FnOnce::call_once::h166f916eec61fddf
[INFO] [stdout]                                at /rustc/6067b36314ab5eb2eb47cecc464545ba58e1ad24/library/core/src/ops/function.rs:250:5
[INFO] [stdout]   45:     0x58fa0f2db5fa - serial_test::serial_code_lock::local_serial_core_with_return::h135ec714f13e3468
[INFO] [stdout]                                at /opt/rustwide/cargo-home/registry/src/index.crates.io-1949cf8c6b5b557f/serial_test-3.1.1/src/serial_code_lock.rs:30:5
[INFO] [stdout]   46:     0x58fa0f2e3779 - geni::integration_test::tests::test_migrate_maria::h22ba0e4dfd7d64b9
[INFO] [stdout]                                at /opt/rustwide/workdir/src/lib/integration_test.rs:225:5
[INFO] [stdout]   47:     0x58fa0f2e36f7 - geni::integration_test::tests::test_migrate_maria::{{closure}}::h757a741f6e4bc714
[INFO] [stdout]                                at /opt/rustwide/workdir/src/lib/integration_test.rs:226:38
[INFO] [stdout]   48:     0x58fa0f2661b6 - core::ops::function::FnOnce::call_once::h39960d27d2fd4a03
[INFO] [stdout]                                at /rustc/6067b36314ab5eb2eb47cecc464545ba58e1ad24/library/core/src/ops/function.rs:250:5
[INFO] [stdout]   49:     0x58fa0f3486eb - core::ops::function::FnOnce::call_once::he27718dfdd183f43
[INFO] [stdout]                                at /rustc/6067b36314ab5eb2eb47cecc464545ba58e1ad24/library/core/src/ops/function.rs:250:5
[INFO] [stdout]   50:     0x58fa0f3486eb - test::__rust_begin_short_backtrace::h4e84902998457a5d
[INFO] [stdout]                                at /rustc/6067b36314ab5eb2eb47cecc464545ba58e1ad24/library/test/src/lib.rs:632:18
[INFO] [stdout]   51:     0x58fa0f347623 - test::run_test_in_process::{{closure}}::h7176fd18fc1feca0
[INFO] [stdout]                                at /rustc/6067b36314ab5eb2eb47cecc464545ba58e1ad24/library/test/src/lib.rs:655:60
[INFO] [stdout]   52:     0x58fa0f347623 - <core::panic::unwind_safe::AssertUnwindSafe<F> as core::ops::function::FnOnce<()>>::call_once::hf79cff2a624d8cf7
[INFO] [stdout]                                at /rustc/6067b36314ab5eb2eb47cecc464545ba58e1ad24/library/core/src/panic/unwind_safe.rs:272:9
[INFO] [stdout]   53:     0x58fa0f347623 - std::panicking::try::do_call::h3da0561d9ab99c25
[INFO] [stdout]                                at /rustc/6067b36314ab5eb2eb47cecc464545ba58e1ad24/library/std/src/panicking.rs:587:40
[INFO] [stdout]   54:     0x58fa0f347623 - std::panicking::try::h41c9fa508bc61df6
[INFO] [stdout]                                at /rustc/6067b36314ab5eb2eb47cecc464545ba58e1ad24/library/std/src/panicking.rs:550:19
[INFO] [stdout]   55:     0x58fa0f347623 - std::panic::catch_unwind::h6b3ff07bb5afad93
[INFO] [stdout]                                at /rustc/6067b36314ab5eb2eb47cecc464545ba58e1ad24/library/std/src/panic.rs:358:14
[INFO] [stdout]   56:     0x58fa0f347623 - test::run_test_in_process::hc7253dd11b39b9f4
[INFO] [stdout]                                at /rustc/6067b36314ab5eb2eb47cecc464545ba58e1ad24/library/test/src/lib.rs:655:27
[INFO] [stdout]   57:     0x58fa0f347623 - test::run_test::{{closure}}::hfb2007f8649c30bb
[INFO] [stdout]                                at /rustc/6067b36314ab5eb2eb47cecc464545ba58e1ad24/library/test/src/lib.rs:576:43
[INFO] [stdout]   58:     0x58fa0f30a705 - test::run_test::{{closure}}::h56a17aa7a282a9f4
[INFO] [stdout]                                at /rustc/6067b36314ab5eb2eb47cecc464545ba58e1ad24/library/test/src/lib.rs:606:41
[INFO] [stdout]   59:     0x58fa0f30a705 - std::sys::backtrace::__rust_begin_short_backtrace::hd2d2d2fb8e8c6aac
[INFO] [stdout]                                at /rustc/6067b36314ab5eb2eb47cecc464545ba58e1ad24/library/std/src/sys/backtrace.rs:152:18
[INFO] [stdout]   60:     0x58fa0f30dfea - std::thread::Builder::spawn_unchecked_::{{closure}}::{{closure}}::h4faa3f9db6133423
[INFO] [stdout]                                at /rustc/6067b36314ab5eb2eb47cecc464545ba58e1ad24/library/std/src/thread/mod.rs:559:17
[INFO] [stdout]   61:     0x58fa0f30dfea - <core::panic::unwind_safe::AssertUnwindSafe<F> as core::ops::function::FnOnce<()>>::call_once::hf2e855a36a4ea846
[INFO] [stdout]                                at /rustc/6067b36314ab5eb2eb47cecc464545ba58e1ad24/library/core/src/panic/unwind_safe.rs:272:9
[INFO] [stdout]   62:     0x58fa0f30dfea - std::panicking::try::do_call::h2f73af3616c35465
[INFO] [stdout]                                at /rustc/6067b36314ab5eb2eb47cecc464545ba58e1ad24/library/std/src/panicking.rs:587:40
[INFO] [stdout]   63:     0x58fa0f30dfea - std::panicking::try::hd1660ce9efadef5a
[INFO] [stdout]                                at /rustc/6067b36314ab5eb2eb47cecc464545ba58e1ad24/library/std/src/panicking.rs:550:19
[INFO] [stdout]   64:     0x58fa0f30dfea - std::panic::catch_unwind::h5ee8d7823b8ca744
[INFO] [stdout]                                at /rustc/6067b36314ab5eb2eb47cecc464545ba58e1ad24/library/std/src/panic.rs:358:14
[INFO] [stdout]   65:     0x58fa0f30dfea - std::thread::Builder::spawn_unchecked_::{{closure}}::h53c3a1894dce8407
[INFO] [stdout]                                at /rustc/6067b36314ab5eb2eb47cecc464545ba58e1ad24/library/std/src/thread/mod.rs:557:30
[INFO] [stdout]   66:     0x58fa0f30dfea - core::ops::function::FnOnce::call_once{{vtable.shim}}::h048ce291ad4f62bf
[INFO] [stdout]                                at /rustc/6067b36314ab5eb2eb47cecc464545ba58e1ad24/library/core/src/ops/function.rs:250:5
[INFO] [stdout]   67:     0x58fa100b7bdb - <alloc::boxed::Box<F,A> as core::ops::function::FnOnce<Args>>::call_once::ha52bedf99a3b4981
[INFO] [stdout]                                at /rustc/6067b36314ab5eb2eb47cecc464545ba58e1ad24/library/alloc/src/boxed.rs:2013:9
[INFO] [stdout]   68:     0x58fa100b7bdb - <alloc::boxed::Box<F,A> as core::ops::function::FnOnce<Args>>::call_once::h567748934d80ccf8
[INFO] [stdout]                                at /rustc/6067b36314ab5eb2eb47cecc464545ba58e1ad24/library/alloc/src/boxed.rs:2013:9
[INFO] [stdout]   69:     0x58fa100b7bdb - std::sys::pal::unix::thread::Thread::new::thread_start::h2d970728ae887adc
[INFO] [stdout]                                at /rustc/6067b36314ab5eb2eb47cecc464545ba58e1ad24/library/std/src/sys/pal/unix/thread.rs:106:17
[INFO] [stdout]   70:     0x7901bf5f4ac3 - <unknown>
[INFO] [stdout]   71:     0x7901bf685a04 - clone
[INFO] [stdout]   72:                0x0 - <unknown>
[INFO] [stdout] 
[INFO] [stdout] ---- integration_test::tests::test_migrate_postgres stdout ----
[INFO] [stdout] 
[INFO] [stdout] thread 'integration_test::tests::test_migrate_postgres' panicked at src/lib/integration_test.rs:107:10:
[INFO] [stdout] called `Result::unwrap()` on an `Err` value: Database is not ready
[INFO] [stdout] 
[INFO] [stdout] Stack backtrace:
[INFO] [stdout]    0: anyhow::error::<impl anyhow::Error>::msg
[INFO] [stdout]              at /opt/rustwide/cargo-home/registry/src/index.crates.io-1949cf8c6b5b557f/anyhow-1.0.92/src/backtrace.rs:27:14
[INFO] [stdout]    1: anyhow::__private::format_err
[INFO] [stdout]              at /opt/rustwide/cargo-home/registry/src/index.crates.io-1949cf8c6b5b557f/anyhow-1.0.92/src/lib.rs:691:13
[INFO] [stdout]    2: geni::database_drivers::postgres::PostgresDriver::new::{{closure}}
[INFO] [stdout]              at ./src/lib/database_drivers/postgres.rs:39:21
[INFO] [stdout]    3: geni::database_drivers::new::{{closure}}
[INFO] [stdout]              at ./src/lib/database_drivers/mod.rs:111:14
[INFO] [stdout]    4: geni::integration_test::tests::test_migrate::{{closure}}
[INFO] [stdout]              at ./src/lib/integration_test.rs:106:10
[INFO] [stdout]    5: geni::integration_test::tests::test_migrate_postgres::{{closure}}::{{closure}}
[INFO] [stdout]              at ./src/lib/integration_test.rs:213:47
[INFO] [stdout]    6: <core::pin::Pin<P> as core::future::future::Future>::poll
[INFO] [stdout]              at /rustc/6067b36314ab5eb2eb47cecc464545ba58e1ad24/library/core/src/future/future.rs:124:9
[INFO] [stdout]    7: <core::pin::Pin<P> as core::future::future::Future>::poll
[INFO] [stdout]              at /rustc/6067b36314ab5eb2eb47cecc464545ba58e1ad24/library/core/src/future/future.rs:124:9
[INFO] [stdout]    8: tokio::runtime::scheduler::current_thread::CoreGuard::block_on::{{closure}}::{{closure}}::{{closure}}
[INFO] [stdout]              at /opt/rustwide/cargo-home/registry/src/index.crates.io-1949cf8c6b5b557f/tokio-1.41.0/src/runtime/scheduler/current_thread/mod.rs:729:57
[INFO] [stdout]    9: tokio::runtime::coop::with_budget
[INFO] [stdout]              at /opt/rustwide/cargo-home/registry/src/index.crates.io-1949cf8c6b5b557f/tokio-1.41.0/src/runtime/coop.rs:107:5
[INFO] [stdout]   10: tokio::runtime::coop::budget
[INFO] [stdout]              at /opt/rustwide/cargo-home/registry/src/index.crates.io-1949cf8c6b5b557f/tokio-1.41.0/src/runtime/coop.rs:73:5
[INFO] [stdout]   11: tokio::runtime::scheduler::current_thread::CoreGuard::block_on::{{closure}}::{{closure}}
[INFO] [stdout]              at /opt/rustwide/cargo-home/registry/src/index.crates.io-1949cf8c6b5b557f/tokio-1.41.0/src/runtime/scheduler/current_thread/mod.rs:729:25
[INFO] [stdout]   12: tokio::runtime::scheduler::current_thread::Context::enter
[INFO] [stdout]              at /opt/rustwide/cargo-home/registry/src/index.crates.io-1949cf8c6b5b557f/tokio-1.41.0/src/runtime/scheduler/current_thread/mod.rs:428:19
[INFO] [stdout]   13: tokio::runtime::scheduler::current_thread::CoreGuard::block_on::{{closure}}
[INFO] [stdout]              at /opt/rustwide/cargo-home/registry/src/index.crates.io-1949cf8c6b5b557f/tokio-1.41.0/src/runtime/scheduler/current_thread/mod.rs:728:36
[INFO] [stdout]   14: tokio::runtime::scheduler::current_thread::CoreGuard::enter::{{closure}}
[INFO] [stdout]              at /opt/rustwide/cargo-home/registry/src/index.crates.io-1949cf8c6b5b557f/tokio-1.41.0/src/runtime/scheduler/current_thread/mod.rs:807:68
[INFO] [stdout]   15: tokio::runtime::context::scoped::Scoped<T>::set
[INFO] [stdout]              at /opt/rustwide/cargo-home/registry/src/index.crates.io-1949cf8c6b5b557f/tokio-1.41.0/src/runtime/context/scoped.rs:40:9
[INFO] [stdout]   16: tokio::runtime::context::set_scheduler::{{closure}}
[INFO] [stdout]              at /opt/rustwide/cargo-home/registry/src/index.crates.io-1949cf8c6b5b557f/tokio-1.41.0/src/runtime/context.rs:180:26
[INFO] [stdout]   17: std::thread::local::LocalKey<T>::try_with
[INFO] [stdout]              at /rustc/6067b36314ab5eb2eb47cecc464545ba58e1ad24/library/std/src/thread/local.rs:308:12
[INFO] [stdout]   18: std::thread::local::LocalKey<T>::with
[INFO] [stdout]              at /rustc/6067b36314ab5eb2eb47cecc464545ba58e1ad24/library/std/src/thread/local.rs:272:9
[INFO] [stdout]   19: tokio::runtime::context::set_scheduler
[INFO] [stdout]              at /opt/rustwide/cargo-home/registry/src/index.crates.io-1949cf8c6b5b557f/tokio-1.41.0/src/runtime/context.rs:180:9
[INFO] [stdout]   20: tokio::runtime::scheduler::current_thread::CoreGuard::enter
[INFO] [stdout]              at /opt/rustwide/cargo-home/registry/src/index.crates.io-1949cf8c6b5b557f/tokio-1.41.0/src/runtime/scheduler/current_thread/mod.rs:807:27
[INFO] [stdout]   21: tokio::runtime::scheduler::current_thread::CoreGuard::block_on
[INFO] [stdout]              at /opt/rustwide/cargo-home/registry/src/index.crates.io-1949cf8c6b5b557f/tokio-1.41.0/src/runtime/scheduler/current_thread/mod.rs:716:19
[INFO] [stdout]   22: tokio::runtime::scheduler::current_thread::CurrentThread::block_on::{{closure}}
[INFO] [stdout]              at /opt/rustwide/cargo-home/registry/src/index.crates.io-1949cf8c6b5b557f/tokio-1.41.0/src/runtime/scheduler/current_thread/mod.rs:196:28
[INFO] [stdout]   23: tokio::runtime::context::runtime::enter_runtime
[INFO] [stdout]              at /opt/rustwide/cargo-home/registry/src/index.crates.io-1949cf8c6b5b557f/tokio-1.41.0/src/runtime/context/runtime.rs:65:16
[INFO] [stdout]   24: tokio::runtime::scheduler::current_thread::CurrentThread::block_on
[INFO] [stdout]              at /opt/rustwide/cargo-home/registry/src/index.crates.io-1949cf8c6b5b557f/tokio-1.41.0/src/runtime/scheduler/current_thread/mod.rs:184:9
[INFO] [stdout]   25: tokio::runtime::runtime::Runtime::block_on_inner
[INFO] [stdout]              at /opt/rustwide/cargo-home/registry/src/index.crates.io-1949cf8c6b5b557f/tokio-1.41.0/src/runtime/runtime.rs:368:47
[INFO] [stdout]   26: tokio::runtime::runtime::Runtime::block_on
[INFO] [stdout]              at /opt/rustwide/cargo-home/registry/src/index.crates.io-1949cf8c6b5b557f/tokio-1.41.0/src/runtime/runtime.rs:342:13
[INFO] [stdout]   27: geni::integration_test::tests::test_migrate_postgres::{{closure}}
[INFO] [stdout]              at ./src/lib/integration_test.rs:213:9
[INFO] [stdout]   28: core::ops::function::FnOnce::call_once
[INFO] [stdout]              at /rustc/6067b36314ab5eb2eb47cecc464545ba58e1ad24/library/core/src/ops/function.rs:250:5
[INFO] [stdout]   29: serial_test::serial_code_lock::local_serial_core_with_return
[INFO] [stdout]              at /opt/rustwide/cargo-home/registry/src/index.crates.io-1949cf8c6b5b557f/serial_test-3.1.1/src/serial_code_lock.rs:30:5
[INFO] [stdout]   30: geni::integration_test::tests::test_migrate_postgres
[INFO] [stdout]              at ./src/lib/integration_test.rs:209:5
[INFO] [stdout]   31: geni::integration_test::tests::test_migrate_postgres::{{closure}}
[INFO] [stdout]              at ./src/lib/integration_test.rs:210:41
[INFO] [stdout]   32: core::ops::function::FnOnce::call_once
[INFO] [stdout]              at /rustc/6067b36314ab5eb2eb47cecc464545ba58e1ad24/library/core/src/ops/function.rs:250:5
[INFO] [stdout]   33: core::ops::function::FnOnce::call_once
[INFO] [stdout]              at /rustc/6067b36314ab5eb2eb47cecc464545ba58e1ad24/library/core/src/ops/function.rs:250:5
[INFO] [stdout]   34: test::__rust_begin_short_backtrace
[INFO] [stdout]              at /rustc/6067b36314ab5eb2eb47cecc464545ba58e1ad24/library/test/src/lib.rs:632:18
[INFO] [stdout]   35: test::run_test_in_process::{{closure}}
[INFO] [stdout]              at /rustc/6067b36314ab5eb2eb47cecc464545ba58e1ad24/library/test/src/lib.rs:655:60
[INFO] [stdout]   36: <core::panic::unwind_safe::AssertUnwindSafe<F> as core::ops::function::FnOnce<()>>::call_once
[INFO] [stdout]              at /rustc/6067b36314ab5eb2eb47cecc464545ba58e1ad24/library/core/src/panic/unwind_safe.rs:272:9
[INFO] [stdout]   37: std::panicking::try::do_call
[INFO] [stdout]              at /rustc/6067b36314ab5eb2eb47cecc464545ba58e1ad24/library/std/src/panicking.rs:587:40
[INFO] [stdout]   38: std::panicking::try
[INFO] [stdout]              at /rustc/6067b36314ab5eb2eb47cecc464545ba58e1ad24/library/std/src/panicking.rs:550:19
[INFO] [stdout]   39: std::panic::catch_unwind
[INFO] [stdout]              at /rustc/6067b36314ab5eb2eb47cecc464545ba58e1ad24/library/std/src/panic.rs:358:14
[INFO] [stdout]   40: test::run_test_in_process
[INFO] [stdout]              at /rustc/6067b36314ab5eb2eb47cecc464545ba58e1ad24/library/test/src/lib.rs:655:27
[INFO] [stdout]   41: test::run_test::{{closure}}
[INFO] [stdout]              at /rustc/6067b36314ab5eb2eb47cecc464545ba58e1ad24/library/test/src/lib.rs:576:43
[INFO] [stdout]   42: test::run_test::{{closure}}
[INFO] [stdout]              at /rustc/6067b36314ab5eb2eb47cecc464545ba58e1ad24/library/test/src/lib.rs:606:41
[INFO] [stdout]   43: std::sys::backtrace::__rust_begin_short_backtrace
[INFO] [stdout]              at /rustc/6067b36314ab5eb2eb47cecc464545ba58e1ad24/library/std/src/sys/backtrace.rs:152:18
[INFO] [stdout]   44: std::thread::Builder::spawn_unchecked_::{{closure}}::{{closure}}
[INFO] [stdout]              at /rustc/6067b36314ab5eb2eb47cecc464545ba58e1ad24/library/std/src/thread/mod.rs:559:17
[INFO] [stdout]   45: <core::panic::unwind_safe::AssertUnwindSafe<F> as core::ops::function::FnOnce<()>>::call_once
[INFO] [stdout]              at /rustc/6067b36314ab5eb2eb47cecc464545ba58e1ad24/library/core/src/panic/unwind_safe.rs:272:9
[INFO] [stdout]   46: std::panicking::try::do_call
[INFO] [stdout]              at /rustc/6067b36314ab5eb2eb47cecc464545ba58e1ad24/library/std/src/panicking.rs:587:40
[INFO] [stdout]   47: std::panicking::try
[INFO] [stdout]              at /rustc/6067b36314ab5eb2eb47cecc464545ba58e1ad24/library/std/src/panicking.rs:550:19
[INFO] [stdout]   48: std::panic::catch_unwind
[INFO] [stdout]              at /rustc/6067b36314ab5eb2eb47cecc464545ba58e1ad24/library/std/src/panic.rs:358:14
[INFO] [stdout]   49: std::thread::Builder::spawn_unchecked_::{{closure}}
[INFO] [stdout]              at /rustc/6067b36314ab5eb2eb47cecc464545ba58e1ad24/library/std/src/thread/mod.rs:557:30
[INFO] [stdout]   50: core::ops::function::FnOnce::call_once{{vtable.shim}}
[INFO] [stdout]              at /rustc/6067b36314ab5eb2eb47cecc464545ba58e1ad24/library/core/src/ops/function.rs:250:5
[INFO] [stdout]   51: <alloc::boxed::Box<F,A> as core::ops::function::FnOnce<Args>>::call_once
[INFO] [stdout]              at /rustc/6067b36314ab5eb2eb47cecc464545ba58e1ad24/library/alloc/src/boxed.rs:2013:9
[INFO] [stdout]   52: <alloc::boxed::Box<F,A> as core::ops::function::FnOnce<Args>>::call_once
[INFO] [stdout]              at /rustc/6067b36314ab5eb2eb47cecc464545ba58e1ad24/library/alloc/src/boxed.rs:2013:9
[INFO] [stdout]   53: std::sys::pal::unix::thread::Thread::new::thread_start
[INFO] [stdout]              at /rustc/6067b36314ab5eb2eb47cecc464545ba58e1ad24/library/std/src/sys/pal/unix/thread.rs:106:17
[INFO] [stdout]   54: <unknown>
[INFO] [stdout]   55: clone
[INFO] [stdout] stack backtrace:
[INFO] [stdout]    0:     0x58fa100b0aca - std::backtrace_rs::backtrace::libunwind::trace::hb059275cfc8d6126
[INFO] [stdout]                                at /rustc/6067b36314ab5eb2eb47cecc464545ba58e1ad24/library/std/src/../../backtrace/src/backtrace/libunwind.rs:116:5
[INFO] [stdout]    1:     0x58fa100b0aca - std::backtrace_rs::backtrace::trace_unsynchronized::h2da071e4327ce3ee
[INFO] [stdout]                                at /rustc/6067b36314ab5eb2eb47cecc464545ba58e1ad24/library/std/src/../../backtrace/src/backtrace/mod.rs:66:5
[INFO] [stdout]    2:     0x58fa100b0aca - std::sys::backtrace::_print_fmt::h842a1474e6f8d23f
[INFO] [stdout]                                at /rustc/6067b36314ab5eb2eb47cecc464545ba58e1ad24/library/std/src/sys/backtrace.rs:66:9
[INFO] [stdout]    3:     0x58fa100b0aca - <std::sys::backtrace::BacktraceLock::print::DisplayBacktrace as core::fmt::Display>::fmt::h71a62eb3b9696b12
[INFO] [stdout]                                at /rustc/6067b36314ab5eb2eb47cecc464545ba58e1ad24/library/std/src/sys/backtrace.rs:39:26
[INFO] [stdout]    4:     0x58fa100deaa3 - core::fmt::rt::Argument::fmt::hdb6b616786b41dc1
[INFO] [stdout]                                at /rustc/6067b36314ab5eb2eb47cecc464545ba58e1ad24/library/core/src/fmt/rt.rs:177:76
[INFO] [stdout]    5:     0x58fa100deaa3 - core::fmt::write::h2cc1698af7e2d686
[INFO] [stdout]                                at /rustc/6067b36314ab5eb2eb47cecc464545ba58e1ad24/library/core/src/fmt/mod.rs:1440:21
[INFO] [stdout]    6:     0x58fa100ac2b3 - std::io::Write::write_fmt::hab1b4cd059a79022
[INFO] [stdout]                                at /rustc/6067b36314ab5eb2eb47cecc464545ba58e1ad24/library/std/src/io/mod.rs:1887:15
[INFO] [stdout]    7:     0x58fa100b0912 - std::sys::backtrace::BacktraceLock::print::h147fe35b4ea13b08
[INFO] [stdout]                                at /rustc/6067b36314ab5eb2eb47cecc464545ba58e1ad24/library/std/src/sys/backtrace.rs:42:9
[INFO] [stdout]    8:     0x58fa100b1eef - std::panicking::default_hook::{{closure}}::hbd44223dbdc0d208
[INFO] [stdout]                                at /rustc/6067b36314ab5eb2eb47cecc464545ba58e1ad24/library/std/src/panicking.rs:298:22
[INFO] [stdout]    9:     0x58fa100b1d08 - std::panicking::default_hook::h20f81eb0576efcec
[INFO] [stdout]                                at /rustc/6067b36314ab5eb2eb47cecc464545ba58e1ad24/library/std/src/panicking.rs:322:9
[INFO] [stdout]   10:     0x58fa0f342f93 - <alloc::boxed::Box<F,A> as core::ops::function::Fn<Args>>::call::hdb53814c496a4d34
[INFO] [stdout]                                at /rustc/6067b36314ab5eb2eb47cecc464545ba58e1ad24/library/alloc/src/boxed.rs:2027:9
[INFO] [stdout]   11:     0x58fa0f342f93 - test::test_main::{{closure}}::hc0a4963c59427c24
[INFO] [stdout]                                at /rustc/6067b36314ab5eb2eb47cecc464545ba58e1ad24/library/test/src/lib.rs:134:21
[INFO] [stdout]   12:     0x58fa100b29e3 - <alloc::boxed::Box<F,A> as core::ops::function::Fn<Args>>::call::h591b2225413a77e9
[INFO] [stdout]                                at /rustc/6067b36314ab5eb2eb47cecc464545ba58e1ad24/library/alloc/src/boxed.rs:2027:9
[INFO] [stdout]   13:     0x58fa100b29e3 - std::panicking::rust_panic_with_hook::h625eea43051b2edc
[INFO] [stdout]                                at /rustc/6067b36314ab5eb2eb47cecc464545ba58e1ad24/library/std/src/panicking.rs:839:13
[INFO] [stdout]   14:     0x58fa100b269a - std::panicking::begin_panic_handler::{{closure}}::h4f9159cfbc3f6bd3
[INFO] [stdout]                                at /rustc/6067b36314ab5eb2eb47cecc464545ba58e1ad24/library/std/src/panicking.rs:704:13
[INFO] [stdout]   15:     0x58fa100b0fc9 - std::sys::backtrace::__rust_end_short_backtrace::h0390abce48353151
[INFO] [stdout]                                at /rustc/6067b36314ab5eb2eb47cecc464545ba58e1ad24/library/std/src/sys/backtrace.rs:168:18
[INFO] [stdout]   16:     0x58fa100b232d - rust_begin_unwind
[INFO] [stdout]                                at /rustc/6067b36314ab5eb2eb47cecc464545ba58e1ad24/library/std/src/panicking.rs:695:5
[INFO] [stdout]   17:     0x58fa100dc290 - core::panicking::panic_fmt::h9e7c637e9e5f29c9
[INFO] [stdout]                                at /rustc/6067b36314ab5eb2eb47cecc464545ba58e1ad24/library/core/src/panicking.rs:75:14
[INFO] [stdout]   18:     0x58fa100dc766 - core::result::unwrap_failed::h7979f09313fe1849
[INFO] [stdout]                                at /rustc/6067b36314ab5eb2eb47cecc464545ba58e1ad24/library/core/src/result.rs:1704:5
[INFO] [stdout]   19:     0x58fa0f2e07f4 - core::result::Result<T,E>::unwrap::h04634da4e2deffe4
[INFO] [stdout]                                at /rustc/6067b36314ab5eb2eb47cecc464545ba58e1ad24/library/core/src/result.rs:1109:23
[INFO] [stdout]   20:     0x58fa0f2e07f4 - geni::integration_test::tests::test_migrate::{{closure}}::he3a8d917b5440266
[INFO] [stdout]                                at /opt/rustwide/workdir/src/lib/integration_test.rs:97:33
[INFO] [stdout]   21:     0x58fa0f2e311c - geni::integration_test::tests::test_migrate_postgres::{{closure}}::{{closure}}::h7b2ae1b7e7d847bc
[INFO] [stdout]                                at /opt/rustwide/workdir/src/lib/integration_test.rs:213:47
[INFO] [stdout]   22:     0x58fa0f2b93d5 - <core::pin::Pin<P> as core::future::future::Future>::poll::h497dc33cd3e31673
[INFO] [stdout]                                at /rustc/6067b36314ab5eb2eb47cecc464545ba58e1ad24/library/core/src/future/future.rs:124:9
[INFO] [stdout]   23:     0x58fa0f2b92ed - <core::pin::Pin<P> as core::future::future::Future>::poll::h03e247b0c7b481e7
[INFO] [stdout]                                at /rustc/6067b36314ab5eb2eb47cecc464545ba58e1ad24/library/core/src/future/future.rs:124:9
[INFO] [stdout]   24:     0x58fa0f2d7b6f - tokio::runtime::scheduler::current_thread::CoreGuard::block_on::{{closure}}::{{closure}}::{{closure}}::he01562a08f266afc
[INFO] [stdout]                                at /opt/rustwide/cargo-home/registry/src/index.crates.io-1949cf8c6b5b557f/tokio-1.41.0/src/runtime/scheduler/current_thread/mod.rs:729:57
[INFO] [stdout]   25:     0x58fa0f2d7886 - tokio::runtime::coop::with_budget::hd549f3d69b5eb510
[INFO] [stdout]                                at /opt/rustwide/cargo-home/registry/src/index.crates.io-1949cf8c6b5b557f/tokio-1.41.0/src/runtime/coop.rs:107:5
[INFO] [stdout]   26:     0x58fa0f2d7886 - tokio::runtime::coop::budget::h33f75a1b0d0345e5
[INFO] [stdout]                                at /opt/rustwide/cargo-home/registry/src/index.crates.io-1949cf8c6b5b557f/tokio-1.41.0/src/runtime/coop.rs:73:5
[INFO] [stdout]   27:     0x58fa0f2d7886 - tokio::runtime::scheduler::current_thread::CoreGuard::block_on::{{closure}}::{{closure}}::hb86532d0e87f6b58
[INFO] [stdout]                                at /opt/rustwide/cargo-home/registry/src/index.crates.io-1949cf8c6b5b557f/tokio-1.41.0/src/runtime/scheduler/current_thread/mod.rs:729:25
[INFO] [stdout]   28:     0x58fa0f2d51ba - tokio::runtime::scheduler::current_thread::Context::enter::hac69c897db40846c
[INFO] [stdout]                                at /opt/rustwide/cargo-home/registry/src/index.crates.io-1949cf8c6b5b557f/tokio-1.41.0/src/runtime/scheduler/current_thread/mod.rs:428:19
[INFO] [stdout]   29:     0x58fa0f2d676b - tokio::runtime::scheduler::current_thread::CoreGuard::block_on::{{closure}}::h1bb60f56005f4ac4
[INFO] [stdout]                                at /opt/rustwide/cargo-home/registry/src/index.crates.io-1949cf8c6b5b557f/tokio-1.41.0/src/runtime/scheduler/current_thread/mod.rs:728:36
[INFO] [stdout]   30:     0x58fa0f2d641b - tokio::runtime::scheduler::current_thread::CoreGuard::enter::{{closure}}::h5d2dddd07c1e9bc2
[INFO] [stdout]                                at /opt/rustwide/cargo-home/registry/src/index.crates.io-1949cf8c6b5b557f/tokio-1.41.0/src/runtime/scheduler/current_thread/mod.rs:807:68
[INFO] [stdout]   31:     0x58fa0f2f2b6a - tokio::runtime::context::scoped::Scoped<T>::set::h91d54ac435166276
[INFO] [stdout]                                at /opt/rustwide/cargo-home/registry/src/index.crates.io-1949cf8c6b5b557f/tokio-1.41.0/src/runtime/context/scoped.rs:40:9
[INFO] [stdout]   32:     0x58fa0f295b5a - tokio::runtime::context::set_scheduler::{{closure}}::he5837fcb327c9a3f
[INFO] [stdout]                                at /opt/rustwide/cargo-home/registry/src/index.crates.io-1949cf8c6b5b557f/tokio-1.41.0/src/runtime/context.rs:180:26
[INFO] [stdout]   33:     0x58fa0f299c46 - std::thread::local::LocalKey<T>::try_with::h222f202426761bbc
[INFO] [stdout]                                at /rustc/6067b36314ab5eb2eb47cecc464545ba58e1ad24/library/std/src/thread/local.rs:308:12
[INFO] [stdout]   34:     0x58fa0f29977d - std::thread::local::LocalKey<T>::with::ha2ccab329cd90413
[INFO] [stdout]                                at /rustc/6067b36314ab5eb2eb47cecc464545ba58e1ad24/library/std/src/thread/local.rs:272:9
[INFO] [stdout]   35:     0x58fa0f295aa1 - tokio::runtime::context::set_scheduler::hb7095b5f75e1da6b
[INFO] [stdout]                                at /opt/rustwide/cargo-home/registry/src/index.crates.io-1949cf8c6b5b557f/tokio-1.41.0/src/runtime/context.rs:180:9
[INFO] [stdout]   36:     0x58fa0f2d5d21 - tokio::runtime::scheduler::current_thread::CoreGuard::enter::h18e6691e564a74c0
[INFO] [stdout]                                at /opt/rustwide/cargo-home/registry/src/index.crates.io-1949cf8c6b5b557f/tokio-1.41.0/src/runtime/scheduler/current_thread/mod.rs:807:27
[INFO] [stdout]   37:     0x58fa0f2d6473 - tokio::runtime::scheduler::current_thread::CoreGuard::block_on::h1bdab31828c253a4
[INFO] [stdout]                                at /opt/rustwide/cargo-home/registry/src/index.crates.io-1949cf8c6b5b557f/tokio-1.41.0/src/runtime/scheduler/current_thread/mod.rs:716:19
[INFO] [stdout]   38:     0x58fa0f2d4487 - tokio::runtime::scheduler::current_thread::CurrentThread::block_on::{{closure}}::h69a616d97c8586df
[INFO] [stdout]                                at /opt/rustwide/cargo-home/registry/src/index.crates.io-1949cf8c6b5b557f/tokio-1.41.0/src/runtime/scheduler/current_thread/mod.rs:196:28
[INFO] [stdout]   39:     0x58fa0f2aaad6 - tokio::runtime::context::runtime::enter_runtime::h2309a21589f67fdd
[INFO] [stdout]                                at /opt/rustwide/cargo-home/registry/src/index.crates.io-1949cf8c6b5b557f/tokio-1.41.0/src/runtime/context/runtime.rs:65:16
[INFO] [stdout]   40:     0x58fa0f2d3c71 - tokio::runtime::scheduler::current_thread::CurrentThread::block_on::h7ae4bf75b4e7bc94
[INFO] [stdout]                                at /opt/rustwide/cargo-home/registry/src/index.crates.io-1949cf8c6b5b557f/tokio-1.41.0/src/runtime/scheduler/current_thread/mod.rs:184:9
[INFO] [stdout]   41:     0x58fa0f2dcee7 - tokio::runtime::runtime::Runtime::block_on_inner::hc320ff93ac3a81a2
[INFO] [stdout]                                at /opt/rustwide/cargo-home/registry/src/index.crates.io-1949cf8c6b5b557f/tokio-1.41.0/src/runtime/runtime.rs:368:47
[INFO] [stdout]   42:     0x58fa0f2dd250 - tokio::runtime::runtime::Runtime::block_on::h0687d738a18b9601
[INFO] [stdout]                                at /opt/rustwide/cargo-home/registry/src/index.crates.io-1949cf8c6b5b557f/tokio-1.41.0/src/runtime/runtime.rs:342:13
[INFO] [stdout]   43:     0x58fa0f2e2eda - geni::integration_test::tests::test_migrate_postgres::{{closure}}::h34681c0c252ecd9a
[INFO] [stdout]                                at /opt/rustwide/workdir/src/lib/integration_test.rs:213:9
[INFO] [stdout]   44:     0x58fa0f2662ae - core::ops::function::FnOnce::call_once::h65253c6f30ddbb7c
[INFO] [stdout]                                at /rustc/6067b36314ab5eb2eb47cecc464545ba58e1ad24/library/core/src/ops/function.rs:250:5
[INFO] [stdout]   45:     0x58fa0f2db5fa - serial_test::serial_code_lock::local_serial_core_with_return::h135ec714f13e3468
[INFO] [stdout]                                at /opt/rustwide/cargo-home/registry/src/index.crates.io-1949cf8c6b5b557f/serial_test-3.1.1/src/serial_code_lock.rs:30:5
[INFO] [stdout]   46:     0x58fa0f2e2d59 - geni::integration_test::tests::test_migrate_postgres::ha8c1267606b43abb
[INFO] [stdout]                                at /opt/rustwide/workdir/src/lib/integration_test.rs:209:5
[INFO] [stdout]   47:     0x58fa0f2e2cd7 - geni::integration_test::tests::test_migrate_postgres::{{closure}}::h6b8310b2794cad01
[INFO] [stdout]                                at /opt/rustwide/workdir/src/lib/integration_test.rs:210:41
[INFO] [stdout]   48:     0x58fa0f2665d6 - core::ops::function::FnOnce::call_once::hf37a7e261ed2c05d
[INFO] [stdout]                                at /rustc/6067b36314ab5eb2eb47cecc464545ba58e1ad24/library/core/src/ops/function.rs:250:5
[INFO] [stdout]   49:     0x58fa0f3486eb - core::ops::function::FnOnce::call_once::he27718dfdd183f43
[INFO] [stdout]                                at /rustc/6067b36314ab5eb2eb47cecc464545ba58e1ad24/library/core/src/ops/function.rs:250:5
[INFO] [stdout]   50:     0x58fa0f3486eb - test::__rust_begin_short_backtrace::h4e84902998457a5d
[INFO] [stdout]                                at /rustc/6067b36314ab5eb2eb47cecc464545ba58e1ad24/library/test/src/lib.rs:632:18
[INFO] [stdout]   51:     0x58fa0f347623 - test::run_test_in_process::{{closure}}::h7176fd18fc1feca0
[INFO] [stdout]                                at /rustc/6067b36314ab5eb2eb47cecc464545ba58e1ad24/library/test/src/lib.rs:655:60
[INFO] [stdout]   52:     0x58fa0f347623 - <core::panic::unwind_safe::AssertUnwindSafe<F> as core::ops::function::FnOnce<()>>::call_once::hf79cff2a624d8cf7
[INFO] [stdout]                                at /rustc/6067b36314ab5eb2eb47cecc464545ba58e1ad24/library/core/src/panic/unwind_safe.rs:272:9
[INFO] [stdout]   53:     0x58fa0f347623 - std::panicking::try::do_call::h3da0561d9ab99c25
[INFO] [stdout]                                at /rustc/6067b36314ab5eb2eb47cecc464545ba58e1ad24/library/std/src/panicking.rs:587:40
[INFO] [stdout]   54:     0x58fa0f347623 - std::panicking::try::h41c9fa508bc61df6
[INFO] [stdout]                                at /rustc/6067b36314ab5eb2eb47cecc464545ba58e1ad24/library/std/src/panicking.rs:550:19
[INFO] [stdout]   55:     0x58fa0f347623 - std::panic::catch_unwind::h6b3ff07bb5afad93
[INFO] [stdout]                                at /rustc/6067b36314ab5eb2eb47cecc464545ba58e1ad24/library/std/src/panic.rs:358:14
[INFO] [stdout]   56:     0x58fa0f347623 - test::run_test_in_process::hc7253dd11b39b9f4
[INFO] [stdout]                                at /rustc/6067b36314ab5eb2eb47cecc464545ba58e1ad24/library/test/src/lib.rs:655:27
[INFO] [stdout]   57:     0x58fa0f347623 - test::run_test::{{closure}}::hfb2007f8649c30bb
[INFO] [stdout]                                at /rustc/6067b36314ab5eb2eb47cecc464545ba58e1ad24/library/test/src/lib.rs:576:43
[INFO] [stdout]   58:     0x58fa0f30a705 - test::run_test::{{closure}}::h56a17aa7a282a9f4
[INFO] [stdout]                                at /rustc/6067b36314ab5eb2eb47cecc464545ba58e1ad24/library/test/src/lib.rs:606:41
[INFO] [stdout]   59:     0x58fa0f30a705 - std::sys::backtrace::__rust_begin_short_backtrace::hd2d2d2fb8e8c6aac
[INFO] [stdout]                                at /rustc/6067b36314ab5eb2eb47cecc464545ba58e1ad24/library/std/src/sys/backtrace.rs:152:18
[INFO] [stdout]   60:     0x58fa0f30dfea - std::thread::Builder::spawn_unchecked_::{{closure}}::{{closure}}::h4faa3f9db6133423
[INFO] [stdout]                                at /rustc/6067b36314ab5eb2eb47cecc464545ba58e1ad24/library/std/src/thread/mod.rs:559:17
[INFO] [stdout]   61:     0x58fa0f30dfea - <core::panic::unwind_safe::AssertUnwindSafe<F> as core::ops::function::FnOnce<()>>::call_once::hf2e855a36a4ea846
[INFO] [stdout]                                at /rustc/6067b36314ab5eb2eb47cecc464545ba58e1ad24/library/core/src/panic/unwind_safe.rs:272:9
[INFO] [stdout]   62:     0x58fa0f30dfea - std::panicking::try::do_call::h2f73af3616c35465
[INFO] [stdout]                                at /rustc/6067b36314ab5eb2eb47cecc464545ba58e1ad24/library/std/src/panicking.rs:587:40
[INFO] [stdout]   63:     0x58fa0f30dfea - std::panicking::try::hd1660ce9efadef5a
[INFO] [stdout]                                at /rustc/6067b36314ab5eb2eb47cecc464545ba58e1ad24/library/std/src/panicking.rs:550:19
[INFO] [stdout]   64:     0x58fa0f30dfea - std::panic::catch_unwind::h5ee8d7823b8ca744
[INFO] [stdout]                                at /rustc/6067b36314ab5eb2eb47cecc464545ba58e1ad24/library/std/src/panic.rs:358:14
[INFO] [stdout]   65:     0x58fa0f30dfea - std::thread::Builder::spawn_unchecked_::{{closure}}::h53c3a1894dce8407
[INFO] [stdout]                                at /rustc/6067b36314ab5eb2eb47cecc464545ba58e1ad24/library/std/src/thread/mod.rs:557:30
[INFO] [stdout]   66:     0x58fa0f30dfea - core::ops::function::FnOnce::call_once{{vtable.shim}}::h048ce291ad4f62bf
[INFO] [stdout]                                at /rustc/6067b36314ab5eb2eb47cecc464545ba58e1ad24/library/core/src/ops/function.rs:250:5
[INFO] [stdout]   67:     0x58fa100b7bdb - <alloc::boxed::Box<F,A> as core::ops::function::FnOnce<Args>>::call_once::ha52bedf99a3b4981
[INFO] [stdout]                                at /rustc/6067b36314ab5eb2eb47cecc464545ba58e1ad24/library/alloc/src/boxed.rs:2013:9
[INFO] [stdout]   68:     0x58fa100b7bdb - <alloc::boxed::Box<F,A> as core::ops::function::FnOnce<Args>>::call_once::h567748934d80ccf8
[INFO] [stdout]                                at /rustc/6067b36314ab5eb2eb47cecc464545ba58e1ad24/library/alloc/src/boxed.rs:2013:9
[INFO] [stdout]   69:     0x58fa100b7bdb - std::sys::pal::unix::thread::Thread::new::thread_start::h2d970728ae887adc
[INFO] [stdout]                                at /rustc/6067b36314ab5eb2eb47cecc464545ba58e1ad24/library/std/src/sys/pal/unix/thread.rs:106:17
[INFO] [stdout]   70:     0x7901bf5f4ac3 - <unknown>
[INFO] [stdout]   71:     0x7901bf685a04 - clone
[INFO] [stdout]   72:                0x0 - <unknown>
[INFO] [stdout] 
[INFO] [stdout] ---- integration_test::tests::test_migrate_mysql stdout ----
[INFO] [stdout] 
[INFO] [stdout] thread 'integration_test::tests::test_migrate_mysql' panicked at src/lib/integration_test.rs:107:10:
[INFO] [stdout] called `Result::unwrap()` on an `Err` value: Database is not ready
[INFO] [stdout] 
[INFO] [stdout] Stack backtrace:
[INFO] [stdout]    0: anyhow::error::<impl anyhow::Error>::msg
[INFO] [stdout]              at /opt/rustwide/cargo-home/registry/src/index.crates.io-1949cf8c6b5b557f/anyhow-1.0.92/src/backtrace.rs:27:14
[INFO] [stdout]    1: anyhow::__private::format_err
[INFO] [stdout]              at /opt/rustwide/cargo-home/registry/src/index.crates.io-1949cf8c6b5b557f/anyhow-1.0.92/src/lib.rs:691:13
[INFO] [stdout]    2: geni::database_drivers::mysql::MySQLDriver::new::{{closure}}
[INFO] [stdout]              at ./src/lib/database_drivers/mysql.rs:38:21
[INFO] [stdout]    3: geni::database_drivers::new::{{closure}}
[INFO] [stdout]              at ./src/lib/database_drivers/mod.rs:123:14
[INFO] [stdout]    4: geni::integration_test::tests::test_migrate::{{closure}}
[INFO] [stdout]              at ./src/lib/integration_test.rs:106:10
[INFO] [stdout]    5: geni::integration_test::tests::test_migrate_mysql::{{closure}}::{{closure}}
[INFO] [stdout]              at ./src/lib/integration_test.rs:221:44
[INFO] [stdout]    6: <core::pin::Pin<P> as core::future::future::Future>::poll
[INFO] [stdout]              at /rustc/6067b36314ab5eb2eb47cecc464545ba58e1ad24/library/core/src/future/future.rs:124:9
[INFO] [stdout]    7: <core::pin::Pin<P> as core::future::future::Future>::poll
[INFO] [stdout]              at /rustc/6067b36314ab5eb2eb47cecc464545ba58e1ad24/library/core/src/future/future.rs:124:9
[INFO] [stdout]    8: tokio::runtime::scheduler::current_thread::CoreGuard::block_on::{{closure}}::{{closure}}::{{closure}}
[INFO] [stdout]              at /opt/rustwide/cargo-home/registry/src/index.crates.io-1949cf8c6b5b557f/tokio-1.41.0/src/runtime/scheduler/current_thread/mod.rs:729:57
[INFO] [stdout]    9: tokio::runtime::coop::with_budget
[INFO] [stdout]              at /opt/rustwide/cargo-home/registry/src/index.crates.io-1949cf8c6b5b557f/tokio-1.41.0/src/runtime/coop.rs:107:5
[INFO] [stdout]   10: tokio::runtime::coop::budget
[INFO] [stdout]              at /opt/rustwide/cargo-home/registry/src/index.crates.io-1949cf8c6b5b557f/tokio-1.41.0/src/runtime/coop.rs:73:5
[INFO] [stdout]   11: tokio::runtime::scheduler::current_thread::CoreGuard::block_on::{{closure}}::{{closure}}
[INFO] [stdout]              at /opt/rustwide/cargo-home/registry/src/index.crates.io-1949cf8c6b5b557f/tokio-1.41.0/src/runtime/scheduler/current_thread/mod.rs:729:25
[INFO] [stdout]   12: tokio::runtime::scheduler::current_thread::Context::enter
[INFO] [stdout]              at /opt/rustwide/cargo-home/registry/src/index.crates.io-1949cf8c6b5b557f/tokio-1.41.0/src/runtime/scheduler/current_thread/mod.rs:428:19
[INFO] [stdout]   13: tokio::runtime::scheduler::current_thread::CoreGuard::block_on::{{closure}}
[INFO] [stdout]              at /opt/rustwide/cargo-home/registry/src/index.crates.io-1949cf8c6b5b557f/tokio-1.41.0/src/runtime/scheduler/current_thread/mod.rs:728:36
[INFO] [stdout]   14: tokio::runtime::scheduler::current_thread::CoreGuard::enter::{{closure}}
[INFO] [stdout]              at /opt/rustwide/cargo-home/registry/src/index.crates.io-1949cf8c6b5b557f/tokio-1.41.0/src/runtime/scheduler/current_thread/mod.rs:807:68
[INFO] [stdout]   15: tokio::runtime::context::scoped::Scoped<T>::set
[INFO] [stdout]              at /opt/rustwide/cargo-home/registry/src/index.crates.io-1949cf8c6b5b557f/tokio-1.41.0/src/runtime/context/scoped.rs:40:9
[INFO] [stdout]   16: tokio::runtime::context::set_scheduler::{{closure}}
[INFO] [stdout]              at /opt/rustwide/cargo-home/registry/src/index.crates.io-1949cf8c6b5b557f/tokio-1.41.0/src/runtime/context.rs:180:26
[INFO] [stdout]   17: std::thread::local::LocalKey<T>::try_with
[INFO] [stdout]              at /rustc/6067b36314ab5eb2eb47cecc464545ba58e1ad24/library/std/src/thread/local.rs:308:12
[INFO] [stdout]   18: std::thread::local::LocalKey<T>::with
[INFO] [stdout]              at /rustc/6067b36314ab5eb2eb47cecc464545ba58e1ad24/library/std/src/thread/local.rs:272:9
[INFO] [stdout]   19: tokio::runtime::context::set_scheduler
[INFO] [stdout]              at /opt/rustwide/cargo-home/registry/src/index.crates.io-1949cf8c6b5b557f/tokio-1.41.0/src/runtime/context.rs:180:9
[INFO] [stdout]   20: tokio::runtime::scheduler::current_thread::CoreGuard::enter
[INFO] [stdout]              at /opt/rustwide/cargo-home/registry/src/index.crates.io-1949cf8c6b5b557f/tokio-1.41.0/src/runtime/scheduler/current_thread/mod.rs:807:27
[INFO] [stdout]   21: tokio::runtime::scheduler::current_thread::CoreGuard::block_on
[INFO] [stdout]              at /opt/rustwide/cargo-home/registry/src/index.crates.io-1949cf8c6b5b557f/tokio-1.41.0/src/runtime/scheduler/current_thread/mod.rs:716:19
[INFO] [stdout]   22: tokio::runtime::scheduler::current_thread::CurrentThread::block_on::{{closure}}
[INFO] [stdout]              at /opt/rustwide/cargo-home/registry/src/index.crates.io-1949cf8c6b5b557f/tokio-1.41.0/src/runtime/scheduler/current_thread/mod.rs:196:28
[INFO] [stdout]   23: tokio::runtime::context::runtime::enter_runtime
[INFO] [stdout]              at /opt/rustwide/cargo-home/registry/src/index.crates.io-1949cf8c6b5b557f/tokio-1.41.0/src/runtime/context/runtime.rs:65:16
[INFO] [stdout]   24: tokio::runtime::scheduler::current_thread::CurrentThread::block_on
[INFO] [stdout]              at /opt/rustwide/cargo-home/registry/src/index.crates.io-1949cf8c6b5b557f/tokio-1.41.0/src/runtime/scheduler/current_thread/mod.rs:184:9
[INFO] [stdout]   25: tokio::runtime::runtime::Runtime::block_on_inner
[INFO] [stdout]              at /opt/rustwide/cargo-home/registry/src/index.crates.io-1949cf8c6b5b557f/tokio-1.41.0/src/runtime/runtime.rs:368:47
[INFO] [stdout]   26: tokio::runtime::runtime::Runtime::block_on
[INFO] [stdout]              at /opt/rustwide/cargo-home/registry/src/index.crates.io-1949cf8c6b5b557f/tokio-1.41.0/src/runtime/runtime.rs:342:13
[INFO] [stdout]   27: geni::integration_test::tests::test_migrate_mysql::{{closure}}
[INFO] [stdout]              at ./src/lib/integration_test.rs:221:9
[INFO] [stdout]   28: core::ops::function::FnOnce::call_once
[INFO] [stdout]              at /rustc/6067b36314ab5eb2eb47cecc464545ba58e1ad24/library/core/src/ops/function.rs:250:5
[INFO] [stdout]   29: serial_test::serial_code_lock::local_serial_core_with_return
[INFO] [stdout]              at /opt/rustwide/cargo-home/registry/src/index.crates.io-1949cf8c6b5b557f/serial_test-3.1.1/src/serial_code_lock.rs:30:5
[INFO] [stdout]   30: geni::integration_test::tests::test_migrate_mysql
[INFO] [stdout]              at ./src/lib/integration_test.rs:217:5
[INFO] [stdout]   31: geni::integration_test::tests::test_migrate_mysql::{{closure}}
[INFO] [stdout]              at ./src/lib/integration_test.rs:218:38
[INFO] [stdout]   32: core::ops::function::FnOnce::call_once
[INFO] [stdout]              at /rustc/6067b36314ab5eb2eb47cecc464545ba58e1ad24/library/core/src/ops/function.rs:250:5
[INFO] [stdout]   33: core::ops::function::FnOnce::call_once
[INFO] [stdout]              at /rustc/6067b36314ab5eb2eb47cecc464545ba58e1ad24/library/core/src/ops/function.rs:250:5
[INFO] [stdout]   34: test::__rust_begin_short_backtrace
[INFO] [stdout]              at /rustc/6067b36314ab5eb2eb47cecc464545ba58e1ad24/library/test/src/lib.rs:632:18
[INFO] [stdout]   35: test::run_test_in_process::{{closure}}
[INFO] [stdout]              at /rustc/6067b36314ab5eb2eb47cecc464545ba58e1ad24/library/test/src/lib.rs:655:60
[INFO] [stdout]   36: <core::panic::unwind_safe::AssertUnwindSafe<F> as core::ops::function::FnOnce<()>>::call_once
[INFO] [stdout]              at /rustc/6067b36314ab5eb2eb47cecc464545ba58e1ad24/library/core/src/panic/unwind_safe.rs:272:9
[INFO] [stdout]   37: std::panicking::try::do_call
[INFO] [stdout]              at /rustc/6067b36314ab5eb2eb47cecc464545ba58e1ad24/library/std/src/panicking.rs:587:40
[INFO] [stdout]   38: std::panicking::try
[INFO] [stdout]              at /rustc/6067b36314ab5eb2eb47cecc464545ba58e1ad24/library/std/src/panicking.rs:550:19
[INFO] [stdout]   39: std::panic::catch_unwind
[INFO] [stdout]              at /rustc/6067b36314ab5eb2eb47cecc464545ba58e1ad24/library/std/src/panic.rs:358:14
[INFO] [stdout]   40: test::run_test_in_process
[INFO] [stdout]              at /rustc/6067b36314ab5eb2eb47cecc464545ba58e1ad24/library/test/src/lib.rs:655:27
[INFO] [stdout]   41: test::run_test::{{closure}}
[INFO] [stdout]              at /rustc/6067b36314ab5eb2eb47cecc464545ba58e1ad24/library/test/src/lib.rs:576:43
[INFO] [stdout]   42: test::run_test::{{closure}}
[INFO] [stdout]              at /rustc/6067b36314ab5eb2eb47cecc464545ba58e1ad24/library/test/src/lib.rs:606:41
[INFO] [stdout]   43: std::sys::backtrace::__rust_begin_short_backtrace
[INFO] [stdout]              at /rustc/6067b36314ab5eb2eb47cecc464545ba58e1ad24/library/std/src/sys/backtrace.rs:152:18
[INFO] [stdout]   44: std::thread::Builder::spawn_unchecked_::{{closure}}::{{closure}}
[INFO] [stdout]              at /rustc/6067b36314ab5eb2eb47cecc464545ba58e1ad24/library/std/src/thread/mod.rs:559:17
[INFO] [stdout]   45: <core::panic::unwind_safe::AssertUnwindSafe<F> as core::ops::function::FnOnce<()>>::call_once
[INFO] [stdout]              at /rustc/6067b36314ab5eb2eb47cecc464545ba58e1ad24/library/core/src/panic/unwind_safe.rs:272:9
[INFO] [stdout]   46: std::panicking::try::do_call
[INFO] [stdout]              at /rustc/6067b36314ab5eb2eb47cecc464545ba58e1ad24/library/std/src/panicking.rs:587:40
[INFO] [stdout]   47: std::panicking::try
[INFO] [stdout]              at /rustc/6067b36314ab5eb2eb47cecc464545ba58e1ad24/library/std/src/panicking.rs:550:19
[INFO] [stdout]   48: std::panic::catch_unwind
[INFO] [stdout]              at /rustc/6067b36314ab5eb2eb47cecc464545ba58e1ad24/library/std/src/panic.rs:358:14
[INFO] [stdout]   49: std::thread::Builder::spawn_unchecked_::{{closure}}
[INFO] [stdout]              at /rustc/6067b36314ab5eb2eb47cecc464545ba58e1ad24/library/std/src/thread/mod.rs:557:30
[INFO] [stdout]   50: core::ops::function::FnOnce::call_once{{vtable.shim}}
[INFO] [stdout]              at /rustc/6067b36314ab5eb2eb47cecc464545ba58e1ad24/library/core/src/ops/function.rs:250:5
[INFO] [stdout]   51: <alloc::boxed::Box<F,A> as core::ops::function::FnOnce<Args>>::call_once
[INFO] [stdout]              at /rustc/6067b36314ab5eb2eb47cecc464545ba58e1ad24/library/alloc/src/boxed.rs:2013:9
[INFO] [stdout]   52: <alloc::boxed::Box<F,A> as core::ops::function::FnOnce<Args>>::call_once
[INFO] [stdout]              at /rustc/6067b36314ab5eb2eb47cecc464545ba58e1ad24/library/alloc/src/boxed.rs:2013:9
[INFO] [stdout]   53: std::sys::pal::unix::thread::Thread::new::thread_start
[INFO] [stdout]              at /rustc/6067b36314ab5eb2eb47cecc464545ba58e1ad24/library/std/src/sys/pal/unix/thread.rs:106:17
[INFO] [stdout]   54: <unknown>
[INFO] [stdout]   55: clone
[INFO] [stdout] stack backtrace:
[INFO] [stdout]    0:     0x58fa100b0aca - std::backtrace_rs::backtrace::libunwind::trace::hb059275cfc8d6126
[INFO] [stdout]                                at /rustc/6067b36314ab5eb2eb47cecc464545ba58e1ad24/library/std/src/../../backtrace/src/backtrace/libunwind.rs:116:5
[INFO] [stdout]    1:     0x58fa100b0aca - std::backtrace_rs::backtrace::trace_unsynchronized::h2da071e4327ce3ee
[INFO] [stdout]                                at /rustc/6067b36314ab5eb2eb47cecc464545ba58e1ad24/library/std/src/../../backtrace/src/backtrace/mod.rs:66:5
[INFO] [stdout]    2:     0x58fa100b0aca - std::sys::backtrace::_print_fmt::h842a1474e6f8d23f
[INFO] [stdout]                                at /rustc/6067b36314ab5eb2eb47cecc464545ba58e1ad24/library/std/src/sys/backtrace.rs:66:9
[INFO] [stdout]    3:     0x58fa100b0aca - <std::sys::backtrace::BacktraceLock::print::DisplayBacktrace as core::fmt::Display>::fmt::h71a62eb3b9696b12
[INFO] [stdout]                                at /rustc/6067b36314ab5eb2eb47cecc464545ba58e1ad24/library/std/src/sys/backtrace.rs:39:26
[INFO] [stdout]    4:     0x58fa100deaa3 - core::fmt::rt::Argument::fmt::hdb6b616786b41dc1
[INFO] [stdout]                                at /rustc/6067b36314ab5eb2eb47cecc464545ba58e1ad24/library/core/src/fmt/rt.rs:177:76
[INFO] [stdout]    5:     0x58fa100deaa3 - core::fmt::write::h2cc1698af7e2d686
[INFO] [stdout]                                at /rustc/6067b36314ab5eb2eb47cecc464545ba58e1ad24/library/core/src/fmt/mod.rs:1440:21
[INFO] [stdout]    6:     0x58fa100ac2b3 - std::io::Write::write_fmt::hab1b4cd059a79022
[INFO] [stdout]                                at /rustc/6067b36314ab5eb2eb47cecc464545ba58e1ad24/library/std/src/io/mod.rs:1887:15
[INFO] [stdout]    7:     0x58fa100b0912 - std::sys::backtrace::BacktraceLock::print::h147fe35b4ea13b08
[INFO] [stdout]                                at /rustc/6067b36314ab5eb2eb47cecc464545ba58e1ad24/library/std/src/sys/backtrace.rs:42:9
[INFO] [stdout]    8:     0x58fa100b1eef - std::panicking::default_hook::{{closure}}::hbd44223dbdc0d208
[INFO] [stdout]                                at /rustc/6067b36314ab5eb2eb47cecc464545ba58e1ad24/library/std/src/panicking.rs:298:22
[INFO] [stdout]    9:     0x58fa100b1d08 - std::panicking::default_hook::h20f81eb0576efcec
[INFO] [stdout]                                at /rustc/6067b36314ab5eb2eb47cecc464545ba58e1ad24/library/std/src/panicking.rs:322:9
[INFO] [stdout]   10:     0x58fa0f342f93 - <alloc::boxed::Box<F,A> as core::ops::function::Fn<Args>>::call::hdb53814c496a4d34
[INFO] [stdout]                                at /rustc/6067b36314ab5eb2eb47cecc464545ba58e1ad24/library/alloc/src/boxed.rs:2027:9
[INFO] [stdout]   11:     0x58fa0f342f93 - test::test_main::{{closure}}::hc0a4963c59427c24
[INFO] [stdout]                                at /rustc/6067b36314ab5eb2eb47cecc464545ba58e1ad24/library/test/src/lib.rs:134:21
[INFO] [stdout]   12:     0x58fa100b29e3 - <alloc::boxed::Box<F,A> as core::ops::function::Fn<Args>>::call::h591b2225413a77e9
[INFO] [stdout]                                at /rustc/6067b36314ab5eb2eb47cecc464545ba58e1ad24/library/alloc/src/boxed.rs:2027:9
[INFO] [stdout]   13:     0x58fa100b29e3 - std::panicking::rust_panic_with_hook::h625eea43051b2edc
[INFO] [stdout]                                at /rustc/6067b36314ab5eb2eb47cecc464545ba58e1ad24/library/std/src/panicking.rs:839:13
[INFO] [stdout]   14:     0x58fa100b269a - std::panicking::begin_panic_handler::{{closure}}::h4f9159cfbc3f6bd3
[INFO] [stdout]                                at /rustc/6067b36314ab5eb2eb47cecc464545ba58e1ad24/library/std/src/panicking.rs:704:13
[INFO] [stdout]   15:     0x58fa100b0fc9 - std::sys::backtrace::__rust_end_short_backtrace::h0390abce48353151
[INFO] [stdout]                                at /rustc/6067b36314ab5eb2eb47cecc464545ba58e1ad24/library/std/src/sys/backtrace.rs:168:18
[INFO] [stdout]   16:     0x58fa100b232d - rust_begin_unwind
[INFO] [stdout]                                at /rustc/6067b36314ab5eb2eb47cecc464545ba58e1ad24/library/std/src/panicking.rs:695:5
[INFO] [stdout]   17:     0x58fa100dc290 - core::panicking::panic_fmt::h9e7c637e9e5f29c9
[INFO] [stdout]                                at /rustc/6067b36314ab5eb2eb47cecc464545ba58e1ad24/library/core/src/panicking.rs:75:14
[INFO] [stdout]   18:     0x58fa100dc766 - core::result::unwrap_failed::h7979f09313fe1849
[INFO] [stdout]                                at /rustc/6067b36314ab5eb2eb47cecc464545ba58e1ad24/library/core/src/result.rs:1704:5
[INFO] [stdout]   19:     0x58fa0f2e07f4 - core::result::Result<T,E>::unwrap::h04634da4e2deffe4
[INFO] [stdout]                                at /rustc/6067b36314ab5eb2eb47cecc464545ba58e1ad24/library/core/src/result.rs:1109:23
[INFO] [stdout]   20:     0x58fa0f2e07f4 - geni::integration_test::tests::test_migrate::{{closure}}::he3a8d917b5440266
[INFO] [stdout]                                at /opt/rustwide/workdir/src/lib/integration_test.rs:97:33
[INFO] [stdout]   21:     0x58fa0f2e362c - geni::integration_test::tests::test_migrate_mysql::{{closure}}::{{closure}}::hf3f0c069a03a58ce
[INFO] [stdout]                                at /opt/rustwide/workdir/src/lib/integration_test.rs:221:44
[INFO] [stdout]   22:     0x58fa0f2b93d5 - <core::pin::Pin<P> as core::future::future::Future>::poll::h497dc33cd3e31673
[INFO] [stdout]                                at /rustc/6067b36314ab5eb2eb47cecc464545ba58e1ad24/library/core/src/future/future.rs:124:9
[INFO] [stdout]   23:     0x58fa0f2b92ed - <core::pin::Pin<P> as core::future::future::Future>::poll::h03e247b0c7b481e7
[INFO] [stdout]                                at /rustc/6067b36314ab5eb2eb47cecc464545ba58e1ad24/library/core/src/future/future.rs:124:9
[INFO] [stdout]   24:     0x58fa0f2d7b6f - tokio::runtime::scheduler::current_thread::CoreGuard::block_on::{{closure}}::{{closure}}::{{closure}}::he01562a08f266afc
[INFO] [stdout]                                at /opt/rustwide/cargo-home/registry/src/index.crates.io-1949cf8c6b5b557f/tokio-1.41.0/src/runtime/scheduler/current_thread/mod.rs:729:57
[INFO] [stdout]   25:     0x58fa0f2d7886 - tokio::runtime::coop::with_budget::hd549f3d69b5eb510
[INFO] [stdout]                                at /opt/rustwide/cargo-home/registry/src/index.crates.io-1949cf8c6b5b557f/tokio-1.41.0/src/runtime/coop.rs:107:5
[INFO] [stdout]   26:     0x58fa0f2d7886 - tokio::runtime::coop::budget::h33f75a1b0d0345e5
[INFO] [stdout]                                at /opt/rustwide/cargo-home/registry/src/index.crates.io-1949cf8c6b5b557f/tokio-1.41.0/src/runtime/coop.rs:73:5
[INFO] [stdout]   27:     0x58fa0f2d7886 - tokio::runtime::scheduler::current_thread::CoreGuard::block_on::{{closure}}::{{closure}}::hb86532d0e87f6b58
[INFO] [stdout]                                at /opt/rustwide/cargo-home/registry/src/index.crates.io-1949cf8c6b5b557f/tokio-1.41.0/src/runtime/scheduler/current_thread/mod.rs:729:25
[INFO] [stdout]   28:     0x58fa0f2d51ba - tokio::runtime::scheduler::current_thread::Context::enter::hac69c897db40846c
[INFO] [stdout]                                at /opt/rustwide/cargo-home/registry/src/index.crates.io-1949cf8c6b5b557f/tokio-1.41.0/src/runtime/scheduler/current_thread/mod.rs:428:19
[INFO] [stdout]   29:     0x58fa0f2d676b - tokio::runtime::scheduler::current_thread::CoreGuard::block_on::{{closure}}::h1bb60f56005f4ac4
[INFO] [stdout]                                at /opt/rustwide/cargo-home/registry/src/index.crates.io-1949cf8c6b5b557f/tokio-1.41.0/src/runtime/scheduler/current_thread/mod.rs:728:36
[INFO] [stdout]   30:     0x58fa0f2d641b - tokio::runtime::scheduler::current_thread::CoreGuard::enter::{{closure}}::h5d2dddd07c1e9bc2
[INFO] [stdout]                                at /opt/rustwide/cargo-home/registry/src/index.crates.io-1949cf8c6b5b557f/tokio-1.41.0/src/runtime/scheduler/current_thread/mod.rs:807:68
[INFO] [stdout]   31:     0x58fa0f2f2b6a - tokio::runtime::context::scoped::Scoped<T>::set::h91d54ac435166276
[INFO] [stdout]                                at /opt/rustwide/cargo-home/registry/src/index.crates.io-1949cf8c6b5b557f/tokio-1.41.0/src/runtime/context/scoped.rs:40:9
[INFO] [stdout]   32:     0x58fa0f295b5a - tokio::runtime::context::set_scheduler::{{closure}}::he5837fcb327c9a3f
[INFO] [stdout]                                at /opt/rustwide/cargo-home/registry/src/index.crates.io-1949cf8c6b5b557f/tokio-1.41.0/src/runtime/context.rs:180:26
[INFO] [stdout]   33:     0x58fa0f299c46 - std::thread::local::LocalKey<T>::try_with::h222f202426761bbc
[INFO] [stdout]                                at /rustc/6067b36314ab5eb2eb47cecc464545ba58e1ad24/library/std/src/thread/local.rs:308:12
[INFO] [stdout]   34:     0x58fa0f29977d - std::thread::local::LocalKey<T>::with::ha2ccab329cd90413
[INFO] [stdout]                                at /rustc/6067b36314ab5eb2eb47cecc464545ba58e1ad24/library/std/src/thread/local.rs:272:9
[INFO] [stdout]   35:     0x58fa0f295aa1 - tokio::runtime::context::set_scheduler::hb7095b5f75e1da6b
[INFO] [stdout]                                at /opt/rustwide/cargo-home/registry/src/index.crates.io-1949cf8c6b5b557f/tokio-1.41.0/src/runtime/context.rs:180:9
[INFO] [stdout]   36:     0x58fa0f2d5d21 - tokio::runtime::scheduler::current_thread::CoreGuard::enter::h18e6691e564a74c0
[INFO] [stdout]                                at /opt/rustwide/cargo-home/registry/src/index.crates.io-1949cf8c6b5b557f/tokio-1.41.0/src/runtime/scheduler/current_thread/mod.rs:807:27
[INFO] [stdout]   37:     0x58fa0f2d6473 - tokio::runtime::scheduler::current_thread::CoreGuard::block_on::h1bdab31828c253a4
[INFO] [stdout]                                at /opt/rustwide/cargo-home/registry/src/index.crates.io-1949cf8c6b5b557f/tokio-1.41.0/src/runtime/scheduler/current_thread/mod.rs:716:19
[INFO] [stdout]   38:     0x58fa0f2d4487 - tokio::runtime::scheduler::current_thread::CurrentThread::block_on::{{closure}}::h69a616d97c8586df
[INFO] [stdout]                                at /opt/rustwide/cargo-home/registry/src/index.crates.io-1949cf8c6b5b557f/tokio-1.41.0/src/runtime/scheduler/current_thread/mod.rs:196:28
[INFO] [stdout]   39:     0x58fa0f2aaad6 - tokio::runtime::context::runtime::enter_runtime::h2309a21589f67fdd
[INFO] [stdout]                                at /opt/rustwide/cargo-home/registry/src/index.crates.io-1949cf8c6b5b557f/tokio-1.41.0/src/runtime/context/runtime.rs:65:16
[INFO] [stdout]   40:     0x58fa0f2d3c71 - tokio::runtime::scheduler::current_thread::CurrentThread::block_on::h7ae4bf75b4e7bc94
[INFO] [stdout]                                at /opt/rustwide/cargo-home/registry/src/index.crates.io-1949cf8c6b5b557f/tokio-1.41.0/src/runtime/scheduler/current_thread/mod.rs:184:9
[INFO] [stdout]   41:     0x58fa0f2dcee7 - tokio::runtime::runtime::Runtime::block_on_inner::hc320ff93ac3a81a2
[INFO] [stdout]                                at /opt/rustwide/cargo-home/registry/src/index.crates.io-1949cf8c6b5b557f/tokio-1.41.0/src/runtime/runtime.rs:368:47
[INFO] [stdout]   42:     0x58fa0f2dd250 - tokio::runtime::runtime::Runtime::block_on::h0687d738a18b9601
[INFO] [stdout]                                at /opt/rustwide/cargo-home/registry/src/index.crates.io-1949cf8c6b5b557f/tokio-1.41.0/src/runtime/runtime.rs:342:13
[INFO] [stdout]   43:     0x58fa0f2e33ea - geni::integration_test::tests::test_migrate_mysql::{{closure}}::ha0b1ed6b30aa75e9
[INFO] [stdout]                                at /opt/rustwide/workdir/src/lib/integration_test.rs:221:9
[INFO] [stdout]   44:     0x58fa0f26656e - core::ops::function::FnOnce::call_once::hc74dcabb2e1f05bc
[INFO] [stdout]                                at /rustc/6067b36314ab5eb2eb47cecc464545ba58e1ad24/library/core/src/ops/function.rs:250:5
[INFO] [stdout]   45:     0x58fa0f2db5fa - serial_test::serial_code_lock::local_serial_core_with_return::h135ec714f13e3468
[INFO] [stdout]                                at /opt/rustwide/cargo-home/registry/src/index.crates.io-1949cf8c6b5b557f/serial_test-3.1.1/src/serial_code_lock.rs:30:5
[INFO] [stdout]   46:     0x58fa0f2e3269 - geni::integration_test::tests::test_migrate_mysql::h09ed246a8815662f
[INFO] [stdout]                                at /opt/rustwide/workdir/src/lib/integration_test.rs:217:5
[INFO] [stdout]   47:     0x58fa0f2e31e7 - geni::integration_test::tests::test_migrate_mysql::{{closure}}::h6387dde0953e3405
[INFO] [stdout]                                at /opt/rustwide/workdir/src/lib/integration_test.rs:218:38
[INFO] [stdout]   48:     0x58fa0f265fd6 - core::ops::function::FnOnce::call_once::h024c5ab893ec8ad0
[INFO] [stdout]                                at /rustc/6067b36314ab5eb2eb47cecc464545ba58e1ad24/library/core/src/ops/function.rs:250:5
[INFO] [stdout]   49:     0x58fa0f3486eb - core::ops::function::FnOnce::call_once::he27718dfdd183f43
[INFO] [stdout]                                at /rustc/6067b36314ab5eb2eb47cecc464545ba58e1ad24/library/core/src/ops/function.rs:250:5
[INFO] [stdout]   50:     0x58fa0f3486eb - test::__rust_begin_short_backtrace::h4e84902998457a5d
[INFO] [stdout]                                at /rustc/6067b36314ab5eb2eb47cecc464545ba58e1ad24/library/test/src/lib.rs:632:18
[INFO] [stdout]   51:     0x58fa0f347623 - test::run_test_in_process::{{closure}}::h7176fd18fc1feca0
[INFO] [stdout]                                at /rustc/6067b36314ab5eb2eb47cecc464545ba58e1ad24/library/test/src/lib.rs:655:60
[INFO] [stdout]   52:     0x58fa0f347623 - <core::panic::unwind_safe::AssertUnwindSafe<F> as core::ops::function::FnOnce<()>>::call_once::hf79cff2a624d8cf7
[INFO] [stdout]                                at /rustc/6067b36314ab5eb2eb47cecc464545ba58e1ad24/library/core/src/panic/unwind_safe.rs:272:9
[INFO] [stdout]   53:     0x58fa0f347623 - std::panicking::try::do_call::h3da0561d9ab99c25
[INFO] [stdout]                                at /rustc/6067b36314ab5eb2eb47cecc464545ba58e1ad24/library/std/src/panicking.rs:587:40
[INFO] [stdout]   54:     0x58fa0f347623 - std::panicking::try::h41c9fa508bc61df6
[INFO] [stdout]                                at /rustc/6067b36314ab5eb2eb47cecc464545ba58e1ad24/library/std/src/panicking.rs:550:19
[INFO] [stdout]   55:     0x58fa0f347623 - std::panic::catch_unwind::h6b3ff07bb5afad93
[INFO] [stdout]                                at /rustc/6067b36314ab5eb2eb47cecc464545ba58e1ad24/library/std/src/panic.rs:358:14
[INFO] [stdout]   56:     0x58fa0f347623 - test::run_test_in_process::hc7253dd11b39b9f4
[INFO] [stdout]                                at /rustc/6067b36314ab5eb2eb47cecc464545ba58e1ad24/library/test/src/lib.rs:655:27
[INFO] [stdout]   57:     0x58fa0f347623 - test::run_test::{{closure}}::hfb2007f8649c30bb
[INFO] [stdout]                                at /rustc/6067b36314ab5eb2eb47cecc464545ba58e1ad24/library/test/src/lib.rs:576:43
[INFO] [stdout]   58:     0x58fa0f30a705 - test::run_test::{{closure}}::h56a17aa7a282a9f4
[INFO] [stdout]                                at /rustc/6067b36314ab5eb2eb47cecc464545ba58e1ad24/library/test/src/lib.rs:606:41
[INFO] [stdout]   59:     0x58fa0f30a705 - std::sys::backtrace::__rust_begin_short_backtrace::hd2d2d2fb8e8c6aac
[INFO] [stdout]                                at /rustc/6067b36314ab5eb2eb47cecc464545ba58e1ad24/library/std/src/sys/backtrace.rs:152:18
[INFO] [stdout]   60:     0x58fa0f30dfea - std::thread::Builder::spawn_unchecked_::{{closure}}::{{closure}}::h4faa3f9db6133423
[INFO] [stdout]                                at /rustc/6067b36314ab5eb2eb47cecc464545ba58e1ad24/library/std/src/thread/mod.rs:559:17
[INFO] [stdout]   61:     0x58fa0f30dfea - <core::panic::unwind_safe::AssertUnwindSafe<F> as core::ops::function::FnOnce<()>>::call_once::hf2e855a36a4ea846
[INFO] [stdout]                                at /rustc/6067b36314ab5eb2eb47cecc464545ba58e1ad24/library/core/src/panic/unwind_safe.rs:272:9
[INFO] [stdout]   62:     0x58fa0f30dfea - std::panicking::try::do_call::h2f73af3616c35465
[INFO] [stdout]                                at /rustc/6067b36314ab5eb2eb47cecc464545ba58e1ad24/library/std/src/panicking.rs:587:40
[INFO] [stdout]   63:     0x58fa0f30dfea - std::panicking::try::hd1660ce9efadef5a
[INFO] [stdout]                                at /rustc/6067b36314ab5eb2eb47cecc464545ba58e1ad24/library/std/src/panicking.rs:550:19
[INFO] [stdout]   64:     0x58fa0f30dfea - std::panic::catch_unwind::h5ee8d7823b8ca744
[INFO] [stdout]                                at /rustc/6067b36314ab5eb2eb47cecc464545ba58e1ad24/library/std/src/panic.rs:358:14
[INFO] [stdout]   65:     0x58fa0f30dfea - std::thread::Builder::spawn_unchecked_::{{closure}}::h53c3a1894dce8407
[INFO] [stdout]                                at /rustc/6067b36314ab5eb2eb47cecc464545ba58e1ad24/library/std/src/thread/mod.rs:557:30
[INFO] [stdout]   66:     0x58fa0f30dfea - core::ops::function::FnOnce::call_once{{vtable.shim}}::h048ce291ad4f62bf
[INFO] [stdout]                                at /rustc/6067b36314ab5eb2eb47cecc464545ba58e1ad24/library/core/src/ops/function.rs:250:5
[INFO] [stdout]   67:     0x58fa100b7bdb - <alloc::boxed::Box<F,A> as core::ops::function::FnOnce<Args>>::call_once::ha52bedf99a3b4981
[INFO] [stdout]                                at /rustc/6067b36314ab5eb2eb47cecc464545ba58e1ad24/library/alloc/src/boxed.rs:2013:9
[INFO] [stdout]   68:     0x58fa100b7bdb - <alloc::boxed::Box<F,A> as core::ops::function::FnOnce<Args>>::call_once::h567748934d80ccf8
[INFO] [stdout]                                at /rustc/6067b36314ab5eb2eb47cecc464545ba58e1ad24/library/alloc/src/boxed.rs:2013:9
[INFO] [stdout]   69:     0x58fa100b7bdb - std::sys::pal::unix::thread::Thread::new::thread_start::h2d970728ae887adc
[INFO] [stdout]                                at /rustc/6067b36314ab5eb2eb47cecc464545ba58e1ad24/library/std/src/sys/pal/unix/thread.rs:106:17
[INFO] [stdout]   70:     0x7901bf5f4ac3 - <unknown>
[INFO] [stdout]   71:     0x7901bf685a04 - clone
[INFO] [stdout]   72:                0x0 - <unknown>
[INFO] [stdout] 
[INFO] [stdout] ---- integration_test::tests::test_migrate_libsql stdout ----
[INFO] [stdout] 
[INFO] [stdout] thread 'integration_test::tests::test_migrate_libsql' panicked at src/lib/integration_test.rs:138:9:
[INFO] [stdout] assertion failed: u.is_ok()
[INFO] [stdout] stack backtrace:
[INFO] [stdout]    0:     0x58fa100b0aca - std::backtrace_rs::backtrace::libunwind::trace::hb059275cfc8d6126
[INFO] [stdout]                                at /rustc/6067b36314ab5eb2eb47cecc464545ba58e1ad24/library/std/src/../../backtrace/src/backtrace/libunwind.rs:116:5
[INFO] [stdout]    1:     0x58fa100b0aca - std::backtrace_rs::backtrace::trace_unsynchronized::h2da071e4327ce3ee
[INFO] [stdout]                                at /rustc/6067b36314ab5eb2eb47cecc464545ba58e1ad24/library/std/src/../../backtrace/src/backtrace/mod.rs:66:5
[INFO] [stdout]    2:     0x58fa100b0aca - std::sys::backtrace::_print_fmt::h842a1474e6f8d23f
[INFO] [stdout]                                at /rustc/6067b36314ab5eb2eb47cecc464545ba58e1ad24/library/std/src/sys/backtrace.rs:66:9
[INFO] [stdout]    3:     0x58fa100b0aca - <std::sys::backtrace::BacktraceLock::print::DisplayBacktrace as core::fmt::Display>::fmt::h71a62eb3b9696b12
[INFO] [stdout]                                at /rustc/6067b36314ab5eb2eb47cecc464545ba58e1ad24/library/std/src/sys/backtrace.rs:39:26
[INFO] [stdout]    4:     0x58fa100deaa3 - core::fmt::rt::Argument::fmt::hdb6b616786b41dc1
[INFO] [stdout]                                at /rustc/6067b36314ab5eb2eb47cecc464545ba58e1ad24/library/core/src/fmt/rt.rs:177:76
[INFO] [stdout]    5:     0x58fa100deaa3 - core::fmt::write::h2cc1698af7e2d686
[INFO] [stdout]                                at /rustc/6067b36314ab5eb2eb47cecc464545ba58e1ad24/library/core/src/fmt/mod.rs:1440:21
[INFO] [stdout]    6:     0x58fa100ac2b3 - std::io::Write::write_fmt::hab1b4cd059a79022
[INFO] [stdout]                                at /rustc/6067b36314ab5eb2eb47cecc464545ba58e1ad24/library/std/src/io/mod.rs:1887:15
[INFO] [stdout]    7:     0x58fa100b0912 - std::sys::backtrace::BacktraceLock::print::h147fe35b4ea13b08
[INFO] [stdout]                                at /rustc/6067b36314ab5eb2eb47cecc464545ba58e1ad24/library/std/src/sys/backtrace.rs:42:9
[INFO] [stdout]    8:     0x58fa100b1eef - std::panicking::default_hook::{{closure}}::hbd44223dbdc0d208
[INFO] [stdout]                                at /rustc/6067b36314ab5eb2eb47cecc464545ba58e1ad24/library/std/src/panicking.rs:298:22
[INFO] [stdout]    9:     0x58fa100b1d08 - std::panicking::default_hook::h20f81eb0576efcec
[INFO] [stdout]                                at /rustc/6067b36314ab5eb2eb47cecc464545ba58e1ad24/library/std/src/panicking.rs:322:9
[INFO] [stdout]   10:     0x58fa0f342f93 - <alloc::boxed::Box<F,A> as core::ops::function::Fn<Args>>::call::hdb53814c496a4d34
[INFO] [stdout]                                at /rustc/6067b36314ab5eb2eb47cecc464545ba58e1ad24/library/alloc/src/boxed.rs:2027:9
[INFO] [stdout]   11:     0x58fa0f342f93 - test::test_main::{{closure}}::hc0a4963c59427c24
[INFO] [stdout]                                at /rustc/6067b36314ab5eb2eb47cecc464545ba58e1ad24/library/test/src/lib.rs:134:21
[INFO] [stdout]   12:     0x58fa100b29e3 - <alloc::boxed::Box<F,A> as core::ops::function::Fn<Args>>::call::h591b2225413a77e9
[INFO] [stdout]                                at /rustc/6067b36314ab5eb2eb47cecc464545ba58e1ad24/library/alloc/src/boxed.rs:2027:9
[INFO] [stdout]   13:     0x58fa100b29e3 - std::panicking::rust_panic_with_hook::h625eea43051b2edc
[INFO] [stdout]                                at /rustc/6067b36314ab5eb2eb47cecc464545ba58e1ad24/library/std/src/panicking.rs:839:13
[INFO] [stdout]   14:     0x58fa100b2666 - std::panicking::begin_panic_handler::{{closure}}::h4f9159cfbc3f6bd3
[INFO] [stdout]                                at /rustc/6067b36314ab5eb2eb47cecc464545ba58e1ad24/library/std/src/panicking.rs:697:13
[INFO] [stdout]   15:     0x58fa100b0fc9 - std::sys::backtrace::__rust_end_short_backtrace::h0390abce48353151
[INFO] [stdout]                                at /rustc/6067b36314ab5eb2eb47cecc464545ba58e1ad24/library/std/src/sys/backtrace.rs:168:18
[INFO] [stdout]   16:     0x58fa100b232d - rust_begin_unwind
[INFO] [stdout]                                at /rustc/6067b36314ab5eb2eb47cecc464545ba58e1ad24/library/std/src/panicking.rs:695:5
[INFO] [stdout]   17:     0x58fa100dc290 - core::panicking::panic_fmt::h9e7c637e9e5f29c9
[INFO] [stdout]                                at /rustc/6067b36314ab5eb2eb47cecc464545ba58e1ad24/library/core/src/panicking.rs:75:14
[INFO] [stdout]   18:     0x58fa100dc31c - core::panicking::panic::haa3255ea20181a33
[INFO] [stdout]                                at /rustc/6067b36314ab5eb2eb47cecc464545ba58e1ad24/library/core/src/panicking.rs:145:5
[INFO] [stdout]   19:     0x58fa0f2e1473 - geni::integration_test::tests::test_migrate::{{closure}}::he3a8d917b5440266
[INFO] [stdout]                                at /opt/rustwide/workdir/src/lib/integration_test.rs:138:9
[INFO] [stdout]   20:     0x58fa0f2e2c0c - geni::integration_test::tests::test_migrate_libsql::{{closure}}::{{closure}}::hdac0a5ec3a1a1889
[INFO] [stdout]                                at /opt/rustwide/workdir/src/lib/integration_test.rs:205:45
[INFO] [stdout]   21:     0x58fa0f2b93d5 - <core::pin::Pin<P> as core::future::future::Future>::poll::h497dc33cd3e31673
[INFO] [stdout]                                at /rustc/6067b36314ab5eb2eb47cecc464545ba58e1ad24/library/core/src/future/future.rs:124:9
[INFO] [stdout]   22:     0x58fa0f2b92ed - <core::pin::Pin<P> as core::future::future::Future>::poll::h03e247b0c7b481e7
[INFO] [stdout]                                at /rustc/6067b36314ab5eb2eb47cecc464545ba58e1ad24/library/core/src/future/future.rs:124:9
[INFO] [stdout]   23:     0x58fa0f2d7b6f - tokio::runtime::scheduler::current_thread::CoreGuard::block_on::{{closure}}::{{closure}}::{{closure}}::he01562a08f266afc
[INFO] [stdout]                                at /opt/rustwide/cargo-home/registry/src/index.crates.io-1949cf8c6b5b557f/tokio-1.41.0/src/runtime/scheduler/current_thread/mod.rs:729:57
[INFO] [stdout]   24:     0x58fa0f2d7886 - tokio::runtime::coop::with_budget::hd549f3d69b5eb510
[INFO] [stdout]                                at /opt/rustwide/cargo-home/registry/src/index.crates.io-1949cf8c6b5b557f/tokio-1.41.0/src/runtime/coop.rs:107:5
[INFO] [stdout]   25:     0x58fa0f2d7886 - tokio::runtime::coop::budget::h33f75a1b0d0345e5
[INFO] [stdout]                                at /opt/rustwide/cargo-home/registry/src/index.crates.io-1949cf8c6b5b557f/tokio-1.41.0/src/runtime/coop.rs:73:5
[INFO] [stdout]   26:     0x58fa0f2d7886 - tokio::runtime::scheduler::current_thread::CoreGuard::block_on::{{closure}}::{{closure}}::hb86532d0e87f6b58
[INFO] [stdout]                                at /opt/rustwide/cargo-home/registry/src/index.crates.io-1949cf8c6b5b557f/tokio-1.41.0/src/runtime/scheduler/current_thread/mod.rs:729:25
[INFO] [stdout]   27:     0x58fa0f2d51ba - tokio::runtime::scheduler::current_thread::Context::enter::hac69c897db40846c
[INFO] [stdout]                                at /opt/rustwide/cargo-home/registry/src/index.crates.io-1949cf8c6b5b557f/tokio-1.41.0/src/runtime/scheduler/current_thread/mod.rs:428:19
[INFO] [stdout]   28:     0x58fa0f2d676b - tokio::runtime::scheduler::current_thread::CoreGuard::block_on::{{closure}}::h1bb60f56005f4ac4
[INFO] [stdout]                                at /opt/rustwide/cargo-home/registry/src/index.crates.io-1949cf8c6b5b557f/tokio-1.41.0/src/runtime/scheduler/current_thread/mod.rs:728:36
[INFO] [stdout]   29:     0x58fa0f2d641b - tokio::runtime::scheduler::current_thread::CoreGuard::enter::{{closure}}::h5d2dddd07c1e9bc2
[INFO] [stdout]                                at /opt/rustwide/cargo-home/registry/src/index.crates.io-1949cf8c6b5b557f/tokio-1.41.0/src/runtime/scheduler/current_thread/mod.rs:807:68
[INFO] [stdout]   30:     0x58fa0f2f2b6a - tokio::runtime::context::scoped::Scoped<T>::set::h91d54ac435166276
[INFO] [stdout]                                at /opt/rustwide/cargo-home/registry/src/index.crates.io-1949cf8c6b5b557f/tokio-1.41.0/src/runtime/context/scoped.rs:40:9
[INFO] [stdout]   31:     0x58fa0f295b5a - tokio::runtime::context::set_scheduler::{{closure}}::he5837fcb327c9a3f
[INFO] [stdout]                                at /opt/rustwide/cargo-home/registry/src/index.crates.io-1949cf8c6b5b557f/tokio-1.41.0/src/runtime/context.rs:180:26
[INFO] [stdout]   32:     0x58fa0f299c46 - std::thread::local::LocalKey<T>::try_with::h222f202426761bbc
[INFO] [stdout]                                at /rustc/6067b36314ab5eb2eb47cecc464545ba58e1ad24/library/std/src/thread/local.rs:308:12
[INFO] [stdout]   33:     0x58fa0f29977d - std::thread::local::LocalKey<T>::with::ha2ccab329cd90413
[INFO] [stdout]                                at /rustc/6067b36314ab5eb2eb47cecc464545ba58e1ad24/library/std/src/thread/local.rs:272:9
[INFO] [stdout]   34:     0x58fa0f295aa1 - tokio::runtime::context::set_scheduler::hb7095b5f75e1da6b
[INFO] [stdout]                                at /opt/rustwide/cargo-home/registry/src/index.crates.io-1949cf8c6b5b557f/tokio-1.41.0/src/runtime/context.rs:180:9
[INFO] [stdout]   35:     0x58fa0f2d5d21 - tokio::runtime::scheduler::current_thread::CoreGuard::enter::h18e6691e564a74c0
[INFO] [stdout]                                at /opt/rustwide/cargo-home/registry/src/index.crates.io-1949cf8c6b5b557f/tokio-1.41.0/src/runtime/scheduler/current_thread/mod.rs:807:27
[INFO] [stdout]   36:     0x58fa0f2d6473 - tokio::runtime::scheduler::current_thread::CoreGuard::block_on::h1bdab31828c253a4
[INFO] [stdout]                                at /opt/rustwide/cargo-home/registry/src/index.crates.io-1949cf8c6b5b557f/tokio-1.41.0/src/runtime/scheduler/current_thread/mod.rs:716:19
[INFO] [stdout]   37:     0x58fa0f2d4487 - tokio::runtime::scheduler::current_thread::CurrentThread::block_on::{{closure}}::h69a616d97c8586df
[INFO] [stdout]                                at /opt/rustwide/cargo-home/registry/src/index.crates.io-1949cf8c6b5b557f/tokio-1.41.0/src/runtime/scheduler/current_thread/mod.rs:196:28
[INFO] [stdout]   38:     0x58fa0f2aaad6 - tokio::runtime::context::runtime::enter_runtime::h2309a21589f67fdd
[INFO] [stdout]                                at /opt/rustwide/cargo-home/registry/src/index.crates.io-1949cf8c6b5b557f/tokio-1.41.0/src/runtime/context/runtime.rs:65:16
[INFO] [stdout]   39:     0x58fa0f2d3c71 - tokio::runtime::scheduler::current_thread::CurrentThread::block_on::h7ae4bf75b4e7bc94
[INFO] [stdout]                                at /opt/rustwide/cargo-home/registry/src/index.crates.io-1949cf8c6b5b557f/tokio-1.41.0/src/runtime/scheduler/current_thread/mod.rs:184:9
[INFO] [stdout]   40:     0x58fa0f2dcee7 - tokio::runtime::runtime::Runtime::block_on_inner::hc320ff93ac3a81a2
[INFO] [stdout]                                at /opt/rustwide/cargo-home/registry/src/index.crates.io-1949cf8c6b5b557f/tokio-1.41.0/src/runtime/runtime.rs:368:47
[INFO] [stdout]   41:     0x58fa0f2dd250 - tokio::runtime::runtime::Runtime::block_on::h0687d738a18b9601
[INFO] [stdout]                                at /opt/rustwide/cargo-home/registry/src/index.crates.io-1949cf8c6b5b557f/tokio-1.41.0/src/runtime/runtime.rs:342:13
[INFO] [stdout]   42:     0x58fa0f2e29ca - geni::integration_test::tests::test_migrate_libsql::{{closure}}::hf583dbb5190aec52
[INFO] [stdout]                                at /opt/rustwide/workdir/src/lib/integration_test.rs:205:9
[INFO] [stdout]   43:     0x58fa0f26626e - core::ops::function::FnOnce::call_once::h61342b5260f4ba13
[INFO] [stdout]                                at /rustc/6067b36314ab5eb2eb47cecc464545ba58e1ad24/library/core/src/ops/function.rs:250:5
[INFO] [stdout]   44:     0x58fa0f2db5fa - serial_test::serial_code_lock::local_serial_core_with_return::h135ec714f13e3468
[INFO] [stdout]                                at /opt/rustwide/cargo-home/registry/src/index.crates.io-1949cf8c6b5b557f/serial_test-3.1.1/src/serial_code_lock.rs:30:5
[INFO] [stdout]   45:     0x58fa0f2e2849 - geni::integration_test::tests::test_migrate_libsql::h52688d4bf87c4d8e
[INFO] [stdout]                                at /opt/rustwide/workdir/src/lib/integration_test.rs:201:5
[INFO] [stdout]   46:     0x58fa0f2e27c7 - geni::integration_test::tests::test_migrate_libsql::{{closure}}::h02fe5376ea10c149
[INFO] [stdout]                                at /opt/rustwide/workdir/src/lib/integration_test.rs:202:39
[INFO] [stdout]   47:     0x58fa0f266016 - core::ops::function::FnOnce::call_once::h0a0c59a5b720e106
[INFO] [stdout]                                at /rustc/6067b36314ab5eb2eb47cecc464545ba58e1ad24/library/core/src/ops/function.rs:250:5
[INFO] [stdout]   48:     0x58fa0f3486eb - core::ops::function::FnOnce::call_once::he27718dfdd183f43
[INFO] [stdout]                                at /rustc/6067b36314ab5eb2eb47cecc464545ba58e1ad24/library/core/src/ops/function.rs:250:5
[INFO] [stdout]   49:     0x58fa0f3486eb - test::__rust_begin_short_backtrace::h4e84902998457a5d
[INFO] [stdout]                                at /rustc/6067b36314ab5eb2eb47cecc464545ba58e1ad24/library/test/src/lib.rs:632:18
[INFO] [stdout]   50:     0x58fa0f347623 - test::run_test_in_process::{{closure}}::h7176fd18fc1feca0
[INFO] [stdout]                                at /rustc/6067b36314ab5eb2eb47cecc464545ba58e1ad24/library/test/src/lib.rs:655:60
[INFO] [stdout]   51:     0x58fa0f347623 - <core::panic::unwind_safe::AssertUnwindSafe<F> as core::ops::function::FnOnce<()>>::call_once::hf79cff2a624d8cf7
[INFO] [stdout]                                at /rustc/6067b36314ab5eb2eb47cecc464545ba58e1ad24/library/core/src/panic/unwind_safe.rs:272:9
[INFO] [stdout]   52:     0x58fa0f347623 - std::panicking::try::do_call::h3da0561d9ab99c25
[INFO] [stdout]                                at /rustc/6067b36314ab5eb2eb47cecc464545ba58e1ad24/library/std/src/panicking.rs:587:40
[INFO] [stdout]   53:     0x58fa0f347623 - std::panicking::try::h41c9fa508bc61df6
[INFO] [stdout]                                at /rustc/6067b36314ab5eb2eb47cecc464545ba58e1ad24/library/std/src/panicking.rs:550:19
[INFO] [stdout]   54:     0x58fa0f347623 - std::panic::catch_unwind::h6b3ff07bb5afad93
[INFO] [stdout]                                at /rustc/6067b36314ab5eb2eb47cecc464545ba58e1ad24/library/std/src/panic.rs:358:14
[INFO] [stdout]   55:     0x58fa0f347623 - test::run_test_in_process::hc7253dd11b39b9f4
[INFO] [stdout]                                at /rustc/6067b36314ab5eb2eb47cecc464545ba58e1ad24/library/test/src/lib.rs:655:27
[INFO] [stdout]   56:     0x58fa0f347623 - test::run_test::{{closure}}::hfb2007f8649c30bb
[INFO] [stdout]                                at /rustc/6067b36314ab5eb2eb47cecc464545ba58e1ad24/library/test/src/lib.rs:576:43
[INFO] [stdout]   57:     0x58fa0f30a705 - test::run_test::{{closure}}::h56a17aa7a282a9f4
[INFO] [stdout]                                at /rustc/6067b36314ab5eb2eb47cecc464545ba58e1ad24/library/test/src/lib.rs:606:41
[INFO] [stdout]   58:     0x58fa0f30a705 - std::sys::backtrace::__rust_begin_short_backtrace::hd2d2d2fb8e8c6aac
[INFO] [stdout]                                at /rustc/6067b36314ab5eb2eb47cecc464545ba58e1ad24/library/std/src/sys/backtrace.rs:152:18
[INFO] [stdout]   59:     0x58fa0f30dfea - std::thread::Builder::spawn_unchecked_::{{closure}}::{{closure}}::h4faa3f9db6133423
[INFO] [stdout]                                at /rustc/6067b36314ab5eb2eb47cecc464545ba58e1ad24/library/std/src/thread/mod.rs:559:17
[INFO] [stdout]   60:     0x58fa0f30dfea - <core::panic::unwind_safe::AssertUnwindSafe<F> as core::ops::function::FnOnce<()>>::call_once::hf2e855a36a4ea846
[INFO] [stdout]                                at /rustc/6067b36314ab5eb2eb47cecc464545ba58e1ad24/library/core/src/panic/unwind_safe.rs:272:9
[INFO] [stdout]   61:     0x58fa0f30dfea - std::panicking::try::do_call::h2f73af3616c35465
[INFO] [stdout]                                at /rustc/6067b36314ab5eb2eb47cecc464545ba58e1ad24/library/std/src/panicking.rs:587:40
[INFO] [stdout]   62:     0x58fa0f30dfea - std::panicking::try::hd1660ce9efadef5a
[INFO] [stdout]                                at /rustc/6067b36314ab5eb2eb47cecc464545ba58e1ad24/library/std/src/panicking.rs:550:19
[INFO] [stdout]   63:     0x58fa0f30dfea - std::panic::catch_unwind::h5ee8d7823b8ca744
[INFO] [stdout]                                at /rustc/6067b36314ab5eb2eb47cecc464545ba58e1ad24/library/std/src/panic.rs:358:14
[INFO] [stdout]   64:     0x58fa0f30dfea - std::thread::Builder::spawn_unchecked_::{{closure}}::h53c3a1894dce8407
[INFO] [stdout]                                at /rustc/6067b36314ab5eb2eb47cecc464545ba58e1ad24/library/std/src/thread/mod.rs:557:30
[INFO] [stdout]   65:     0x58fa0f30dfea - core::ops::function::FnOnce::call_once{{vtable.shim}}::h048ce291ad4f62bf
[INFO] [stdout]                                at /rustc/6067b36314ab5eb2eb47cecc464545ba58e1ad24/library/core/src/ops/function.rs:250:5
[INFO] [stdout]   66:     0x58fa100b7bdb - <alloc::boxed::Box<F,A> as core::ops::function::FnOnce<Args>>::call_once::ha52bedf99a3b4981
[INFO] [stdout]                                at /rustc/6067b36314ab5eb2eb47cecc464545ba58e1ad24/library/alloc/src/boxed.rs:2013:9
[INFO] [stdout]   67:     0x58fa100b7bdb - <alloc::boxed::Box<F,A> as core::ops::function::FnOnce<Args>>::call_once::h567748934d80ccf8
[INFO] [stdout]                                at /rustc/6067b36314ab5eb2eb47cecc464545ba58e1ad24/library/alloc/src/boxed.rs:2013:9
[INFO] [stdout]   68:     0x58fa100b7bdb - std::sys::pal::unix::thread::Thread::new::thread_start::h2d970728ae887adc
[INFO] [stdout]                                at /rustc/6067b36314ab5eb2eb47cecc464545ba58e1ad24/library/std/src/sys/pal/unix/thread.rs:106:17
[INFO] [stdout]   69:     0x7901bf5f4ac3 - <unknown>
[INFO] [stdout]   70:     0x7901bf685a04 - clone
[INFO] [stdout]   71:                0x0 - <unknown>
[INFO] [stdout] 
[INFO] [stdout] 
[INFO] [stdout] failures:
[INFO] [stdout]     integration_test::tests::test_migrate_libsql
[INFO] [stdout]     integration_test::tests::test_migrate_maria
[INFO] [stdout]     integration_test::tests::test_migrate_mysql
[INFO] [stdout]     integration_test::tests::test_migrate_postgres
[INFO] [stdout] 
[INFO] [stdout] test result: FAILED. 8 passed; 4 failed; 0 ignored; 0 measured; 0 filtered out; finished in 94.59s
[INFO] [stdout] 
[INFO] [stderr] error: test failed, to rerun pass `--lib`
[INFO] running `Command { std: "docker" "inspect" "99bebfcc6b61408873663e2edfc615424795f7762db4aa251288becdd325cacc", kill_on_drop: false }`
[INFO] running `Command { std: "docker" "rm" "-f" "99bebfcc6b61408873663e2edfc615424795f7762db4aa251288becdd325cacc", kill_on_drop: false }`
[INFO] [stdout] 99bebfcc6b61408873663e2edfc615424795f7762db4aa251288becdd325cacc
