[INFO] cloning repository https://github.com/eclipse-zenoh/zenoh-plugin-mqtt
[INFO] running `Command { std: "git" "-c" "credential.helper=" "-c" "credential.helper=/workspace/cargo-home/bin/git-credential-null" "clone" "--bare" "https://github.com/eclipse-zenoh/zenoh-plugin-mqtt" "/workspace/cache/git-repos/https%3A%2F%2Fgithub.com%2Feclipse-zenoh%2Fzenoh-plugin-mqtt", kill_on_drop: false }`
[INFO] [stderr] Cloning into bare repository '/workspace/cache/git-repos/https%3A%2F%2Fgithub.com%2Feclipse-zenoh%2Fzenoh-plugin-mqtt'...
[INFO] running `Command { std: "git" "rev-parse" "HEAD", kill_on_drop: false }`
[INFO] [stdout] c076dc7602d9ab2128ae13a4db63a0f8d343cb9e
[INFO] testing eclipse-zenoh/zenoh-plugin-mqtt against nightly-2025-01-18 for randomize-layout-2
[INFO] running `Command { std: "git" "clone" "/workspace/cache/git-repos/https%3A%2F%2Fgithub.com%2Feclipse-zenoh%2Fzenoh-plugin-mqtt" "/workspace/builds/worker-1-tc1/source", kill_on_drop: false }`
[INFO] [stderr] Cloning into '/workspace/builds/worker-1-tc1/source'...
[INFO] [stderr] done.
[INFO] validating manifest of git repo https://github.com/eclipse-zenoh/zenoh-plugin-mqtt on toolchain nightly-2025-01-18
[INFO] running `Command { std: CARGO_HOME="/workspace/cargo-home" RUSTUP_HOME="/workspace/rustup-home" "/workspace/cargo-home/bin/cargo" "+nightly-2025-01-18" "metadata" "--manifest-path" "Cargo.toml" "--no-deps", kill_on_drop: false }`
[INFO] removed /workspace/builds/worker-1-tc1/source/.cargo/config.toml
[INFO] removed /workspace/builds/worker-1-tc1/source/rust-toolchain.toml
[INFO] started tweaking git repo https://github.com/eclipse-zenoh/zenoh-plugin-mqtt
[INFO] finished tweaking git repo https://github.com/eclipse-zenoh/zenoh-plugin-mqtt
[INFO] tweaked toml for git repo https://github.com/eclipse-zenoh/zenoh-plugin-mqtt written to /workspace/builds/worker-1-tc1/source/Cargo.toml
[INFO] crate git repo https://github.com/eclipse-zenoh/zenoh-plugin-mqtt already has a lockfile, it will not be regenerated
[INFO] running `Command { std: CARGO_HOME="/workspace/cargo-home" RUSTUP_HOME="/workspace/rustup-home" "/workspace/cargo-home/bin/cargo" "+nightly-2025-01-18" "fetch" "--manifest-path" "Cargo.toml", kill_on_drop: false }`
[INFO] [stderr]     Updating crates.io index
[INFO] [stderr]  Downloading crates ...
[INFO] [stderr]   Downloaded zenoh-plugin-trait v1.1.1
[INFO] [stderr]   Downloaded token-cell v1.5.0
[INFO] [stderr]   Downloaded zenoh-core v1.1.1
[INFO] [stderr]   Downloaded zenoh-macros v1.1.1
[INFO] [stderr]   Downloaded zenoh-runtime v1.1.1
[INFO] [stderr]   Downloaded zenoh-result v1.1.1
[INFO] [stderr]   Downloaded zenoh-keyexpr v1.1.1
[INFO] [stderr]   Downloaded validated_struct v2.1.0
[INFO] [stderr]   Downloaded zenoh-link-unixsock_stream v1.1.1
[INFO] [stderr]   Downloaded zenoh-crypto v1.1.1
[INFO] [stderr]   Downloaded zenoh-sync v1.1.1
[INFO] [stderr]   Downloaded zenoh-task v1.1.1
[INFO] [stderr]   Downloaded uuid-simd v0.8.0
[INFO] [stderr]   Downloaded async-dup v1.2.4
[INFO] [stderr]   Downloaded ntex-router v0.5.3
[INFO] [stderr]   Downloaded sval_dynamic v2.13.1
[INFO] [stderr]   Downloaded num-cmp v0.1.0
[INFO] [stderr]   Downloaded async-h1 v2.3.4
[INFO] [stderr]   Downloaded ntex-bytes v0.1.27
[INFO] [stderr]   Downloaded fraction v0.15.3
[INFO] [stderr]   Downloaded ntex-h2 v1.6.0
[INFO] [stderr]   Downloaded ntex-mqtt v3.1.0
[INFO] [stderr]   Downloaded zenoh-transport v1.1.1
[INFO] [stderr]   Downloaded jsonschema v0.20.0
[INFO] [stderr]   Downloaded ntex v2.10.0
[INFO] [stderr]   Downloaded zenoh v1.1.1
[INFO] [stderr]   Downloaded webpki-roots v0.26.5
[INFO] [stderr]   Downloaded ntex-util v2.9.0
[INFO] [stderr]   Downloaded rustls-platform-verifier v0.3.4
[INFO] [stderr]   Downloaded iso8601 v0.6.1
[INFO] [stderr]   Downloaded validated_struct_macros v2.1.0
[INFO] [stderr]   Downloaded value-bag-sval2 v1.9.0
[INFO] [stderr]   Downloaded femme v2.2.1
[INFO] [stderr]   Downloaded tls-listener v0.10.2
[INFO] [stderr]   Downloaded zenoh-codec v1.1.1
[INFO] [stderr]   Downloaded zenoh-plugin-rest v1.1.1
[INFO] [stderr]   Downloaded ntex-http v0.1.13
[INFO] [stderr]   Downloaded ntex-io v2.9.2
[INFO] [stderr]   Downloaded ntex-service v3.4.0
[INFO] [stderr]   Downloaded zenoh-link-tls v1.1.1
[INFO] [stderr]   Downloaded zenoh-protocol v1.1.1
[INFO] [stderr]   Downloaded ntex-server v2.6.2
[INFO] [stderr]   Downloaded ntex-tls v2.4.0
[INFO] [stderr]   Downloaded sval_json v2.13.1
[INFO] [stderr]   Downloaded sval v2.13.1
[INFO] [stderr]   Downloaded sval_nested v2.13.1
[INFO] [stderr]   Downloaded ringbuffer-spsc v0.1.9
[INFO] [stderr]   Downloaded zenoh-link-udp v1.1.1
[INFO] [stderr]   Downloaded zenoh-link-commons v1.1.1
[INFO] [stderr]   Downloaded ntex-tokio v0.5.3
[INFO] [stderr]   Downloaded zenoh-config v1.1.1
[INFO] [stderr]   Downloaded sval_fmt v2.13.1
[INFO] [stderr]   Downloaded sval_buffer v2.13.1
[INFO] [stderr]   Downloaded ntex-macros v0.1.3
[INFO] [stderr]   Downloaded ntex-codec v0.6.2
[INFO] [stderr]   Downloaded ntex-net v2.4.0
[INFO] [stderr]   Downloaded ntex-rt v0.4.24
[INFO] [stderr]   Downloaded rustls-platform-verifier-android v0.1.1
[INFO] [stderr]   Downloaded zenoh-link-quic v1.1.1
[INFO] [stderr]   Downloaded zenoh-link-tcp v1.1.1
[INFO] [stderr]   Downloaded git-version-macro v0.3.9
[INFO] [stderr]   Downloaded unzip-n v0.1.2
[INFO] [stderr]   Downloaded zenoh-buffers v1.1.1
[INFO] [stderr]   Downloaded git-version v0.3.9
[INFO] [stderr]   Downloaded zenoh-link-ws v1.1.1
[INFO] [stderr]   Downloaded zenoh-link v1.1.1
[INFO] [stderr]   Downloaded sval_ref v2.13.1
[INFO] [stderr]   Downloaded sval_serde v2.13.1
[INFO] [stderr]   Downloaded zenoh-util v1.1.1
[INFO] [stderr]   Downloaded uhlc v0.8.0
[INFO] [stderr]   Downloaded zenoh-collections v1.1.1
[INFO] [stderr]   Downloaded keyed-set v1.0.0
[INFO] [stderr]   Downloaded value-bag-serde1 v1.9.0
[INFO] running `Command { std: "docker" "create" "-v" "/var/lib/crater-agent-workspace/builds/worker-1-tc1/target:/opt/rustwide/target:rw,Z" "-v" "/var/lib/crater-agent-workspace/builds/worker-1-tc1/source:/opt/rustwide/workdir:ro,Z" "-v" "/var/lib/crater-agent-workspace/cargo-home:/opt/rustwide/cargo-home:ro,Z" "-v" "/var/lib/crater-agent-workspace/rustup-home:/opt/rustwide/rustup-home:ro,Z" "-e" "SOURCE_DIR=/opt/rustwide/workdir" "-e" "CARGO_TARGET_DIR=/opt/rustwide/target" "-e" "CARGO_HOME=/opt/rustwide/cargo-home" "-e" "RUSTUP_HOME=/opt/rustwide/rustup-home" "-w" "/opt/rustwide/workdir" "-m" "1610612736" "--user" "0:0" "--network" "none" "ghcr.io/rust-lang/crates-build-env/linux@sha256:819108c5571ea2e421544af4d832f968d213c87fbe3707a016657f43d2f853bc" "/opt/rustwide/cargo-home/bin/cargo" "+nightly-2025-01-18" "metadata" "--no-deps" "--format-version=1", kill_on_drop: false }`
[INFO] [stdout] ef3d5e2fecb78fbdedfbdb6c89666acb2e03fdc1f561667ed66cb0d02661d066
[INFO] running `Command { std: "docker" "start" "-a" "ef3d5e2fecb78fbdedfbdb6c89666acb2e03fdc1f561667ed66cb0d02661d066", kill_on_drop: false }`
[INFO] running `Command { std: "docker" "inspect" "ef3d5e2fecb78fbdedfbdb6c89666acb2e03fdc1f561667ed66cb0d02661d066", kill_on_drop: false }`
[INFO] running `Command { std: "docker" "rm" "-f" "ef3d5e2fecb78fbdedfbdb6c89666acb2e03fdc1f561667ed66cb0d02661d066", kill_on_drop: false }`
[INFO] [stdout] ef3d5e2fecb78fbdedfbdb6c89666acb2e03fdc1f561667ed66cb0d02661d066
[INFO] running `Command { std: "docker" "create" "-v" "/var/lib/crater-agent-workspace/builds/worker-1-tc1/target:/opt/rustwide/target:rw,Z" "-v" "/var/lib/crater-agent-workspace/builds/worker-1-tc1/source:/opt/rustwide/workdir:ro,Z" "-v" "/var/lib/crater-agent-workspace/cargo-home:/opt/rustwide/cargo-home:ro,Z" "-v" "/var/lib/crater-agent-workspace/rustup-home:/opt/rustwide/rustup-home:ro,Z" "-e" "SOURCE_DIR=/opt/rustwide/workdir" "-e" "CARGO_TARGET_DIR=/opt/rustwide/target" "-e" "CARGO_INCREMENTAL=0" "-e" "RUST_BACKTRACE=full" "-e" "RUSTFLAGS=--cap-lints=forbid" "-e" "RUSTDOCFLAGS=--cap-lints=forbid" "-e" "CARGO_HOME=/opt/rustwide/cargo-home" "-e" "RUSTUP_HOME=/opt/rustwide/rustup-home" "-w" "/opt/rustwide/workdir" "-m" "1610612736" "--user" "0:0" "--network" "none" "ghcr.io/rust-lang/crates-build-env/linux@sha256:819108c5571ea2e421544af4d832f968d213c87fbe3707a016657f43d2f853bc" "/opt/rustwide/cargo-home/bin/cargo" "+nightly-2025-01-18" "build" "--frozen" "--message-format=json", kill_on_drop: false }`
[INFO] [stdout] f3ba53bb83d82eeda0a60e55f69818e126d6f085d9a91252663e5800350f7a7e
[INFO] running `Command { std: "docker" "start" "-a" "f3ba53bb83d82eeda0a60e55f69818e126d6f085d9a91252663e5800350f7a7e", kill_on_drop: false }`
[INFO] [stderr]    Compiling proc-macro2 v1.0.86
[INFO] [stderr]    Compiling unicode-ident v1.0.13
[INFO] [stderr]    Compiling autocfg v1.3.0
[INFO] [stderr]    Compiling libc v0.2.158
[INFO] [stderr]    Compiling version_check v0.9.5
[INFO] [stderr]    Compiling serde v1.0.210
[INFO] [stderr]    Compiling memchr v2.7.4
[INFO] [stderr]    Compiling once_cell v1.19.0
[INFO] [stderr]    Compiling typeid v1.0.2
[INFO] [stderr]    Compiling pin-project-lite v0.2.14
[INFO] [stderr]    Compiling futures-core v0.3.30
[INFO] [stderr]    Compiling itoa v1.0.11
[INFO] [stderr]    Compiling byteorder v1.5.0
[INFO] [stderr]    Compiling typenum v1.17.0
[INFO] [stderr]    Compiling bytes v1.7.1
[INFO] [stderr]    Compiling generic-array v0.14.7
[INFO] [stderr]    Compiling slab v0.4.9
[INFO] [stderr]    Compiling subtle v2.6.1
[INFO] [stderr]    Compiling lock_api v0.4.12
[INFO] [stderr]    Compiling scopeguard v1.2.0
[INFO] [stderr]    Compiling quote v1.0.37
[INFO] [stderr]    Compiling ryu v1.0.18
[INFO] [stderr]    Compiling syn v2.0.77
[INFO] [stderr]    Compiling serde_json v1.0.128
[INFO] [stderr]    Compiling tracing-core v0.1.32
[INFO] [stderr]    Compiling crossbeam-utils v0.8.20
[INFO] [stderr]    Compiling thiserror v1.0.63
[INFO] [stderr]    Compiling spin v0.9.8
[INFO] [stderr]    Compiling parking v2.2.1
[INFO] [stderr]    Compiling futures-io v0.3.30
[INFO] [stderr]    Compiling anyhow v1.0.89
[INFO] [stderr]    Compiling futures-sink v0.3.30
[INFO] [stderr]    Compiling concurrent-queue v2.5.0
[INFO] [stderr]    Compiling allocator-api2 v0.2.18
[INFO] [stderr]    Compiling event-listener v5.3.1
[INFO] [stderr]    Compiling cc v1.1.20
[INFO] [stderr]    Compiling zeroize v1.8.1
[INFO] [stderr]    Compiling schemars v0.8.21
[INFO] [stderr]    Compiling event-listener-strategy v0.5.2
[INFO] [stderr]    Compiling getrandom v0.2.15
[INFO] [stderr]    Compiling signal-hook-registry v1.4.2
[INFO] [stderr]    Compiling socket2 v0.5.7
[INFO] [stderr]    Compiling mio v1.0.2
[INFO] [stderr]    Compiling rand_core v0.6.4
[INFO] [stderr]    Compiling ahash v0.8.11
[INFO] [stderr]    Compiling dyn-clone v1.0.17
[INFO] [stderr]    Compiling lazy_static v1.5.0
[INFO] [stderr]    Compiling aho-corasick v1.1.3
[INFO] [stderr]    Compiling zerocopy v0.7.35
[INFO] [stderr]    Compiling paste v1.0.15
[INFO] [stderr]    Compiling pin-utils v0.1.0
[INFO] [stderr]    Compiling syn v1.0.109
[INFO] [stderr]    Compiling regex-syntax v0.8.5
[INFO] [stderr]    Compiling rand v0.8.5
[INFO] [stderr]    Compiling either v1.13.0
[INFO] [stderr]    Compiling rustls-pki-types v1.8.0
[INFO] [stderr]    Compiling token-cell v1.5.0
[INFO] [stderr]    Compiling zenoh-result v1.1.1
[INFO] [stderr]    Compiling smallvec v1.13.2
[INFO] [stderr]    Compiling async-channel v2.3.1
[INFO] [stderr]    Compiling num-conv v0.1.0
[INFO] [stderr]    Compiling powerfmt v0.2.0
[INFO] [stderr]    Compiling libm v0.2.8
[INFO] [stderr]    Compiling ring v0.17.8
[INFO] [stderr]    Compiling time-core v0.1.2
[INFO] [stderr]    Compiling tinyvec_macros v0.1.1
[INFO] [stderr]    Compiling untrusted v0.9.0
[INFO] [stderr]    Compiling time-macros v0.2.18
[INFO] [stderr]    Compiling tinyvec v1.8.0
[INFO] [stderr]    Compiling deranged v0.3.11
[INFO] [stderr]    Compiling futures-channel v0.3.30
[INFO] [stderr]    Compiling num-traits v0.2.19
[INFO] [stderr]    Compiling const-oid v0.9.6
[INFO] [stderr]    Compiling futures-task v0.3.30
[INFO] [stderr]    Compiling cpufeatures v0.2.14
[INFO] [stderr]    Compiling percent-encoding v2.3.1
[INFO] [stderr]    Compiling rustls v0.23.13
[INFO] [stderr]    Compiling zenoh-macros v1.1.1
[INFO] [stderr]    Compiling regex-automata v0.4.9
[INFO] [stderr]    Compiling serde_derive_internals v0.29.1
[INFO] [stderr]    Compiling base64 v0.21.7
[INFO] [stderr]    Compiling crypto-common v0.1.6
[INFO] [stderr]    Compiling unicode-xid v0.2.5
[INFO] [stderr]    Compiling const_format_proc_macros v0.2.33
[INFO] [stderr]    Compiling form_urlencoded v1.2.1
[INFO] [stderr]    Compiling nanorand v0.7.0
[INFO] [stderr]    Compiling rustix v0.38.37
[INFO] [stderr]    Compiling minimal-lexical v0.2.1
[INFO] [stderr]    Compiling option-ext v0.2.0
[INFO] [stderr]    Compiling regex-syntax v0.6.29
[INFO] [stderr]    Compiling zenoh-collections v1.1.1
[INFO] [stderr]    Compiling zenoh-buffers v1.1.1
[INFO] [stderr]    Compiling dirs-sys v0.4.1
[INFO] [stderr]    Compiling const_format v0.2.33
[INFO] [stderr]    Compiling unicode-normalization v0.1.23
[INFO] [stderr]    Compiling block-buffer v0.10.4
[INFO] [stderr]    Compiling rustls-webpki v0.102.8
[INFO] [stderr]    Compiling overload v0.1.1
[INFO] [stderr]    Compiling no-std-net v0.6.0
[INFO] [stderr]    Compiling regex v1.11.1
[INFO] [stderr]    Compiling serde_derive v1.0.210
[INFO] [stderr]    Compiling zerocopy-derive v0.7.35
[INFO] [stderr]    Compiling tokio-macros v2.4.0
[INFO] [stderr]    Compiling tracing-attributes v0.1.27
[INFO] [stderr]    Compiling thiserror-impl v1.0.63
[INFO] [stderr]    Compiling tokio v1.40.0
[INFO] [stderr]    Compiling schemars_derive v0.8.21
[INFO] [stderr]    Compiling ppv-lite86 v0.2.20
[INFO] [stderr]    Compiling hashbrown v0.14.5
[INFO] [stderr]    Compiling rand_chacha v0.3.1
[INFO] [stderr]    Compiling futures-macro v0.3.30
[INFO] [stderr]    Compiling async-trait v0.1.85
[INFO] [stderr]    Compiling regex-automata v0.1.10
[INFO] [stderr]    Compiling keyed-set v1.0.0
[INFO] [stderr]    Compiling linux-raw-sys v0.4.14
[INFO] [stderr]    Compiling unicode-bidi v0.3.15
[INFO] [stderr]    Compiling futures-util v0.3.30
[INFO] [stderr]    Compiling fnv v1.0.7
[INFO] [stderr]    Compiling idna v0.5.0
[INFO] [stderr]    Compiling http v1.1.0
[INFO] [stderr]    Compiling pnet_base v0.35.0
[INFO] [stderr]    Compiling matchers v0.1.0
[INFO] [stderr]    Compiling nu-ansi-term v0.46.0
[INFO] [stderr]    Compiling digest v0.10.7
[INFO] [stderr]    Compiling dirs v5.0.1
[INFO] [stderr]    Compiling time v0.3.36
[INFO] [stderr]    Compiling sharded-slab v0.1.7
[INFO] [stderr]    Compiling pnet_sys v0.35.0
[INFO] [stderr]    Compiling thread_local v1.1.8
[INFO] [stderr]    Compiling base64 v0.22.1
[INFO] [stderr]    Compiling fastrand v2.1.1
[INFO] [stderr]    Compiling ucd-trie v0.1.6
[INFO] [stderr]    Compiling shellexpand v3.1.0
[INFO] [stderr]    Compiling pest v2.7.12
[INFO] [stderr]    Compiling flume v0.11.0
[INFO] [stderr]    Compiling libloading v0.8.5
[INFO] [stderr]    Compiling home v0.5.9
[INFO] [stderr]    Compiling futures-lite v2.3.0
[INFO] [stderr]    Compiling opaque-debug v0.3.1
[INFO] [stderr]    Compiling num-integer v0.1.46
[INFO] [stderr]    Compiling async-lock v3.4.0
[INFO] [stderr]    Compiling futures-executor v0.3.30
[INFO] [stderr]    Compiling futures v0.3.30
[INFO] [stderr]    Compiling tokio-util v0.7.12
[INFO] [stderr]    Compiling digest v0.9.0
[INFO] [stderr]    Compiling pest_meta v2.7.12
[INFO] [stderr]    Compiling serde_fmt v1.0.3
[INFO] [stderr]    Compiling erased-serde v0.4.5
[INFO] [stderr]    Compiling bitflags v2.6.0
[INFO] [stderr]    Compiling ron v0.8.1
[INFO] [stderr]    Compiling value-bag-serde1 v1.9.0
[INFO] [stderr]    Compiling value-bag v1.9.0
[INFO] [stderr]    Compiling log v0.4.22
[INFO] [stderr]    Compiling tracing v0.1.40
[INFO] [stderr]    Compiling tracing-log v0.2.0
[INFO] [stderr]    Compiling uhlc v0.8.0
[INFO] [stderr]    Compiling ipnetwork v0.20.0
[INFO] [stderr]    Compiling zenoh-keyexpr v1.1.1
[INFO] [stderr]    Compiling tracing-serde v0.1.3
[INFO] [stderr]    Compiling pnet_datalink v0.35.0
[INFO] [stderr]    Compiling tracing-subscriber v0.3.18
[INFO] [stderr]    Compiling pest_generator v2.7.12
[INFO] [stderr]    Compiling equivalent v1.0.1
[INFO] [stderr]    Compiling httparse v1.9.4
[INFO] [stderr]    Compiling indexmap v2.5.0
[INFO] [stderr]    Compiling ntex-bytes v0.1.27
[INFO] [stderr]    Compiling zenoh-protocol v1.1.1
[INFO] [stderr]    Compiling pest_derive v2.7.12
[INFO] [stderr]    Compiling unzip-n v0.1.2
[INFO] [stderr]    Compiling nom v7.1.3
[INFO] [stderr]    Compiling polling v3.7.3
[INFO] [stderr]    Compiling zenoh-runtime v1.1.1
[INFO] [stderr]    Compiling zenoh-core v1.1.1
[INFO] [stderr]    Compiling zenoh-util v1.1.1
[INFO] [stderr]    Compiling synstructure v0.13.1
[INFO] [stderr]    Compiling standback v0.2.17
[INFO] [stderr]    Compiling async-task v4.7.1
[INFO] [stderr]    Compiling zenoh-codec v1.1.1
[INFO] [stderr]    Compiling getrandom v0.1.16
[INFO] [stderr]    Compiling proc-macro-hack v0.5.20+deprecated
[INFO] [stderr]    Compiling ntex-rt v0.4.24
[INFO] [stderr]    Compiling semver v1.0.23
[INFO] [stderr]    Compiling asn1-rs-derive v0.5.1
[INFO] [stderr]    Compiling async-io v2.3.4
[INFO] [stderr]    Compiling validated_struct_macros v2.1.0
[INFO] [stderr]    Compiling json5 v0.4.1
[INFO] [stderr]    Compiling zenoh-link-commons v1.1.1
[INFO] [stderr]    Compiling rusticata-macros v4.1.0
[INFO] [stderr]    Compiling url v2.5.2
[INFO] [stderr]    Compiling rustls-pemfile v2.1.3
[INFO] [stderr]    Compiling displaydoc v0.2.5
[INFO] [stderr]    Compiling asn1-rs-impl v0.2.0
[INFO] [stderr]    Compiling cipher v0.2.5
[INFO] [stderr]    Compiling fxhash v0.2.1
[INFO] [stderr]    Compiling event-listener v2.5.3
[INFO] [stderr]    Compiling data-encoding v2.6.0
[INFO] [stderr]    Compiling oneshot v0.1.8
[INFO] [stderr]    Compiling atomic-waker v1.1.2
[INFO] [stderr]    Compiling unsafe-libyaml v0.2.11
[INFO] [stderr]    Compiling piper v0.2.4
[INFO] [stderr]    Compiling asn1-rs v0.6.2
[INFO] [stderr]    Compiling validated_struct v2.1.0
[INFO] [stderr]    Compiling secrecy v0.8.0
[INFO] [stderr]    Compiling num_cpus v1.16.0
[INFO] [stderr]    Compiling serde_yaml v0.9.34+deprecated
[INFO] [stderr]    Compiling universal-hash v0.4.0
[INFO] [stderr]    Compiling ntex-service v3.4.0
[INFO] [stderr]    Compiling base64ct v1.6.0
[INFO] [stderr]    Compiling const_fn v0.4.10
[INFO] [stderr]    Compiling futures-timer v3.0.3
[INFO] [stderr]    Compiling cpuid-bool v0.2.0
[INFO] [stderr]    Compiling openssl-probe v0.1.5
[INFO] [stderr]    Compiling oid-registry v0.7.1
[INFO] [stderr]    Compiling polyval v0.4.5
[INFO] [stderr]    Compiling time-macros-impl v0.1.2
[INFO] [stderr]    Compiling rustls-native-certs v0.7.3
[INFO] [stderr]    Compiling ntex-util v2.9.0
[INFO] [stderr]    Compiling zenoh-config v1.1.1
[INFO] [stderr]    Compiling pem-rfc7468 v0.7.0
[INFO] [stderr]    Compiling rand_core v0.5.1
[INFO] [stderr]    Compiling rustc_version v0.4.1
[INFO] [stderr]    Compiling blocking v1.6.1
[INFO] [stderr]    Compiling aes-soft v0.6.4
[INFO] [stderr]    Compiling async-signal v0.2.10
[INFO] [stderr]    Compiling async-executor v1.13.1
[INFO] [stderr]    Compiling ntex-codec v0.6.2
[INFO] [stderr]    Compiling num-bigint v0.4.6
[INFO] [stderr]    Compiling block-buffer v0.9.0
[INFO] [stderr]    Compiling crypto-mac v0.10.0
[INFO] [stderr]    Compiling time v0.2.27
[INFO] [stderr]    Compiling cfg-if v0.1.10
[INFO] [stderr]    Compiling cfg_aliases v0.2.1
[INFO] [stderr]    Compiling sha2 v0.9.9
[INFO] [stderr]    Compiling nix v0.29.0
[INFO] [stderr]    Compiling ntex-io v2.9.2
[INFO] [stderr]    Compiling async-global-executor v2.4.1
[INFO] [stderr]    Compiling hmac v0.10.1
[INFO] [stderr]    Compiling aes v0.6.0
[INFO] [stderr]    Compiling async-process v2.3.0
[INFO] [stderr]    Compiling rand_chacha v0.2.2
[INFO] [stderr]    Compiling rustls-platform-verifier v0.3.4
[INFO] [stderr]    Compiling der v0.7.9
[INFO] [stderr]    Compiling der-parser v9.0.0
[INFO] [stderr]    Compiling time-macros v0.1.1
[INFO] [stderr]    Compiling ghash v0.3.1
[INFO] [stderr]    Compiling async-channel v1.9.0
[INFO] [stderr]    Compiling ctr v0.6.0
[INFO] [stderr]    Compiling kv-log-macro v1.0.7
[INFO] [stderr]    Compiling serde_urlencoded v0.7.1
[INFO] [stderr]    Compiling sha1 v0.10.6
[INFO] [stderr]    Compiling webpki-roots v0.26.5
[INFO] [stderr]    Compiling aead v0.3.2
[INFO] [stderr]    Compiling cookie v0.14.4
[INFO] [stderr]    Compiling siphasher v0.3.11
[INFO] [stderr]    Compiling rustc-hash v2.0.0
[INFO] [stderr]    Compiling waker-fn v1.2.0
[INFO] [stderr]    Compiling utf-8 v0.7.6
[INFO] [stderr]    Compiling fastrand v1.9.0
[INFO] [stderr]    Compiling quinn-proto v0.11.8
[INFO] [stderr]    Compiling spki v0.7.3
[INFO] [stderr]    Compiling tungstenite v0.24.0
[INFO] [stderr]    Compiling aes-gcm v0.8.0
[INFO] [stderr]    Compiling futures-lite v1.13.0
[INFO] [stderr]    Compiling async-std v1.13.0
[INFO] [stderr]    Compiling x509-parser v0.16.0
[INFO] [stderr]    Compiling ntex-tokio v0.5.3
[INFO] [stderr]    Compiling rand v0.7.3
[INFO] [stderr]    Compiling hkdf v0.10.0
[INFO] [stderr]    Compiling ntex-http v0.1.13
[INFO] [stderr]    Compiling tokio-rustls v0.26.0
[INFO] [stderr]    Compiling quinn-udp v0.5.5
[INFO] [stderr]    Compiling inout v0.1.3
[INFO] [stderr]    Compiling http-types v2.12.0
[INFO] [stderr]    Compiling num-bigint-dig v0.8.4
[INFO] [stderr]    Compiling parking_lot_core v0.9.10
[INFO] [stderr]    Compiling io-lifetimes v1.0.11
[INFO] [stderr]    Compiling base64 v0.13.1
[INFO] [stderr]    Compiling cipher v0.4.4
[INFO] [stderr]    Compiling ntex-net v2.4.0
[INFO] [stderr]    Compiling tls-listener v0.10.2
[INFO] [stderr]    Compiling num-rational v0.4.2
[INFO] [stderr]    Compiling tokio-tungstenite v0.24.0
[INFO] [stderr]    Compiling pkcs8 v0.10.2
[INFO] [stderr]    Compiling phf_shared v0.11.2
[INFO] [stderr]    Compiling num-iter v0.1.45
[INFO] [stderr]    Compiling num-complex v0.4.6
[INFO] [stderr]    Compiling zenoh-sync v1.1.1
[INFO] [stderr]    Compiling serde_qs v0.8.5
[INFO] [stderr]    Compiling uuid v1.10.0
[INFO] [stderr]    Compiling polling v2.8.0
[INFO] [stderr]    Compiling quinn v0.11.5
[INFO] [stderr]    Compiling static_assertions v1.1.0
[INFO] [stderr]    Compiling bitflags v1.3.2
[INFO] [stderr]    Compiling rustix v0.37.27
[INFO] [stderr]    Compiling keccak v0.1.5
[INFO] [stderr]    Compiling bit-vec v0.6.3
[INFO] [stderr]    Compiling infer v0.2.3
[INFO] [stderr]    Compiling bit-set v0.5.3
[INFO] [stderr]    Compiling sha3 v0.10.8
[INFO] [stderr]    Compiling twox-hash v1.6.3
[INFO] [stderr]    Compiling zenoh-link-quic v1.1.1
[INFO] [stderr]    Compiling zenoh-link-unixsock_stream v1.1.1
[INFO] [stderr]    Compiling num v0.4.3
[INFO] [stderr]    Compiling zenoh-link-udp v1.1.1
[INFO] [stderr]    Compiling phf_generator v0.11.2
[INFO] [stderr]    Compiling pkcs1 v0.7.5
[INFO] [stderr]    Compiling zenoh-link-ws v1.1.1
[INFO] [stderr]    Compiling zenoh-link-tls v1.1.1
[INFO] [stderr]    Compiling aes v0.8.4
[INFO] [stderr]    Compiling zenoh-link-tcp v1.1.1
[INFO] [stderr]    Compiling signature v2.2.0
[INFO] [stderr]    Compiling hmac v0.12.1
[INFO] [stderr]    Compiling git-version-macro v0.3.9
[INFO] [stderr]    Compiling blake3 v0.3.8
[INFO] [stderr]    Compiling crypto-mac v0.8.0
[INFO] [stderr]    Compiling async-io v1.13.0
[INFO] [stderr]    Compiling array-init v2.1.0
[INFO] [stderr]    Compiling outref v0.5.1
[INFO] [stderr]    Compiling ref-cast v1.0.23
[INFO] [stderr]    Compiling vsimd v0.8.0
[INFO] [stderr]    Compiling signal-hook v0.3.17
[INFO] [stderr]    Compiling cache-padded v1.3.0
[INFO] [stderr]    Compiling linux-raw-sys v0.3.8
[INFO] [stderr]    Compiling ringbuffer-spsc v0.1.9
[INFO] [stderr]    Compiling fraction v0.15.3
[INFO] [stderr]    Compiling zenoh-link v1.1.1
[INFO] [stderr]    Compiling git-version v0.3.9
[INFO] [stderr]    Compiling uuid-simd v0.8.0
[INFO] [stderr]    Compiling zenoh-crypto v1.1.1
[INFO] [stderr]    Compiling rsa v0.9.6
[INFO] [stderr]    Compiling parking_lot v0.12.3
[INFO] [stderr]    Compiling fancy-regex v0.13.0
[INFO] [stderr]    Compiling iso8601 v0.6.1
[INFO] [stderr]    Compiling phf_macros v0.11.2
[INFO] [stderr]    Compiling lz4_flex v0.11.3
[INFO] [stderr]    Compiling zenoh v1.1.1
[INFO] [stderr]    Compiling async-lock v2.8.0
[INFO] [stderr]    Compiling zenoh-task v1.1.1
[INFO] [stderr]    Compiling pin-project-internal v1.1.5
[INFO] [stderr]    Compiling ref-cast-impl v1.0.23
[INFO] [stderr]    Compiling socket2 v0.4.10
[INFO] [stderr]    Compiling arrayvec v0.5.2
[INFO] [stderr]    Compiling fixedbitset v0.4.2
[INFO] [stderr]    Compiling constant_time_eq v0.1.5
[INFO] [stderr]    Compiling arrayref v0.3.9
[INFO] [stderr]    Compiling bytecount v0.6.8
[INFO] [stderr]    Compiling num-cmp v0.1.0
[INFO] [stderr]    Compiling iana-time-zone v0.1.60
[INFO] [stderr]    Compiling petgraph v0.6.5
[INFO] [stderr]    Compiling chrono v0.4.38
[INFO] [stderr]    Compiling zenoh-transport v1.1.1
[INFO] [stderr]    Compiling phf v0.11.2
[INFO] [stderr]    Compiling pin-project v1.1.5
[INFO] [stderr]    Compiling zenoh-plugin-trait v1.1.1
[INFO] [stderr]    Compiling hmac v0.8.1
[INFO] [stderr]    Compiling ntex-router v0.5.3
[INFO] [stderr]    Compiling bincode v1.3.3
[INFO] [stderr]    Compiling async-dup v1.2.4
[INFO] [stderr]    Compiling itertools v0.13.0
[INFO] [stderr]    Compiling jsonschema v0.20.0
[INFO] [stderr]    Compiling async-broadcast v0.7.2
[INFO] [stderr]    Compiling indexmap v1.9.3
[INFO] [stderr]    Compiling pin-project-lite v0.1.12
[INFO] [stderr]    Compiling vec_map v0.8.2
[INFO] [stderr]    Compiling base64 v0.12.3
[INFO] [stderr]    Compiling async-sse v4.1.0
[INFO] [stderr]    Compiling ntex-server v2.6.2
[INFO] [stderr]    Compiling async-h1 v2.3.4
[INFO] [stderr]    Compiling async-session v2.0.1
[INFO] [stderr]    Compiling http-client v6.5.3
[INFO] [stderr]    Compiling ntex-h2 v1.6.0
[INFO] [stderr]    Compiling ntex-tls v2.4.0
[INFO] [stderr]    Compiling zenoh-plugin-mqtt v1.1.1 (/opt/rustwide/workdir/zenoh-plugin-mqtt)
[INFO] [stderr]    Compiling femme v2.2.1
[INFO] [stderr]    Compiling sha-1 v0.10.1
[INFO] [stderr]    Compiling ntex-macros v0.1.3
[INFO] [stderr]    Compiling encoding_rs v0.8.35
[INFO] [stderr]    Compiling mime v0.3.17
[INFO] [stderr]    Compiling httpdate v1.0.3
[INFO] [stderr]    Compiling os_str_bytes v6.6.1
[INFO] [stderr]    Compiling route-recognizer v0.2.0
[INFO] [stderr]    Compiling hashbrown v0.12.3
[INFO] [stderr]    Compiling tide v0.16.0
[INFO] [stderr]    Compiling clap_lex v0.2.4
[INFO] [stderr]    Compiling ntex-mqtt v3.1.0
[INFO] [stderr]    Compiling derivative v2.2.0
[INFO] [stderr]    Compiling ntex v2.10.0
[INFO] [stderr]    Compiling zenoh-plugin-rest v1.1.1
[INFO] [stderr]    Compiling atty v0.2.14
[INFO] [stderr]    Compiling hex v0.4.3
[INFO] [stderr]    Compiling strsim v0.10.0
[INFO] [stderr]    Compiling termcolor v1.4.1
[INFO] [stderr]    Compiling textwrap v0.16.1
[INFO] [stderr]    Compiling clap v3.2.25
[INFO] [stderr]    Compiling zenoh-bridge-mqtt v1.1.1 (/opt/rustwide/workdir/zenoh-bridge-mqtt)
[INFO] [stderr]     Finished `dev` profile [unoptimized + debuginfo] target(s) in 6m 36s
[INFO] running `Command { std: "docker" "inspect" "f3ba53bb83d82eeda0a60e55f69818e126d6f085d9a91252663e5800350f7a7e", kill_on_drop: false }`
[INFO] running `Command { std: "docker" "rm" "-f" "f3ba53bb83d82eeda0a60e55f69818e126d6f085d9a91252663e5800350f7a7e", kill_on_drop: false }`
[INFO] [stdout] f3ba53bb83d82eeda0a60e55f69818e126d6f085d9a91252663e5800350f7a7e
[INFO] running `Command { std: "docker" "create" "-v" "/var/lib/crater-agent-workspace/builds/worker-1-tc1/target:/opt/rustwide/target:rw,Z" "-v" "/var/lib/crater-agent-workspace/builds/worker-1-tc1/source:/opt/rustwide/workdir:ro,Z" "-v" "/var/lib/crater-agent-workspace/cargo-home:/opt/rustwide/cargo-home:ro,Z" "-v" "/var/lib/crater-agent-workspace/rustup-home:/opt/rustwide/rustup-home:ro,Z" "-e" "SOURCE_DIR=/opt/rustwide/workdir" "-e" "CARGO_TARGET_DIR=/opt/rustwide/target" "-e" "CARGO_INCREMENTAL=0" "-e" "RUST_BACKTRACE=full" "-e" "RUSTFLAGS=--cap-lints=forbid" "-e" "RUSTDOCFLAGS=--cap-lints=forbid" "-e" "CARGO_HOME=/opt/rustwide/cargo-home" "-e" "RUSTUP_HOME=/opt/rustwide/rustup-home" "-w" "/opt/rustwide/workdir" "-m" "1610612736" "--user" "0:0" "--network" "none" "ghcr.io/rust-lang/crates-build-env/linux@sha256:819108c5571ea2e421544af4d832f968d213c87fbe3707a016657f43d2f853bc" "/opt/rustwide/cargo-home/bin/cargo" "+nightly-2025-01-18" "test" "--frozen" "--no-run" "--message-format=json", kill_on_drop: false }`
[INFO] [stdout] 245e24823a5d6b504431b95bb4700863ae2084df73473dee3a132029f177f762
[INFO] running `Command { std: "docker" "start" "-a" "245e24823a5d6b504431b95bb4700863ae2084df73473dee3a132029f177f762", kill_on_drop: false }`
[INFO] [stderr]    Compiling zenoh-plugin-mqtt v1.1.1 (/opt/rustwide/workdir/zenoh-plugin-mqtt)
[INFO] [stderr]    Compiling zenoh-bridge-mqtt v1.1.1 (/opt/rustwide/workdir/zenoh-bridge-mqtt)
[INFO] [stderr]     Finished `test` profile [unoptimized + debuginfo] target(s) in 25.49s
[INFO] running `Command { std: "docker" "inspect" "245e24823a5d6b504431b95bb4700863ae2084df73473dee3a132029f177f762", kill_on_drop: false }`
[INFO] running `Command { std: "docker" "rm" "-f" "245e24823a5d6b504431b95bb4700863ae2084df73473dee3a132029f177f762", kill_on_drop: false }`
[INFO] [stdout] 245e24823a5d6b504431b95bb4700863ae2084df73473dee3a132029f177f762
[INFO] running `Command { std: "docker" "create" "-v" "/var/lib/crater-agent-workspace/builds/worker-1-tc1/target:/opt/rustwide/target:rw,Z" "-v" "/var/lib/crater-agent-workspace/builds/worker-1-tc1/source:/opt/rustwide/workdir:ro,Z" "-v" "/var/lib/crater-agent-workspace/cargo-home:/opt/rustwide/cargo-home:ro,Z" "-v" "/var/lib/crater-agent-workspace/rustup-home:/opt/rustwide/rustup-home:ro,Z" "-e" "SOURCE_DIR=/opt/rustwide/workdir" "-e" "CARGO_TARGET_DIR=/opt/rustwide/target" "-e" "CARGO_INCREMENTAL=0" "-e" "RUST_BACKTRACE=full" "-e" "RUSTFLAGS=--cap-lints=forbid" "-e" "RUSTDOCFLAGS=--cap-lints=forbid" "-e" "CARGO_HOME=/opt/rustwide/cargo-home" "-e" "RUSTUP_HOME=/opt/rustwide/rustup-home" "-w" "/opt/rustwide/workdir" "-m" "1610612736" "--user" "0:0" "--network" "none" "ghcr.io/rust-lang/crates-build-env/linux@sha256:819108c5571ea2e421544af4d832f968d213c87fbe3707a016657f43d2f853bc" "/opt/rustwide/cargo-home/bin/cargo" "+nightly-2025-01-18" "test" "--frozen", kill_on_drop: false }`
[INFO] [stdout] ff1ae6613447a220d4428a3b78e7f04549c5ea9adf75b5c2c6756be693f7632d
[INFO] running `Command { std: "docker" "start" "-a" "ff1ae6613447a220d4428a3b78e7f04549c5ea9adf75b5c2c6756be693f7632d", kill_on_drop: false }`
[INFO] [stderr]     Finished `test` profile [unoptimized + debuginfo] target(s) in 0.92s
[INFO] [stderr]      Running unittests src/main.rs (/opt/rustwide/target/debug/deps/zenoh_bridge_mqtt-dddcf438a45018dc)
[INFO] [stdout] 
[INFO] [stdout] running 0 tests
[INFO] [stdout] 
[INFO] [stdout] test result: ok. 0 passed; 0 failed; 0 ignored; 0 measured; 0 filtered out; finished in 0.00s
[INFO] [stdout] 
[INFO] [stderr]      Running unittests src/lib.rs (/opt/rustwide/target/debug/deps/zenoh_plugin_mqtt-119b653d60698e2d)
[INFO] [stdout] 
[INFO] [stdout] running 4 tests
[INFO] [stdout] test config::tests::test_no_path_field_and_no_required_field ... ok
[INFO] [stdout] test config::tests::test_path_field ... ok
[INFO] [stdout] test config::tests::test_required_field ... ok
[INFO] [stdout] test config::tests::test_path_field_and_required_field ... ok
[INFO] [stdout] 
[INFO] [stdout] test result: ok. 4 passed; 0 failed; 0 ignored; 0 measured; 0 filtered out; finished in 0.00s
[INFO] [stdout] 
[INFO] [stderr]      Running tests/test.rs (/opt/rustwide/target/debug/deps/test-b797645abeb35bfb)
[INFO] [stdout] 
[INFO] [stdout] running 3 tests
[INFO] [stdout] test test_mqtt_pub_mqtt_sub ... ok
[INFO] [stdout] test test_zenoh_pub_mqtt_sub ... ok
[INFO] [stdout] test test_mqtt_pub_zenoh_sub ... FAILED
[INFO] [stdout] 
[INFO] [stdout] failures:
[INFO] [stdout] 
[INFO] [stdout] ---- test_mqtt_pub_zenoh_sub stdout ----
[INFO] [stdout] ack received: PublishAck { packet_id: 1, reason_code: Success, properties: [], reason_string: None }
[INFO] [stdout] 
[INFO] [stdout] thread 'test_mqtt_pub_zenoh_sub' panicked at zenoh-plugin-mqtt/tests/test.rs:256:26:
[INFO] [stdout] Receiver timeout: Timeout
[INFO] [stdout] stack backtrace:
[INFO] [stdout]    0:     0x559586a17d5a - std::backtrace_rs::backtrace::libunwind::trace::hb059275cfc8d6126
[INFO] [stdout]                                at /rustc/6067b36314ab5eb2eb47cecc464545ba58e1ad24/library/std/src/../../backtrace/src/backtrace/libunwind.rs:116:5
[INFO] [stdout]    1:     0x559586a17d5a - std::backtrace_rs::backtrace::trace_unsynchronized::h2da071e4327ce3ee
[INFO] [stdout]                                at /rustc/6067b36314ab5eb2eb47cecc464545ba58e1ad24/library/std/src/../../backtrace/src/backtrace/mod.rs:66:5
[INFO] [stdout]    2:     0x559586a17d5a - std::sys::backtrace::_print_fmt::h842a1474e6f8d23f
[INFO] [stdout]                                at /rustc/6067b36314ab5eb2eb47cecc464545ba58e1ad24/library/std/src/sys/backtrace.rs:66:9
[INFO] [stdout]    3:     0x559586a17d5a - <std::sys::backtrace::BacktraceLock::print::DisplayBacktrace as core::fmt::Display>::fmt::h71a62eb3b9696b12
[INFO] [stdout]                                at /rustc/6067b36314ab5eb2eb47cecc464545ba58e1ad24/library/std/src/sys/backtrace.rs:39:26
[INFO] [stdout]    4:     0x559586a468d3 - core::fmt::rt::Argument::fmt::hdb6b616786b41dc1
[INFO] [stdout]                                at /rustc/6067b36314ab5eb2eb47cecc464545ba58e1ad24/library/core/src/fmt/rt.rs:177:76
[INFO] [stdout]    5:     0x559586a468d3 - core::fmt::write::h2cc1698af7e2d686
[INFO] [stdout]                                at /rustc/6067b36314ab5eb2eb47cecc464545ba58e1ad24/library/core/src/fmt/mod.rs:1440:21
[INFO] [stdout]    6:     0x559586a12823 - std::io::Write::write_fmt::hab1b4cd059a79022
[INFO] [stdout]                                at /rustc/6067b36314ab5eb2eb47cecc464545ba58e1ad24/library/std/src/io/mod.rs:1887:15
[INFO] [stdout]    7:     0x559586a17ba2 - std::sys::backtrace::BacktraceLock::print::h147fe35b4ea13b08
[INFO] [stdout]                                at /rustc/6067b36314ab5eb2eb47cecc464545ba58e1ad24/library/std/src/sys/backtrace.rs:42:9
[INFO] [stdout]    8:     0x559586a1917f - std::panicking::default_hook::{{closure}}::hbd44223dbdc0d208
[INFO] [stdout]                                at /rustc/6067b36314ab5eb2eb47cecc464545ba58e1ad24/library/std/src/panicking.rs:298:22
[INFO] [stdout]    9:     0x559586a18f98 - std::panicking::default_hook::h20f81eb0576efcec
[INFO] [stdout]                                at /rustc/6067b36314ab5eb2eb47cecc464545ba58e1ad24/library/std/src/panicking.rs:322:9
[INFO] [stdout]   10:     0x5595850a54c3 - <alloc::boxed::Box<F,A> as core::ops::function::Fn<Args>>::call::hdb53814c496a4d34
[INFO] [stdout]                                at /rustc/6067b36314ab5eb2eb47cecc464545ba58e1ad24/library/alloc/src/boxed.rs:2027:9
[INFO] [stdout]   11:     0x5595850a54c3 - test::test_main::{{closure}}::hc0a4963c59427c24
[INFO] [stdout]                                at /rustc/6067b36314ab5eb2eb47cecc464545ba58e1ad24/library/test/src/lib.rs:134:21
[INFO] [stdout]   12:     0x559586a19c73 - <alloc::boxed::Box<F,A> as core::ops::function::Fn<Args>>::call::h591b2225413a77e9
[INFO] [stdout]                                at /rustc/6067b36314ab5eb2eb47cecc464545ba58e1ad24/library/alloc/src/boxed.rs:2027:9
[INFO] [stdout]   13:     0x559586a19c73 - std::panicking::rust_panic_with_hook::h625eea43051b2edc
[INFO] [stdout]                                at /rustc/6067b36314ab5eb2eb47cecc464545ba58e1ad24/library/std/src/panicking.rs:839:13
[INFO] [stdout]   14:     0x559586a1992a - std::panicking::begin_panic_handler::{{closure}}::h4f9159cfbc3f6bd3
[INFO] [stdout]                                at /rustc/6067b36314ab5eb2eb47cecc464545ba58e1ad24/library/std/src/panicking.rs:704:13
[INFO] [stdout]   15:     0x559586a18259 - std::sys::backtrace::__rust_end_short_backtrace::h0390abce48353151
[INFO] [stdout]                                at /rustc/6067b36314ab5eb2eb47cecc464545ba58e1ad24/library/std/src/sys/backtrace.rs:168:18
[INFO] [stdout]   16:     0x559586a195bd - rust_begin_unwind
[INFO] [stdout]                                at /rustc/6067b36314ab5eb2eb47cecc464545ba58e1ad24/library/std/src/panicking.rs:695:5
[INFO] [stdout]   17:     0x559586a44140 - core::panicking::panic_fmt::h9e7c637e9e5f29c9
[INFO] [stdout]                                at /rustc/6067b36314ab5eb2eb47cecc464545ba58e1ad24/library/core/src/panicking.rs:75:14
[INFO] [stdout]   18:     0x559586a44616 - core::result::unwrap_failed::h7979f09313fe1849
[INFO] [stdout]                                at /rustc/6067b36314ab5eb2eb47cecc464545ba58e1ad24/library/core/src/result.rs:1704:5
[INFO] [stdout]   19:     0x559584eee864 - core::result::Result<T,E>::expect::h8baf8943688d7045
[INFO] [stdout]                                at /rustc/6067b36314ab5eb2eb47cecc464545ba58e1ad24/library/core/src/result.rs:1061:23
[INFO] [stdout]   20:     0x559584ee914f - test::test_mqtt_pub_zenoh_sub::h29358b6a3880279c
[INFO] [stdout]                                at /opt/rustwide/workdir/zenoh-plugin-mqtt/tests/test.rs:256:19
[INFO] [stdout]   21:     0x559584ee8a77 - test::test_mqtt_pub_zenoh_sub::{{closure}}::hae81872c1845da91
[INFO] [stdout]                                at /opt/rustwide/workdir/zenoh-plugin-mqtt/tests/test.rs:219:29
[INFO] [stdout]   22:     0x559584dd52f6 - core::ops::function::FnOnce::call_once::hda0db4524e71cba3
[INFO] [stdout]                                at /rustc/6067b36314ab5eb2eb47cecc464545ba58e1ad24/library/core/src/ops/function.rs:250:5
[INFO] [stdout]   23:     0x5595850aac1b - core::ops::function::FnOnce::call_once::he27718dfdd183f43
[INFO] [stdout]                                at /rustc/6067b36314ab5eb2eb47cecc464545ba58e1ad24/library/core/src/ops/function.rs:250:5
[INFO] [stdout]   24:     0x5595850aac1b - test::__rust_begin_short_backtrace::h4e84902998457a5d
[INFO] [stdout]                                at /rustc/6067b36314ab5eb2eb47cecc464545ba58e1ad24/library/test/src/lib.rs:632:18
[INFO] [stdout]   25:     0x5595850a9b53 - test::run_test_in_process::{{closure}}::h7176fd18fc1feca0
[INFO] [stdout]                                at /rustc/6067b36314ab5eb2eb47cecc464545ba58e1ad24/library/test/src/lib.rs:655:60
[INFO] [stdout]   26:     0x5595850a9b53 - <core::panic::unwind_safe::AssertUnwindSafe<F> as core::ops::function::FnOnce<()>>::call_once::hf79cff2a624d8cf7
[INFO] [stdout]                                at /rustc/6067b36314ab5eb2eb47cecc464545ba58e1ad24/library/core/src/panic/unwind_safe.rs:272:9
[INFO] [stdout]   27:     0x5595850a9b53 - std::panicking::try::do_call::h3da0561d9ab99c25
[INFO] [stdout]                                at /rustc/6067b36314ab5eb2eb47cecc464545ba58e1ad24/library/std/src/panicking.rs:587:40
[INFO] [stdout]   28:     0x5595850a9b53 - std::panicking::try::h41c9fa508bc61df6
[INFO] [stdout]                                at /rustc/6067b36314ab5eb2eb47cecc464545ba58e1ad24/library/std/src/panicking.rs:550:19
[INFO] [stdout]   29:     0x5595850a9b53 - std::panic::catch_unwind::h6b3ff07bb5afad93
[INFO] [stdout]                                at /rustc/6067b36314ab5eb2eb47cecc464545ba58e1ad24/library/std/src/panic.rs:358:14
[INFO] [stdout]   30:     0x5595850a9b53 - test::run_test_in_process::hc7253dd11b39b9f4
[INFO] [stdout]                                at /rustc/6067b36314ab5eb2eb47cecc464545ba58e1ad24/library/test/src/lib.rs:655:27
[INFO] [stdout]   31:     0x5595850a9b53 - test::run_test::{{closure}}::hfb2007f8649c30bb
[INFO] [stdout]                                at /rustc/6067b36314ab5eb2eb47cecc464545ba58e1ad24/library/test/src/lib.rs:576:43
[INFO] [stdout]   32:     0x55958506cc35 - test::run_test::{{closure}}::h56a17aa7a282a9f4
[INFO] [stdout]                                at /rustc/6067b36314ab5eb2eb47cecc464545ba58e1ad24/library/test/src/lib.rs:606:41
[INFO] [stdout]   33:     0x55958506cc35 - std::sys::backtrace::__rust_begin_short_backtrace::hd2d2d2fb8e8c6aac
[INFO] [stdout]                                at /rustc/6067b36314ab5eb2eb47cecc464545ba58e1ad24/library/std/src/sys/backtrace.rs:152:18
[INFO] [stdout]   34:     0x55958507051a - std::thread::Builder::spawn_unchecked_::{{closure}}::{{closure}}::h4faa3f9db6133423
[INFO] [stdout]                                at /rustc/6067b36314ab5eb2eb47cecc464545ba58e1ad24/library/std/src/thread/mod.rs:559:17
[INFO] [stdout]   35:     0x55958507051a - <core::panic::unwind_safe::AssertUnwindSafe<F> as core::ops::function::FnOnce<()>>::call_once::hf2e855a36a4ea846
[INFO] [stdout]                                at /rustc/6067b36314ab5eb2eb47cecc464545ba58e1ad24/library/core/src/panic/unwind_safe.rs:272:9
[INFO] [stdout]   36:     0x55958507051a - std::panicking::try::do_call::h2f73af3616c35465
[INFO] [stdout]                                at /rustc/6067b36314ab5eb2eb47cecc464545ba58e1ad24/library/std/src/panicking.rs:587:40
[INFO] [stdout]   37:     0x55958507051a - std::panicking::try::hd1660ce9efadef5a
[INFO] [stdout]                                at /rustc/6067b36314ab5eb2eb47cecc464545ba58e1ad24/library/std/src/panicking.rs:550:19
[INFO] [stdout]   38:     0x55958507051a - std::panic::catch_unwind::h5ee8d7823b8ca744
[INFO] [stdout]                                at /rustc/6067b36314ab5eb2eb47cecc464545ba58e1ad24/library/std/src/panic.rs:358:14
[INFO] [stdout]   39:     0x55958507051a - std::thread::Builder::spawn_unchecked_::{{closure}}::h53c3a1894dce8407
[INFO] [stdout]                                at /rustc/6067b36314ab5eb2eb47cecc464545ba58e1ad24/library/std/src/thread/mod.rs:557:30
[INFO] [stdout]   40:     0x55958507051a - core::ops::function::FnOnce::call_once{{vtable.shim}}::h048ce291ad4f62bf
[INFO] [stdout]                                at /rustc/6067b36314ab5eb2eb47cecc464545ba58e1ad24/library/core/src/ops/function.rs:250:5
[INFO] [stdout]   41:     0x559586a1e44b - <alloc::boxed::Box<F,A> as core::ops::function::FnOnce<Args>>::call_once::ha52bedf99a3b4981
[INFO] [stdout]                                at /rustc/6067b36314ab5eb2eb47cecc464545ba58e1ad24/library/alloc/src/boxed.rs:2013:9
[INFO] [stdout]   42:     0x559586a1e44b - <alloc::boxed::Box<F,A> as core::ops::function::FnOnce<Args>>::call_once::h567748934d80ccf8
[INFO] [stdout]                                at /rustc/6067b36314ab5eb2eb47cecc464545ba58e1ad24/library/alloc/src/boxed.rs:2013:9
[INFO] [stdout]   43:     0x559586a1e44b - std::sys::pal::unix::thread::Thread::new::thread_start::h2d970728ae887adc
[INFO] [stdout]                                at /rustc/6067b36314ab5eb2eb47cecc464545ba58e1ad24/library/std/src/sys/pal/unix/thread.rs:106:17
[INFO] [stdout]   44:     0x735aae8f8ac3 - <unknown>
[INFO] [stdout]   45:     0x735aae989a04 - clone
[INFO] [stdout]   46:                0x0 - <unknown>
[INFO] [stdout] 
[INFO] [stdout] 
[INFO] [stdout] failures:
[INFO] [stdout]     test_mqtt_pub_zenoh_sub
[INFO] [stdout] 
[INFO] [stdout] test result: FAILED. 2 passed; 1 failed; 0 ignored; 0 measured; 0 filtered out; finished in 6.62s
[INFO] [stdout] 
[INFO] [stderr] error: test failed, to rerun pass `-p zenoh-plugin-mqtt --test test`
[INFO] running `Command { std: "docker" "inspect" "ff1ae6613447a220d4428a3b78e7f04549c5ea9adf75b5c2c6756be693f7632d", kill_on_drop: false }`
[INFO] running `Command { std: "docker" "rm" "-f" "ff1ae6613447a220d4428a3b78e7f04549c5ea9adf75b5c2c6756be693f7632d", kill_on_drop: false }`
[INFO] [stdout] ff1ae6613447a220d4428a3b78e7f04549c5ea9adf75b5c2c6756be693f7632d
