[INFO] cloning repository https://github.com/eZanmoto/norpl
[INFO] running `Command { std: "git" "-c" "credential.helper=" "-c" "credential.helper=/workspace/cargo-home/bin/git-credential-null" "clone" "--bare" "https://github.com/eZanmoto/norpl" "/workspace/cache/git-repos/https%3A%2F%2Fgithub.com%2FeZanmoto%2Fnorpl", kill_on_drop: false }`
[INFO] [stderr] Cloning into bare repository '/workspace/cache/git-repos/https%3A%2F%2Fgithub.com%2FeZanmoto%2Fnorpl'...
[INFO] running `Command { std: "git" "rev-parse" "HEAD", kill_on_drop: false }`
[INFO] [stdout] ad188cc938960ad206e1a31c37d38bbeb8c8bca5
[INFO] testing eZanmoto/norpl against nightly-2025-01-18+rustflags=-Zrandomize-layout for randomize-layout-2
[INFO] running `Command { std: "git" "clone" "/workspace/cache/git-repos/https%3A%2F%2Fgithub.com%2FeZanmoto%2Fnorpl" "/workspace/builds/worker-3-tc2/source", kill_on_drop: false }`
[INFO] [stderr] Cloning into '/workspace/builds/worker-3-tc2/source'...
[INFO] [stderr] done.
[INFO] validating manifest of git repo https://github.com/eZanmoto/norpl on toolchain nightly-2025-01-18
[INFO] running `Command { std: CARGO_HOME="/workspace/cargo-home" RUSTUP_HOME="/workspace/rustup-home" "/workspace/cargo-home/bin/cargo" "+nightly-2025-01-18" "metadata" "--manifest-path" "Cargo.toml" "--no-deps", kill_on_drop: false }`
[INFO] started tweaking git repo https://github.com/eZanmoto/norpl
[INFO] finished tweaking git repo https://github.com/eZanmoto/norpl
[INFO] tweaked toml for git repo https://github.com/eZanmoto/norpl written to /workspace/builds/worker-3-tc2/source/Cargo.toml
[INFO] crate git repo https://github.com/eZanmoto/norpl already has a lockfile, it will not be regenerated
[INFO] running `Command { std: CARGO_HOME="/workspace/cargo-home" RUSTUP_HOME="/workspace/rustup-home" "/workspace/cargo-home/bin/cargo" "+nightly-2025-01-18" "fetch" "--manifest-path" "Cargo.toml", kill_on_drop: false }`
[INFO] [stderr] warning: no edition set: defaulting to the 2015 edition while the latest is 2024
[INFO] running `Command { std: "docker" "create" "-v" "/var/lib/crater-agent-workspace/builds/worker-3-tc2/target:/opt/rustwide/target:rw,Z" "-v" "/var/lib/crater-agent-workspace/builds/worker-3-tc2/source:/opt/rustwide/workdir:ro,Z" "-v" "/var/lib/crater-agent-workspace/cargo-home:/opt/rustwide/cargo-home:ro,Z" "-v" "/var/lib/crater-agent-workspace/rustup-home:/opt/rustwide/rustup-home:ro,Z" "-e" "SOURCE_DIR=/opt/rustwide/workdir" "-e" "CARGO_TARGET_DIR=/opt/rustwide/target" "-e" "CARGO_HOME=/opt/rustwide/cargo-home" "-e" "RUSTUP_HOME=/opt/rustwide/rustup-home" "-w" "/opt/rustwide/workdir" "-m" "1610612736" "--user" "0:0" "--network" "none" "ghcr.io/rust-lang/crates-build-env/linux@sha256:819108c5571ea2e421544af4d832f968d213c87fbe3707a016657f43d2f853bc" "/opt/rustwide/cargo-home/bin/cargo" "+nightly-2025-01-18" "metadata" "--no-deps" "--format-version=1", kill_on_drop: false }`
[INFO] [stdout] 0c94d7a5fb24332a4d6943255f749b042b3f095ff3f7f37e0dda478d72a17c8d
[INFO] running `Command { std: "docker" "start" "-a" "0c94d7a5fb24332a4d6943255f749b042b3f095ff3f7f37e0dda478d72a17c8d", kill_on_drop: false }`
[INFO] running `Command { std: "docker" "inspect" "0c94d7a5fb24332a4d6943255f749b042b3f095ff3f7f37e0dda478d72a17c8d", kill_on_drop: false }`
[INFO] running `Command { std: "docker" "rm" "-f" "0c94d7a5fb24332a4d6943255f749b042b3f095ff3f7f37e0dda478d72a17c8d", kill_on_drop: false }`
[INFO] [stdout] 0c94d7a5fb24332a4d6943255f749b042b3f095ff3f7f37e0dda478d72a17c8d
[INFO] running `Command { std: "docker" "create" "-v" "/var/lib/crater-agent-workspace/builds/worker-3-tc2/target:/opt/rustwide/target:rw,Z" "-v" "/var/lib/crater-agent-workspace/builds/worker-3-tc2/source:/opt/rustwide/workdir:ro,Z" "-v" "/var/lib/crater-agent-workspace/cargo-home:/opt/rustwide/cargo-home:ro,Z" "-v" "/var/lib/crater-agent-workspace/rustup-home:/opt/rustwide/rustup-home:ro,Z" "-e" "SOURCE_DIR=/opt/rustwide/workdir" "-e" "CARGO_TARGET_DIR=/opt/rustwide/target" "-e" "CARGO_INCREMENTAL=0" "-e" "RUST_BACKTRACE=full" "-e" "RUSTFLAGS=--cap-lints=forbid -Zrandomize-layout" "-e" "RUSTDOCFLAGS=--cap-lints=forbid" "-e" "CARGO_HOME=/opt/rustwide/cargo-home" "-e" "RUSTUP_HOME=/opt/rustwide/rustup-home" "-w" "/opt/rustwide/workdir" "-m" "1610612736" "--user" "0:0" "--network" "none" "ghcr.io/rust-lang/crates-build-env/linux@sha256:819108c5571ea2e421544af4d832f968d213c87fbe3707a016657f43d2f853bc" "/opt/rustwide/cargo-home/bin/cargo" "+nightly-2025-01-18" "build" "--frozen" "--message-format=json", kill_on_drop: false }`
[INFO] [stdout] b985f025a797e7ded77c73d362a8fda530180a295d5d9bc7c59c7846302d4ed1
[INFO] running `Command { std: "docker" "start" "-a" "b985f025a797e7ded77c73d362a8fda530180a295d5d9bc7c59c7846302d4ed1", kill_on_drop: false }`
[INFO] [stderr] warning: no edition set: defaulting to the 2015 edition while the latest is 2024
[INFO] [stderr]    Compiling libc v0.2.95
[INFO] [stderr]    Compiling memchr v2.4.0
[INFO] [stderr]    Compiling autocfg v1.0.1
[INFO] [stderr]    Compiling crunchy v0.2.2
[INFO] [stderr]    Compiling log v0.4.14
[INFO] [stderr]    Compiling siphasher v0.3.5
[INFO] [stderr]    Compiling byteorder v1.4.3
[INFO] [stderr]    Compiling regex-syntax v0.6.25
[INFO] [stderr]    Compiling hashbrown v0.9.1
[INFO] [stderr]    Compiling tiny-keccak v2.0.2
[INFO] [stderr]    Compiling phf_shared v0.8.0
[INFO] [stderr]    Compiling lazy_static v1.4.0
[INFO] [stderr]    Compiling new_debug_unreachable v1.0.4
[INFO] [stderr]    Compiling indexmap v1.6.2
[INFO] [stderr]    Compiling either v1.6.1
[INFO] [stderr]    Compiling fixedbitset v0.2.0
[INFO] [stderr]    Compiling bit-vec v0.6.3
[INFO] [stderr]    Compiling precomputed-hash v0.1.1
[INFO] [stderr]    Compiling string_cache v0.8.1
[INFO] [stderr]    Compiling itertools v0.10.0
[INFO] [stderr]    Compiling bit-set v0.5.2
[INFO] [stderr]    Compiling ena v0.14.0
[INFO] [stderr]    Compiling pico-args v0.4.2
[INFO] [stderr]    Compiling dirs v1.0.5
[INFO] [stderr]    Compiling aho-corasick v0.7.18
[INFO] [stderr]    Compiling term v0.5.2
[INFO] [stderr]    Compiling atty v0.2.14
[INFO] [stderr]    Compiling diff v0.1.12
[INFO] [stderr]    Compiling petgraph v0.5.1
[INFO] [stderr]    Compiling unicode-xid v0.2.2
[INFO] [stderr]    Compiling ascii-canvas v2.0.0
[INFO] [stderr]    Compiling regex v1.5.4
[INFO] [stderr]    Compiling lalrpop-util v0.19.5
[INFO] [stderr]    Compiling lalrpop v0.19.5
[INFO] [stderr]    Compiling norpl v0.1.0 (/opt/rustwide/workdir)
[INFO] [stdout] warning: unused import: `self::__parse__Application::ApplicationParser`
[INFO] [stdout]     --> /opt/rustwide/target/debug/build/norpl-a4a3f1380134bb05/out/parser.rs:3398:9
[INFO] [stdout]      |
[INFO] [stdout] 3398 | pub use self::__parse__Application::ApplicationParser;
[INFO] [stdout]      |         ^^^^^^^^^^^^^^^^^^^^^^^^^^^^^^^^^^^^^^^^^^^^^
[INFO] [stdout]      |
[INFO] [stdout]      = note: `#[warn(unused_imports)]` on by default
[INFO] [stdout] 
[INFO] [stdout] 
[INFO] [stdout] warning: unused import: `self::__parse__ArgNames::ArgNamesParser`
[INFO] [stdout]     --> /opt/rustwide/target/debug/build/norpl-a4a3f1380134bb05/out/parser.rs:6125:9
[INFO] [stdout]      |
[INFO] [stdout] 6125 | pub use self::__parse__ArgNames::ArgNamesParser;
[INFO] [stdout]      |         ^^^^^^^^^^^^^^^^^^^^^^^^^^^^^^^^^^^^^^^
[INFO] [stdout] 
[INFO] [stdout] 
[INFO] [stdout] warning: unused import: `self::__parse__Block::BlockParser`
[INFO] [stdout]     --> /opt/rustwide/target/debug/build/norpl-a4a3f1380134bb05/out/parser.rs:9512:9
[INFO] [stdout]      |
[INFO] [stdout] 9512 | pub use self::__parse__Block::BlockParser;
[INFO] [stdout]      |         ^^^^^^^^^^^^^^^^^^^^^^^^^^^^^^^^^
[INFO] [stdout] 
[INFO] [stdout] 
[INFO] [stdout] warning: unused import: `self::__parse__Expr::ExprParser`
[INFO] [stdout]      --> /opt/rustwide/target/debug/build/norpl-a4a3f1380134bb05/out/parser.rs:12899:9
[INFO] [stdout]       |
[INFO] [stdout] 12899 | pub use self::__parse__Expr::ExprParser;
[INFO] [stdout]       |         ^^^^^^^^^^^^^^^^^^^^^^^^^^^^^^^
[INFO] [stdout] 
[INFO] [stdout] 
[INFO] [stdout] warning: unused import: `self::__parse__ExprList::ExprListParser`
[INFO] [stdout]      --> /opt/rustwide/target/debug/build/norpl-a4a3f1380134bb05/out/parser.rs:16286:9
[INFO] [stdout]       |
[INFO] [stdout] 16286 | pub use self::__parse__ExprList::ExprListParser;
[INFO] [stdout]       |         ^^^^^^^^^^^^^^^^^^^^^^^^^^^^^^^^^^^^^^^
[INFO] [stdout] 
[INFO] [stdout] 
[INFO] [stdout] warning: unused import: `self::__parse__Expr_::Expr_Parser`
[INFO] [stdout]      --> /opt/rustwide/target/debug/build/norpl-a4a3f1380134bb05/out/parser.rs:19673:9
[INFO] [stdout]       |
[INFO] [stdout] 19673 | pub use self::__parse__Expr_::Expr_Parser;
[INFO] [stdout]       |         ^^^^^^^^^^^^^^^^^^^^^^^^^^^^^^^^^
[INFO] [stdout] 
[INFO] [stdout] 
[INFO] [stdout] warning: unused import: `self::__parse__Factor::FactorParser`
[INFO] [stdout]      --> /opt/rustwide/target/debug/build/norpl-a4a3f1380134bb05/out/parser.rs:23060:9
[INFO] [stdout]       |
[INFO] [stdout] 23060 | pub use self::__parse__Factor::FactorParser;
[INFO] [stdout]       |         ^^^^^^^^^^^^^^^^^^^^^^^^^^^^^^^^^^^
[INFO] [stdout] 
[INFO] [stdout] 
[INFO] [stdout] warning: unused import: `self::__parse__IfStmt::IfStmtParser`
[INFO] [stdout]      --> /opt/rustwide/target/debug/build/norpl-a4a3f1380134bb05/out/parser.rs:26447:9
[INFO] [stdout]       |
[INFO] [stdout] 26447 | pub use self::__parse__IfStmt::IfStmtParser;
[INFO] [stdout]       |         ^^^^^^^^^^^^^^^^^^^^^^^^^^^^^^^^^^^
[INFO] [stdout] 
[INFO] [stdout] 
[INFO] [stdout] warning: unused import: `self::__parse__ParamList::ParamListParser`
[INFO] [stdout]      --> /opt/rustwide/target/debug/build/norpl-a4a3f1380134bb05/out/parser.rs:29834:9
[INFO] [stdout]       |
[INFO] [stdout] 29834 | pub use self::__parse__ParamList::ParamListParser;
[INFO] [stdout]       |         ^^^^^^^^^^^^^^^^^^^^^^^^^^^^^^^^^^^^^^^^^
[INFO] [stdout] 
[INFO] [stdout] 
[INFO] [stdout] warning: unused import: `self::__parse__PropItem::PropItemParser`
[INFO] [stdout]      --> /opt/rustwide/target/debug/build/norpl-a4a3f1380134bb05/out/parser.rs:36617:9
[INFO] [stdout]       |
[INFO] [stdout] 36617 | pub use self::__parse__PropItem::PropItemParser;
[INFO] [stdout]       |         ^^^^^^^^^^^^^^^^^^^^^^^^^^^^^^^^^^^^^^^
[INFO] [stdout] 
[INFO] [stdout] 
[INFO] [stdout] warning: unused import: `self::__parse__PropList::PropListParser`
[INFO] [stdout]      --> /opt/rustwide/target/debug/build/norpl-a4a3f1380134bb05/out/parser.rs:40004:9
[INFO] [stdout]       |
[INFO] [stdout] 40004 | pub use self::__parse__PropList::PropListParser;
[INFO] [stdout]       |         ^^^^^^^^^^^^^^^^^^^^^^^^^^^^^^^^^^^^^^^
[INFO] [stdout] 
[INFO] [stdout] 
[INFO] [stdout] warning: unused import: `self::__parse__Stmt::StmtParser`
[INFO] [stdout]      --> /opt/rustwide/target/debug/build/norpl-a4a3f1380134bb05/out/parser.rs:43391:9
[INFO] [stdout]       |
[INFO] [stdout] 43391 | pub use self::__parse__Stmt::StmtParser;
[INFO] [stdout]       |         ^^^^^^^^^^^^^^^^^^^^^^^^^^^^^^^
[INFO] [stdout] 
[INFO] [stdout] 
[INFO] [stdout] warning: unused import: `self::__parse__Term::TermParser`
[INFO] [stdout]      --> /opt/rustwide/target/debug/build/norpl-a4a3f1380134bb05/out/parser.rs:46780:9
[INFO] [stdout]       |
[INFO] [stdout] 46780 | pub use self::__parse__Term::TermParser;
[INFO] [stdout]       |         ^^^^^^^^^^^^^^^^^^^^^^^^^^^^^^^
[INFO] [stdout] 
[INFO] [stdout] 
[INFO] [stderr]     Finished `dev` profile [unoptimized + debuginfo] target(s) in 37.42s
[INFO] [stderr] warning: the following packages contain code that will be rejected by a future version of Rust: lalrpop v0.19.5
[INFO] [stderr] note: to see what the problems were, use the option `--future-incompat-report`, or run `cargo report future-incompatibilities --id 1`
[INFO] running `Command { std: "docker" "inspect" "b985f025a797e7ded77c73d362a8fda530180a295d5d9bc7c59c7846302d4ed1", kill_on_drop: false }`
[INFO] running `Command { std: "docker" "rm" "-f" "b985f025a797e7ded77c73d362a8fda530180a295d5d9bc7c59c7846302d4ed1", kill_on_drop: false }`
[INFO] [stdout] b985f025a797e7ded77c73d362a8fda530180a295d5d9bc7c59c7846302d4ed1
[INFO] running `Command { std: "docker" "create" "-v" "/var/lib/crater-agent-workspace/builds/worker-3-tc2/target:/opt/rustwide/target:rw,Z" "-v" "/var/lib/crater-agent-workspace/builds/worker-3-tc2/source:/opt/rustwide/workdir:ro,Z" "-v" "/var/lib/crater-agent-workspace/cargo-home:/opt/rustwide/cargo-home:ro,Z" "-v" "/var/lib/crater-agent-workspace/rustup-home:/opt/rustwide/rustup-home:ro,Z" "-e" "SOURCE_DIR=/opt/rustwide/workdir" "-e" "CARGO_TARGET_DIR=/opt/rustwide/target" "-e" "CARGO_INCREMENTAL=0" "-e" "RUST_BACKTRACE=full" "-e" "RUSTFLAGS=--cap-lints=forbid -Zrandomize-layout" "-e" "RUSTDOCFLAGS=--cap-lints=forbid" "-e" "CARGO_HOME=/opt/rustwide/cargo-home" "-e" "RUSTUP_HOME=/opt/rustwide/rustup-home" "-w" "/opt/rustwide/workdir" "-m" "1610612736" "--user" "0:0" "--network" "none" "ghcr.io/rust-lang/crates-build-env/linux@sha256:819108c5571ea2e421544af4d832f968d213c87fbe3707a016657f43d2f853bc" "/opt/rustwide/cargo-home/bin/cargo" "+nightly-2025-01-18" "test" "--frozen" "--no-run" "--message-format=json", kill_on_drop: false }`
[INFO] [stdout] 53607951d298e2f7d7a8e56ae308fa0c3aec862645a337127e317e736f9148a0
[INFO] running `Command { std: "docker" "start" "-a" "53607951d298e2f7d7a8e56ae308fa0c3aec862645a337127e317e736f9148a0", kill_on_drop: false }`
[INFO] [stderr] warning: no edition set: defaulting to the 2015 edition while the latest is 2024
[INFO] [stderr]    Compiling libc v0.2.95
[INFO] [stderr]    Compiling lazy_static v1.4.0
[INFO] [stderr]    Compiling predicates-core v1.0.2
[INFO] [stderr]    Compiling doc-comment v0.3.3
[INFO] [stderr]    Compiling treeline v0.1.0
[INFO] [stderr]    Compiling difference v2.0.0
[INFO] [stderr]    Compiling regex-automata v0.1.10
[INFO] [stderr]    Compiling string_cache v0.8.1
[INFO] [stderr]    Compiling predicates v1.0.8
[INFO] [stderr]    Compiling predicates-tree v1.0.2
[INFO] [stderr]    Compiling bstr v0.2.16
[INFO] [stderr]    Compiling dirs v1.0.5
[INFO] [stderr]    Compiling atty v0.2.14
[INFO] [stderr]    Compiling wait-timeout v0.2.0
[INFO] [stderr]    Compiling assert_cmd v1.0.5
[INFO] [stderr]    Compiling term v0.5.2
[INFO] [stderr]    Compiling ascii-canvas v2.0.0
[INFO] [stderr]    Compiling lalrpop v0.19.5
[INFO] [stderr]    Compiling norpl v0.1.0 (/opt/rustwide/workdir)
[INFO] [stdout] warning: unused import: `self::__parse__Application::ApplicationParser`
[INFO] [stdout]     --> /opt/rustwide/target/debug/build/norpl-4c22fb5f9293e170/out/parser.rs:3398:9
[INFO] [stdout]      |
[INFO] [stdout] 3398 | pub use self::__parse__Application::ApplicationParser;
[INFO] [stdout]      |         ^^^^^^^^^^^^^^^^^^^^^^^^^^^^^^^^^^^^^^^^^^^^^
[INFO] [stdout]      |
[INFO] [stdout]      = note: `#[warn(unused_imports)]` on by default
[INFO] [stdout] 
[INFO] [stdout] 
[INFO] [stdout] warning: unused import: `self::__parse__ArgNames::ArgNamesParser`
[INFO] [stdout]     --> /opt/rustwide/target/debug/build/norpl-4c22fb5f9293e170/out/parser.rs:6125:9
[INFO] [stdout]      |
[INFO] [stdout] 6125 | pub use self::__parse__ArgNames::ArgNamesParser;
[INFO] [stdout]      |         ^^^^^^^^^^^^^^^^^^^^^^^^^^^^^^^^^^^^^^^
[INFO] [stdout] 
[INFO] [stdout] 
[INFO] [stdout] warning: unused import: `self::__parse__Block::BlockParser`
[INFO] [stdout]     --> /opt/rustwide/target/debug/build/norpl-4c22fb5f9293e170/out/parser.rs:9512:9
[INFO] [stdout]      |
[INFO] [stdout] 9512 | pub use self::__parse__Block::BlockParser;
[INFO] [stdout]      |         ^^^^^^^^^^^^^^^^^^^^^^^^^^^^^^^^^
[INFO] [stdout] 
[INFO] [stdout] 
[INFO] [stdout] warning: unused import: `self::__parse__Expr::ExprParser`
[INFO] [stdout]      --> /opt/rustwide/target/debug/build/norpl-4c22fb5f9293e170/out/parser.rs:12899:9
[INFO] [stdout]       |
[INFO] [stdout] 12899 | pub use self::__parse__Expr::ExprParser;
[INFO] [stdout]       |         ^^^^^^^^^^^^^^^^^^^^^^^^^^^^^^^
[INFO] [stdout] 
[INFO] [stdout] 
[INFO] [stdout] warning: unused import: `self::__parse__ExprList::ExprListParser`
[INFO] [stdout]      --> /opt/rustwide/target/debug/build/norpl-4c22fb5f9293e170/out/parser.rs:16286:9
[INFO] [stdout]       |
[INFO] [stdout] 16286 | pub use self::__parse__ExprList::ExprListParser;
[INFO] [stdout]       |         ^^^^^^^^^^^^^^^^^^^^^^^^^^^^^^^^^^^^^^^
[INFO] [stdout] 
[INFO] [stdout] 
[INFO] [stdout] warning: unused import: `self::__parse__Expr_::Expr_Parser`
[INFO] [stdout]      --> /opt/rustwide/target/debug/build/norpl-4c22fb5f9293e170/out/parser.rs:19673:9
[INFO] [stdout]       |
[INFO] [stdout] 19673 | pub use self::__parse__Expr_::Expr_Parser;
[INFO] [stdout]       |         ^^^^^^^^^^^^^^^^^^^^^^^^^^^^^^^^^
[INFO] [stdout] 
[INFO] [stdout] 
[INFO] [stdout] warning: unused import: `self::__parse__Factor::FactorParser`
[INFO] [stdout]      --> /opt/rustwide/target/debug/build/norpl-4c22fb5f9293e170/out/parser.rs:23060:9
[INFO] [stdout]       |
[INFO] [stdout] 23060 | pub use self::__parse__Factor::FactorParser;
[INFO] [stdout]       |         ^^^^^^^^^^^^^^^^^^^^^^^^^^^^^^^^^^^
[INFO] [stdout] 
[INFO] [stdout] 
[INFO] [stdout] warning: unused import: `self::__parse__IfStmt::IfStmtParser`
[INFO] [stdout]      --> /opt/rustwide/target/debug/build/norpl-4c22fb5f9293e170/out/parser.rs:26447:9
[INFO] [stdout]       |
[INFO] [stdout] 26447 | pub use self::__parse__IfStmt::IfStmtParser;
[INFO] [stdout]       |         ^^^^^^^^^^^^^^^^^^^^^^^^^^^^^^^^^^^
[INFO] [stdout] 
[INFO] [stdout] 
[INFO] [stdout] warning: unused import: `self::__parse__ParamList::ParamListParser`
[INFO] [stdout]      --> /opt/rustwide/target/debug/build/norpl-4c22fb5f9293e170/out/parser.rs:29834:9
[INFO] [stdout]       |
[INFO] [stdout] 29834 | pub use self::__parse__ParamList::ParamListParser;
[INFO] [stdout]       |         ^^^^^^^^^^^^^^^^^^^^^^^^^^^^^^^^^^^^^^^^^
[INFO] [stdout] 
[INFO] [stdout] 
[INFO] [stdout] warning: unused import: `self::__parse__PropItem::PropItemParser`
[INFO] [stdout]      --> /opt/rustwide/target/debug/build/norpl-4c22fb5f9293e170/out/parser.rs:36617:9
[INFO] [stdout]       |
[INFO] [stdout] 36617 | pub use self::__parse__PropItem::PropItemParser;
[INFO] [stdout]       |         ^^^^^^^^^^^^^^^^^^^^^^^^^^^^^^^^^^^^^^^
[INFO] [stdout] 
[INFO] [stdout] 
[INFO] [stdout] warning: unused import: `self::__parse__PropList::PropListParser`
[INFO] [stdout]      --> /opt/rustwide/target/debug/build/norpl-4c22fb5f9293e170/out/parser.rs:40004:9
[INFO] [stdout]       |
[INFO] [stdout] 40004 | pub use self::__parse__PropList::PropListParser;
[INFO] [stdout]       |         ^^^^^^^^^^^^^^^^^^^^^^^^^^^^^^^^^^^^^^^
[INFO] [stdout] 
[INFO] [stdout] 
[INFO] [stdout] warning: unused import: `self::__parse__Stmt::StmtParser`
[INFO] [stdout]      --> /opt/rustwide/target/debug/build/norpl-4c22fb5f9293e170/out/parser.rs:43391:9
[INFO] [stdout]       |
[INFO] [stdout] 43391 | pub use self::__parse__Stmt::StmtParser;
[INFO] [stdout]       |         ^^^^^^^^^^^^^^^^^^^^^^^^^^^^^^^
[INFO] [stdout] 
[INFO] [stdout] 
[INFO] [stdout] warning: unused import: `self::__parse__Term::TermParser`
[INFO] [stdout]      --> /opt/rustwide/target/debug/build/norpl-4c22fb5f9293e170/out/parser.rs:46780:9
[INFO] [stdout]       |
[INFO] [stdout] 46780 | pub use self::__parse__Term::TermParser;
[INFO] [stdout]       |         ^^^^^^^^^^^^^^^^^^^^^^^^^^^^^^^
[INFO] [stdout] 
[INFO] [stdout] 
[INFO] [stdout] warning: unused import: `self::__parse__Application::ApplicationParser`
[INFO] [stdout]     --> /opt/rustwide/target/debug/build/norpl-4c22fb5f9293e170/out/parser.rs:3398:9
[INFO] [stdout]      |
[INFO] [stdout] 3398 | pub use self::__parse__Application::ApplicationParser;
[INFO] [stdout]      |         ^^^^^^^^^^^^^^^^^^^^^^^^^^^^^^^^^^^^^^^^^^^^^
[INFO] [stdout]      |
[INFO] [stdout]      = note: `#[warn(unused_imports)]` on by default
[INFO] [stdout] 
[INFO] [stdout] 
[INFO] [stdout] warning: unused import: `self::__parse__ArgNames::ArgNamesParser`
[INFO] [stdout]     --> /opt/rustwide/target/debug/build/norpl-4c22fb5f9293e170/out/parser.rs:6125:9
[INFO] [stdout]      |
[INFO] [stdout] 6125 | pub use self::__parse__ArgNames::ArgNamesParser;
[INFO] [stdout]      |         ^^^^^^^^^^^^^^^^^^^^^^^^^^^^^^^^^^^^^^^
[INFO] [stdout] 
[INFO] [stdout] 
[INFO] [stdout] warning: unused import: `self::__parse__Block::BlockParser`
[INFO] [stdout]     --> /opt/rustwide/target/debug/build/norpl-4c22fb5f9293e170/out/parser.rs:9512:9
[INFO] [stdout]      |
[INFO] [stdout] 9512 | pub use self::__parse__Block::BlockParser;
[INFO] [stdout]      |         ^^^^^^^^^^^^^^^^^^^^^^^^^^^^^^^^^
[INFO] [stdout] 
[INFO] [stdout] 
[INFO] [stdout] warning: unused import: `self::__parse__Expr::ExprParser`
[INFO] [stdout]      --> /opt/rustwide/target/debug/build/norpl-4c22fb5f9293e170/out/parser.rs:12899:9
[INFO] [stdout]       |
[INFO] [stdout] 12899 | pub use self::__parse__Expr::ExprParser;
[INFO] [stdout]       |         ^^^^^^^^^^^^^^^^^^^^^^^^^^^^^^^
[INFO] [stdout] 
[INFO] [stdout] 
[INFO] [stdout] warning: unused import: `self::__parse__ExprList::ExprListParser`
[INFO] [stdout]      --> /opt/rustwide/target/debug/build/norpl-4c22fb5f9293e170/out/parser.rs:16286:9
[INFO] [stdout]       |
[INFO] [stdout] 16286 | pub use self::__parse__ExprList::ExprListParser;
[INFO] [stdout]       |         ^^^^^^^^^^^^^^^^^^^^^^^^^^^^^^^^^^^^^^^
[INFO] [stdout] 
[INFO] [stdout] 
[INFO] [stdout] warning: unused import: `self::__parse__Expr_::Expr_Parser`
[INFO] [stdout]      --> /opt/rustwide/target/debug/build/norpl-4c22fb5f9293e170/out/parser.rs:19673:9
[INFO] [stdout]       |
[INFO] [stdout] 19673 | pub use self::__parse__Expr_::Expr_Parser;
[INFO] [stdout]       |         ^^^^^^^^^^^^^^^^^^^^^^^^^^^^^^^^^
[INFO] [stdout] 
[INFO] [stdout] 
[INFO] [stdout] warning: unused import: `self::__parse__Factor::FactorParser`
[INFO] [stdout]      --> /opt/rustwide/target/debug/build/norpl-4c22fb5f9293e170/out/parser.rs:23060:9
[INFO] [stdout]       |
[INFO] [stdout] 23060 | pub use self::__parse__Factor::FactorParser;
[INFO] [stdout]       |         ^^^^^^^^^^^^^^^^^^^^^^^^^^^^^^^^^^^
[INFO] [stdout] 
[INFO] [stdout] 
[INFO] [stdout] warning: unused import: `self::__parse__IfStmt::IfStmtParser`
[INFO] [stdout]      --> /opt/rustwide/target/debug/build/norpl-4c22fb5f9293e170/out/parser.rs:26447:9
[INFO] [stdout]       |
[INFO] [stdout] 26447 | pub use self::__parse__IfStmt::IfStmtParser;
[INFO] [stdout]       |         ^^^^^^^^^^^^^^^^^^^^^^^^^^^^^^^^^^^
[INFO] [stdout] 
[INFO] [stdout] 
[INFO] [stdout] warning: unused import: `self::__parse__ParamList::ParamListParser`
[INFO] [stdout]      --> /opt/rustwide/target/debug/build/norpl-4c22fb5f9293e170/out/parser.rs:29834:9
[INFO] [stdout]       |
[INFO] [stdout] 29834 | pub use self::__parse__ParamList::ParamListParser;
[INFO] [stdout]       |         ^^^^^^^^^^^^^^^^^^^^^^^^^^^^^^^^^^^^^^^^^
[INFO] [stdout] 
[INFO] [stdout] 
[INFO] [stdout] warning: unused import: `self::__parse__PropItem::PropItemParser`
[INFO] [stdout]      --> /opt/rustwide/target/debug/build/norpl-4c22fb5f9293e170/out/parser.rs:36617:9
[INFO] [stdout]       |
[INFO] [stdout] 36617 | pub use self::__parse__PropItem::PropItemParser;
[INFO] [stdout]       |         ^^^^^^^^^^^^^^^^^^^^^^^^^^^^^^^^^^^^^^^
[INFO] [stdout] 
[INFO] [stdout] 
[INFO] [stdout] warning: unused import: `self::__parse__PropList::PropListParser`
[INFO] [stdout]      --> /opt/rustwide/target/debug/build/norpl-4c22fb5f9293e170/out/parser.rs:40004:9
[INFO] [stdout]       |
[INFO] [stdout] 40004 | pub use self::__parse__PropList::PropListParser;
[INFO] [stdout]       |         ^^^^^^^^^^^^^^^^^^^^^^^^^^^^^^^^^^^^^^^
[INFO] [stdout] 
[INFO] [stdout] 
[INFO] [stdout] warning: unused import: `self::__parse__Stmt::StmtParser`
[INFO] [stdout]      --> /opt/rustwide/target/debug/build/norpl-4c22fb5f9293e170/out/parser.rs:43391:9
[INFO] [stdout]       |
[INFO] [stdout] 43391 | pub use self::__parse__Stmt::StmtParser;
[INFO] [stdout]       |         ^^^^^^^^^^^^^^^^^^^^^^^^^^^^^^^
[INFO] [stdout] 
[INFO] [stdout] 
[INFO] [stdout] warning: unused import: `self::__parse__Term::TermParser`
[INFO] [stdout]      --> /opt/rustwide/target/debug/build/norpl-4c22fb5f9293e170/out/parser.rs:46780:9
[INFO] [stdout]       |
[INFO] [stdout] 46780 | pub use self::__parse__Term::TermParser;
[INFO] [stdout]       |         ^^^^^^^^^^^^^^^^^^^^^^^^^^^^^^^
[INFO] [stdout] 
[INFO] [stdout] 
[INFO] [stderr]     Finished `test` profile [unoptimized + debuginfo] target(s) in 30.85s
[INFO] [stderr] warning: the following packages contain code that will be rejected by a future version of Rust: lalrpop v0.19.5
[INFO] [stderr] note: to see what the problems were, use the option `--future-incompat-report`, or run `cargo report future-incompatibilities --id 1`
[INFO] running `Command { std: "docker" "inspect" "53607951d298e2f7d7a8e56ae308fa0c3aec862645a337127e317e736f9148a0", kill_on_drop: false }`
[INFO] running `Command { std: "docker" "rm" "-f" "53607951d298e2f7d7a8e56ae308fa0c3aec862645a337127e317e736f9148a0", kill_on_drop: false }`
[INFO] [stdout] 53607951d298e2f7d7a8e56ae308fa0c3aec862645a337127e317e736f9148a0
[INFO] running `Command { std: "docker" "create" "-v" "/var/lib/crater-agent-workspace/builds/worker-3-tc2/target:/opt/rustwide/target:rw,Z" "-v" "/var/lib/crater-agent-workspace/builds/worker-3-tc2/source:/opt/rustwide/workdir:ro,Z" "-v" "/var/lib/crater-agent-workspace/cargo-home:/opt/rustwide/cargo-home:ro,Z" "-v" "/var/lib/crater-agent-workspace/rustup-home:/opt/rustwide/rustup-home:ro,Z" "-e" "SOURCE_DIR=/opt/rustwide/workdir" "-e" "CARGO_TARGET_DIR=/opt/rustwide/target" "-e" "CARGO_INCREMENTAL=0" "-e" "RUST_BACKTRACE=full" "-e" "RUSTFLAGS=--cap-lints=forbid -Zrandomize-layout" "-e" "RUSTDOCFLAGS=--cap-lints=forbid" "-e" "CARGO_HOME=/opt/rustwide/cargo-home" "-e" "RUSTUP_HOME=/opt/rustwide/rustup-home" "-w" "/opt/rustwide/workdir" "-m" "1610612736" "--user" "0:0" "--network" "none" "ghcr.io/rust-lang/crates-build-env/linux@sha256:819108c5571ea2e421544af4d832f968d213c87fbe3707a016657f43d2f853bc" "/opt/rustwide/cargo-home/bin/cargo" "+nightly-2025-01-18" "test" "--frozen", kill_on_drop: false }`
[INFO] [stdout] 51200abc2bcd414242b88794b7e1400e7c81c44cdebb11ceb72ead08cd1d76ab
[INFO] running `Command { std: "docker" "start" "-a" "51200abc2bcd414242b88794b7e1400e7c81c44cdebb11ceb72ead08cd1d76ab", kill_on_drop: false }`
[INFO] [stderr] warning: no edition set: defaulting to the 2015 edition while the latest is 2024
[INFO] [stderr] warning: unused import: `self::__parse__Application::ApplicationParser`
[INFO] [stderr]     --> /opt/rustwide/target/debug/build/norpl-4c22fb5f9293e170/out/parser.rs:3398:9
[INFO] [stderr]      |
[INFO] [stderr] 3398 | pub use self::__parse__Application::ApplicationParser;
[INFO] [stderr]      |         ^^^^^^^^^^^^^^^^^^^^^^^^^^^^^^^^^^^^^^^^^^^^^
[INFO] [stderr]      |
[INFO] [stderr]      = note: `#[warn(unused_imports)]` on by default
[INFO] [stderr] 
[INFO] [stderr] warning: unused import: `self::__parse__ArgNames::ArgNamesParser`
[INFO] [stderr]     --> /opt/rustwide/target/debug/build/norpl-4c22fb5f9293e170/out/parser.rs:6125:9
[INFO] [stderr]      |
[INFO] [stderr] 6125 | pub use self::__parse__ArgNames::ArgNamesParser;
[INFO] [stderr]      |         ^^^^^^^^^^^^^^^^^^^^^^^^^^^^^^^^^^^^^^^
[INFO] [stderr] 
[INFO] [stderr] warning: unused import: `self::__parse__Block::BlockParser`
[INFO] [stderr]     --> /opt/rustwide/target/debug/build/norpl-4c22fb5f9293e170/out/parser.rs:9512:9
[INFO] [stderr]      |
[INFO] [stderr] 9512 | pub use self::__parse__Block::BlockParser;
[INFO] [stderr]      |         ^^^^^^^^^^^^^^^^^^^^^^^^^^^^^^^^^
[INFO] [stderr] 
[INFO] [stderr] warning: unused import: `self::__parse__Expr::ExprParser`
[INFO] [stderr]      --> /opt/rustwide/target/debug/build/norpl-4c22fb5f9293e170/out/parser.rs:12899:9
[INFO] [stderr]       |
[INFO] [stderr] 12899 | pub use self::__parse__Expr::ExprParser;
[INFO] [stderr]       |         ^^^^^^^^^^^^^^^^^^^^^^^^^^^^^^^
[INFO] [stderr] 
[INFO] [stderr] warning: unused import: `self::__parse__ExprList::ExprListParser`
[INFO] [stderr]      --> /opt/rustwide/target/debug/build/norpl-4c22fb5f9293e170/out/parser.rs:16286:9
[INFO] [stderr]       |
[INFO] [stderr] 16286 | pub use self::__parse__ExprList::ExprListParser;
[INFO] [stderr]       |         ^^^^^^^^^^^^^^^^^^^^^^^^^^^^^^^^^^^^^^^
[INFO] [stderr] 
[INFO] [stderr] warning: unused import: `self::__parse__Expr_::Expr_Parser`
[INFO] [stderr]      --> /opt/rustwide/target/debug/build/norpl-4c22fb5f9293e170/out/parser.rs:19673:9
[INFO] [stderr]       |
[INFO] [stderr] 19673 | pub use self::__parse__Expr_::Expr_Parser;
[INFO] [stderr]       |         ^^^^^^^^^^^^^^^^^^^^^^^^^^^^^^^^^
[INFO] [stderr] 
[INFO] [stderr] warning: unused import: `self::__parse__Factor::FactorParser`
[INFO] [stderr]      --> /opt/rustwide/target/debug/build/norpl-4c22fb5f9293e170/out/parser.rs:23060:9
[INFO] [stderr]       |
[INFO] [stderr] 23060 | pub use self::__parse__Factor::FactorParser;
[INFO] [stderr]       |         ^^^^^^^^^^^^^^^^^^^^^^^^^^^^^^^^^^^
[INFO] [stderr] 
[INFO] [stderr] warning: unused import: `self::__parse__IfStmt::IfStmtParser`
[INFO] [stderr]      --> /opt/rustwide/target/debug/build/norpl-4c22fb5f9293e170/out/parser.rs:26447:9
[INFO] [stderr]       |
[INFO] [stderr] 26447 | pub use self::__parse__IfStmt::IfStmtParser;
[INFO] [stderr]       |         ^^^^^^^^^^^^^^^^^^^^^^^^^^^^^^^^^^^
[INFO] [stderr] 
[INFO] [stderr] warning: unused import: `self::__parse__ParamList::ParamListParser`
[INFO] [stderr]      --> /opt/rustwide/target/debug/build/norpl-4c22fb5f9293e170/out/parser.rs:29834:9
[INFO] [stderr]       |
[INFO] [stderr] 29834 | pub use self::__parse__ParamList::ParamListParser;
[INFO] [stderr]       |         ^^^^^^^^^^^^^^^^^^^^^^^^^^^^^^^^^^^^^^^^^
[INFO] [stderr] 
[INFO] [stderr] warning: unused import: `self::__parse__PropItem::PropItemParser`
[INFO] [stderr]      --> /opt/rustwide/target/debug/build/norpl-4c22fb5f9293e170/out/parser.rs:36617:9
[INFO] [stderr]       |
[INFO] [stderr] 36617 | pub use self::__parse__PropItem::PropItemParser;
[INFO] [stderr]       |         ^^^^^^^^^^^^^^^^^^^^^^^^^^^^^^^^^^^^^^^
[INFO] [stderr] 
[INFO] [stderr] warning: unused import: `self::__parse__PropList::PropListParser`
[INFO] [stderr]      --> /opt/rustwide/target/debug/build/norpl-4c22fb5f9293e170/out/parser.rs:40004:9
[INFO] [stderr]       |
[INFO] [stderr] 40004 | pub use self::__parse__PropList::PropListParser;
[INFO] [stderr]       |         ^^^^^^^^^^^^^^^^^^^^^^^^^^^^^^^^^^^^^^^
[INFO] [stderr] 
[INFO] [stderr] warning: unused import: `self::__parse__Stmt::StmtParser`
[INFO] [stderr]      --> /opt/rustwide/target/debug/build/norpl-4c22fb5f9293e170/out/parser.rs:43391:9
[INFO] [stderr]       |
[INFO] [stderr] 43391 | pub use self::__parse__Stmt::StmtParser;
[INFO] [stderr]       |         ^^^^^^^^^^^^^^^^^^^^^^^^^^^^^^^
[INFO] [stderr] 
[INFO] [stderr] warning: unused import: `self::__parse__Term::TermParser`
[INFO] [stderr]      --> /opt/rustwide/target/debug/build/norpl-4c22fb5f9293e170/out/parser.rs:46780:9
[INFO] [stderr]       |
[INFO] [stderr] 46780 | pub use self::__parse__Term::TermParser;
[INFO] [stderr]       |         ^^^^^^^^^^^^^^^^^^^^^^^^^^^^^^^
[INFO] [stderr] 
[INFO] [stderr] warning: `norpl` (bin "norpl" test) generated 13 warnings (run `cargo fix --bin "norpl" --tests` to apply 13 suggestions)
[INFO] [stderr] warning: `norpl` (bin "norpl") generated 13 warnings (13 duplicates)
[INFO] [stderr]     Finished `test` profile [unoptimized + debuginfo] target(s) in 0.05s
[INFO] [stderr] warning: the following packages contain code that will be rejected by a future version of Rust: lalrpop v0.19.5
[INFO] [stderr] note: to see what the problems were, use the option `--future-incompat-report`, or run `cargo report future-incompatibilities --id 1`
[INFO] [stderr]      Running unittests src/main.rs (/opt/rustwide/target/debug/deps/norpl-ac83ba19a66653c7)
[INFO] [stderr]      Running tests/test.rs (/opt/rustwide/target/debug/deps/test-3880bc2d1ca6862c)
[INFO] [stdout] 
[INFO] [stdout] running 0 tests
[INFO] [stdout] 
[INFO] [stdout] test result: ok. 0 passed; 0 failed; 0 ignored; 0 measured; 0 filtered out; finished in 0.00s
[INFO] [stdout] 
[INFO] [stdout] 
[INFO] [stdout] running 1 test
[INFO] [stdout] test cli::x ... FAILED
[INFO] [stdout] 
[INFO] [stdout] failures:
[INFO] [stdout] 
[INFO] [stdout] ---- cli::x stdout ----
[INFO] [stdout] 
[INFO] [stdout] thread 'cli::x' panicked at /opt/rustwide/cargo-home/registry/src/index.crates.io-1949cf8c6b5b557f/assert_cmd-1.0.5/src/assert.rs:341:17:
[INFO] [stdout] Unexpected stdout, failed var - original <= 0
[INFO] [stdout] ├── original: 1
[INFO] [stdout] ├── actual distance: 12
[INFO] [stdout] ├── diff: [91m1[0m
[INFO] [stdout] [92mBool {
[INFO] [stdout]     b: true,
[INFO] [stdout] }
[INFO] [stdout] Bool {
[INFO] [stdout]     b: true,
[INFO] [stdout] }
[INFO] [stdout] Int {
[INFO] [stdout]     n: 3,
[INFO] [stdout] }
[INFO] [stdout] Err("property name not found")
[INFO] [stdout] [0m
[INFO] [stdout] 
[INFO] [stdout] └── var as str: Bool {
[INFO] [stdout]     b: true,
[INFO] [stdout] }
[INFO] [stdout] Bool {
[INFO] [stdout]     b: true,
[INFO] [stdout] }
[INFO] [stdout] Int {
[INFO] [stdout]     n: 3,
[INFO] [stdout] }
[INFO] [stdout] Err("property name not found")
[INFO] [stdout] 
[INFO] [stdout] 
[INFO] [stdout] command=`env -i "/opt/rustwide/target/debug/norpl" "tests/print.npl"`
[INFO] [stdout] code=0
[INFO] [stdout] stdout=```"Bool {\n    b: true,\n}\nBool {\n    b: true,\n}\nInt {\n    n: 3,\n}\nErr(\"property name not found\")\n"```
[INFO] [stdout] stderr=```""```
[INFO] [stdout] 
[INFO] [stdout] stack backtrace:
[INFO] [stdout]    0:     0x62bf97ef6a7a - std::backtrace_rs::backtrace::libunwind::trace::hb059275cfc8d6126
[INFO] [stdout]                                at /rustc/6067b36314ab5eb2eb47cecc464545ba58e1ad24/library/std/src/../../backtrace/src/backtrace/libunwind.rs:116:5
[INFO] [stdout]    1:     0x62bf97ef6a7a - std::backtrace_rs::backtrace::trace_unsynchronized::h2da071e4327ce3ee
[INFO] [stdout]                                at /rustc/6067b36314ab5eb2eb47cecc464545ba58e1ad24/library/std/src/../../backtrace/src/backtrace/mod.rs:66:5
[INFO] [stdout]    2:     0x62bf97ef6a7a - std::sys::backtrace::_print_fmt::h842a1474e6f8d23f
[INFO] [stdout]                                at /rustc/6067b36314ab5eb2eb47cecc464545ba58e1ad24/library/std/src/sys/backtrace.rs:66:9
[INFO] [stdout]    3:     0x62bf97ef6a7a - <std::sys::backtrace::BacktraceLock::print::DisplayBacktrace as core::fmt::Display>::fmt::h71a62eb3b9696b12
[INFO] [stdout]                                at /rustc/6067b36314ab5eb2eb47cecc464545ba58e1ad24/library/std/src/sys/backtrace.rs:39:26
[INFO] [stdout]    4:     0x62bf97f1f1c3 - core::fmt::rt::Argument::fmt::hdb6b616786b41dc1
[INFO] [stdout]                                at /rustc/6067b36314ab5eb2eb47cecc464545ba58e1ad24/library/core/src/fmt/rt.rs:177:76
[INFO] [stdout]    5:     0x62bf97f1f1c3 - core::fmt::write::h2cc1698af7e2d686
[INFO] [stdout]                                at /rustc/6067b36314ab5eb2eb47cecc464545ba58e1ad24/library/core/src/fmt/mod.rs:1440:21
[INFO] [stdout]    6:     0x62bf97ef2ed3 - std::io::Write::write_fmt::hab1b4cd059a79022
[INFO] [stdout]                                at /rustc/6067b36314ab5eb2eb47cecc464545ba58e1ad24/library/std/src/io/mod.rs:1887:15
[INFO] [stdout]    7:     0x62bf97ef68c2 - std::sys::backtrace::BacktraceLock::print::h147fe35b4ea13b08
[INFO] [stdout]                                at /rustc/6067b36314ab5eb2eb47cecc464545ba58e1ad24/library/std/src/sys/backtrace.rs:42:9
[INFO] [stdout]    8:     0x62bf97ef7f1f - std::panicking::default_hook::{{closure}}::hbd44223dbdc0d208
[INFO] [stdout]                                at /rustc/6067b36314ab5eb2eb47cecc464545ba58e1ad24/library/std/src/panicking.rs:298:22
[INFO] [stdout]    9:     0x62bf97ef7d38 - std::panicking::default_hook::h20f81eb0576efcec
[INFO] [stdout]                                at /rustc/6067b36314ab5eb2eb47cecc464545ba58e1ad24/library/std/src/panicking.rs:322:9
[INFO] [stdout]   10:     0x62bf97e89183 - <alloc::boxed::Box<F,A> as core::ops::function::Fn<Args>>::call::hdb53814c496a4d34
[INFO] [stdout]                                at /rustc/6067b36314ab5eb2eb47cecc464545ba58e1ad24/library/alloc/src/boxed.rs:2027:9
[INFO] [stdout]   11:     0x62bf97e89183 - test::test_main::{{closure}}::hc0a4963c59427c24
[INFO] [stdout]                                at /rustc/6067b36314ab5eb2eb47cecc464545ba58e1ad24/library/test/src/lib.rs:134:21
[INFO] [stdout]   12:     0x62bf97ef8a13 - <alloc::boxed::Box<F,A> as core::ops::function::Fn<Args>>::call::h591b2225413a77e9
[INFO] [stdout]                                at /rustc/6067b36314ab5eb2eb47cecc464545ba58e1ad24/library/alloc/src/boxed.rs:2027:9
[INFO] [stdout]   13:     0x62bf97ef8a13 - std::panicking::rust_panic_with_hook::h625eea43051b2edc
[INFO] [stdout]                                at /rustc/6067b36314ab5eb2eb47cecc464545ba58e1ad24/library/std/src/panicking.rs:839:13
[INFO] [stdout]   14:     0x62bf97ef86ca - std::panicking::begin_panic_handler::{{closure}}::h4f9159cfbc3f6bd3
[INFO] [stdout]                                at /rustc/6067b36314ab5eb2eb47cecc464545ba58e1ad24/library/std/src/panicking.rs:704:13
[INFO] [stdout]   15:     0x62bf97ef6f79 - std::sys::backtrace::__rust_end_short_backtrace::h0390abce48353151
[INFO] [stdout]                                at /rustc/6067b36314ab5eb2eb47cecc464545ba58e1ad24/library/std/src/sys/backtrace.rs:168:18
[INFO] [stdout]   16:     0x62bf97ef835d - rust_begin_unwind
[INFO] [stdout]                                at /rustc/6067b36314ab5eb2eb47cecc464545ba58e1ad24/library/std/src/panicking.rs:695:5
[INFO] [stdout]   17:     0x62bf97f1d8c0 - core::panicking::panic_fmt::h9e7c637e9e5f29c9
[INFO] [stdout]                                at /rustc/6067b36314ab5eb2eb47cecc464545ba58e1ad24/library/core/src/panicking.rs:75:14
[INFO] [stdout]   18:     0x62bf97e975d3 - assert_cmd::assert::Assert::stdout_impl::hf0aa807a6fba9bf6
[INFO] [stdout]                                at /opt/rustwide/cargo-home/registry/src/index.crates.io-1949cf8c6b5b557f/assert_cmd-1.0.5/src/assert.rs:341:17
[INFO] [stdout]   19:     0x62bf97e4dc1a - assert_cmd::assert::Assert::stdout::he4298373c0c73eea
[INFO] [stdout]                                at /opt/rustwide/cargo-home/registry/src/index.crates.io-1949cf8c6b5b557f/assert_cmd-1.0.5/src/assert.rs:334:9
[INFO] [stdout]   20:     0x62bf97e4f01f - test::cli::x::h72f11dfd542099f8
[INFO] [stdout]                                at /opt/rustwide/workdir/tests/cli/mod.rs:19:5
[INFO] [stdout]   21:     0x62bf97e4ef37 - test::cli::x::{{closure}}::he68244326b0eafdb
[INFO] [stdout]                                at /opt/rustwide/workdir/tests/cli/mod.rs:11:7
[INFO] [stdout]   22:     0x62bf97e4dff6 - core::ops::function::FnOnce::call_once::h222989eec56db797
[INFO] [stdout]                                at /rustc/6067b36314ab5eb2eb47cecc464545ba58e1ad24/library/core/src/ops/function.rs:250:5
[INFO] [stdout]   23:     0x62bf97e8e8db - core::ops::function::FnOnce::call_once::he27718dfdd183f43
[INFO] [stdout]                                at /rustc/6067b36314ab5eb2eb47cecc464545ba58e1ad24/library/core/src/ops/function.rs:250:5
[INFO] [stdout]   24:     0x62bf97e8e8db - test::__rust_begin_short_backtrace::h4e84902998457a5d
[INFO] [stdout]                                at /rustc/6067b36314ab5eb2eb47cecc464545ba58e1ad24/library/test/src/lib.rs:632:18
[INFO] [stdout]   25:     0x62bf97e8d813 - test::run_test_in_process::{{closure}}::h7176fd18fc1feca0
[INFO] [stdout]                                at /rustc/6067b36314ab5eb2eb47cecc464545ba58e1ad24/library/test/src/lib.rs:655:60
[INFO] [stdout]   26:     0x62bf97e8d813 - <core::panic::unwind_safe::AssertUnwindSafe<F> as core::ops::function::FnOnce<()>>::call_once::hf79cff2a624d8cf7
[INFO] [stdout]                                at /rustc/6067b36314ab5eb2eb47cecc464545ba58e1ad24/library/core/src/panic/unwind_safe.rs:272:9
[INFO] [stdout]   27:     0x62bf97e8d813 - std::panicking::try::do_call::h3da0561d9ab99c25
[INFO] [stdout]                                at /rustc/6067b36314ab5eb2eb47cecc464545ba58e1ad24/library/std/src/panicking.rs:587:40
[INFO] [stdout]   28:     0x62bf97e8d813 - std::panicking::try::h41c9fa508bc61df6
[INFO] [stdout]                                at /rustc/6067b36314ab5eb2eb47cecc464545ba58e1ad24/library/std/src/panicking.rs:550:19
[INFO] [stdout]   29:     0x62bf97e8d813 - std::panic::catch_unwind::h6b3ff07bb5afad93
[INFO] [stdout]                                at /rustc/6067b36314ab5eb2eb47cecc464545ba58e1ad24/library/std/src/panic.rs:358:14
[INFO] [stdout]   30:     0x62bf97e8d813 - test::run_test_in_process::hc7253dd11b39b9f4
[INFO] [stdout]                                at /rustc/6067b36314ab5eb2eb47cecc464545ba58e1ad24/library/test/src/lib.rs:655:27
[INFO] [stdout]   31:     0x62bf97e8d813 - test::run_test::{{closure}}::hfb2007f8649c30bb
[INFO] [stdout]                                at /rustc/6067b36314ab5eb2eb47cecc464545ba58e1ad24/library/test/src/lib.rs:576:43
[INFO] [stdout]   32:     0x62bf97e508f5 - test::run_test::{{closure}}::h56a17aa7a282a9f4
[INFO] [stdout]                                at /rustc/6067b36314ab5eb2eb47cecc464545ba58e1ad24/library/test/src/lib.rs:606:41
[INFO] [stdout]   33:     0x62bf97e508f5 - std::sys::backtrace::__rust_begin_short_backtrace::hd2d2d2fb8e8c6aac
[INFO] [stdout]                                at /rustc/6067b36314ab5eb2eb47cecc464545ba58e1ad24/library/std/src/sys/backtrace.rs:152:18
[INFO] [stdout]   34:     0x62bf97e541da - std::thread::Builder::spawn_unchecked_::{{closure}}::{{closure}}::h4faa3f9db6133423
[INFO] [stdout]                                at /rustc/6067b36314ab5eb2eb47cecc464545ba58e1ad24/library/std/src/thread/mod.rs:559:17
[INFO] [stdout]   35:     0x62bf97e541da - <core::panic::unwind_safe::AssertUnwindSafe<F> as core::ops::function::FnOnce<()>>::call_once::hf2e855a36a4ea846
[INFO] [stdout]                                at /rustc/6067b36314ab5eb2eb47cecc464545ba58e1ad24/library/core/src/panic/unwind_safe.rs:272:9
[INFO] [stdout]   36:     0x62bf97e541da - std::panicking::try::do_call::h2f73af3616c35465
[INFO] [stdout]                                at /rustc/6067b36314ab5eb2eb47cecc464545ba58e1ad24/library/std/src/panicking.rs:587:40
[INFO] [stdout]   37:     0x62bf97e541da - std::panicking::try::hd1660ce9efadef5a
[INFO] [stdout]                                at /rustc/6067b36314ab5eb2eb47cecc464545ba58e1ad24/library/std/src/panicking.rs:550:19
[INFO] [stdout]   38:     0x62bf97e541da - std::panic::catch_unwind::h5ee8d7823b8ca744
[INFO] [stdout]                                at /rustc/6067b36314ab5eb2eb47cecc464545ba58e1ad24/library/std/src/panic.rs:358:14
[INFO] [stdout]   39:     0x62bf97e541da - std::thread::Builder::spawn_unchecked_::{{closure}}::h53c3a1894dce8407
[INFO] [stdout]                                at /rustc/6067b36314ab5eb2eb47cecc464545ba58e1ad24/library/std/src/thread/mod.rs:557:30
[INFO] [stdout]   40:     0x62bf97e541da - core::ops::function::FnOnce::call_once{{vtable.shim}}::h048ce291ad4f62bf
[INFO] [stdout]                                at /rustc/6067b36314ab5eb2eb47cecc464545ba58e1ad24/library/core/src/ops/function.rs:250:5
[INFO] [stdout]   41:     0x62bf97efd4cb - <alloc::boxed::Box<F,A> as core::ops::function::FnOnce<Args>>::call_once::ha52bedf99a3b4981
[INFO] [stdout]                                at /rustc/6067b36314ab5eb2eb47cecc464545ba58e1ad24/library/alloc/src/boxed.rs:2013:9
[INFO] [stdout]   42:     0x62bf97efd4cb - <alloc::boxed::Box<F,A> as core::ops::function::FnOnce<Args>>::call_once::h567748934d80ccf8
[INFO] [stdout]                                at /rustc/6067b36314ab5eb2eb47cecc464545ba58e1ad24/library/alloc/src/boxed.rs:2013:9
[INFO] [stdout]   43:     0x62bf97efd4cb - std::sys::pal::unix::thread::Thread::new::thread_start::h2d970728ae887adc
[INFO] [stdout]                                at /rustc/6067b36314ab5eb2eb47cecc464545ba58e1ad24/library/std/src/sys/pal/unix/thread.rs:106:17
[INFO] [stdout]   44:     0x769cac12aac3 - <unknown>
[INFO] [stdout]   45:     0x769cac1bba04 - clone
[INFO] [stdout]   46:                0x0 - <unknown>
[INFO] [stdout] 
[INFO] [stdout] 
[INFO] [stdout] failures:
[INFO] [stdout]     cli::x
[INFO] [stdout] 
[INFO] [stdout] test result: FAILED. 0 passed; 1 failed; 0 ignored; 0 measured; 0 filtered out; finished in 0.08s
[INFO] [stdout] 
[INFO] [stderr] error: test failed, to rerun pass `--test test`
[INFO] running `Command { std: "docker" "inspect" "51200abc2bcd414242b88794b7e1400e7c81c44cdebb11ceb72ead08cd1d76ab", kill_on_drop: false }`
[INFO] running `Command { std: "docker" "rm" "-f" "51200abc2bcd414242b88794b7e1400e7c81c44cdebb11ceb72ead08cd1d76ab", kill_on_drop: false }`
[INFO] [stdout] 51200abc2bcd414242b88794b7e1400e7c81c44cdebb11ceb72ead08cd1d76ab
