[INFO] cloning repository https://github.com/dylanthomas64/adventofcode2024
[INFO] running `Command { std: "git" "-c" "credential.helper=" "-c" "credential.helper=/workspace/cargo-home/bin/git-credential-null" "clone" "--bare" "https://github.com/dylanthomas64/adventofcode2024" "/workspace/cache/git-repos/https%3A%2F%2Fgithub.com%2Fdylanthomas64%2Fadventofcode2024", kill_on_drop: false }`
[INFO] [stderr] Cloning into bare repository '/workspace/cache/git-repos/https%3A%2F%2Fgithub.com%2Fdylanthomas64%2Fadventofcode2024'...
[INFO] running `Command { std: "git" "rev-parse" "HEAD", kill_on_drop: false }`
[INFO] [stdout] b3b3c6e1168fbbbb30648f74a2c8706b8783e03b
[INFO] testing dylanthomas64/adventofcode2024 against nightly-2025-01-18+rustflags=-Zrandomize-layout for randomize-layout-2
[INFO] running `Command { std: "git" "clone" "/workspace/cache/git-repos/https%3A%2F%2Fgithub.com%2Fdylanthomas64%2Fadventofcode2024" "/workspace/builds/worker-5-tc2/source", kill_on_drop: false }`
[INFO] [stderr] Cloning into '/workspace/builds/worker-5-tc2/source'...
[INFO] [stderr] done.
[INFO] validating manifest of git repo https://github.com/dylanthomas64/adventofcode2024 on toolchain nightly-2025-01-18
[INFO] running `Command { std: CARGO_HOME="/workspace/cargo-home" RUSTUP_HOME="/workspace/rustup-home" "/workspace/cargo-home/bin/cargo" "+nightly-2025-01-18" "metadata" "--manifest-path" "Cargo.toml" "--no-deps", kill_on_drop: false }`
[INFO] started tweaking git repo https://github.com/dylanthomas64/adventofcode2024
[INFO] finished tweaking git repo https://github.com/dylanthomas64/adventofcode2024
[INFO] tweaked toml for git repo https://github.com/dylanthomas64/adventofcode2024 written to /workspace/builds/worker-5-tc2/source/Cargo.toml
[INFO] crate git repo https://github.com/dylanthomas64/adventofcode2024 already has a lockfile, it will not be regenerated
[INFO] running `Command { std: CARGO_HOME="/workspace/cargo-home" RUSTUP_HOME="/workspace/rustup-home" "/workspace/cargo-home/bin/cargo" "+nightly-2025-01-18" "fetch" "--manifest-path" "Cargo.toml", kill_on_drop: false }`
[INFO] running `Command { std: "docker" "create" "-v" "/var/lib/crater-agent-workspace/builds/worker-5-tc2/target:/opt/rustwide/target:rw,Z" "-v" "/var/lib/crater-agent-workspace/builds/worker-5-tc2/source:/opt/rustwide/workdir:ro,Z" "-v" "/var/lib/crater-agent-workspace/cargo-home:/opt/rustwide/cargo-home:ro,Z" "-v" "/var/lib/crater-agent-workspace/rustup-home:/opt/rustwide/rustup-home:ro,Z" "-e" "SOURCE_DIR=/opt/rustwide/workdir" "-e" "CARGO_TARGET_DIR=/opt/rustwide/target" "-e" "CARGO_HOME=/opt/rustwide/cargo-home" "-e" "RUSTUP_HOME=/opt/rustwide/rustup-home" "-w" "/opt/rustwide/workdir" "-m" "1610612736" "--user" "0:0" "--network" "none" "ghcr.io/rust-lang/crates-build-env/linux@sha256:819108c5571ea2e421544af4d832f968d213c87fbe3707a016657f43d2f853bc" "/opt/rustwide/cargo-home/bin/cargo" "+nightly-2025-01-18" "metadata" "--no-deps" "--format-version=1", kill_on_drop: false }`
[INFO] [stdout] 358ec6ff4e7d5d06c6dec5d60ec4faefe0973f8d93ac53e1158390dc21f94585
[INFO] running `Command { std: "docker" "start" "-a" "358ec6ff4e7d5d06c6dec5d60ec4faefe0973f8d93ac53e1158390dc21f94585", kill_on_drop: false }`
[INFO] running `Command { std: "docker" "inspect" "358ec6ff4e7d5d06c6dec5d60ec4faefe0973f8d93ac53e1158390dc21f94585", kill_on_drop: false }`
[INFO] running `Command { std: "docker" "rm" "-f" "358ec6ff4e7d5d06c6dec5d60ec4faefe0973f8d93ac53e1158390dc21f94585", kill_on_drop: false }`
[INFO] [stdout] 358ec6ff4e7d5d06c6dec5d60ec4faefe0973f8d93ac53e1158390dc21f94585
[INFO] running `Command { std: "docker" "create" "-v" "/var/lib/crater-agent-workspace/builds/worker-5-tc2/target:/opt/rustwide/target:rw,Z" "-v" "/var/lib/crater-agent-workspace/builds/worker-5-tc2/source:/opt/rustwide/workdir:ro,Z" "-v" "/var/lib/crater-agent-workspace/cargo-home:/opt/rustwide/cargo-home:ro,Z" "-v" "/var/lib/crater-agent-workspace/rustup-home:/opt/rustwide/rustup-home:ro,Z" "-e" "SOURCE_DIR=/opt/rustwide/workdir" "-e" "CARGO_TARGET_DIR=/opt/rustwide/target" "-e" "CARGO_INCREMENTAL=0" "-e" "RUST_BACKTRACE=full" "-e" "RUSTFLAGS=--cap-lints=forbid -Zrandomize-layout" "-e" "RUSTDOCFLAGS=--cap-lints=forbid" "-e" "CARGO_HOME=/opt/rustwide/cargo-home" "-e" "RUSTUP_HOME=/opt/rustwide/rustup-home" "-w" "/opt/rustwide/workdir" "-m" "1610612736" "--user" "0:0" "--network" "none" "ghcr.io/rust-lang/crates-build-env/linux@sha256:819108c5571ea2e421544af4d832f968d213c87fbe3707a016657f43d2f853bc" "/opt/rustwide/cargo-home/bin/cargo" "+nightly-2025-01-18" "build" "--frozen" "--message-format=json", kill_on_drop: false }`
[INFO] [stdout] 1f8069e819c88103f535da936d6c1559228eef2ead8b0c8cc3ba44459d0cc2be
[INFO] running `Command { std: "docker" "start" "-a" "1f8069e819c88103f535da936d6c1559228eef2ead8b0c8cc3ba44459d0cc2be", kill_on_drop: false }`
[INFO] [stderr]    Compiling adventofcode2024 v0.1.0 (/opt/rustwide/workdir)
[INFO] [stdout] warning: variable `total` is assigned to, but never used
[INFO] [stdout]  --> src/day3.rs:3:13
[INFO] [stdout]   |
[INFO] [stdout] 3 |     let mut total = 0usize;
[INFO] [stdout]   |             ^^^^^
[INFO] [stdout]   |
[INFO] [stdout]   = note: consider using `_total` instead
[INFO] [stdout]   = note: `#[warn(unused_variables)]` on by default
[INFO] [stdout] 
[INFO] [stdout] 
[INFO] [stdout] warning: unused variable: `c`
[INFO] [stdout]   --> src/day4.rs:10:17
[INFO] [stdout]    |
[INFO] [stdout] 10 |         for (x, c) in row_it {
[INFO] [stdout]    |                 ^ help: if this is intentional, prefix it with an underscore: `_c`
[INFO] [stdout] 
[INFO] [stdout] 
[INFO] [stdout] warning: unused variable: `c`
[INFO] [stdout]   --> src/day4.rs:74:17
[INFO] [stdout]    |
[INFO] [stdout] 74 |         for (x, c) in row_it {
[INFO] [stdout]    |                 ^ help: if this is intentional, prefix it with an underscore: `_c`
[INFO] [stdout] 
[INFO] [stdout] 
[INFO] [stdout] warning: unused variable: `pattern`
[INFO] [stdout]   --> src/day4.rs:83:9
[INFO] [stdout]    |
[INFO] [stdout] 83 |     let pattern = ['M', 'A', 'S'];
[INFO] [stdout]    |         ^^^^^^^ help: if this is intentional, prefix it with an underscore: `_pattern`
[INFO] [stdout] 
[INFO] [stdout] 
[INFO] [stdout] warning: function `run` is never used
[INFO] [stdout]  --> src/day1.rs:1:8
[INFO] [stdout]   |
[INFO] [stdout] 1 | pub fn run() -> usize {
[INFO] [stdout]   |        ^^^
[INFO] [stdout]   |
[INFO] [stdout]   = note: `#[warn(dead_code)]` on by default
[INFO] [stdout] 
[INFO] [stdout] 
[INFO] [stdout] warning: function `get_input` is never used
[INFO] [stdout]   --> src/day1.rs:22:4
[INFO] [stdout]    |
[INFO] [stdout] 22 | fn get_input() -> String {
[INFO] [stdout]    |    ^^^^^^^^^
[INFO] [stdout] 
[INFO] [stdout] 
[INFO] [stdout] warning: function `run` is never used
[INFO] [stdout]  --> src/day2.rs:3:8
[INFO] [stdout]   |
[INFO] [stdout] 3 | pub fn run() -> usize {
[INFO] [stdout]   |        ^^^
[INFO] [stdout] 
[INFO] [stdout] 
[INFO] [stdout] warning: function `get_input` is never used
[INFO] [stdout]   --> src/day2.rs:34:4
[INFO] [stdout]    |
[INFO] [stdout] 34 | fn get_input() -> String {
[INFO] [stdout]    |    ^^^^^^^^^
[INFO] [stdout] 
[INFO] [stdout] 
[INFO] [stdout] warning: function `run` is never used
[INFO] [stdout]  --> src/day3.rs:1:8
[INFO] [stdout]   |
[INFO] [stdout] 1 | pub fn run(input: String) -> usize {
[INFO] [stdout]   |        ^^^
[INFO] [stdout] 
[INFO] [stdout] 
[INFO] [stdout] warning: function `get_test_string` is never used
[INFO] [stdout]   --> src/day3.rs:67:4
[INFO] [stdout]    |
[INFO] [stdout] 67 | fn get_test_string() -> String {
[INFO] [stdout]    |    ^^^^^^^^^^^^^^^
[INFO] [stdout] 
[INFO] [stdout] 
[INFO] [stdout] warning: function `run` is never used
[INFO] [stdout]  --> src/day4.rs:1:8
[INFO] [stdout]   |
[INFO] [stdout] 1 | pub fn run(input: String) -> usize {
[INFO] [stdout]   |        ^^^
[INFO] [stdout] 
[INFO] [stdout] 
[INFO] [stdout] warning: function `run_part2` is never used
[INFO] [stdout]   --> src/day4.rs:65:8
[INFO] [stdout]    |
[INFO] [stdout] 65 | pub fn run_part2(input: String) -> usize {
[INFO] [stdout]    |        ^^^^^^^^^
[INFO] [stdout] 
[INFO] [stdout] 
[INFO] [stdout] warning: function `get_test_input` is never used
[INFO] [stdout]    --> src/day4.rs:118:8
[INFO] [stdout]     |
[INFO] [stdout] 118 | pub fn get_test_input() -> String {
[INFO] [stdout]     |        ^^^^^^^^^^^^^^
[INFO] [stdout] 
[INFO] [stdout] 
[INFO] [stdout] warning: function `get_test_input2` is never used
[INFO] [stdout]    --> src/day4.rs:133:8
[INFO] [stdout]     |
[INFO] [stdout] 133 | pub fn get_test_input2() -> String {
[INFO] [stdout]     |        ^^^^^^^^^^^^^^^
[INFO] [stdout] 
[INFO] [stdout] 
[INFO] [stdout] warning: function `get_test_input` is never used
[INFO] [stdout]   --> src/day5.rs:61:4
[INFO] [stdout]    |
[INFO] [stdout] 61 | fn get_test_input() -> String {
[INFO] [stdout]    |    ^^^^^^^^^^^^^^
[INFO] [stdout] 
[INFO] [stdout] 
[INFO] [stderr]     Finished `dev` profile [unoptimized + debuginfo] target(s) in 0.47s
[INFO] running `Command { std: "docker" "inspect" "1f8069e819c88103f535da936d6c1559228eef2ead8b0c8cc3ba44459d0cc2be", kill_on_drop: false }`
[INFO] running `Command { std: "docker" "rm" "-f" "1f8069e819c88103f535da936d6c1559228eef2ead8b0c8cc3ba44459d0cc2be", kill_on_drop: false }`
[INFO] [stdout] 1f8069e819c88103f535da936d6c1559228eef2ead8b0c8cc3ba44459d0cc2be
[INFO] running `Command { std: "docker" "create" "-v" "/var/lib/crater-agent-workspace/builds/worker-5-tc2/target:/opt/rustwide/target:rw,Z" "-v" "/var/lib/crater-agent-workspace/builds/worker-5-tc2/source:/opt/rustwide/workdir:ro,Z" "-v" "/var/lib/crater-agent-workspace/cargo-home:/opt/rustwide/cargo-home:ro,Z" "-v" "/var/lib/crater-agent-workspace/rustup-home:/opt/rustwide/rustup-home:ro,Z" "-e" "SOURCE_DIR=/opt/rustwide/workdir" "-e" "CARGO_TARGET_DIR=/opt/rustwide/target" "-e" "CARGO_INCREMENTAL=0" "-e" "RUST_BACKTRACE=full" "-e" "RUSTFLAGS=--cap-lints=forbid -Zrandomize-layout" "-e" "RUSTDOCFLAGS=--cap-lints=forbid" "-e" "CARGO_HOME=/opt/rustwide/cargo-home" "-e" "RUSTUP_HOME=/opt/rustwide/rustup-home" "-w" "/opt/rustwide/workdir" "-m" "1610612736" "--user" "0:0" "--network" "none" "ghcr.io/rust-lang/crates-build-env/linux@sha256:819108c5571ea2e421544af4d832f968d213c87fbe3707a016657f43d2f853bc" "/opt/rustwide/cargo-home/bin/cargo" "+nightly-2025-01-18" "test" "--frozen" "--no-run" "--message-format=json", kill_on_drop: false }`
[INFO] [stdout] 3966a6aedc5481c2c7c9eec3ccc95193e4677c3620120d1c2c367ecaae55942d
[INFO] running `Command { std: "docker" "start" "-a" "3966a6aedc5481c2c7c9eec3ccc95193e4677c3620120d1c2c367ecaae55942d", kill_on_drop: false }`
[INFO] [stderr]    Compiling adventofcode2024 v0.1.0 (/opt/rustwide/workdir)
[INFO] [stdout] warning: variable `total` is assigned to, but never used
[INFO] [stdout]  --> src/day3.rs:3:13
[INFO] [stdout]   |
[INFO] [stdout] 3 |     let mut total = 0usize;
[INFO] [stdout]   |             ^^^^^
[INFO] [stdout]   |
[INFO] [stdout]   = note: consider using `_total` instead
[INFO] [stdout]   = note: `#[warn(unused_variables)]` on by default
[INFO] [stdout] 
[INFO] [stdout] 
[INFO] [stdout] warning: unused variable: `c`
[INFO] [stdout]   --> src/day4.rs:10:17
[INFO] [stdout]    |
[INFO] [stdout] 10 |         for (x, c) in row_it {
[INFO] [stdout]    |                 ^ help: if this is intentional, prefix it with an underscore: `_c`
[INFO] [stdout] 
[INFO] [stdout] 
[INFO] [stdout] warning: unused variable: `c`
[INFO] [stdout]   --> src/day4.rs:74:17
[INFO] [stdout]    |
[INFO] [stdout] 74 |         for (x, c) in row_it {
[INFO] [stdout]    |                 ^ help: if this is intentional, prefix it with an underscore: `_c`
[INFO] [stdout] 
[INFO] [stdout] 
[INFO] [stdout] warning: unused variable: `pattern`
[INFO] [stdout]   --> src/day4.rs:83:9
[INFO] [stdout]    |
[INFO] [stdout] 83 |     let pattern = ['M', 'A', 'S'];
[INFO] [stdout]    |         ^^^^^^^ help: if this is intentional, prefix it with an underscore: `_pattern`
[INFO] [stdout] 
[INFO] [stdout] 
[INFO] [stdout] warning: function `run` is never used
[INFO] [stdout]  --> src/day1.rs:1:8
[INFO] [stdout]   |
[INFO] [stdout] 1 | pub fn run() -> usize {
[INFO] [stdout]   |        ^^^
[INFO] [stdout]   |
[INFO] [stdout]   = note: `#[warn(dead_code)]` on by default
[INFO] [stdout] 
[INFO] [stdout] 
[INFO] [stdout] warning: function `get_input` is never used
[INFO] [stdout]   --> src/day1.rs:22:4
[INFO] [stdout]    |
[INFO] [stdout] 22 | fn get_input() -> String {
[INFO] [stdout]    |    ^^^^^^^^^
[INFO] [stdout] 
[INFO] [stdout] 
[INFO] [stdout] warning: function `run` is never used
[INFO] [stdout]  --> src/day2.rs:3:8
[INFO] [stdout]   |
[INFO] [stdout] 3 | pub fn run() -> usize {
[INFO] [stdout]   |        ^^^
[INFO] [stdout] 
[INFO] [stdout] 
[INFO] [stdout] warning: function `get_input` is never used
[INFO] [stdout]   --> src/day2.rs:34:4
[INFO] [stdout]    |
[INFO] [stdout] 34 | fn get_input() -> String {
[INFO] [stdout]    |    ^^^^^^^^^
[INFO] [stdout] 
[INFO] [stdout] 
[INFO] [stderr]     Finished `test` profile [unoptimized + debuginfo] target(s) in 0.74s
[INFO] running `Command { std: "docker" "inspect" "3966a6aedc5481c2c7c9eec3ccc95193e4677c3620120d1c2c367ecaae55942d", kill_on_drop: false }`
[INFO] running `Command { std: "docker" "rm" "-f" "3966a6aedc5481c2c7c9eec3ccc95193e4677c3620120d1c2c367ecaae55942d", kill_on_drop: false }`
[INFO] [stdout] 3966a6aedc5481c2c7c9eec3ccc95193e4677c3620120d1c2c367ecaae55942d
[INFO] running `Command { std: "docker" "create" "-v" "/var/lib/crater-agent-workspace/builds/worker-5-tc2/target:/opt/rustwide/target:rw,Z" "-v" "/var/lib/crater-agent-workspace/builds/worker-5-tc2/source:/opt/rustwide/workdir:ro,Z" "-v" "/var/lib/crater-agent-workspace/cargo-home:/opt/rustwide/cargo-home:ro,Z" "-v" "/var/lib/crater-agent-workspace/rustup-home:/opt/rustwide/rustup-home:ro,Z" "-e" "SOURCE_DIR=/opt/rustwide/workdir" "-e" "CARGO_TARGET_DIR=/opt/rustwide/target" "-e" "CARGO_INCREMENTAL=0" "-e" "RUST_BACKTRACE=full" "-e" "RUSTFLAGS=--cap-lints=forbid -Zrandomize-layout" "-e" "RUSTDOCFLAGS=--cap-lints=forbid" "-e" "CARGO_HOME=/opt/rustwide/cargo-home" "-e" "RUSTUP_HOME=/opt/rustwide/rustup-home" "-w" "/opt/rustwide/workdir" "-m" "1610612736" "--user" "0:0" "--network" "none" "ghcr.io/rust-lang/crates-build-env/linux@sha256:819108c5571ea2e421544af4d832f968d213c87fbe3707a016657f43d2f853bc" "/opt/rustwide/cargo-home/bin/cargo" "+nightly-2025-01-18" "test" "--frozen", kill_on_drop: false }`
[INFO] [stdout] d80f4efeedf96a321899354306cfaf42b4667eb121fa6bf12d45ae83b56115d2
[INFO] running `Command { std: "docker" "start" "-a" "d80f4efeedf96a321899354306cfaf42b4667eb121fa6bf12d45ae83b56115d2", kill_on_drop: false }`
[INFO] [stderr] warning: variable `total` is assigned to, but never used
[INFO] [stderr]  --> src/day3.rs:3:13
[INFO] [stderr]   |
[INFO] [stderr] 3 |     let mut total = 0usize;
[INFO] [stderr]   |             ^^^^^
[INFO] [stderr]   |
[INFO] [stderr]   = note: consider using `_total` instead
[INFO] [stderr]   = note: `#[warn(unused_variables)]` on by default
[INFO] [stderr] 
[INFO] [stderr] warning: unused variable: `c`
[INFO] [stderr]   --> src/day4.rs:10:17
[INFO] [stderr]    |
[INFO] [stderr] 10 |         for (x, c) in row_it {
[INFO] [stderr]    |                 ^ help: if this is intentional, prefix it with an underscore: `_c`
[INFO] [stderr] 
[INFO] [stderr] warning: unused variable: `c`
[INFO] [stderr]   --> src/day4.rs:74:17
[INFO] [stderr]    |
[INFO] [stderr] 74 |         for (x, c) in row_it {
[INFO] [stderr]    |                 ^ help: if this is intentional, prefix it with an underscore: `_c`
[INFO] [stderr] 
[INFO] [stderr] warning: unused variable: `pattern`
[INFO] [stderr]   --> src/day4.rs:83:9
[INFO] [stderr]    |
[INFO] [stderr] 83 |     let pattern = ['M', 'A', 'S'];
[INFO] [stderr]    |         ^^^^^^^ help: if this is intentional, prefix it with an underscore: `_pattern`
[INFO] [stderr] 
[INFO] [stderr] warning: function `run` is never used
[INFO] [stderr]  --> src/day1.rs:1:8
[INFO] [stderr]   |
[INFO] [stderr] 1 | pub fn run() -> usize {
[INFO] [stderr]   |        ^^^
[INFO] [stderr]   |
[INFO] [stderr]   = note: `#[warn(dead_code)]` on by default
[INFO] [stderr] 
[INFO] [stderr] warning: function `get_input` is never used
[INFO] [stderr]   --> src/day1.rs:22:4
[INFO] [stderr]    |
[INFO] [stderr] 22 | fn get_input() -> String {
[INFO] [stderr]    |    ^^^^^^^^^
[INFO] [stderr] 
[INFO] [stderr] warning: function `run` is never used
[INFO] [stderr]  --> src/day2.rs:3:8
[INFO] [stderr]   |
[INFO] [stderr] 3 | pub fn run() -> usize {
[INFO] [stderr]   |        ^^^
[INFO] [stderr] 
[INFO] [stderr] warning: function `get_input` is never used
[INFO] [stderr]   --> src/day2.rs:34:4
[INFO] [stderr]    |
[INFO] [stderr] 34 | fn get_input() -> String {
[INFO] [stderr]    |    ^^^^^^^^^
[INFO] [stderr] 
[INFO] [stderr] warning: `adventofcode2024` (bin "adventofcode2024" test) generated 8 warnings
[INFO] [stderr]     Finished `test` profile [unoptimized + debuginfo] target(s) in 0.02s
[INFO] [stderr]      Running unittests src/main.rs (/opt/rustwide/target/debug/deps/adventofcode2024-c2ba1cb08ba15930)
[INFO] [stdout] 
[INFO] [stdout] running 4 tests
[INFO] [stdout] test day4::test::test1 ... ok
[INFO] [stdout] test day4::test::test2 ... ok
[INFO] [stdout] test day5::test::test1 ... ok
[INFO] [stdout] test day3::test::test1 ... FAILED
[INFO] [stdout] 
[INFO] [stdout] failures:
[INFO] [stdout] 
[INFO] [stdout] ---- day3::test::test1 stdout ----
[INFO] [stdout] 
[INFO] [stdout] thread 'day3::test::test1' panicked at src/day3.rs:46:50:
[INFO] [stdout] not yet implemented
[INFO] [stdout] stack backtrace:
[INFO] [stdout]    0:     0x606bac1ffcba - std::backtrace_rs::backtrace::libunwind::trace::hb059275cfc8d6126
[INFO] [stdout]                                at /rustc/6067b36314ab5eb2eb47cecc464545ba58e1ad24/library/std/src/../../backtrace/src/backtrace/libunwind.rs:116:5
[INFO] [stdout]    1:     0x606bac1ffcba - std::backtrace_rs::backtrace::trace_unsynchronized::h2da071e4327ce3ee
[INFO] [stdout]                                at /rustc/6067b36314ab5eb2eb47cecc464545ba58e1ad24/library/std/src/../../backtrace/src/backtrace/mod.rs:66:5
[INFO] [stdout]    2:     0x606bac1ffcba - std::sys::backtrace::_print_fmt::h842a1474e6f8d23f
[INFO] [stdout]                                at /rustc/6067b36314ab5eb2eb47cecc464545ba58e1ad24/library/std/src/sys/backtrace.rs:66:9
[INFO] [stdout]    3:     0x606bac1ffcba - <std::sys::backtrace::BacktraceLock::print::DisplayBacktrace as core::fmt::Display>::fmt::h71a62eb3b9696b12
[INFO] [stdout]                                at /rustc/6067b36314ab5eb2eb47cecc464545ba58e1ad24/library/std/src/sys/backtrace.rs:39:26
[INFO] [stdout]    4:     0x606bac227373 - core::fmt::rt::Argument::fmt::hdb6b616786b41dc1
[INFO] [stdout]                                at /rustc/6067b36314ab5eb2eb47cecc464545ba58e1ad24/library/core/src/fmt/rt.rs:177:76
[INFO] [stdout]    5:     0x606bac227373 - core::fmt::write::h2cc1698af7e2d686
[INFO] [stdout]                                at /rustc/6067b36314ab5eb2eb47cecc464545ba58e1ad24/library/core/src/fmt/mod.rs:1440:21
[INFO] [stdout]    6:     0x606bac1fc813 - std::io::Write::write_fmt::hab1b4cd059a79022
[INFO] [stdout]                                at /rustc/6067b36314ab5eb2eb47cecc464545ba58e1ad24/library/std/src/io/mod.rs:1887:15
[INFO] [stdout]    7:     0x606bac1ffb02 - std::sys::backtrace::BacktraceLock::print::h147fe35b4ea13b08
[INFO] [stdout]                                at /rustc/6067b36314ab5eb2eb47cecc464545ba58e1ad24/library/std/src/sys/backtrace.rs:42:9
[INFO] [stdout]    8:     0x606bac2010df - std::panicking::default_hook::{{closure}}::hbd44223dbdc0d208
[INFO] [stdout]                                at /rustc/6067b36314ab5eb2eb47cecc464545ba58e1ad24/library/std/src/panicking.rs:298:22
[INFO] [stdout]    9:     0x606bac200ef8 - std::panicking::default_hook::h20f81eb0576efcec
[INFO] [stdout]                                at /rustc/6067b36314ab5eb2eb47cecc464545ba58e1ad24/library/std/src/panicking.rs:322:9
[INFO] [stdout]   10:     0x606bac1c9d13 - <alloc::boxed::Box<F,A> as core::ops::function::Fn<Args>>::call::hdb53814c496a4d34
[INFO] [stdout]                                at /rustc/6067b36314ab5eb2eb47cecc464545ba58e1ad24/library/alloc/src/boxed.rs:2027:9
[INFO] [stdout]   11:     0x606bac1c9d13 - test::test_main::{{closure}}::hc0a4963c59427c24
[INFO] [stdout]                                at /rustc/6067b36314ab5eb2eb47cecc464545ba58e1ad24/library/test/src/lib.rs:134:21
[INFO] [stdout]   12:     0x606bac201bd3 - <alloc::boxed::Box<F,A> as core::ops::function::Fn<Args>>::call::h591b2225413a77e9
[INFO] [stdout]                                at /rustc/6067b36314ab5eb2eb47cecc464545ba58e1ad24/library/alloc/src/boxed.rs:2027:9
[INFO] [stdout]   13:     0x606bac201bd3 - std::panicking::rust_panic_with_hook::h625eea43051b2edc
[INFO] [stdout]                                at /rustc/6067b36314ab5eb2eb47cecc464545ba58e1ad24/library/std/src/panicking.rs:839:13
[INFO] [stdout]   14:     0x606bac201856 - std::panicking::begin_panic_handler::{{closure}}::h4f9159cfbc3f6bd3
[INFO] [stdout]                                at /rustc/6067b36314ab5eb2eb47cecc464545ba58e1ad24/library/std/src/panicking.rs:697:13
[INFO] [stdout]   15:     0x606bac2001b9 - std::sys::backtrace::__rust_end_short_backtrace::h0390abce48353151
[INFO] [stdout]                                at /rustc/6067b36314ab5eb2eb47cecc464545ba58e1ad24/library/std/src/sys/backtrace.rs:168:18
[INFO] [stdout]   16:     0x606bac20151d - rust_begin_unwind
[INFO] [stdout]                                at /rustc/6067b36314ab5eb2eb47cecc464545ba58e1ad24/library/std/src/panicking.rs:695:5
[INFO] [stdout]   17:     0x606bac225df0 - core::panicking::panic_fmt::h9e7c637e9e5f29c9
[INFO] [stdout]                                at /rustc/6067b36314ab5eb2eb47cecc464545ba58e1ad24/library/core/src/panicking.rs:75:14
[INFO] [stdout]   18:     0x606bac225e7c - core::panicking::panic::haa3255ea20181a33
[INFO] [stdout]                                at /rustc/6067b36314ab5eb2eb47cecc464545ba58e1ad24/library/core/src/panicking.rs:145:5
[INFO] [stdout]   19:     0x606bac18574e - adventofcode2024::day3::run::hacdca0022e3c0bd3
[INFO] [stdout]                                at /opt/rustwide/workdir/src/day3.rs:46:50
[INFO] [stdout]   20:     0x606bac18bbd8 - adventofcode2024::day3::test::test1::h2188d64901521a2b
[INFO] [stdout]                                at /opt/rustwide/workdir/src/day3.rs:76:20
[INFO] [stdout]   21:     0x606bac18bba7 - adventofcode2024::day3::test::test1::{{closure}}::h89b68e5f6001649c
[INFO] [stdout]                                at /opt/rustwide/workdir/src/day3.rs:75:15
[INFO] [stdout]   22:     0x606bac189fe6 - core::ops::function::FnOnce::call_once::h325bcce07a4827fb
[INFO] [stdout]                                at /rustc/6067b36314ab5eb2eb47cecc464545ba58e1ad24/library/core/src/ops/function.rs:250:5
[INFO] [stdout]   23:     0x606bac1cf46b - core::ops::function::FnOnce::call_once::he27718dfdd183f43
[INFO] [stdout]                                at /rustc/6067b36314ab5eb2eb47cecc464545ba58e1ad24/library/core/src/ops/function.rs:250:5
[INFO] [stdout]   24:     0x606bac1cf46b - test::__rust_begin_short_backtrace::h4e84902998457a5d
[INFO] [stdout]                                at /rustc/6067b36314ab5eb2eb47cecc464545ba58e1ad24/library/test/src/lib.rs:632:18
[INFO] [stdout]   25:     0x606bac1ce3a3 - test::run_test_in_process::{{closure}}::h7176fd18fc1feca0
[INFO] [stdout]                                at /rustc/6067b36314ab5eb2eb47cecc464545ba58e1ad24/library/test/src/lib.rs:655:60
[INFO] [stdout]   26:     0x606bac1ce3a3 - <core::panic::unwind_safe::AssertUnwindSafe<F> as core::ops::function::FnOnce<()>>::call_once::hf79cff2a624d8cf7
[INFO] [stdout]                                at /rustc/6067b36314ab5eb2eb47cecc464545ba58e1ad24/library/core/src/panic/unwind_safe.rs:272:9
[INFO] [stdout]   27:     0x606bac1ce3a3 - std::panicking::try::do_call::h3da0561d9ab99c25
[INFO] [stdout]                                at /rustc/6067b36314ab5eb2eb47cecc464545ba58e1ad24/library/std/src/panicking.rs:587:40
[INFO] [stdout]   28:     0x606bac1ce3a3 - std::panicking::try::h41c9fa508bc61df6
[INFO] [stdout]                                at /rustc/6067b36314ab5eb2eb47cecc464545ba58e1ad24/library/std/src/panicking.rs:550:19
[INFO] [stdout]   29:     0x606bac1ce3a3 - std::panic::catch_unwind::h6b3ff07bb5afad93
[INFO] [stdout]                                at /rustc/6067b36314ab5eb2eb47cecc464545ba58e1ad24/library/std/src/panic.rs:358:14
[INFO] [stdout]   30:     0x606bac1ce3a3 - test::run_test_in_process::hc7253dd11b39b9f4
[INFO] [stdout]                                at /rustc/6067b36314ab5eb2eb47cecc464545ba58e1ad24/library/test/src/lib.rs:655:27
[INFO] [stdout]   31:     0x606bac1ce3a3 - test::run_test::{{closure}}::hfb2007f8649c30bb
[INFO] [stdout]                                at /rustc/6067b36314ab5eb2eb47cecc464545ba58e1ad24/library/test/src/lib.rs:576:43
[INFO] [stdout]   32:     0x606bac191485 - test::run_test::{{closure}}::h56a17aa7a282a9f4
[INFO] [stdout]                                at /rustc/6067b36314ab5eb2eb47cecc464545ba58e1ad24/library/test/src/lib.rs:606:41
[INFO] [stdout]   33:     0x606bac191485 - std::sys::backtrace::__rust_begin_short_backtrace::hd2d2d2fb8e8c6aac
[INFO] [stdout]                                at /rustc/6067b36314ab5eb2eb47cecc464545ba58e1ad24/library/std/src/sys/backtrace.rs:152:18
[INFO] [stdout]   34:     0x606bac194d6a - std::thread::Builder::spawn_unchecked_::{{closure}}::{{closure}}::h4faa3f9db6133423
[INFO] [stdout]                                at /rustc/6067b36314ab5eb2eb47cecc464545ba58e1ad24/library/std/src/thread/mod.rs:559:17
[INFO] [stdout]   35:     0x606bac194d6a - <core::panic::unwind_safe::AssertUnwindSafe<F> as core::ops::function::FnOnce<()>>::call_once::hf2e855a36a4ea846
[INFO] [stdout]                                at /rustc/6067b36314ab5eb2eb47cecc464545ba58e1ad24/library/core/src/panic/unwind_safe.rs:272:9
[INFO] [stdout]   36:     0x606bac194d6a - std::panicking::try::do_call::h2f73af3616c35465
[INFO] [stdout]                                at /rustc/6067b36314ab5eb2eb47cecc464545ba58e1ad24/library/std/src/panicking.rs:587:40
[INFO] [stdout]   37:     0x606bac194d6a - std::panicking::try::hd1660ce9efadef5a
[INFO] [stdout]                                at /rustc/6067b36314ab5eb2eb47cecc464545ba58e1ad24/library/std/src/panicking.rs:550:19
[INFO] [stdout]   38:     0x606bac194d6a - std::panic::catch_unwind::h5ee8d7823b8ca744
[INFO] [stdout]                                at /rustc/6067b36314ab5eb2eb47cecc464545ba58e1ad24/library/std/src/panic.rs:358:14
[INFO] [stdout]   39:     0x606bac194d6a - std::thread::Builder::spawn_unchecked_::{{closure}}::h53c3a1894dce8407
[INFO] [stdout]                                at /rustc/6067b36314ab5eb2eb47cecc464545ba58e1ad24/library/std/src/thread/mod.rs:557:30
[INFO] [stdout]   40:     0x606bac194d6a - core::ops::function::FnOnce::call_once{{vtable.shim}}::h048ce291ad4f62bf
[INFO] [stdout]                                at /rustc/6067b36314ab5eb2eb47cecc464545ba58e1ad24/library/core/src/ops/function.rs:250:5
[INFO] [stdout]   41:     0x606bac205b0b - <alloc::boxed::Box<F,A> as core::ops::function::FnOnce<Args>>::call_once::ha52bedf99a3b4981
[INFO] [stdout]                                at /rustc/6067b36314ab5eb2eb47cecc464545ba58e1ad24/library/alloc/src/boxed.rs:2013:9
[INFO] [stdout]   42:     0x606bac205b0b - <alloc::boxed::Box<F,A> as core::ops::function::FnOnce<Args>>::call_once::h567748934d80ccf8
[INFO] [stdout]                                at /rustc/6067b36314ab5eb2eb47cecc464545ba58e1ad24/library/alloc/src/boxed.rs:2013:9
[INFO] [stdout]   43:     0x606bac205b0b - std::sys::pal::unix::thread::Thread::new::thread_start::h2d970728ae887adc
[INFO] [stdout]                                at /rustc/6067b36314ab5eb2eb47cecc464545ba58e1ad24/library/std/src/sys/pal/unix/thread.rs:106:17
[INFO] [stdout]   44:     0x7884c8ba3ac3 - <unknown>
[INFO] [stdout]   45:     0x7884c8c34a04 - clone
[INFO] [stdout]   46:                0x0 - <unknown>
[INFO] [stdout] 
[INFO] [stdout] 
[INFO] [stdout] failures:
[INFO] [stdout]     day3::test::test1
[INFO] [stdout] 
[INFO] [stdout] test result: FAILED. 3 passed; 1 failed; 0 ignored; 0 measured; 0 filtered out; finished in 0.07s
[INFO] [stdout] 
[INFO] [stderr] error: test failed, to rerun pass `--bin adventofcode2024`
[INFO] running `Command { std: "docker" "inspect" "d80f4efeedf96a321899354306cfaf42b4667eb121fa6bf12d45ae83b56115d2", kill_on_drop: false }`
[INFO] running `Command { std: "docker" "rm" "-f" "d80f4efeedf96a321899354306cfaf42b4667eb121fa6bf12d45ae83b56115d2", kill_on_drop: false }`
[INFO] [stdout] d80f4efeedf96a321899354306cfaf42b4667eb121fa6bf12d45ae83b56115d2
