[INFO] cloning repository https://github.com/dwalker109/protohackers
[INFO] running `Command { std: "git" "-c" "credential.helper=" "-c" "credential.helper=/workspace/cargo-home/bin/git-credential-null" "clone" "--bare" "https://github.com/dwalker109/protohackers" "/workspace/cache/git-repos/https%3A%2F%2Fgithub.com%2Fdwalker109%2Fprotohackers", kill_on_drop: false }`
[INFO] [stderr] Cloning into bare repository '/workspace/cache/git-repos/https%3A%2F%2Fgithub.com%2Fdwalker109%2Fprotohackers'...
[INFO] running `Command { std: "git" "rev-parse" "HEAD", kill_on_drop: false }`
[INFO] [stdout] f14c90b0bc6b2ed45a06e005cedb96ed2aabe940
[INFO] testing dwalker109/protohackers against nightly-2025-01-18+rustflags=-Zrandomize-layout for randomize-layout-2
[INFO] running `Command { std: "git" "clone" "/workspace/cache/git-repos/https%3A%2F%2Fgithub.com%2Fdwalker109%2Fprotohackers" "/workspace/builds/worker-1-tc2/source", kill_on_drop: false }`
[INFO] [stderr] Cloning into '/workspace/builds/worker-1-tc2/source'...
[INFO] [stderr] done.
[INFO] validating manifest of git repo https://github.com/dwalker109/protohackers on toolchain nightly-2025-01-18
[INFO] running `Command { std: CARGO_HOME="/workspace/cargo-home" RUSTUP_HOME="/workspace/rustup-home" "/workspace/cargo-home/bin/cargo" "+nightly-2025-01-18" "metadata" "--manifest-path" "Cargo.toml" "--no-deps", kill_on_drop: false }`
[INFO] started tweaking git repo https://github.com/dwalker109/protohackers
[INFO] finished tweaking git repo https://github.com/dwalker109/protohackers
[INFO] tweaked toml for git repo https://github.com/dwalker109/protohackers written to /workspace/builds/worker-1-tc2/source/Cargo.toml
[INFO] crate git repo https://github.com/dwalker109/protohackers already has a lockfile, it will not be regenerated
[INFO] running `Command { std: CARGO_HOME="/workspace/cargo-home" RUSTUP_HOME="/workspace/rustup-home" "/workspace/cargo-home/bin/cargo" "+nightly-2025-01-18" "fetch" "--manifest-path" "Cargo.toml", kill_on_drop: false }`
[INFO] [stderr]     Blocking waiting for file lock on package cache
[INFO] [stderr]     Blocking waiting for file lock on package cache
[INFO] running `Command { std: "docker" "create" "-v" "/var/lib/crater-agent-workspace/builds/worker-1-tc2/target:/opt/rustwide/target:rw,Z" "-v" "/var/lib/crater-agent-workspace/builds/worker-1-tc2/source:/opt/rustwide/workdir:ro,Z" "-v" "/var/lib/crater-agent-workspace/cargo-home:/opt/rustwide/cargo-home:ro,Z" "-v" "/var/lib/crater-agent-workspace/rustup-home:/opt/rustwide/rustup-home:ro,Z" "-e" "SOURCE_DIR=/opt/rustwide/workdir" "-e" "CARGO_TARGET_DIR=/opt/rustwide/target" "-e" "CARGO_HOME=/opt/rustwide/cargo-home" "-e" "RUSTUP_HOME=/opt/rustwide/rustup-home" "-w" "/opt/rustwide/workdir" "-m" "1610612736" "--user" "0:0" "--network" "none" "ghcr.io/rust-lang/crates-build-env/linux@sha256:819108c5571ea2e421544af4d832f968d213c87fbe3707a016657f43d2f853bc" "/opt/rustwide/cargo-home/bin/cargo" "+nightly-2025-01-18" "metadata" "--no-deps" "--format-version=1", kill_on_drop: false }`
[INFO] [stdout] b79e319c188a6d043b40a1ba78d36ee58507a9f4dba19eea15e5143c4a39d666
[INFO] running `Command { std: "docker" "start" "-a" "b79e319c188a6d043b40a1ba78d36ee58507a9f4dba19eea15e5143c4a39d666", kill_on_drop: false }`
[INFO] running `Command { std: "docker" "inspect" "b79e319c188a6d043b40a1ba78d36ee58507a9f4dba19eea15e5143c4a39d666", kill_on_drop: false }`
[INFO] running `Command { std: "docker" "rm" "-f" "b79e319c188a6d043b40a1ba78d36ee58507a9f4dba19eea15e5143c4a39d666", kill_on_drop: false }`
[INFO] [stdout] b79e319c188a6d043b40a1ba78d36ee58507a9f4dba19eea15e5143c4a39d666
[INFO] running `Command { std: "docker" "create" "-v" "/var/lib/crater-agent-workspace/builds/worker-1-tc2/target:/opt/rustwide/target:rw,Z" "-v" "/var/lib/crater-agent-workspace/builds/worker-1-tc2/source:/opt/rustwide/workdir:ro,Z" "-v" "/var/lib/crater-agent-workspace/cargo-home:/opt/rustwide/cargo-home:ro,Z" "-v" "/var/lib/crater-agent-workspace/rustup-home:/opt/rustwide/rustup-home:ro,Z" "-e" "SOURCE_DIR=/opt/rustwide/workdir" "-e" "CARGO_TARGET_DIR=/opt/rustwide/target" "-e" "CARGO_INCREMENTAL=0" "-e" "RUST_BACKTRACE=full" "-e" "RUSTFLAGS=--cap-lints=forbid -Zrandomize-layout" "-e" "RUSTDOCFLAGS=--cap-lints=forbid" "-e" "CARGO_HOME=/opt/rustwide/cargo-home" "-e" "RUSTUP_HOME=/opt/rustwide/rustup-home" "-w" "/opt/rustwide/workdir" "-m" "1610612736" "--user" "0:0" "--network" "none" "ghcr.io/rust-lang/crates-build-env/linux@sha256:819108c5571ea2e421544af4d832f968d213c87fbe3707a016657f43d2f853bc" "/opt/rustwide/cargo-home/bin/cargo" "+nightly-2025-01-18" "build" "--frozen" "--message-format=json", kill_on_drop: false }`
[INFO] [stdout] 87942503d62489011090fb6a0a0fbb853072291dcb28a6a81520a1036d2cfd27
[INFO] running `Command { std: "docker" "start" "-a" "87942503d62489011090fb6a0a0fbb853072291dcb28a6a81520a1036d2cfd27", kill_on_drop: false }`
[INFO] [stderr]    Compiling unicode-ident v1.0.4
[INFO] [stderr]    Compiling syn v1.0.102
[INFO] [stderr]    Compiling pin-project-lite v0.2.12
[INFO] [stderr]    Compiling bytes v1.5.0
[INFO] [stderr]    Compiling parking_lot_core v0.9.3
[INFO] [stderr]    Compiling smallvec v1.10.0
[INFO] [stderr]    Compiling log v0.4.17
[INFO] [stderr]    Compiling once_cell v1.15.0
[INFO] [stderr]    Compiling memchr v2.5.0
[INFO] [stderr]    Compiling futures-sink v0.3.28
[INFO] [stderr]    Compiling lock_api v0.4.9
[INFO] [stderr]    Compiling slab v0.4.7
[INFO] [stderr]    Compiling futures-util v0.3.28
[INFO] [stderr]    Compiling futures-task v0.3.28
[INFO] [stderr]    Compiling num_cpus v1.13.1
[INFO] [stderr]    Compiling signal-hook-registry v1.4.0
[INFO] [stderr]    Compiling proc-macro2 v1.0.66
[INFO] [stderr]    Compiling itoa v1.0.4
[INFO] [stderr]    Compiling tracing-core v0.1.30
[INFO] [stderr]    Compiling pin-utils v0.1.0
[INFO] [stderr]    Compiling getrandom v0.2.8
[INFO] [stderr]    Compiling indexmap v1.9.2
[INFO] [stderr]    Compiling hashbrown v0.12.3
[INFO] [stderr]    Compiling either v1.8.0
[INFO] [stderr]    Compiling tower-service v0.3.2
[INFO] [stderr]    Compiling serde v1.0.183
[INFO] [stderr]    Compiling futures-channel v0.3.25
[INFO] [stderr]    Compiling regex-syntax v0.6.27
[INFO] [stderr]    Compiling http v0.2.8
[INFO] [stderr]    Compiling rand_core v0.6.4
[INFO] [stderr]    Compiling serde_derive v1.0.183
[INFO] [stderr]    Compiling quote v1.0.33
[INFO] [stderr]    Compiling anyhow v1.0.66
[INFO] [stderr]    Compiling parking_lot v0.12.1
[INFO] [stderr]    Compiling httparse v1.8.0
[INFO] [stderr]    Compiling syn v2.0.29
[INFO] [stderr]    Compiling aho-corasick v0.7.19
[INFO] [stderr]    Compiling rand_chacha v0.3.1
[INFO] [stderr]    Compiling itertools v0.10.5
[INFO] [stderr]    Compiling try-lock v0.2.3
[INFO] [stderr]    Compiling async-trait v0.1.58
[INFO] [stderr]    Compiling tower-layer v0.3.2
[INFO] [stderr]    Compiling want v0.3.0
[INFO] [stderr]    Compiling socket2 v0.4.7
[INFO] [stderr]    Compiling http-body v0.4.5
[INFO] [stderr]    Compiling rand v0.8.5
[INFO] [stderr]    Compiling httpdate v1.0.2
[INFO] [stderr]    Compiling serde_json v1.0.105
[INFO] [stderr]    Compiling minimal-lexical v0.2.1
[INFO] [stderr]    Compiling http-range-header v0.3.0
[INFO] [stderr]    Compiling crc32fast v1.3.2
[INFO] [stderr]    Compiling mime v0.3.16
[INFO] [stderr]    Compiling num-traits v0.2.15
[INFO] [stderr]    Compiling percent-encoding v2.2.0
[INFO] [stderr]    Compiling sync_wrapper v0.1.1
[INFO] [stderr]    Compiling ryu v1.0.11
[INFO] [stderr]    Compiling matchit v0.5.0
[INFO] [stderr]    Compiling adler v1.0.2
[INFO] [stderr]    Compiling crossbeam-utils v0.8.14
[INFO] [stderr]    Compiling nom v7.1.3
[INFO] [stderr]    Compiling base64 v0.13.1
[INFO] [stderr]    Compiling overload v0.1.1
[INFO] [stderr]    Compiling miniz_oxide v0.6.2
[INFO] [stderr]    Compiling nu-ansi-term v0.46.0
[INFO] [stderr]    Compiling tracing-log v0.1.3
[INFO] [stderr]    Compiling sharded-slab v0.1.4
[INFO] [stderr]    Compiling thread_local v1.1.4
[INFO] [stderr]    Compiling futures-io v0.3.25
[INFO] [stderr]    Compiling humantime v2.1.0
[INFO] [stderr]    Compiling uuid v1.4.1
[INFO] [stderr]    Compiling itertools v0.11.0
[INFO] [stderr]    Compiling primes v0.3.0
[INFO] [stderr]    Compiling smoke_test v0.1.0 (/opt/rustwide/workdir/smoke_test)
[INFO] [stderr]    Compiling means_to_an_end v0.1.0 (/opt/rustwide/workdir/means_to_an_end)
[INFO] [stderr]    Compiling regex v1.6.0
[INFO] [stderr]    Compiling regex-automata v0.1.10
[INFO] [stderr]    Compiling flate2 v1.0.25
[INFO] [stderr]    Compiling unusual_database_program v0.1.0 (/opt/rustwide/workdir/unusual_database_program)
[INFO] [stderr]    Compiling crossbeam-channel v0.5.6
[INFO] [stderr]    Compiling voracious_code_storage v0.1.0 (/opt/rustwide/workdir/voracious_code_storage)
[INFO] [stderr]    Compiling matchers v0.1.0
[INFO] [stderr]    Compiling hdrhistogram v7.5.2
[INFO] [stderr]    Compiling tokio-macros v2.1.0
[INFO] [stderr]    Compiling futures-macro v0.3.28
[INFO] [stderr]    Compiling budget_chat v0.1.0 (/opt/rustwide/workdir/budget_chat)
[INFO] [stderr]    Compiling mob_in_the_middle v0.1.0 (/opt/rustwide/workdir/mob_in_the_middle)
[INFO] [stderr]    Compiling tokio v1.32.0
[INFO] [stderr]    Compiling prime_time v0.1.0 (/opt/rustwide/workdir/prime_time)
[INFO] [stderr]    Compiling tracing-attributes v0.1.23
[INFO] [stderr]    Compiling pin-project-internal v1.0.12
[INFO] [stderr]    Compiling prost-derive v0.11.2
[INFO] [stderr]    Compiling async-stream-impl v0.3.3
[INFO] [stderr]    Compiling async-stream v0.3.3
[INFO] [stderr]    Compiling pin-project v1.0.12
[INFO] [stderr]    Compiling tracing v0.1.37
[INFO] [stderr]    Compiling tracing-futures v0.2.5
[INFO] [stderr]    Compiling tracing-subscriber v0.3.16
[INFO] [stderr]    Compiling axum-core v0.2.9
[INFO] [stderr]    Compiling futures v0.3.25
[INFO] [stderr]    Compiling prost v0.11.2
[INFO] [stderr]    Compiling prost-types v0.11.2
[INFO] [stderr]    Compiling tokio-util v0.7.8
[INFO] [stderr]    Compiling tokio-io-timeout v1.2.0
[INFO] [stderr]    Compiling tokio-stream v0.1.11
[INFO] [stderr]    Compiling h2 v0.3.15
[INFO] [stderr]    Compiling tower v0.4.13
[INFO] [stderr]    Compiling speed_demon_async v0.1.0 (/opt/rustwide/workdir/speed_demon_async)
[INFO] [stderr]    Compiling means_to_an_end_async v0.1.0 (/opt/rustwide/workdir/means_to_an_end_async)
[INFO] [stderr]    Compiling budget_chat_async v0.1.0 (/opt/rustwide/workdir/budget_chat_async)
[INFO] [stderr]    Compiling insecure_sockets_layer_async v0.1.0 (/opt/rustwide/workdir/insecure_sockets_layer_async)
[INFO] [stderr]    Compiling pest_control_async v0.1.0 (/opt/rustwide/workdir/pest_control_async)
[INFO] [stderr]    Compiling job_centre_async v0.1.0 (/opt/rustwide/workdir/job_centre_async)
[INFO] [stdout] warning: field `num_roads` is never read
[INFO] [stdout]   --> speed_demon_async/src/message.rs:54:5
[INFO] [stdout]    |
[INFO] [stdout] 53 | pub struct IAmDispatcher {
[INFO] [stdout]    |            ------------- field in this struct
[INFO] [stdout] 54 |     num_roads: u8,
[INFO] [stdout]    |     ^^^^^^^^^
[INFO] [stdout]    |
[INFO] [stdout]    = note: `#[warn(dead_code)]` on by default
[INFO] [stdout] 
[INFO] [stdout] 
[INFO] [stderr]    Compiling tower-http v0.3.4
[INFO] [stderr]    Compiling hyper v0.14.23
[INFO] [stderr]    Compiling hyper-timeout v0.4.1
[INFO] [stderr]    Compiling axum v0.5.17
[INFO] [stderr]    Compiling tonic v0.8.2
[INFO] [stderr]    Compiling console-api v0.4.0
[INFO] [stderr]    Compiling console-subscriber v0.1.8
[INFO] [stderr]    Compiling line_reversal_async v0.1.0 (/opt/rustwide/workdir/line_reversal_async)
[INFO] [stderr]     Finished `dev` profile [unoptimized + debuginfo] target(s) in 49.69s
[INFO] running `Command { std: "docker" "inspect" "87942503d62489011090fb6a0a0fbb853072291dcb28a6a81520a1036d2cfd27", kill_on_drop: false }`
[INFO] running `Command { std: "docker" "rm" "-f" "87942503d62489011090fb6a0a0fbb853072291dcb28a6a81520a1036d2cfd27", kill_on_drop: false }`
[INFO] [stdout] 87942503d62489011090fb6a0a0fbb853072291dcb28a6a81520a1036d2cfd27
[INFO] running `Command { std: "docker" "create" "-v" "/var/lib/crater-agent-workspace/builds/worker-1-tc2/target:/opt/rustwide/target:rw,Z" "-v" "/var/lib/crater-agent-workspace/builds/worker-1-tc2/source:/opt/rustwide/workdir:ro,Z" "-v" "/var/lib/crater-agent-workspace/cargo-home:/opt/rustwide/cargo-home:ro,Z" "-v" "/var/lib/crater-agent-workspace/rustup-home:/opt/rustwide/rustup-home:ro,Z" "-e" "SOURCE_DIR=/opt/rustwide/workdir" "-e" "CARGO_TARGET_DIR=/opt/rustwide/target" "-e" "CARGO_INCREMENTAL=0" "-e" "RUST_BACKTRACE=full" "-e" "RUSTFLAGS=--cap-lints=forbid -Zrandomize-layout" "-e" "RUSTDOCFLAGS=--cap-lints=forbid" "-e" "CARGO_HOME=/opt/rustwide/cargo-home" "-e" "RUSTUP_HOME=/opt/rustwide/rustup-home" "-w" "/opt/rustwide/workdir" "-m" "1610612736" "--user" "0:0" "--network" "none" "ghcr.io/rust-lang/crates-build-env/linux@sha256:819108c5571ea2e421544af4d832f968d213c87fbe3707a016657f43d2f853bc" "/opt/rustwide/cargo-home/bin/cargo" "+nightly-2025-01-18" "test" "--frozen" "--no-run" "--message-format=json", kill_on_drop: false }`
[INFO] [stdout] 5ce27a02d74e9cbd6324f11a72bc60e8fd0ec37db4a2202f9f2c69cbaafa1620
[INFO] running `Command { std: "docker" "start" "-a" "5ce27a02d74e9cbd6324f11a72bc60e8fd0ec37db4a2202f9f2c69cbaafa1620", kill_on_drop: false }`
[INFO] [stderr]    Compiling budget_chat_async v0.1.0 (/opt/rustwide/workdir/budget_chat_async)
[INFO] [stderr]    Compiling speed_demon_async v0.1.0 (/opt/rustwide/workdir/speed_demon_async)
[INFO] [stderr]    Compiling pest_control_async v0.1.0 (/opt/rustwide/workdir/pest_control_async)
[INFO] [stderr]    Compiling prime_time v0.1.0 (/opt/rustwide/workdir/prime_time)
[INFO] [stderr]    Compiling voracious_code_storage v0.1.0 (/opt/rustwide/workdir/voracious_code_storage)
[INFO] [stderr]    Compiling job_centre_async v0.1.0 (/opt/rustwide/workdir/job_centre_async)
[INFO] [stderr]    Compiling means_to_an_end_async v0.1.0 (/opt/rustwide/workdir/means_to_an_end_async)
[INFO] [stderr]    Compiling mob_in_the_middle v0.1.0 (/opt/rustwide/workdir/mob_in_the_middle)
[INFO] [stderr]    Compiling budget_chat v0.1.0 (/opt/rustwide/workdir/budget_chat)
[INFO] [stderr]    Compiling means_to_an_end v0.1.0 (/opt/rustwide/workdir/means_to_an_end)
[INFO] [stderr]    Compiling insecure_sockets_layer_async v0.1.0 (/opt/rustwide/workdir/insecure_sockets_layer_async)
[INFO] [stderr]    Compiling unusual_database_program v0.1.0 (/opt/rustwide/workdir/unusual_database_program)
[INFO] [stderr]    Compiling smoke_test v0.1.0 (/opt/rustwide/workdir/smoke_test)
[INFO] [stderr]    Compiling line_reversal_async v0.1.0 (/opt/rustwide/workdir/line_reversal_async)
[INFO] [stdout] warning: field `num_roads` is never read
[INFO] [stdout]   --> speed_demon_async/src/message.rs:54:5
[INFO] [stdout]    |
[INFO] [stdout] 53 | pub struct IAmDispatcher {
[INFO] [stdout]    |            ------------- field in this struct
[INFO] [stdout] 54 |     num_roads: u8,
[INFO] [stdout]    |     ^^^^^^^^^
[INFO] [stdout]    |
[INFO] [stdout]    = note: `#[warn(dead_code)]` on by default
[INFO] [stdout] 
[INFO] [stdout] 
[INFO] [stderr]     Finished `test` profile [unoptimized + debuginfo] target(s) in 2.90s
[INFO] running `Command { std: "docker" "inspect" "5ce27a02d74e9cbd6324f11a72bc60e8fd0ec37db4a2202f9f2c69cbaafa1620", kill_on_drop: false }`
[INFO] running `Command { std: "docker" "rm" "-f" "5ce27a02d74e9cbd6324f11a72bc60e8fd0ec37db4a2202f9f2c69cbaafa1620", kill_on_drop: false }`
[INFO] [stdout] 5ce27a02d74e9cbd6324f11a72bc60e8fd0ec37db4a2202f9f2c69cbaafa1620
[INFO] running `Command { std: "docker" "create" "-v" "/var/lib/crater-agent-workspace/builds/worker-1-tc2/target:/opt/rustwide/target:rw,Z" "-v" "/var/lib/crater-agent-workspace/builds/worker-1-tc2/source:/opt/rustwide/workdir:ro,Z" "-v" "/var/lib/crater-agent-workspace/cargo-home:/opt/rustwide/cargo-home:ro,Z" "-v" "/var/lib/crater-agent-workspace/rustup-home:/opt/rustwide/rustup-home:ro,Z" "-e" "SOURCE_DIR=/opt/rustwide/workdir" "-e" "CARGO_TARGET_DIR=/opt/rustwide/target" "-e" "CARGO_INCREMENTAL=0" "-e" "RUST_BACKTRACE=full" "-e" "RUSTFLAGS=--cap-lints=forbid -Zrandomize-layout" "-e" "RUSTDOCFLAGS=--cap-lints=forbid" "-e" "CARGO_HOME=/opt/rustwide/cargo-home" "-e" "RUSTUP_HOME=/opt/rustwide/rustup-home" "-w" "/opt/rustwide/workdir" "-m" "1610612736" "--user" "0:0" "--network" "none" "ghcr.io/rust-lang/crates-build-env/linux@sha256:819108c5571ea2e421544af4d832f968d213c87fbe3707a016657f43d2f853bc" "/opt/rustwide/cargo-home/bin/cargo" "+nightly-2025-01-18" "test" "--frozen", kill_on_drop: false }`
[INFO] [stdout] 06a48f1a4beaa45d16efe860a1b9553d03884b29d328dce01163687885b15ae1
[INFO] running `Command { std: "docker" "start" "-a" "06a48f1a4beaa45d16efe860a1b9553d03884b29d328dce01163687885b15ae1", kill_on_drop: false }`
[INFO] [stderr] warning: field `num_roads` is never read
[INFO] [stderr]   --> speed_demon_async/src/message.rs:54:5
[INFO] [stderr]    |
[INFO] [stderr] 53 | pub struct IAmDispatcher {
[INFO] [stderr]    |            ------------- field in this struct
[INFO] [stderr] 54 |     num_roads: u8,
[INFO] [stderr]    |     ^^^^^^^^^
[INFO] [stderr]    |
[INFO] [stderr]    = note: `#[warn(dead_code)]` on by default
[INFO] [stderr] 
[INFO] [stderr] warning: `speed_demon_async` (bin "speed_demon_async" test) generated 1 warning
[INFO] [stderr]     Finished `test` profile [unoptimized + debuginfo] target(s) in 0.43s
[INFO] [stderr]      Running unittests src/main.rs (/opt/rustwide/target/debug/deps/budget_chat-d5715ac3824d10ab)
[INFO] [stdout] 
[INFO] [stdout] running 0 tests
[INFO] [stdout] 
[INFO] [stdout] test result: ok. 0 passed; 0 failed; 0 ignored; 0 measured; 0 filtered out; finished in 0.00s
[INFO] [stdout] 
[INFO] [stderr]      Running unittests src/main.rs (/opt/rustwide/target/debug/deps/budget_chat_async-2e04713fcb731d47)
[INFO] [stdout] 
[INFO] [stdout] running 0 tests
[INFO] [stdout] 
[INFO] [stdout] test result: ok. 0 passed; 0 failed; 0 ignored; 0 measured; 0 filtered out; finished in 0.00s
[INFO] [stdout] 
[INFO] [stderr]      Running unittests src/main.rs (/opt/rustwide/target/debug/deps/insecure_sockets_layer_async-d14c60c83db35096)
[INFO] [stdout] 
[INFO] [stdout] running 3 tests
[INFO] [stdout] test session::tests::ex_2 ... ok
[INFO] [stdout] test session::tests::ex_3 ... ok
[INFO] [stderr]      Running unittests src/main.rs (/opt/rustwide/target/debug/deps/job_centre_async-67754f2e6288bbf7)
[INFO] [stdout] test session::tests::ex_1 ... ok
[INFO] [stdout] 
[INFO] [stdout] test result: ok. 3 passed; 0 failed; 0 ignored; 0 measured; 0 filtered out; finished in 0.01s
[INFO] [stdout] 
[INFO] [stdout] 
[INFO] [stderr]      Running unittests src/main.rs (/opt/rustwide/target/debug/deps/line_reversal_async-69d1ac5e56d934b2)
[INFO] [stdout] running 0 tests
[INFO] [stdout] 
[INFO] [stdout] test result: ok. 0 passed; 0 failed; 0 ignored; 0 measured; 0 filtered out; finished in 0.00s
[INFO] [stdout] 
[INFO] [stdout] 
[INFO] [stdout] running 7 tests
[INFO] [stdout] test client::tests::one_msg ... ok
[INFO] [stdout] test client::tests::one_msg_then_two_msg ... ok
[INFO] [stdout] test client::tests::two_msg ... ok
[INFO] [stdout] test message::tests::basic ... ok
[INFO] [stdout] test client::tests::with_incomplete ... ok
[INFO] [stdout] test message::tests::invalid ... ok
[INFO] [stdout] test message::tests::escapes ... FAILED
[INFO] [stdout] 
[INFO] [stdout] failures:
[INFO] [stdout] 
[INFO] [stdout] ---- message::tests::escapes stdout ----
[INFO] [stdout] /data/123/789/simple \\/ message/
[INFO] [stdout] 
[INFO] [stdout] thread 'message::tests::escapes' panicked at line_reversal_async/src/message.rs:144:9:
[INFO] [stdout] assertion `left == right` failed
[INFO] [stdout]   left: Data(Data { session: Session([49, 50, 51]), pos: 789, data: [115, 105, 109, 112, 108, 101, 32, 47, 32, 109, 101, 115, 115, 97, 103, 101] })
[INFO] [stdout]  right: Data(Data { session: Session([49, 50, 51]), pos: 789, data: [115, 105, 109, 112, 108, 101, 32, 92, 47, 32, 109, 101, 115, 115, 97, 103, 101] })
[INFO] [stdout] stack backtrace:
[INFO] [stdout]    0:     0x5bf37329bc1a - std::backtrace_rs::backtrace::libunwind::trace::hb059275cfc8d6126
[INFO] [stdout]                                at /rustc/6067b36314ab5eb2eb47cecc464545ba58e1ad24/library/std/src/../../backtrace/src/backtrace/libunwind.rs:116:5
[INFO] [stdout]    1:     0x5bf37329bc1a - std::backtrace_rs::backtrace::trace_unsynchronized::h2da071e4327ce3ee
[INFO] [stdout]                                at /rustc/6067b36314ab5eb2eb47cecc464545ba58e1ad24/library/std/src/../../backtrace/src/backtrace/mod.rs:66:5
[INFO] [stdout]    2:     0x5bf37329bc1a - std::sys::backtrace::_print_fmt::h842a1474e6f8d23f
[INFO] [stdout]                                at /rustc/6067b36314ab5eb2eb47cecc464545ba58e1ad24/library/std/src/sys/backtrace.rs:66:9
[INFO] [stdout]    3:     0x5bf37329bc1a - <std::sys::backtrace::BacktraceLock::print::DisplayBacktrace as core::fmt::Display>::fmt::h71a62eb3b9696b12
[INFO] [stdout]                                at /rustc/6067b36314ab5eb2eb47cecc464545ba58e1ad24/library/std/src/sys/backtrace.rs:39:26
[INFO] [stdout]    4:     0x5bf3732c4023 - core::fmt::rt::Argument::fmt::hdb6b616786b41dc1
[INFO] [stdout]                                at /rustc/6067b36314ab5eb2eb47cecc464545ba58e1ad24/library/core/src/fmt/rt.rs:177:76
[INFO] [stdout]    5:     0x5bf3732c4023 - core::fmt::write::h2cc1698af7e2d686
[INFO] [stdout]                                at /rustc/6067b36314ab5eb2eb47cecc464545ba58e1ad24/library/core/src/fmt/mod.rs:1440:21
[INFO] [stdout]    6:     0x5bf373298773 - std::io::Write::write_fmt::hab1b4cd059a79022
[INFO] [stdout]                                at /rustc/6067b36314ab5eb2eb47cecc464545ba58e1ad24/library/std/src/io/mod.rs:1887:15
[INFO] [stdout]    7:     0x5bf37329ba62 - std::sys::backtrace::BacktraceLock::print::h147fe35b4ea13b08
[INFO] [stdout]                                at /rustc/6067b36314ab5eb2eb47cecc464545ba58e1ad24/library/std/src/sys/backtrace.rs:42:9
[INFO] [stdout]    8:     0x5bf37329d03f - std::panicking::default_hook::{{closure}}::hbd44223dbdc0d208
[INFO] [stdout]                                at /rustc/6067b36314ab5eb2eb47cecc464545ba58e1ad24/library/std/src/panicking.rs:298:22
[INFO] [stdout]    9:     0x5bf37329ce58 - std::panicking::default_hook::h20f81eb0576efcec
[INFO] [stdout]                                at /rustc/6067b36314ab5eb2eb47cecc464545ba58e1ad24/library/std/src/panicking.rs:322:9
[INFO] [stdout]   10:     0x5bf373261f03 - <alloc::boxed::Box<F,A> as core::ops::function::Fn<Args>>::call::hdb53814c496a4d34
[INFO] [stdout]                                at /rustc/6067b36314ab5eb2eb47cecc464545ba58e1ad24/library/alloc/src/boxed.rs:2027:9
[INFO] [stdout]   11:     0x5bf373261f03 - test::test_main::{{closure}}::hc0a4963c59427c24
[INFO] [stdout]                                at /rustc/6067b36314ab5eb2eb47cecc464545ba58e1ad24/library/test/src/lib.rs:134:21
[INFO] [stdout]   12:     0x5bf37329db33 - <alloc::boxed::Box<F,A> as core::ops::function::Fn<Args>>::call::h591b2225413a77e9
[INFO] [stdout]                                at /rustc/6067b36314ab5eb2eb47cecc464545ba58e1ad24/library/alloc/src/boxed.rs:2027:9
[INFO] [stdout]   13:     0x5bf37329db33 - std::panicking::rust_panic_with_hook::h625eea43051b2edc
[INFO] [stdout]                                at /rustc/6067b36314ab5eb2eb47cecc464545ba58e1ad24/library/std/src/panicking.rs:839:13
[INFO] [stdout]   14:     0x5bf37329d7ea - std::panicking::begin_panic_handler::{{closure}}::h4f9159cfbc3f6bd3
[INFO] [stdout]                                at /rustc/6067b36314ab5eb2eb47cecc464545ba58e1ad24/library/std/src/panicking.rs:704:13
[INFO] [stdout]   15:     0x5bf37329c119 - std::sys::backtrace::__rust_end_short_backtrace::h0390abce48353151
[INFO] [stdout]                                at /rustc/6067b36314ab5eb2eb47cecc464545ba58e1ad24/library/std/src/sys/backtrace.rs:168:18
[INFO] [stdout]   16:     0x5bf37329d47d - rust_begin_unwind
[INFO] [stdout]                                at /rustc/6067b36314ab5eb2eb47cecc464545ba58e1ad24/library/std/src/panicking.rs:695:5
[INFO] [stdout]   17:     0x5bf3732c2ad0 - core::panicking::panic_fmt::h9e7c637e9e5f29c9
[INFO] [stdout]                                at /rustc/6067b36314ab5eb2eb47cecc464545ba58e1ad24/library/core/src/panicking.rs:75:14
[INFO] [stdout]   18:     0x5bf3732c2df2 - core::panicking::assert_failed_inner::h538bec7c1374cd9c
[INFO] [stdout]   19:     0x5bf37321d508 - core::panicking::assert_failed::h438f84a675fba42d
[INFO] [stdout]                                at /rustc/6067b36314ab5eb2eb47cecc464545ba58e1ad24/library/core/src/panicking.rs:364:5
[INFO] [stdout]   20:     0x5bf373223b27 - line_reversal_async::message::tests::escapes::hc046e2c4ada0ce4c
[INFO] [stdout]                                at /opt/rustwide/workdir/line_reversal_async/src/message.rs:144:9
[INFO] [stdout]   21:     0x5bf373223787 - line_reversal_async::message::tests::escapes::{{closure}}::h3a71fea43e02dc54
[INFO] [stdout]                                at /opt/rustwide/workdir/line_reversal_async/src/message.rs:139:17
[INFO] [stdout]   22:     0x5bf37321c096 - core::ops::function::FnOnce::call_once::h7cce7f29ac6803c7
[INFO] [stdout]                                at /rustc/6067b36314ab5eb2eb47cecc464545ba58e1ad24/library/core/src/ops/function.rs:250:5
[INFO] [stdout]   23:     0x5bf37326765b - core::ops::function::FnOnce::call_once::he27718dfdd183f43
[INFO] [stdout]                                at /rustc/6067b36314ab5eb2eb47cecc464545ba58e1ad24/library/core/src/ops/function.rs:250:5
[INFO] [stdout]   24:     0x5bf37326765b - test::__rust_begin_short_backtrace::h4e84902998457a5d
[INFO] [stdout]                                at /rustc/6067b36314ab5eb2eb47cecc464545ba58e1ad24/library/test/src/lib.rs:632:18
[INFO] [stdout]   25:     0x5bf373266593 - test::run_test_in_process::{{closure}}::h7176fd18fc1feca0
[INFO] [stdout]                                at /rustc/6067b36314ab5eb2eb47cecc464545ba58e1ad24/library/test/src/lib.rs:655:60
[INFO] [stdout]   26:     0x5bf373266593 - <core::panic::unwind_safe::AssertUnwindSafe<F> as core::ops::function::FnOnce<()>>::call_once::hf79cff2a624d8cf7
[INFO] [stdout]                                at /rustc/6067b36314ab5eb2eb47cecc464545ba58e1ad24/library/core/src/panic/unwind_safe.rs:272:9
[INFO] [stdout]   27:     0x5bf373266593 - std::panicking::try::do_call::h3da0561d9ab99c25
[INFO] [stdout]                                at /rustc/6067b36314ab5eb2eb47cecc464545ba58e1ad24/library/std/src/panicking.rs:587:40
[INFO] [stdout]   28:     0x5bf373266593 - std::panicking::try::h41c9fa508bc61df6
[INFO] [stdout]                                at /rustc/6067b36314ab5eb2eb47cecc464545ba58e1ad24/library/std/src/panicking.rs:550:19
[INFO] [stdout]   29:     0x5bf373266593 - std::panic::catch_unwind::h6b3ff07bb5afad93
[INFO] [stdout]                                at /rustc/6067b36314ab5eb2eb47cecc464545ba58e1ad24/library/std/src/panic.rs:358:14
[INFO] [stdout]   30:     0x5bf373266593 - test::run_test_in_process::hc7253dd11b39b9f4
[INFO] [stdout]                                at /rustc/6067b36314ab5eb2eb47cecc464545ba58e1ad24/library/test/src/lib.rs:655:27
[INFO] [stdout]   31:     0x5bf373266593 - test::run_test::{{closure}}::hfb2007f8649c30bb
[INFO] [stdout]                                at /rustc/6067b36314ab5eb2eb47cecc464545ba58e1ad24/library/test/src/lib.rs:576:43
[INFO] [stdout]   32:     0x5bf373229675 - test::run_test::{{closure}}::h56a17aa7a282a9f4
[INFO] [stdout]                                at /rustc/6067b36314ab5eb2eb47cecc464545ba58e1ad24/library/test/src/lib.rs:606:41
[INFO] [stdout]   33:     0x5bf373229675 - std::sys::backtrace::__rust_begin_short_backtrace::hd2d2d2fb8e8c6aac
[INFO] [stdout]                                at /rustc/6067b36314ab5eb2eb47cecc464545ba58e1ad24/library/std/src/sys/backtrace.rs:152:18
[INFO] [stdout]   34:     0x5bf37322cf5a - std::thread::Builder::spawn_unchecked_::{{closure}}::{{closure}}::h4faa3f9db6133423
[INFO] [stdout]                                at /rustc/6067b36314ab5eb2eb47cecc464545ba58e1ad24/library/std/src/thread/mod.rs:559:17
[INFO] [stdout]   35:     0x5bf37322cf5a - <core::panic::unwind_safe::AssertUnwindSafe<F> as core::ops::function::FnOnce<()>>::call_once::hf2e855a36a4ea846
[INFO] [stdout]                                at /rustc/6067b36314ab5eb2eb47cecc464545ba58e1ad24/library/core/src/panic/unwind_safe.rs:272:9
[INFO] [stdout]   36:     0x5bf37322cf5a - std::panicking::try::do_call::h2f73af3616c35465
[INFO] [stdout]                                at /rustc/6067b36314ab5eb2eb47cecc464545ba58e1ad24/library/std/src/panicking.rs:587:40
[INFO] [stdout]   37:     0x5bf37322cf5a - std::panicking::try::hd1660ce9efadef5a
[INFO] [stdout]                                at /rustc/6067b36314ab5eb2eb47cecc464545ba58e1ad24/library/std/src/panicking.rs:550:19
[INFO] [stdout]   38:     0x5bf37322cf5a - std::panic::catch_unwind::h5ee8d7823b8ca744
[INFO] [stdout]                                at /rustc/6067b36314ab5eb2eb47cecc464545ba58e1ad24/library/std/src/panic.rs:358:14
[INFO] [stdout]   39:     0x5bf37322cf5a - std::thread::Builder::spawn_unchecked_::{{closure}}::h53c3a1894dce8407
[INFO] [stdout]                                at /rustc/6067b36314ab5eb2eb47cecc464545ba58e1ad24/library/std/src/thread/mod.rs:557:30
[INFO] [stdout]   40:     0x5bf37322cf5a - core::ops::function::FnOnce::call_once{{vtable.shim}}::h048ce291ad4f62bf
[INFO] [stdout]                                at /rustc/6067b36314ab5eb2eb47cecc464545ba58e1ad24/library/core/src/ops/function.rs:250:5
[INFO] [stdout]   41:     0x5bf3732a1a6b - <alloc::boxed::Box<F,A> as core::ops::function::FnOnce<Args>>::call_once::ha52bedf99a3b4981
[INFO] [stdout]                                at /rustc/6067b36314ab5eb2eb47cecc464545ba58e1ad24/library/alloc/src/boxed.rs:2013:9
[INFO] [stdout]   42:     0x5bf3732a1a6b - <alloc::boxed::Box<F,A> as core::ops::function::FnOnce<Args>>::call_once::h567748934d80ccf8
[INFO] [stdout]                                at /rustc/6067b36314ab5eb2eb47cecc464545ba58e1ad24/library/alloc/src/boxed.rs:2013:9
[INFO] [stdout]   43:     0x5bf3732a1a6b - std::sys::pal::unix::thread::Thread::new::thread_start::h2d970728ae887adc
[INFO] [stdout]                                at /rustc/6067b36314ab5eb2eb47cecc464545ba58e1ad24/library/std/src/sys/pal/unix/thread.rs:106:17
[INFO] [stdout]   44:     0x74cdcd027ac3 - <unknown>
[INFO] [stdout]   45:     0x74cdcd0b8a04 - clone
[INFO] [stdout]   46:                0x0 - <unknown>
[INFO] [stdout] 
[INFO] [stdout] 
[INFO] [stdout] failures:
[INFO] [stdout]     message::tests::escapes
[INFO] [stdout] 
[INFO] [stdout] test result: FAILED. 6 passed; 1 failed; 0 ignored; 0 measured; 0 filtered out; finished in 0.05s
[INFO] [stdout] 
[INFO] [stderr] error: test failed, to rerun pass `-p line_reversal_async --bin line_reversal_async`
[INFO] running `Command { std: "docker" "inspect" "06a48f1a4beaa45d16efe860a1b9553d03884b29d328dce01163687885b15ae1", kill_on_drop: false }`
[INFO] running `Command { std: "docker" "rm" "-f" "06a48f1a4beaa45d16efe860a1b9553d03884b29d328dce01163687885b15ae1", kill_on_drop: false }`
[INFO] [stdout] 06a48f1a4beaa45d16efe860a1b9553d03884b29d328dce01163687885b15ae1
