[INFO] cloning repository https://github.com/ducharmemp/ironworker
[INFO] running `Command { std: "git" "-c" "credential.helper=" "-c" "credential.helper=/workspace/cargo-home/bin/git-credential-null" "clone" "--bare" "https://github.com/ducharmemp/ironworker" "/workspace/cache/git-repos/https%3A%2F%2Fgithub.com%2Fducharmemp%2Fironworker", kill_on_drop: false }`
[INFO] [stderr] Cloning into bare repository '/workspace/cache/git-repos/https%3A%2F%2Fgithub.com%2Fducharmemp%2Fironworker'...
[INFO] running `Command { std: "git" "rev-parse" "HEAD", kill_on_drop: false }`
[INFO] [stdout] 6a89a23cfb7cc022b9cb94d365c78752e2aca0d1
[INFO] testing ducharmemp/ironworker against nightly-2025-01-18 for randomize-layout-2
[INFO] running `Command { std: "git" "clone" "/workspace/cache/git-repos/https%3A%2F%2Fgithub.com%2Fducharmemp%2Fironworker" "/workspace/builds/worker-3-tc1/source", kill_on_drop: false }`
[INFO] [stderr] Cloning into '/workspace/builds/worker-3-tc1/source'...
[INFO] [stderr] done.
[INFO] validating manifest of git repo https://github.com/ducharmemp/ironworker on toolchain nightly-2025-01-18
[INFO] running `Command { std: CARGO_HOME="/workspace/cargo-home" RUSTUP_HOME="/workspace/rustup-home" "/workspace/cargo-home/bin/cargo" "+nightly-2025-01-18" "metadata" "--manifest-path" "Cargo.toml" "--no-deps", kill_on_drop: false }`
[INFO] removed /workspace/builds/worker-3-tc1/source/rust-toolchain
[INFO] started tweaking git repo https://github.com/ducharmemp/ironworker
[INFO] finished tweaking git repo https://github.com/ducharmemp/ironworker
[INFO] tweaked toml for git repo https://github.com/ducharmemp/ironworker written to /workspace/builds/worker-3-tc1/source/Cargo.toml
[INFO] running `Command { std: CARGO_HOME="/workspace/cargo-home" RUSTUP_HOME="/workspace/rustup-home" "/workspace/cargo-home/bin/cargo" "+nightly-2025-01-18" "generate-lockfile" "--manifest-path" "Cargo.toml", kill_on_drop: false }`
[INFO] [stderr]     Updating crates.io index
[INFO] [stderr]      Locking 365 packages to latest compatible versions
[INFO] [stderr]       Adding askama v0.11.1 (available: v0.12.1)
[INFO] [stderr]       Adding askama_actix v0.13.0 (available: v0.14.0)
[INFO] [stderr]       Adding askama_axum v0.1.0 (available: v0.4.0)
[INFO] [stderr]       Adding aws-config v0.4.1 (available: v1.5.14)
[INFO] [stderr]       Adding aws-sdk-sqs v0.4.1 (available: v1.54.0)
[INFO] [stderr]       Adding axum v0.4.8 (available: v0.8.1)
[INFO] [stderr]       Adding config v0.11.0 (available: v0.15.6)
[INFO] [stderr]       Adding criterion v0.3.6 (available: v0.5.1)
[INFO] [stderr]       Adding dashmap v4.0.2 (available: v6.1.0)
[INFO] [stderr]       Adding derive_builder v0.10.2 (available: v0.20.2)
[INFO] [stderr]       Adding env_logger v0.9.3 (available: v0.11.6)
[INFO] [stderr]       Adding http v0.2.12 (available: v1.2.0)
[INFO] [stderr]       Adding mockall v0.11.4 (available: v0.13.1)
[INFO] [stderr]       Adding petname v1.1.3 (available: v2.0.2)
[INFO] [stderr]       Adding redis v0.21.7 (available: v0.28.1)
[INFO] [stderr]       Adding snafu v0.7.5 (available: v0.8.5)
[INFO] [stderr]       Adding subtle v2.4.1 (available: v2.6.1)
[INFO] [stderr]       Adding testcontainers v0.12.0 (available: v0.23.1)
[INFO] [stderr]       Adding tower v0.4.13 (available: v0.5.2)
[INFO] [stderr]       Adding tower-http v0.2.5 (available: v0.6.2)
[INFO] [stderr]       Adding uuid v0.8.2 (available: v1.12.0)
[INFO] [stderr]       Adding xmlparser v0.13.3 (available: v0.13.6)
[INFO] running `Command { std: CARGO_HOME="/workspace/cargo-home" RUSTUP_HOME="/workspace/rustup-home" "/workspace/cargo-home/bin/cargo" "+nightly-2025-01-18" "fetch" "--manifest-path" "Cargo.toml", kill_on_drop: false }`
[INFO] [stderr]  Downloading crates ...
[INFO] [stderr]   Downloaded aws-smithy-query v0.34.1
[INFO] [stderr]   Downloaded askama_axum v0.1.0
[INFO] [stderr]   Downloaded askama_actix v0.13.0
[INFO] [stderr]   Downloaded aws-smithy-async v0.34.1
[INFO] [stderr]   Downloaded aws-smithy-json v0.34.1
[INFO] [stderr]   Downloaded aws-http v0.4.1
[INFO] [stderr]   Downloaded aws-smithy-client v0.34.1
[INFO] [stderr]   Downloaded aws-sdk-sts v0.4.1
[INFO] [stderr]   Downloaded aws-config v0.4.1
[INFO] [stderr]   Downloaded aws-sdk-sqs v0.4.1
[INFO] [stderr]   Downloaded petname v1.1.3
[INFO] [stderr]   Downloaded aws-smithy-http v0.34.1
[INFO] [stderr]   Downloaded aws-sig-auth v0.4.1
[INFO] [stderr]   Downloaded aws-smithy-http-tower v0.34.1
[INFO] [stderr]   Downloaded aws-smithy-types v0.34.1
[INFO] [stderr]   Downloaded testcontainers v0.12.0
[INFO] [stderr]   Downloaded aws-endpoint v0.4.1
[INFO] [stderr]   Downloaded aws-sigv4 v0.4.2
[INFO] [stderr]   Downloaded aws-types v0.4.1
[INFO] [stderr]   Downloaded aws-smithy-xml v0.34.1
[INFO] running `Command { std: "docker" "create" "-v" "/var/lib/crater-agent-workspace/builds/worker-3-tc1/target:/opt/rustwide/target:rw,Z" "-v" "/var/lib/crater-agent-workspace/builds/worker-3-tc1/source:/opt/rustwide/workdir:ro,Z" "-v" "/var/lib/crater-agent-workspace/cargo-home:/opt/rustwide/cargo-home:ro,Z" "-v" "/var/lib/crater-agent-workspace/rustup-home:/opt/rustwide/rustup-home:ro,Z" "-e" "SOURCE_DIR=/opt/rustwide/workdir" "-e" "CARGO_TARGET_DIR=/opt/rustwide/target" "-e" "CARGO_HOME=/opt/rustwide/cargo-home" "-e" "RUSTUP_HOME=/opt/rustwide/rustup-home" "-w" "/opt/rustwide/workdir" "-m" "1610612736" "--user" "0:0" "--network" "none" "ghcr.io/rust-lang/crates-build-env/linux@sha256:819108c5571ea2e421544af4d832f968d213c87fbe3707a016657f43d2f853bc" "/opt/rustwide/cargo-home/bin/cargo" "+nightly-2025-01-18" "metadata" "--no-deps" "--format-version=1", kill_on_drop: false }`
[INFO] [stdout] c372161b51633012bf17a43333d1cf75412a47500f8c023bab5c45074d107b46
[INFO] running `Command { std: "docker" "start" "-a" "c372161b51633012bf17a43333d1cf75412a47500f8c023bab5c45074d107b46", kill_on_drop: false }`
[INFO] running `Command { std: "docker" "inspect" "c372161b51633012bf17a43333d1cf75412a47500f8c023bab5c45074d107b46", kill_on_drop: false }`
[INFO] running `Command { std: "docker" "rm" "-f" "c372161b51633012bf17a43333d1cf75412a47500f8c023bab5c45074d107b46", kill_on_drop: false }`
[INFO] [stdout] c372161b51633012bf17a43333d1cf75412a47500f8c023bab5c45074d107b46
[INFO] running `Command { std: "docker" "create" "-v" "/var/lib/crater-agent-workspace/builds/worker-3-tc1/target:/opt/rustwide/target:rw,Z" "-v" "/var/lib/crater-agent-workspace/builds/worker-3-tc1/source:/opt/rustwide/workdir:ro,Z" "-v" "/var/lib/crater-agent-workspace/cargo-home:/opt/rustwide/cargo-home:ro,Z" "-v" "/var/lib/crater-agent-workspace/rustup-home:/opt/rustwide/rustup-home:ro,Z" "-e" "SOURCE_DIR=/opt/rustwide/workdir" "-e" "CARGO_TARGET_DIR=/opt/rustwide/target" "-e" "CARGO_INCREMENTAL=0" "-e" "RUST_BACKTRACE=full" "-e" "RUSTFLAGS=--cap-lints=forbid" "-e" "RUSTDOCFLAGS=--cap-lints=forbid" "-e" "CARGO_HOME=/opt/rustwide/cargo-home" "-e" "RUSTUP_HOME=/opt/rustwide/rustup-home" "-w" "/opt/rustwide/workdir" "-m" "1610612736" "--user" "0:0" "--network" "none" "ghcr.io/rust-lang/crates-build-env/linux@sha256:819108c5571ea2e421544af4d832f968d213c87fbe3707a016657f43d2f853bc" "/opt/rustwide/cargo-home/bin/cargo" "+nightly-2025-01-18" "build" "--frozen" "--message-format=json", kill_on_drop: false }`
[INFO] [stdout] ff80c8474ca9b013f46353151caec1e55a750b7af427d27ca9eee4b98fa3ac7c
[INFO] running `Command { std: "docker" "start" "-a" "ff80c8474ca9b013f46353151caec1e55a750b7af427d27ca9eee4b98fa3ac7c", kill_on_drop: false }`
[INFO] [stderr]    Compiling proc-macro2 v1.0.93
[INFO] [stderr]    Compiling unicode-ident v1.0.14
[INFO] [stderr]    Compiling libc v0.2.169
[INFO] [stderr]    Compiling autocfg v1.4.0
[INFO] [stderr]    Compiling cfg-if v1.0.0
[INFO] [stderr]    Compiling memchr v2.7.4
[INFO] [stderr]    Compiling pin-project-lite v0.2.16
[INFO] [stderr]    Compiling log v0.4.25
[INFO] [stderr]    Compiling bytes v1.9.0
[INFO] [stderr]    Compiling futures-core v0.3.31
[INFO] [stderr]    Compiling smallvec v1.13.2
[INFO] [stderr]    Compiling once_cell v1.20.2
[INFO] [stderr]    Compiling parking_lot_core v0.9.10
[INFO] [stderr]    Compiling itoa v1.0.14
[INFO] [stderr]    Compiling scopeguard v1.2.0
[INFO] [stderr]    Compiling futures-sink v0.3.31
[INFO] [stderr]    Compiling lock_api v0.4.12
[INFO] [stderr]    Compiling fnv v1.0.7
[INFO] [stderr]    Compiling slab v0.4.9
[INFO] [stderr]    Compiling futures-channel v0.3.31
[INFO] [stderr]    Compiling futures-task v0.3.31
[INFO] [stderr]    Compiling pin-utils v0.1.0
[INFO] [stderr]    Compiling futures-io v0.3.31
[INFO] [stderr]    Compiling num-traits v0.2.19
[INFO] [stderr]    Compiling version_check v0.9.5
[INFO] [stderr]    Compiling tracing-core v0.1.33
[INFO] [stderr]    Compiling shlex v1.3.0
[INFO] [stderr]    Compiling quote v1.0.38
[INFO] [stderr]    Compiling ryu v1.0.18
[INFO] [stderr]    Compiling percent-encoding v2.3.1
[INFO] [stderr]    Compiling http v0.2.12
[INFO] [stderr]    Compiling syn v2.0.96
[INFO] [stderr]    Compiling socket2 v0.5.8
[INFO] [stderr]    Compiling signal-hook-registry v1.4.2
[INFO] [stderr]    Compiling mio v1.0.3
[INFO] [stderr]    Compiling parking_lot v0.12.3
[INFO] [stderr]    Compiling jobserver v0.1.32
[INFO] [stderr]    Compiling syn v1.0.109
[INFO] [stderr]    Compiling cc v1.2.10
[INFO] [stderr]    Compiling time-core v0.1.2
[INFO] [stderr]    Compiling num-conv v0.1.0
[INFO] [stderr]    Compiling serde v1.0.217
[INFO] [stderr]    Compiling powerfmt v0.2.0
[INFO] [stderr]    Compiling httparse v1.9.5
[INFO] [stderr]    Compiling time-macros v0.2.19
[INFO] [stderr]    Compiling deranged v0.3.11
[INFO] [stderr]    Compiling equivalent v1.0.1
[INFO] [stderr]    Compiling hashbrown v0.15.2
[INFO] [stderr]    Compiling http-body v0.4.6
[INFO] [stderr]    Compiling indexmap v2.7.1
[INFO] [stderr]    Compiling aho-corasick v1.1.3
[INFO] [stderr]    Compiling httpdate v1.0.3
[INFO] [stderr]    Compiling regex-syntax v0.8.5
[INFO] [stderr]    Compiling stable_deref_trait v1.2.0
[INFO] [stderr]    Compiling tower-service v0.3.3
[INFO] [stderr]    Compiling num-integer v0.1.46
[INFO] [stderr]    Compiling try-lock v0.2.5
[INFO] [stderr]    Compiling spin v0.5.2
[INFO] [stderr]    Compiling untrusted v0.7.1
[INFO] [stderr]    Compiling want v0.3.1
[INFO] [stderr]    Compiling either v1.13.0
[INFO] [stderr]    Compiling form_urlencoded v1.2.1
[INFO] [stderr]    Compiling semver v1.0.25
[INFO] [stderr]    Compiling getrandom v0.2.15
[INFO] [stderr]    Compiling time v0.3.37
[INFO] [stderr]    Compiling litemap v0.7.4
[INFO] [stderr]    Compiling writeable v0.5.5
[INFO] [stderr]    Compiling ring v0.16.20
[INFO] [stderr]    Compiling bytes-utils v0.1.4
[INFO] [stderr]    Compiling strsim v0.10.0
[INFO] [stderr]    Compiling rustc_version v0.4.1
[INFO] [stderr]    Compiling lazy_static v1.5.0
[INFO] [stderr]    Compiling mime v0.3.17
[INFO] [stderr]    Compiling typenum v1.17.0
[INFO] [stderr]    Compiling icu_locid_transform_data v1.5.0
[INFO] [stderr]    Compiling aws-types v0.4.1
[INFO] [stderr]    Compiling generic-array v0.14.7
[INFO] [stderr]    Compiling tower-layer v0.3.3
[INFO] [stderr]    Compiling regex-automata v0.4.9
[INFO] [stderr]    Compiling aws-smithy-types v0.34.1
[INFO] [stderr]    Compiling serde_json v1.0.137
[INFO] [stderr]    Compiling ident_case v1.0.1
[INFO] [stderr]    Compiling byteorder v1.5.0
[INFO] [stderr]    Compiling icu_properties_data v1.5.0
[INFO] [stderr]    Compiling pkg-config v0.3.31
[INFO] [stderr]    Compiling base64 v0.13.1
[INFO] [stderr]    Compiling darling_core v0.12.4
[INFO] [stderr]    Compiling zstd-sys v2.0.13+zstd.1.5.6
[INFO] [stderr]    Compiling synstructure v0.13.1
[INFO] [stderr]    Compiling thiserror v1.0.69
[INFO] [stderr]    Compiling write16 v1.0.0
[INFO] [stderr]    Compiling utf8_iter v1.0.4
[INFO] [stderr]    Compiling utf16_iter v1.0.5
[INFO] [stderr]    Compiling heck v0.4.1
[INFO] [stderr]    Compiling icu_normalizer_data v1.5.0
[INFO] [stderr]    Compiling unicase v2.8.1
[INFO] [stderr]    Compiling zeroize v1.8.1
[INFO] [stderr]    Compiling mime_guess v2.0.5
[INFO] [stderr]    Compiling regex v1.11.1
[INFO] [stderr]    Compiling sct v0.6.1
[INFO] [stderr]    Compiling webpki v0.21.4
[INFO] [stderr]    Compiling tokio-macros v2.5.0
[INFO] [stderr]    Compiling futures-macro v0.3.31
[INFO] [stderr]    Compiling tracing-attributes v0.1.28
[INFO] [stderr]    Compiling serde_derive v1.0.217
[INFO] [stderr]    Compiling pin-project-internal v1.1.8
[INFO] [stderr]    Compiling tokio v1.43.0
[INFO] [stderr]    Compiling zerofrom-derive v0.1.5
[INFO] [stderr]    Compiling futures-util v0.3.31
[INFO] [stderr]    Compiling pin-project v1.1.8
[INFO] [stderr]    Compiling tracing v0.1.41
[INFO] [stderr]    Compiling yoke-derive v0.7.5
[INFO] [stderr]    Compiling zerovec-derive v0.10.3
[INFO] [stderr]    Compiling displaydoc v0.2.5
[INFO] [stderr]    Compiling icu_provider_macros v1.5.0
[INFO] [stderr]    Compiling zerofrom v0.1.5
[INFO] [stderr]    Compiling zerocopy-derive v0.7.35
[INFO] [stderr]    Compiling yoke v0.7.5
[INFO] [stderr]    Compiling rustls v0.19.1
[INFO] [stderr]    Compiling zerovec v0.10.4
[INFO] [stderr]    Compiling darling_macro v0.12.4
[INFO] [stderr]    Compiling thiserror-impl v1.0.69
[INFO] [stderr]    Compiling zerocopy v0.7.35
[INFO] [stderr]    Compiling tinystr v0.7.6
[INFO] [stderr]    Compiling icu_collections v1.5.0
[INFO] [stderr]    Compiling async-trait v0.1.85
[INFO] [stderr]    Compiling icu_locid v1.5.0
[INFO] [stderr]    Compiling paste v1.0.15
[INFO] [stderr]    Compiling bitflags v1.3.2
[INFO] [stderr]    Compiling openssl-probe v0.1.5
[INFO] [stderr]    Compiling icu_provider v1.5.0
[INFO] [stderr]    Compiling tokio-util v0.7.13
[INFO] [stderr]    Compiling tokio-util v0.6.10
[INFO] [stderr]    Compiling tokio-stream v0.1.17
[INFO] [stderr]    Compiling icu_locid_transform v1.5.0
[INFO] [stderr]    Compiling tokio-rustls v0.22.0
[INFO] [stderr]    Compiling h2 v0.3.26
[INFO] [stderr]    Compiling tower v0.4.13
[INFO] [stderr]    Compiling aws-smithy-async v0.34.1
[INFO] [stderr]    Compiling icu_properties v1.5.1
[INFO] [stderr]    Compiling rustls-native-certs v0.5.0
[INFO] [stderr]    Compiling toml v0.5.11
[INFO] [stderr]    Compiling ppv-lite86 v0.2.20
[INFO] [stderr]    Compiling darling v0.12.4
[INFO] [stderr]    Compiling ct-logs v0.8.0
[INFO] [stderr]    Compiling rand_core v0.6.4
[INFO] [stderr]    Compiling proc-macro-error-attr v1.0.4
[INFO] [stderr]    Compiling doc-comment v0.3.3
[INFO] [stderr]    Compiling alloc-no-stdlib v2.0.4
[INFO] [stderr]    Compiling hex v0.4.3
[INFO] [stderr]    Compiling local-waker v0.1.4
[INFO] [stderr]    Compiling zstd-safe v7.2.1
[INFO] [stderr]    Compiling minimal-lexical v0.2.1
[INFO] [stderr]    Compiling alloc-stdlib v0.2.2
[INFO] [stderr]    Compiling nom v7.1.3
[INFO] [stderr]    Compiling rand_chacha v0.3.1
[INFO] [stderr]    Compiling icu_normalizer v1.5.0
[INFO] [stderr]    Compiling derive_builder_core v0.10.2
[INFO] [stderr]    Compiling crypto-common v0.1.6
[INFO] [stderr]    Compiling block-buffer v0.10.4
[INFO] [stderr]    Compiling ahash v0.8.11
[INFO] [stderr]    Compiling proc-macro-error v1.0.4
[INFO] [stderr]    Compiling bytestring v1.4.0
[INFO] [stderr]    Compiling humansize v1.1.1
[INFO] [stderr]    Compiling urlencoding v1.3.3
[INFO] [stderr]    Compiling adler2 v2.0.0
[INFO] [stderr]    Compiling fastrand v1.9.0
[INFO] [stderr]    Compiling xmlparser v0.13.3
[INFO] [stderr]    Compiling idna_adapter v1.2.0
[INFO] [stderr]    Compiling askama_escape v0.10.3
[INFO] [stderr]    Compiling idna v1.0.3
[INFO] [stderr]    Compiling derive_builder_macro v0.10.2
[INFO] [stderr]    Compiling aws-smithy-query v0.34.1
[INFO] [stderr]    Compiling aws-smithy-xml v0.34.1
[INFO] [stderr]    Compiling askama_shared v0.12.2
[INFO] [stderr]    Compiling miniz_oxide v0.8.3
[INFO] [stderr]    Compiling url v2.5.4
[INFO] [stderr]    Compiling actix-service v2.0.2
[INFO] [stderr]    Compiling hyper v0.14.32
[INFO] [stderr]    Compiling digest v0.10.7
[INFO] [stderr]    Compiling rand v0.8.5
[INFO] [stderr]    Compiling brotli-decompressor v4.0.1
[INFO] [stderr]    Compiling actix-utils v3.0.1
[INFO] [stderr]    Compiling actix-rt v2.10.0
[INFO] [stderr]    Compiling futures-executor v0.3.31
[INFO] [stderr]    Compiling snafu-derive v0.7.5
[INFO] [stderr]    Compiling cookie v0.16.2
[INFO] [stderr]    Compiling indexmap v1.9.3
[INFO] [stderr]    Compiling crc32fast v1.4.2
[INFO] [stderr]    Compiling regex-lite v0.1.6
[INFO] [stderr]    Compiling bitflags v2.8.0
[INFO] [stderr]    Compiling convert_case v0.4.0
[INFO] [stderr]    Compiling iana-time-zone v0.1.61
[INFO] [stderr]    Compiling lexical-core v0.7.6
[INFO] [stderr]    Compiling cpufeatures v0.2.16
[INFO] [stderr]    Compiling sha1 v0.10.6
[INFO] [stderr]    Compiling derive_more v0.99.18
[INFO] [stderr]    Compiling actix-router v0.5.3
[INFO] [stderr]    Compiling chrono v0.4.39
[INFO] [stderr]    Compiling zstd v0.13.2
[INFO] [stderr]    Compiling actix-codec v0.5.2
[INFO] [stderr]    Compiling brotli v6.0.0
[INFO] [stderr]    Compiling snafu v0.7.5
[INFO] [stderr]    Compiling flate2 v1.0.35
[INFO] [stderr]    Compiling futures v0.3.31
[INFO] [stderr]    Compiling derive_builder v0.10.2
[INFO] [stderr]    Compiling local-channel v0.1.5
[INFO] [stderr]    Compiling serde_urlencoded v0.7.1
[INFO] [stderr]    Compiling uuid v0.8.2
[INFO] [stderr]    Compiling atty v0.2.14
[INFO] [stderr]    Compiling nom v5.1.3
[INFO] [stderr]    Compiling aws-smithy-http v0.34.1
[INFO] [stderr]    Compiling hyper-rustls v0.22.1
[INFO] [stderr]    Compiling encoding_rs v0.8.35
[INFO] [stderr]    Compiling sha1_smol v1.0.1
[INFO] [stderr]    Compiling hashbrown v0.12.3
[INFO] [stderr]    Compiling termcolor v1.4.1
[INFO] [stderr]    Compiling aws-sigv4 v0.4.2
[INFO] [stderr]    Compiling aws-smithy-http-tower v0.34.1
[INFO] [stderr]    Compiling aws-sig-auth v0.4.1
[INFO] [stderr]    Compiling aws-http v0.4.1
[INFO] [stderr]    Compiling aws-smithy-client v0.34.1
[INFO] [stderr]    Compiling aws-endpoint v0.4.1
[INFO] [stderr]    Compiling askama_derive v0.11.2
[INFO] [stderr]    Compiling os_str_bytes v6.6.1
[INFO] [stderr]    Compiling static_assertions v1.1.0
[INFO] [stderr]    Compiling anymap v1.0.0-beta.2
[INFO] [stderr]    Compiling base64 v0.22.1
[INFO] [stderr]    Compiling language-tags v0.3.2
[INFO] [stderr]    Compiling arrayvec v0.5.2
[INFO] [stderr]    Compiling aws-sdk-sts v0.4.1
[INFO] [stderr]    Compiling clap_lex v0.2.4
[INFO] [stderr]    Compiling askama v0.11.1
[INFO] [stderr]    Compiling ironworker-core v0.1.0 (/opt/rustwide/workdir/ironworker-core)
[INFO] [stderr]    Compiling sha1 v0.6.1
[INFO] [stderr]    Compiling clap_derive v3.2.25
[INFO] [stderr]    Compiling actix-web-codegen v4.3.0
[INFO] [stdout] warning: lint `private_in_public` has been removed: replaced with another group of lints, see RFC <https://rust-lang.github.io/rfcs/2145-type-privacy.html> for more information
[INFO] [stdout]   --> ironworker-core/src/lib.rs:16:5
[INFO] [stdout]    |
[INFO] [stdout] 16 |     private_in_public,
[INFO] [stdout]    |     ^^^^^^^^^^^^^^^^^
[INFO] [stdout]    |
[INFO] [stdout]    = note: `#[warn(renamed_and_removed_lints)]` on by default
[INFO] [stdout] 
[INFO] [stdout] 
[INFO] [stderr]    Compiling actix-http v3.9.0
[INFO] [stderr]    Compiling actix-server v2.5.0
[INFO] [stderr]    Compiling combine v4.6.7
[INFO] [stderr]    Compiling axum-core v0.1.2
[INFO] [stderr]    Compiling actix-macros v0.2.4
[INFO] [stderr]    Compiling aws-smithy-json v0.34.1
[INFO] [stderr]    Compiling num-traits v0.1.43
[INFO] [stderr]    Compiling num_cpus v1.16.0
[INFO] [stderr]    Compiling textwrap v0.16.1
[INFO] [stderr]    Compiling impl-more v0.1.9
[INFO] [stderr]    Compiling http-range-header v0.3.1
[INFO] [stderr]    Compiling linked-hash-map v0.5.6
[INFO] [stderr]    Compiling regex-syntax v0.6.29
[INFO] [stderr]    Compiling arc-swap v1.7.1
[INFO] [stderr]    Compiling serde v0.8.23
[INFO] [stderr]    Compiling petname v1.1.3
[INFO] [stderr]    Compiling yaml-rust v0.4.5
[INFO] [stderr]    Compiling tower-http v0.2.5
[INFO] [stderr]    Compiling clap v3.2.25
[INFO] [stderr]    Compiling actix-web v4.9.0
[INFO] [stderr]    Compiling dashmap v4.0.2
[INFO] [stderr]    Compiling serde-hjson v0.9.1
[INFO] [stderr]    Compiling regex-automata v0.1.10
[INFO] [stderr]    Compiling redis v0.21.7
[INFO] [stderr]    Compiling aws-config v0.4.1
[INFO] [stderr]    Compiling aws-sdk-sqs v0.4.1
[INFO] [stderr]    Compiling itertools v0.10.5
[INFO] [stderr]    Compiling rust-ini v0.13.0
[INFO] [stderr]    Compiling overload v0.1.1
[INFO] [stderr]    Compiling matchit v0.4.6
[INFO] [stderr]    Compiling anyhow v1.0.95
[INFO] [stderr]    Compiling sync_wrapper v0.1.2
[INFO] [stderr]    Compiling axum v0.4.8
[INFO] [stderr]    Compiling askama_actix v0.13.0
[INFO] [stderr]    Compiling config v0.11.0
[INFO] [stderr]    Compiling nu-ansi-term v0.46.0
[INFO] [stderr]    Compiling matchers v0.1.0
[INFO] [stderr]    Compiling askama_axum v0.1.0
[INFO] [stderr]    Compiling sharded-slab v0.1.7
[INFO] [stderr]    Compiling tracing-log v0.2.0
[INFO] [stderr]    Compiling ironworker-sqs v0.1.0 (/opt/rustwide/workdir/ironworker-sqs)
[INFO] [stderr]    Compiling thread_local v1.1.8
[INFO] [stdout] warning: lint `private_in_public` has been removed: replaced with another group of lints, see RFC <https://rust-lang.github.io/rfcs/2145-type-privacy.html> for more information
[INFO] [stdout]   --> ironworker-sqs/src/lib.rs:15:5
[INFO] [stdout]    |
[INFO] [stdout] 15 |     private_in_public,
[INFO] [stdout]    |     ^^^^^^^^^^^^^^^^^
[INFO] [stdout]    |
[INFO] [stdout]    = note: `#[warn(renamed_and_removed_lints)]` on by default
[INFO] [stdout] 
[INFO] [stdout] 
[INFO] [stderr]    Compiling tracing-subscriber v0.3.19
[INFO] [stderr]    Compiling humantime v2.1.0
[INFO] [stderr]    Compiling ironworker-redis v0.1.0 (/opt/rustwide/workdir/ironworker-redis)
[INFO] [stderr]    Compiling env_logger v0.9.3
[INFO] [stdout] warning: lint `private_in_public` has been removed: replaced with another group of lints, see RFC <https://rust-lang.github.io/rfcs/2145-type-privacy.html> for more information
[INFO] [stdout]   --> ironworker-redis/src/lib.rs:17:5
[INFO] [stdout]    |
[INFO] [stdout] 17 |     private_in_public,
[INFO] [stdout]    |     ^^^^^^^^^^^^^^^^^
[INFO] [stdout]    |
[INFO] [stdout]    = note: `#[warn(renamed_and_removed_lints)]` on by default
[INFO] [stdout] 
[INFO] [stdout] 
[INFO] [stdout] warning: this function depends on never type fallback being `()`
[INFO] [stdout]   --> ironworker-redis/src/broker.rs:77:1
[INFO] [stdout]    |
[INFO] [stdout] 77 | #[async_trait]
[INFO] [stdout]    | ^^^^^^^^^^^^^^
[INFO] [stdout]    |
[INFO] [stdout]    = warning: this was previously accepted by the compiler but is being phased out; it will become a hard error in Rust 2024 and in a future release in all editions!
[INFO] [stdout]    = note: for more information, see <https://doc.rust-lang.org/nightly/edition-guide/rust-2024/never-type-fallback.html>
[INFO] [stdout]    = help: specify the types explicitly
[INFO] [stdout] note: in edition 2024, the requirement `!: FromRedisValue` will fail
[INFO] [stdout]   --> ironworker-redis/src/broker.rs:92:18
[INFO] [stdout]    |
[INFO] [stdout] 92 |             conn.zadd(&scheduled_set_key, message, at.timestamp_millis())
[INFO] [stdout]    |                  ^^^^
[INFO] [stdout]    = note: `#[warn(dependency_on_unit_never_type_fallback)]` on by default
[INFO] [stdout] 
[INFO] [stdout] 
[INFO] [stdout] warning: this function depends on never type fallback being `()`
[INFO] [stdout]    --> ironworker-redis/src/broker.rs:77:1
[INFO] [stdout]     |
[INFO] [stdout] 77  | #[async_trait]
[INFO] [stdout]     | ^^^^^^^^^^^^^^
[INFO] [stdout]     |
[INFO] [stdout]     = warning: this was previously accepted by the compiler but is being phased out; it will become a hard error in Rust 2024 and in a future release in all editions!
[INFO] [stdout]     = note: for more information, see <https://doc.rust-lang.org/nightly/edition-guide/rust-2024/never-type-fallback.html>
[INFO] [stdout]     = help: specify the types explicitly
[INFO] [stdout] note: in edition 2024, the requirement `!: FromRedisValue` will fail
[INFO] [stdout]    --> ironworker-redis/src/broker.rs:117:14
[INFO] [stdout]     |
[INFO] [stdout] 117 |         conn.zadd(&deadletter_key, message, now.timestamp_millis())
[INFO] [stdout]     |              ^^^^
[INFO] [stdout] 
[INFO] [stdout] 
[INFO] [stdout] warning: this function depends on never type fallback being `()`
[INFO] [stdout]    --> ironworker-redis/src/broker.rs:77:1
[INFO] [stdout]     |
[INFO] [stdout] 77  | #[async_trait]
[INFO] [stdout]     | ^^^^^^^^^^^^^^
[INFO] [stdout]     |
[INFO] [stdout]     = warning: this was previously accepted by the compiler but is being phased out; it will become a hard error in Rust 2024 and in a future release in all editions!
[INFO] [stdout]     = note: for more information, see <https://doc.rust-lang.org/nightly/edition-guide/rust-2024/never-type-fallback.html>
[INFO] [stdout]     = help: specify the types explicitly
[INFO] [stdout] note: in edition 2024, the requirement `!: FromRedisValue` will fail
[INFO] [stdout]    --> ironworker-redis/src/broker.rs:158:14
[INFO] [stdout]     |
[INFO] [stdout] 158 |         conn.hset(&worker_key, "last_seen_at", Utc::now().timestamp_millis())
[INFO] [stdout]     |              ^^^^
[INFO] [stdout] 
[INFO] [stdout] 
[INFO] [stdout] warning: this function depends on never type fallback being `()`
[INFO] [stdout]    --> ironworker-redis/src/broker.rs:77:1
[INFO] [stdout]     |
[INFO] [stdout] 77  | #[async_trait]
[INFO] [stdout]     | ^^^^^^^^^^^^^^
[INFO] [stdout]     |
[INFO] [stdout]     = warning: this was previously accepted by the compiler but is being phased out; it will become a hard error in Rust 2024 and in a future release in all editions!
[INFO] [stdout]     = note: for more information, see <https://doc.rust-lang.org/nightly/edition-guide/rust-2024/never-type-fallback.html>
[INFO] [stdout]     = help: specify the types explicitly
[INFO] [stdout] note: in edition 2024, the requirement `!: FromRedisValue` will fail
[INFO] [stdout]    --> ironworker-redis/src/broker.rs:173:14
[INFO] [stdout]     |
[INFO] [stdout] 173 |             .hincr(Self::format_stats_key(), "processed", 1)
[INFO] [stdout]     |              ^^^^^
[INFO] [stdout] 
[INFO] [stdout] 
[INFO] [stdout] warning: use of deprecated method `chrono::TimeZone::timestamp_millis`: use `timestamp_millis_opt()` instead
[INFO] [stdout]    --> ironworker-redis/src/broker.rs:208:44
[INFO] [stdout]     |
[INFO] [stdout] 208 |                     last_seen_at: Some(Utc.timestamp_millis(
[INFO] [stdout]     |                                            ^^^^^^^^^^^^^^^^
[INFO] [stdout]     |
[INFO] [stdout]     = note: `#[warn(deprecated)]` on by default
[INFO] [stdout] 
[INFO] [stdout] 
[INFO] [stderr]    Compiling ironworker v0.1.0 (/opt/rustwide/workdir/ironworker)
[INFO] [stdout] warning: lint `private_in_public` has been removed: replaced with another group of lints, see RFC <https://rust-lang.github.io/rfcs/2145-type-privacy.html> for more information
[INFO] [stdout]   --> ironworker/src/lib.rs:27:5
[INFO] [stdout]    |
[INFO] [stdout] 27 |     private_in_public,
[INFO] [stdout]    |     ^^^^^^^^^^^^^^^^^
[INFO] [stdout]    |
[INFO] [stdout]    = note: `#[warn(renamed_and_removed_lints)]` on by default
[INFO] [stdout] 
[INFO] [stdout] 
[INFO] [stdout] warning: use of deprecated struct `axum::AddExtensionLayer`: Use `axum::extract::Extension` instead. It implements `tower::Layer`
[INFO] [stdout]  --> ironworker/src/extras/axum_integration.rs:8:5
[INFO] [stdout]   |
[INFO] [stdout] 8 |     AddExtensionLayer, Router,
[INFO] [stdout]   |     ^^^^^^^^^^^^^^^^^
[INFO] [stdout]   |
[INFO] [stdout]   = note: `#[warn(deprecated)]` on by default
[INFO] [stdout] 
[INFO] [stdout] 
[INFO] [stdout] warning: use of deprecated struct `axum::AddExtensionLayer`: Use `axum::extract::Extension` instead. It implements `tower::Layer`
[INFO] [stdout]   --> ironworker/src/extras/axum_integration.rs:99:16
[INFO] [stdout]    |
[INFO] [stdout] 99 |         .layer(AddExtensionLayer::new(ironworker))
[INFO] [stdout]    |                ^^^^^^^^^^^^^^^^^
[INFO] [stdout] 
[INFO] [stdout] 
[INFO] [stderr]    Compiling redis v0.0.0 (/opt/rustwide/workdir/examples/redis)
[INFO] [stderr]    Compiling actix v0.0.0 (/opt/rustwide/workdir/examples/actix)
[INFO] [stderr]    Compiling axum v0.0.0 (/opt/rustwide/workdir/examples/axum)
[INFO] [stderr]    Compiling sqs v0.0.0 (/opt/rustwide/workdir/examples/sqs)
[INFO] [stdout] warning: struct `CounterMiddleware` is never constructed
[INFO] [stdout]   --> examples/actix/src/main.rs:29:8
[INFO] [stdout]    |
[INFO] [stdout] 29 | struct CounterMiddleware;
[INFO] [stdout]    |        ^^^^^^^^^^^^^^^^^
[INFO] [stdout]    |
[INFO] [stdout]    = note: `#[warn(dead_code)]` on by default
[INFO] [stdout] 
[INFO] [stdout] 
[INFO] [stdout] warning: struct `CounterMiddleware` is never constructed
[INFO] [stdout]   --> examples/axum/src/main.rs:52:8
[INFO] [stdout]    |
[INFO] [stdout] 52 | struct CounterMiddleware;
[INFO] [stdout]    |        ^^^^^^^^^^^^^^^^^
[INFO] [stdout]    |
[INFO] [stdout]    = note: `#[warn(dead_code)]` on by default
[INFO] [stdout] 
[INFO] [stdout] 
[INFO] [stderr]     Finished `dev` profile [unoptimized + debuginfo] target(s) in 4m 00s
[INFO] [stderr] warning: the following packages contain code that will be rejected by a future version of Rust: anymap v1.0.0-beta.2
[INFO] [stderr] note: to see what the problems were, use the option `--future-incompat-report`, or run `cargo report future-incompatibilities --id 1`
[INFO] running `Command { std: "docker" "inspect" "ff80c8474ca9b013f46353151caec1e55a750b7af427d27ca9eee4b98fa3ac7c", kill_on_drop: false }`
[INFO] running `Command { std: "docker" "rm" "-f" "ff80c8474ca9b013f46353151caec1e55a750b7af427d27ca9eee4b98fa3ac7c", kill_on_drop: false }`
[INFO] [stdout] ff80c8474ca9b013f46353151caec1e55a750b7af427d27ca9eee4b98fa3ac7c
[INFO] running `Command { std: "docker" "create" "-v" "/var/lib/crater-agent-workspace/builds/worker-3-tc1/target:/opt/rustwide/target:rw,Z" "-v" "/var/lib/crater-agent-workspace/builds/worker-3-tc1/source:/opt/rustwide/workdir:ro,Z" "-v" "/var/lib/crater-agent-workspace/cargo-home:/opt/rustwide/cargo-home:ro,Z" "-v" "/var/lib/crater-agent-workspace/rustup-home:/opt/rustwide/rustup-home:ro,Z" "-e" "SOURCE_DIR=/opt/rustwide/workdir" "-e" "CARGO_TARGET_DIR=/opt/rustwide/target" "-e" "CARGO_INCREMENTAL=0" "-e" "RUST_BACKTRACE=full" "-e" "RUSTFLAGS=--cap-lints=forbid" "-e" "RUSTDOCFLAGS=--cap-lints=forbid" "-e" "CARGO_HOME=/opt/rustwide/cargo-home" "-e" "RUSTUP_HOME=/opt/rustwide/rustup-home" "-w" "/opt/rustwide/workdir" "-m" "1610612736" "--user" "0:0" "--network" "none" "ghcr.io/rust-lang/crates-build-env/linux@sha256:819108c5571ea2e421544af4d832f968d213c87fbe3707a016657f43d2f853bc" "/opt/rustwide/cargo-home/bin/cargo" "+nightly-2025-01-18" "test" "--frozen" "--no-run" "--message-format=json", kill_on_drop: false }`
[INFO] [stdout] 04bab92ab967e30217a024f3c15dcea695a92ff170efce4f045fd452085eb462
[INFO] running `Command { std: "docker" "start" "-a" "04bab92ab967e30217a024f3c15dcea695a92ff170efce4f045fd452085eb462", kill_on_drop: false }`
[INFO] [stdout] warning: lint `private_in_public` has been removed: replaced with another group of lints, see RFC <https://rust-lang.github.io/rfcs/2145-type-privacy.html> for more information
[INFO] [stdout]   --> ironworker-core/src/lib.rs:16:5
[INFO] [stdout]    |
[INFO] [stdout] 16 |     private_in_public,
[INFO] [stdout]    |     ^^^^^^^^^^^^^^^^^
[INFO] [stdout]    |
[INFO] [stdout]    = note: `#[warn(renamed_and_removed_lints)]` on by default
[INFO] [stdout] 
[INFO] [stdout] 
[INFO] [stderr]    Compiling digest v0.9.0
[INFO] [stderr]    Compiling subtle v2.4.1
[INFO] [stdout] warning: lint `private_in_public` has been removed: replaced with another group of lints, see RFC <https://rust-lang.github.io/rfcs/2145-type-privacy.html> for more information
[INFO] [stdout]   --> ironworker-sqs/src/lib.rs:15:5
[INFO] [stdout]    |
[INFO] [stdout] 15 |     private_in_public,
[INFO] [stdout]    |     ^^^^^^^^^^^^^^^^^
[INFO] [stdout]    |
[INFO] [stdout]    = note: `#[warn(renamed_and_removed_lints)]` on by default
[INFO] [stdout] 
[INFO] [stdout] 
[INFO] [stdout] warning: lint `private_in_public` has been removed: replaced with another group of lints, see RFC <https://rust-lang.github.io/rfcs/2145-type-privacy.html> for more information
[INFO] [stdout]   --> ironworker-redis/src/lib.rs:17:5
[INFO] [stdout]    |
[INFO] [stdout] 17 |     private_in_public,
[INFO] [stdout]    |     ^^^^^^^^^^^^^^^^^
[INFO] [stdout]    |
[INFO] [stdout]    = note: `#[warn(renamed_and_removed_lints)]` on by default
[INFO] [stdout] 
[INFO] [stdout] 
[INFO] [stdout] warning: this function depends on never type fallback being `()`
[INFO] [stdout]   --> ironworker-redis/src/broker.rs:77:1
[INFO] [stdout]    |
[INFO] [stdout] 77 | #[async_trait]
[INFO] [stdout]    | ^^^^^^^^^^^^^^
[INFO] [stdout]    |
[INFO] [stdout]    = warning: this was previously accepted by the compiler but is being phased out; it will become a hard error in Rust 2024 and in a future release in all editions!
[INFO] [stdout]    = note: for more information, see <https://doc.rust-lang.org/nightly/edition-guide/rust-2024/never-type-fallback.html>
[INFO] [stdout]    = help: specify the types explicitly
[INFO] [stdout] note: in edition 2024, the requirement `!: FromRedisValue` will fail
[INFO] [stdout]   --> ironworker-redis/src/broker.rs:92:18
[INFO] [stdout]    |
[INFO] [stdout] 92 |             conn.zadd(&scheduled_set_key, message, at.timestamp_millis())
[INFO] [stdout]    |                  ^^^^
[INFO] [stdout]    = note: `#[warn(dependency_on_unit_never_type_fallback)]` on by default
[INFO] [stdout] 
[INFO] [stdout] 
[INFO] [stdout] warning: this function depends on never type fallback being `()`
[INFO] [stdout]    --> ironworker-redis/src/broker.rs:77:1
[INFO] [stdout]     |
[INFO] [stdout] 77  | #[async_trait]
[INFO] [stdout]     | ^^^^^^^^^^^^^^
[INFO] [stdout]     |
[INFO] [stdout]     = warning: this was previously accepted by the compiler but is being phased out; it will become a hard error in Rust 2024 and in a future release in all editions!
[INFO] [stdout]     = note: for more information, see <https://doc.rust-lang.org/nightly/edition-guide/rust-2024/never-type-fallback.html>
[INFO] [stdout]     = help: specify the types explicitly
[INFO] [stdout] note: in edition 2024, the requirement `!: FromRedisValue` will fail
[INFO] [stdout]    --> ironworker-redis/src/broker.rs:117:14
[INFO] [stdout]     |
[INFO] [stdout] 117 |         conn.zadd(&deadletter_key, message, now.timestamp_millis())
[INFO] [stdout]     |              ^^^^
[INFO] [stdout] 
[INFO] [stdout] 
[INFO] [stdout] warning: this function depends on never type fallback being `()`
[INFO] [stdout]    --> ironworker-redis/src/broker.rs:77:1
[INFO] [stdout]     |
[INFO] [stdout] 77  | #[async_trait]
[INFO] [stdout]     | ^^^^^^^^^^^^^^
[INFO] [stdout]     |
[INFO] [stdout]     = warning: this was previously accepted by the compiler but is being phased out; it will become a hard error in Rust 2024 and in a future release in all editions!
[INFO] [stdout]     = note: for more information, see <https://doc.rust-lang.org/nightly/edition-guide/rust-2024/never-type-fallback.html>
[INFO] [stdout]     = help: specify the types explicitly
[INFO] [stdout] note: in edition 2024, the requirement `!: FromRedisValue` will fail
[INFO] [stdout]    --> ironworker-redis/src/broker.rs:158:14
[INFO] [stdout]     |
[INFO] [stdout] 158 |         conn.hset(&worker_key, "last_seen_at", Utc::now().timestamp_millis())
[INFO] [stdout]     |              ^^^^
[INFO] [stdout] 
[INFO] [stdout] 
[INFO] [stderr]    Compiling block-buffer v0.9.0
[INFO] [stdout] warning: this function depends on never type fallback being `()`
[INFO] [stdout]    --> ironworker-redis/src/broker.rs:77:1
[INFO] [stdout]     |
[INFO] [stdout] 77  | #[async_trait]
[INFO] [stdout]     | ^^^^^^^^^^^^^^
[INFO] [stdout]     |
[INFO] [stdout]     = warning: this was previously accepted by the compiler but is being phased out; it will become a hard error in Rust 2024 and in a future release in all editions!
[INFO] [stdout]     = note: for more information, see <https://doc.rust-lang.org/nightly/edition-guide/rust-2024/never-type-fallback.html>
[INFO] [stdout]     = help: specify the types explicitly
[INFO] [stdout] note: in edition 2024, the requirement `!: FromRedisValue` will fail
[INFO] [stdout]    --> ironworker-redis/src/broker.rs:173:14
[INFO] [stdout]     |
[INFO] [stdout] 173 |             .hincr(Self::format_stats_key(), "processed", 1)
[INFO] [stdout]     |              ^^^^^
[INFO] [stdout] 
[INFO] [stdout] 
[INFO] [stdout] warning: use of deprecated method `chrono::TimeZone::timestamp_millis`: use `timestamp_millis_opt()` instead
[INFO] [stdout]    --> ironworker-redis/src/broker.rs:208:44
[INFO] [stdout]     |
[INFO] [stdout] 208 |                     last_seen_at: Some(Utc.timestamp_millis(
[INFO] [stdout]     |                                            ^^^^^^^^^^^^^^^^
[INFO] [stdout]     |
[INFO] [stdout]     = note: `#[warn(deprecated)]` on by default
[INFO] [stdout] 
[INFO] [stdout] 
[INFO] [stderr]    Compiling opaque-debug v0.3.1
[INFO] [stderr]    Compiling predicates-core v1.0.9
[INFO] [stderr]    Compiling float-cmp v0.9.0
[INFO] [stderr]    Compiling normalize-line-endings v0.3.0
[INFO] [stderr]    Compiling termtree v0.5.1
[INFO] [stderr]    Compiling difflib v0.4.0
[INFO] [stderr]    Compiling mockall_derive v0.11.4
[INFO] [stdout] warning: lint `private_in_public` has been removed: replaced with another group of lints, see RFC <https://rust-lang.github.io/rfcs/2145-type-privacy.html> for more information
[INFO] [stdout]   --> ironworker/src/lib.rs:27:5
[INFO] [stdout]    |
[INFO] [stdout] 27 |     private_in_public,
[INFO] [stdout]    |     ^^^^^^^^^^^^^^^^^
[INFO] [stdout]    |
[INFO] [stdout]    = note: `#[warn(renamed_and_removed_lints)]` on by default
[INFO] [stdout] 
[INFO] [stdout] 
[INFO] [stdout] warning: use of deprecated struct `axum::AddExtensionLayer`: Use `axum::extract::Extension` instead. It implements `tower::Layer`
[INFO] [stdout]  --> ironworker/src/extras/axum_integration.rs:8:5
[INFO] [stdout]   |
[INFO] [stdout] 8 |     AddExtensionLayer, Router,
[INFO] [stdout]   |     ^^^^^^^^^^^^^^^^^
[INFO] [stdout]   |
[INFO] [stdout]   = note: `#[warn(deprecated)]` on by default
[INFO] [stdout] 
[INFO] [stdout] 
[INFO] [stdout] warning: use of deprecated struct `axum::AddExtensionLayer`: Use `axum::extract::Extension` instead. It implements `tower::Layer`
[INFO] [stdout]   --> ironworker/src/extras/axum_integration.rs:99:16
[INFO] [stdout]    |
[INFO] [stdout] 99 |         .layer(AddExtensionLayer::new(ironworker))
[INFO] [stdout]    |                ^^^^^^^^^^^^^^^^^
[INFO] [stdout] 
[INFO] [stdout] 
[INFO] [stderr]    Compiling crypto-mac v0.10.1
[INFO] [stderr]    Compiling fragile v2.0.0
[INFO] [stderr]    Compiling downcast v0.11.0
[INFO] [stderr]    Compiling sha2 v0.9.9
[INFO] [stderr]    Compiling predicates-tree v1.0.12
[INFO] [stderr]    Compiling hmac v0.10.1
[INFO] [stderr]    Compiling actix v0.0.0 (/opt/rustwide/workdir/examples/actix)
[INFO] [stderr]    Compiling sqs v0.0.0 (/opt/rustwide/workdir/examples/sqs)
[INFO] [stderr]    Compiling axum v0.0.0 (/opt/rustwide/workdir/examples/axum)
[INFO] [stderr]    Compiling redis v0.0.0 (/opt/rustwide/workdir/examples/redis)
[INFO] [stderr]    Compiling predicates v2.1.5
[INFO] [stdout] warning: struct `CounterMiddleware` is never constructed
[INFO] [stdout]   --> examples/actix/src/main.rs:29:8
[INFO] [stdout]    |
[INFO] [stdout] 29 | struct CounterMiddleware;
[INFO] [stdout]    |        ^^^^^^^^^^^^^^^^^
[INFO] [stdout]    |
[INFO] [stdout]    = note: `#[warn(dead_code)]` on by default
[INFO] [stdout] 
[INFO] [stdout] 
[INFO] [stderr]    Compiling testcontainers v0.12.0
[INFO] [stdout] warning: struct `CounterMiddleware` is never constructed
[INFO] [stdout]   --> examples/axum/src/main.rs:52:8
[INFO] [stdout]    |
[INFO] [stdout] 52 | struct CounterMiddleware;
[INFO] [stdout]    |        ^^^^^^^^^^^^^^^^^
[INFO] [stdout]    |
[INFO] [stdout]    = note: `#[warn(dead_code)]` on by default
[INFO] [stdout] 
[INFO] [stdout] 
[INFO] [stderr]    Compiling ironworker-sqs v0.1.0 (/opt/rustwide/workdir/ironworker-sqs)
[INFO] [stderr]    Compiling ironworker-redis v0.1.0 (/opt/rustwide/workdir/ironworker-redis)
[INFO] [stdout] warning: lint `private_in_public` has been removed: replaced with another group of lints, see RFC <https://rust-lang.github.io/rfcs/2145-type-privacy.html> for more information
[INFO] [stdout]   --> ironworker-sqs/src/lib.rs:15:5
[INFO] [stdout]    |
[INFO] [stdout] 15 |     private_in_public,
[INFO] [stdout]    |     ^^^^^^^^^^^^^^^^^
[INFO] [stdout]    |
[INFO] [stdout]    = note: `#[warn(renamed_and_removed_lints)]` on by default
[INFO] [stdout] 
[INFO] [stdout] 
[INFO] [stdout] warning: lint `private_in_public` has been removed: replaced with another group of lints, see RFC <https://rust-lang.github.io/rfcs/2145-type-privacy.html> for more information
[INFO] [stdout]   --> ironworker-redis/src/lib.rs:17:5
[INFO] [stdout]    |
[INFO] [stdout] 17 |     private_in_public,
[INFO] [stdout]    |     ^^^^^^^^^^^^^^^^^
[INFO] [stdout]    |
[INFO] [stdout]    = note: `#[warn(renamed_and_removed_lints)]` on by default
[INFO] [stdout] 
[INFO] [stdout] 
[INFO] [stdout] warning: this function depends on never type fallback being `()`
[INFO] [stdout]   --> ironworker-redis/src/broker.rs:77:1
[INFO] [stdout]    |
[INFO] [stdout] 77 | #[async_trait]
[INFO] [stdout]    | ^^^^^^^^^^^^^^
[INFO] [stdout]    |
[INFO] [stdout]    = warning: this was previously accepted by the compiler but is being phased out; it will become a hard error in Rust 2024 and in a future release in all editions!
[INFO] [stdout]    = note: for more information, see <https://doc.rust-lang.org/nightly/edition-guide/rust-2024/never-type-fallback.html>
[INFO] [stdout]    = help: specify the types explicitly
[INFO] [stdout] note: in edition 2024, the requirement `!: FromRedisValue` will fail
[INFO] [stdout]   --> ironworker-redis/src/broker.rs:92:18
[INFO] [stdout]    |
[INFO] [stdout] 92 |             conn.zadd(&scheduled_set_key, message, at.timestamp_millis())
[INFO] [stdout]    |                  ^^^^
[INFO] [stdout]    = note: `#[warn(dependency_on_unit_never_type_fallback)]` on by default
[INFO] [stdout] 
[INFO] [stdout] 
[INFO] [stdout] warning: this function depends on never type fallback being `()`
[INFO] [stdout]    --> ironworker-redis/src/broker.rs:77:1
[INFO] [stdout]     |
[INFO] [stdout] 77  | #[async_trait]
[INFO] [stdout]     | ^^^^^^^^^^^^^^
[INFO] [stdout]     |
[INFO] [stdout]     = warning: this was previously accepted by the compiler but is being phased out; it will become a hard error in Rust 2024 and in a future release in all editions!
[INFO] [stdout]     = note: for more information, see <https://doc.rust-lang.org/nightly/edition-guide/rust-2024/never-type-fallback.html>
[INFO] [stdout]     = help: specify the types explicitly
[INFO] [stdout] note: in edition 2024, the requirement `!: FromRedisValue` will fail
[INFO] [stdout]    --> ironworker-redis/src/broker.rs:117:14
[INFO] [stdout]     |
[INFO] [stdout] 117 |         conn.zadd(&deadletter_key, message, now.timestamp_millis())
[INFO] [stdout]     |              ^^^^
[INFO] [stdout] 
[INFO] [stdout] 
[INFO] [stdout] warning: this function depends on never type fallback being `()`
[INFO] [stdout]    --> ironworker-redis/src/broker.rs:77:1
[INFO] [stdout]     |
[INFO] [stdout] 77  | #[async_trait]
[INFO] [stdout]     | ^^^^^^^^^^^^^^
[INFO] [stdout]     |
[INFO] [stdout]     = warning: this was previously accepted by the compiler but is being phased out; it will become a hard error in Rust 2024 and in a future release in all editions!
[INFO] [stdout]     = note: for more information, see <https://doc.rust-lang.org/nightly/edition-guide/rust-2024/never-type-fallback.html>
[INFO] [stdout]     = help: specify the types explicitly
[INFO] [stdout] note: in edition 2024, the requirement `!: FromRedisValue` will fail
[INFO] [stdout]    --> ironworker-redis/src/broker.rs:158:14
[INFO] [stdout]     |
[INFO] [stdout] 158 |         conn.hset(&worker_key, "last_seen_at", Utc::now().timestamp_millis())
[INFO] [stdout]     |              ^^^^
[INFO] [stdout] 
[INFO] [stdout] 
[INFO] [stdout] warning: this function depends on never type fallback being `()`
[INFO] [stdout]    --> ironworker-redis/src/broker.rs:77:1
[INFO] [stdout]     |
[INFO] [stdout] 77  | #[async_trait]
[INFO] [stdout]     | ^^^^^^^^^^^^^^
[INFO] [stdout]     |
[INFO] [stdout]     = warning: this was previously accepted by the compiler but is being phased out; it will become a hard error in Rust 2024 and in a future release in all editions!
[INFO] [stdout]     = note: for more information, see <https://doc.rust-lang.org/nightly/edition-guide/rust-2024/never-type-fallback.html>
[INFO] [stdout]     = help: specify the types explicitly
[INFO] [stdout] note: in edition 2024, the requirement `!: FromRedisValue` will fail
[INFO] [stdout]    --> ironworker-redis/src/broker.rs:173:14
[INFO] [stdout]     |
[INFO] [stdout] 173 |             .hincr(Self::format_stats_key(), "processed", 1)
[INFO] [stdout]     |              ^^^^^
[INFO] [stdout] 
[INFO] [stdout] 
[INFO] [stdout] warning: use of deprecated method `chrono::TimeZone::timestamp_millis`: use `timestamp_millis_opt()` instead
[INFO] [stdout]    --> ironworker-redis/src/broker.rs:208:44
[INFO] [stdout]     |
[INFO] [stdout] 208 |                     last_seen_at: Some(Utc.timestamp_millis(
[INFO] [stdout]     |                                            ^^^^^^^^^^^^^^^^
[INFO] [stdout]     |
[INFO] [stdout]     = note: `#[warn(deprecated)]` on by default
[INFO] [stdout] 
[INFO] [stdout] 
[INFO] [stderr]    Compiling mockall v0.11.4
[INFO] [stderr]    Compiling ironworker-core v0.1.0 (/opt/rustwide/workdir/ironworker-core)
[INFO] [stderr]    Compiling ironworker v0.1.0 (/opt/rustwide/workdir/ironworker)
[INFO] [stdout] warning: lint `private_in_public` has been removed: replaced with another group of lints, see RFC <https://rust-lang.github.io/rfcs/2145-type-privacy.html> for more information
[INFO] [stdout]   --> ironworker/src/lib.rs:27:5
[INFO] [stdout]    |
[INFO] [stdout] 27 |     private_in_public,
[INFO] [stdout]    |     ^^^^^^^^^^^^^^^^^
[INFO] [stdout]    |
[INFO] [stdout]    = note: `#[warn(renamed_and_removed_lints)]` on by default
[INFO] [stdout] 
[INFO] [stdout] 
[INFO] [stdout] warning: use of deprecated struct `axum::AddExtensionLayer`: Use `axum::extract::Extension` instead. It implements `tower::Layer`
[INFO] [stdout]  --> ironworker/src/extras/axum_integration.rs:8:5
[INFO] [stdout]   |
[INFO] [stdout] 8 |     AddExtensionLayer, Router,
[INFO] [stdout]   |     ^^^^^^^^^^^^^^^^^
[INFO] [stdout]   |
[INFO] [stdout]   = note: `#[warn(deprecated)]` on by default
[INFO] [stdout] 
[INFO] [stdout] 
[INFO] [stdout] warning: use of deprecated struct `axum::AddExtensionLayer`: Use `axum::extract::Extension` instead. It implements `tower::Layer`
[INFO] [stdout]   --> ironworker/src/extras/axum_integration.rs:99:16
[INFO] [stdout]    |
[INFO] [stdout] 99 |         .layer(AddExtensionLayer::new(ironworker))
[INFO] [stdout]    |                ^^^^^^^^^^^^^^^^^
[INFO] [stdout] 
[INFO] [stdout] 
[INFO] [stdout] warning: lint `private_in_public` has been removed: replaced with another group of lints, see RFC <https://rust-lang.github.io/rfcs/2145-type-privacy.html> for more information
[INFO] [stdout]   --> ironworker-core/src/lib.rs:16:5
[INFO] [stdout]    |
[INFO] [stdout] 16 |     private_in_public,
[INFO] [stdout]    |     ^^^^^^^^^^^^^^^^^
[INFO] [stdout]    |
[INFO] [stdout]    = note: `#[warn(renamed_and_removed_lints)]` on by default
[INFO] [stdout] 
[INFO] [stdout] 
[INFO] [stdout] warning: variant `Failed` is never constructed
[INFO] [stdout]    --> ironworker/src/application/worker/machine.rs:382:9
[INFO] [stdout]     |
[INFO] [stdout] 380 |     enum TestEnum {
[INFO] [stdout]     |          -------- variant in this enum
[INFO] [stdout] 381 |         #[snafu(display("The task failed"))]
[INFO] [stdout] 382 |         Failed,
[INFO] [stdout]     |         ^^^^^^
[INFO] [stdout]     |
[INFO] [stdout]     = note: `TestEnum` has a derived impl for the trait `Debug`, but this is intentionally ignored during dead code analysis
[INFO] [stdout]     = note: `#[warn(dead_code)]` on by default
[INFO] [stdout] 
[INFO] [stdout] 
[INFO] [stderr]     Finished `test` profile [unoptimized + debuginfo] target(s) in 22.80s
[INFO] [stderr] warning: the following packages contain code that will be rejected by a future version of Rust: anymap v1.0.0-beta.2
[INFO] [stderr] note: to see what the problems were, use the option `--future-incompat-report`, or run `cargo report future-incompatibilities --id 1`
[INFO] running `Command { std: "docker" "inspect" "04bab92ab967e30217a024f3c15dcea695a92ff170efce4f045fd452085eb462", kill_on_drop: false }`
[INFO] running `Command { std: "docker" "rm" "-f" "04bab92ab967e30217a024f3c15dcea695a92ff170efce4f045fd452085eb462", kill_on_drop: false }`
[INFO] [stdout] 04bab92ab967e30217a024f3c15dcea695a92ff170efce4f045fd452085eb462
[INFO] running `Command { std: "docker" "create" "-v" "/var/lib/crater-agent-workspace/builds/worker-3-tc1/target:/opt/rustwide/target:rw,Z" "-v" "/var/lib/crater-agent-workspace/builds/worker-3-tc1/source:/opt/rustwide/workdir:ro,Z" "-v" "/var/lib/crater-agent-workspace/cargo-home:/opt/rustwide/cargo-home:ro,Z" "-v" "/var/lib/crater-agent-workspace/rustup-home:/opt/rustwide/rustup-home:ro,Z" "-e" "SOURCE_DIR=/opt/rustwide/workdir" "-e" "CARGO_TARGET_DIR=/opt/rustwide/target" "-e" "CARGO_INCREMENTAL=0" "-e" "RUST_BACKTRACE=full" "-e" "RUSTFLAGS=--cap-lints=forbid" "-e" "RUSTDOCFLAGS=--cap-lints=forbid" "-e" "CARGO_HOME=/opt/rustwide/cargo-home" "-e" "RUSTUP_HOME=/opt/rustwide/rustup-home" "-w" "/opt/rustwide/workdir" "-m" "1610612736" "--user" "0:0" "--network" "none" "ghcr.io/rust-lang/crates-build-env/linux@sha256:819108c5571ea2e421544af4d832f968d213c87fbe3707a016657f43d2f853bc" "/opt/rustwide/cargo-home/bin/cargo" "+nightly-2025-01-18" "test" "--frozen", kill_on_drop: false }`
[INFO] [stdout] d4403c77ff5eab60df1163ebc1d62b1885a630f83c62f0e208caed086cf5696f
[INFO] running `Command { std: "docker" "start" "-a" "d4403c77ff5eab60df1163ebc1d62b1885a630f83c62f0e208caed086cf5696f", kill_on_drop: false }`
[INFO] [stderr] warning: lint `private_in_public` has been removed: replaced with another group of lints, see RFC <https://rust-lang.github.io/rfcs/2145-type-privacy.html> for more information
[INFO] [stderr]   --> ironworker-core/src/lib.rs:16:5
[INFO] [stderr]    |
[INFO] [stderr] 16 |     private_in_public,
[INFO] [stderr]    |     ^^^^^^^^^^^^^^^^^
[INFO] [stderr]    |
[INFO] [stderr]    = note: `#[warn(renamed_and_removed_lints)]` on by default
[INFO] [stderr] 
[INFO] [stderr] warning: `ironworker-core` (lib) generated 1 warning
[INFO] [stderr] warning: lint `private_in_public` has been removed: replaced with another group of lints, see RFC <https://rust-lang.github.io/rfcs/2145-type-privacy.html> for more information
[INFO] [stderr]   --> ironworker-sqs/src/lib.rs:15:5
[INFO] [stderr]    |
[INFO] [stderr] 15 |     private_in_public,
[INFO] [stderr]    |     ^^^^^^^^^^^^^^^^^
[INFO] [stderr]    |
[INFO] [stderr]    = note: `#[warn(renamed_and_removed_lints)]` on by default
[INFO] [stderr] 
[INFO] [stderr] warning: `ironworker-sqs` (lib) generated 1 warning
[INFO] [stderr] warning: lint `private_in_public` has been removed: replaced with another group of lints, see RFC <https://rust-lang.github.io/rfcs/2145-type-privacy.html> for more information
[INFO] [stderr]   --> ironworker-redis/src/lib.rs:17:5
[INFO] [stderr]    |
[INFO] [stderr] 17 |     private_in_public,
[INFO] [stderr]    |     ^^^^^^^^^^^^^^^^^
[INFO] [stderr]    |
[INFO] [stderr]    = note: `#[warn(renamed_and_removed_lints)]` on by default
[INFO] [stderr] 
[INFO] [stderr] warning: this function depends on never type fallback being `()`
[INFO] [stderr]   --> ironworker-redis/src/broker.rs:77:1
[INFO] [stderr]    |
[INFO] [stderr] 77 | #[async_trait]
[INFO] [stderr]    | ^^^^^^^^^^^^^^
[INFO] [stderr]    |
[INFO] [stderr]    = warning: this was previously accepted by the compiler but is being phased out; it will become a hard error in Rust 2024 and in a future release in all editions!
[INFO] [stderr]    = note: for more information, see <https://doc.rust-lang.org/nightly/edition-guide/rust-2024/never-type-fallback.html>
[INFO] [stderr]    = help: specify the types explicitly
[INFO] [stderr] note: in edition 2024, the requirement `!: FromRedisValue` will fail
[INFO] [stderr]   --> ironworker-redis/src/broker.rs:92:18
[INFO] [stderr]    |
[INFO] [stderr] 92 |             conn.zadd(&scheduled_set_key, message, at.timestamp_millis())
[INFO] [stderr]    |                  ^^^^
[INFO] [stderr]    = note: `#[warn(dependency_on_unit_never_type_fallback)]` on by default
[INFO] [stderr] 
[INFO] [stderr] warning: this function depends on never type fallback being `()`
[INFO] [stderr]    --> ironworker-redis/src/broker.rs:77:1
[INFO] [stderr]     |
[INFO] [stderr] 77  | #[async_trait]
[INFO] [stderr]     | ^^^^^^^^^^^^^^
[INFO] [stderr]     |
[INFO] [stderr]     = warning: this was previously accepted by the compiler but is being phased out; it will become a hard error in Rust 2024 and in a future release in all editions!
[INFO] [stderr]     = note: for more information, see <https://doc.rust-lang.org/nightly/edition-guide/rust-2024/never-type-fallback.html>
[INFO] [stderr]     = help: specify the types explicitly
[INFO] [stderr] note: in edition 2024, the requirement `!: FromRedisValue` will fail
[INFO] [stderr]    --> ironworker-redis/src/broker.rs:117:14
[INFO] [stderr]     |
[INFO] [stderr] 117 |         conn.zadd(&deadletter_key, message, now.timestamp_millis())
[INFO] [stderr]     |              ^^^^
[INFO] [stderr] 
[INFO] [stderr] warning: this function depends on never type fallback being `()`
[INFO] [stderr]    --> ironworker-redis/src/broker.rs:77:1
[INFO] [stderr]     |
[INFO] [stderr] 77  | #[async_trait]
[INFO] [stderr]     | ^^^^^^^^^^^^^^
[INFO] [stderr]     |
[INFO] [stderr]     = warning: this was previously accepted by the compiler but is being phased out; it will become a hard error in Rust 2024 and in a future release in all editions!
[INFO] [stderr]     = note: for more information, see <https://doc.rust-lang.org/nightly/edition-guide/rust-2024/never-type-fallback.html>
[INFO] [stderr]     = help: specify the types explicitly
[INFO] [stderr] note: in edition 2024, the requirement `!: FromRedisValue` will fail
[INFO] [stderr]    --> ironworker-redis/src/broker.rs:158:14
[INFO] [stderr]     |
[INFO] [stderr] 158 |         conn.hset(&worker_key, "last_seen_at", Utc::now().timestamp_millis())
[INFO] [stderr]     |              ^^^^
[INFO] [stderr] 
[INFO] [stderr] warning: this function depends on never type fallback being `()`
[INFO] [stderr]    --> ironworker-redis/src/broker.rs:77:1
[INFO] [stderr]     |
[INFO] [stderr] 77  | #[async_trait]
[INFO] [stderr]     | ^^^^^^^^^^^^^^
[INFO] [stderr]     |
[INFO] [stderr]     = warning: this was previously accepted by the compiler but is being phased out; it will become a hard error in Rust 2024 and in a future release in all editions!
[INFO] [stderr]     = note: for more information, see <https://doc.rust-lang.org/nightly/edition-guide/rust-2024/never-type-fallback.html>
[INFO] [stderr]     = help: specify the types explicitly
[INFO] [stderr] note: in edition 2024, the requirement `!: FromRedisValue` will fail
[INFO] [stderr]    --> ironworker-redis/src/broker.rs:173:14
[INFO] [stderr]     |
[INFO] [stderr] 173 |             .hincr(Self::format_stats_key(), "processed", 1)
[INFO] [stderr]     |              ^^^^^
[INFO] [stderr] 
[INFO] [stderr] warning: use of deprecated method `chrono::TimeZone::timestamp_millis`: use `timestamp_millis_opt()` instead
[INFO] [stderr]    --> ironworker-redis/src/broker.rs:208:44
[INFO] [stderr]     |
[INFO] [stderr] 208 |                     last_seen_at: Some(Utc.timestamp_millis(
[INFO] [stderr]     |                                            ^^^^^^^^^^^^^^^^
[INFO] [stderr]     |
[INFO] [stderr]     = note: `#[warn(deprecated)]` on by default
[INFO] [stderr] 
[INFO] [stderr] warning: `ironworker-redis` (lib) generated 6 warnings
[INFO] [stderr] warning: lint `private_in_public` has been removed: replaced with another group of lints, see RFC <https://rust-lang.github.io/rfcs/2145-type-privacy.html> for more information
[INFO] [stderr]   --> ironworker/src/lib.rs:27:5
[INFO] [stderr]    |
[INFO] [stderr] 27 |     private_in_public,
[INFO] [stderr]    |     ^^^^^^^^^^^^^^^^^
[INFO] [stderr]    |
[INFO] [stderr]    = note: `#[warn(renamed_and_removed_lints)]` on by default
[INFO] [stderr] 
[INFO] [stderr] warning: use of deprecated struct `axum::AddExtensionLayer`: Use `axum::extract::Extension` instead. It implements `tower::Layer`
[INFO] [stderr]  --> ironworker/src/extras/axum_integration.rs:8:5
[INFO] [stderr]   |
[INFO] [stderr] 8 |     AddExtensionLayer, Router,
[INFO] [stderr]   |     ^^^^^^^^^^^^^^^^^
[INFO] [stderr]   |
[INFO] [stderr]   = note: `#[warn(deprecated)]` on by default
[INFO] [stderr] 
[INFO] [stderr] warning: use of deprecated struct `axum::AddExtensionLayer`: Use `axum::extract::Extension` instead. It implements `tower::Layer`
[INFO] [stderr]   --> ironworker/src/extras/axum_integration.rs:99:16
[INFO] [stderr]    |
[INFO] [stderr] 99 |         .layer(AddExtensionLayer::new(ironworker))
[INFO] [stderr]    |                ^^^^^^^^^^^^^^^^^
[INFO] [stderr] 
[INFO] [stderr] warning: `ironworker` (lib) generated 3 warnings
[INFO] [stderr] warning: `ironworker-sqs` (lib test) generated 1 warning (1 duplicate)
[INFO] [stderr] warning: `ironworker-redis` (lib test) generated 6 warnings (6 duplicates)
[INFO] [stderr] warning: struct `CounterMiddleware` is never constructed
[INFO] [stderr]   --> examples/axum/src/main.rs:52:8
[INFO] [stderr]    |
[INFO] [stderr] 52 | struct CounterMiddleware;
[INFO] [stderr]    |        ^^^^^^^^^^^^^^^^^
[INFO] [stderr]    |
[INFO] [stderr]    = note: `#[warn(dead_code)]` on by default
[INFO] [stderr] 
[INFO] [stderr] warning: struct `CounterMiddleware` is never constructed
[INFO] [stderr]   --> examples/actix/src/main.rs:29:8
[INFO] [stderr]    |
[INFO] [stderr] 29 | struct CounterMiddleware;
[INFO] [stderr]    |        ^^^^^^^^^^^^^^^^^
[INFO] [stderr]    |
[INFO] [stderr]    = note: `#[warn(dead_code)]` on by default
[INFO] [stderr] 
[INFO] [stderr] warning: variant `Failed` is never constructed
[INFO] [stderr]    --> ironworker/src/application/worker/machine.rs:382:9
[INFO] [stderr]     |
[INFO] [stderr] 380 |     enum TestEnum {
[INFO] [stderr]     |          -------- variant in this enum
[INFO] [stderr] 381 |         #[snafu(display("The task failed"))]
[INFO] [stderr] 382 |         Failed,
[INFO] [stderr]     |         ^^^^^^
[INFO] [stderr]     |
[INFO] [stderr]     = note: `TestEnum` has a derived impl for the trait `Debug`, but this is intentionally ignored during dead code analysis
[INFO] [stderr]     = note: `#[warn(dead_code)]` on by default
[INFO] [stderr] 
[INFO] [stderr] warning: `axum` (bin "axum" test) generated 1 warning
[INFO] [stderr] warning: `ironworker-core` (lib test) generated 1 warning (1 duplicate)
[INFO] [stderr] warning: `actix` (bin "actix" test) generated 1 warning
[INFO] [stderr] warning: `ironworker` (lib test) generated 4 warnings (3 duplicates)
[INFO] [stderr]     Finished `test` profile [unoptimized + debuginfo] target(s) in 0.37s
[INFO] [stderr] warning: the following packages contain code that will be rejected by a future version of Rust: anymap v1.0.0-beta.2
[INFO] [stderr] note: to see what the problems were, use the option `--future-incompat-report`, or run `cargo report future-incompatibilities --id 1`
[INFO] [stderr]      Running unittests src/main.rs (/opt/rustwide/target/debug/deps/actix-e8e80e763867197e)
[INFO] [stdout] 
[INFO] [stdout] running 0 tests
[INFO] [stderr]      Running unittests src/main.rs (/opt/rustwide/target/debug/deps/axum-e6462401c80650c5)
[INFO] [stdout] 
[INFO] [stdout] test result: ok. 0 passed; 0 failed; 0 ignored; 0 measured; 0 filtered out; finished in 0.00s
[INFO] [stdout] 
[INFO] [stdout] 
[INFO] [stdout] running 0 tests
[INFO] [stdout] 
[INFO] [stderr]      Running unittests src/lib.rs (/opt/rustwide/target/debug/deps/ironworker-1eacd1c31485d707)
[INFO] [stdout] test result: ok. 0 passed; 0 failed; 0 ignored; 0 measured; 0 filtered out; finished in 0.00s
[INFO] [stdout] 
[INFO] [stdout] 
[INFO] [stdout] running 14 tests
[INFO] [stdout] test application::builder::test::register_task_builds_queue ... ok
[INFO] [stdout] test application::builder::test::register_task_boxes_task ... ok
[INFO] [stdout] test application::worker::machine::test::execute_calls_the_task ... ok
[INFO] [stdout] test application::worker::machine::test::execute_failed_deadletters_the_task ... ok
[INFO] [stdout] test application::test::enqueuing_message_goes_to_broker ... ok
[INFO] [stdout] test application::worker::machine::test::execute_failed_retries_the_task ... ok
[INFO] [stdout] test application::test::enqueueing_message_calls_before_enqueue ... ok
[INFO] [stdout] test application::test::assertions ... ok
[INFO] [stdout] test application::worker::machine::test::wait_for_task_dequeues_a_message ... ok
[INFO] [stdout] test application::worker::machine::test::post_execute_calls_middleware ... ok
[INFO] [stdout] test application::worker::machine::test::worker_machine_send_and_sync ... ok
[INFO] [stdout] test application::worker::machine::test::execute_transitions_to_failed_on_err ... ok
[INFO] [stdout] test application::worker::machine::test::state_machine_flow ... ok
[INFO] [stdout] test application::worker::machine::test::pre_execute_calls_middleware ... ok
[INFO] [stdout] 
[INFO] [stdout] test result: ok. 14 passed; 0 failed; 0 ignored; 0 measured; 0 filtered out; finished in 0.00s
[INFO] [stdout] 
[INFO] [stderr]      Running unittests src/lib.rs (/opt/rustwide/target/debug/deps/ironworker_core-f9035946c42bc642)
[INFO] [stdout] 
[INFO] [stdout] running 13 tests
[INFO] [stdout] test task::r#async::test::discard_on_sets_up_a_discard_handler_for_an_error ... ok
[INFO] [stdout] test task::r#async::test::name_gives_the_name_of_the_task ... ok
[INFO] [stdout] test task::r#async::test::queue_as_sets_the_queue ... ok
[INFO] [stdout] test task::r#async::test::retries_sets_up_the_base_retries ... ok
[INFO] [stdout] test task::sync::test::perform_later_enqueues_the_task ... ok
[INFO] [stdout] test task::r#async::test::perform_later_enqueues_the_task ... ok
[INFO] [stdout] test task::sync::test::perform_runs_the_task ... ok
[INFO] [stdout] test task::sync::test::retry_on_sets_up_a_retry_handler_for_an_error ... ok
[INFO] [stdout] test task::sync::test::discard_on_sets_up_a_discard_handler_for_an_error ... ok
[INFO] [stdout] test task::sync::test::name_gives_the_name_of_the_task ... ok
[INFO] [stdout] test task::r#async::test::retry_on_sets_up_a_retry_handler_for_an_error ... ok
[INFO] [stdout] test task::sync::test::queue_as_sets_the_queue ... ok
[INFO] [stdout] test task::sync::test::retries_sets_up_the_base_retries ... ok
[INFO] [stdout] 
[INFO] [stdout] test result: ok. 13 passed; 0 failed; 0 ignored; 0 measured; 0 filtered out; finished in 0.02s
[INFO] [stdout] 
[INFO] [stderr]      Running unittests src/lib.rs (/opt/rustwide/target/debug/deps/ironworker_redis-d67d2d6e1b9650ad)
[INFO] [stdout] 
[INFO] [stdout] running 0 tests
[INFO] [stdout] 
[INFO] [stdout] test result: ok. 0 passed; 0 failed; 0 ignored; 0 measured; 0 filtered out; finished in 0.00s
[INFO] [stdout] 
[INFO] [stderr]      Running tests/test_broker.rs (/opt/rustwide/target/debug/deps/test_broker-1619ee0f4afbd4f1)
[INFO] [stdout] 
[INFO] [stdout] running 7 tests
[INFO] [stdout] test test_dequeue ... FAILED
[INFO] [stdout] test test_acknowledge_processed ... FAILED
[INFO] [stdout] test test_scheduled ... FAILED
[INFO] [stdout] test test_dequeue_no_message ... FAILED
[INFO] [stdout] test test_enqueue ... FAILED
[INFO] [stdout] test test_deadletter ... FAILED
[INFO] [stdout] test test_heartbeat ... FAILED
[INFO] [stdout] 
[INFO] [stdout] failures:
[INFO] [stdout] 
[INFO] [stdout] ---- test_dequeue stdout ----
[INFO] [stdout] 
[INFO] [stdout] thread 'test_dequeue' panicked at /opt/rustwide/cargo-home/registry/src/index.crates.io-1949cf8c6b5b557f/testcontainers-0.12.0/src/clients/cli.rs:145:9:
[INFO] [stdout] failed to start container
[INFO] [stdout] stack backtrace:
[INFO] [stdout]    0:     0x58e4ef650e5a - std::backtrace_rs::backtrace::libunwind::trace::hb059275cfc8d6126
[INFO] [stdout]                                at /rustc/6067b36314ab5eb2eb47cecc464545ba58e1ad24/library/std/src/../../backtrace/src/backtrace/libunwind.rs:116:5
[INFO] [stdout]    1:     0x58e4ef650e5a - std::backtrace_rs::backtrace::trace_unsynchronized::h2da071e4327ce3ee
[INFO] [stdout]                                at /rustc/6067b36314ab5eb2eb47cecc464545ba58e1ad24/library/std/src/../../backtrace/src/backtrace/mod.rs:66:5
[INFO] [stdout]    2:     0x58e4ef650e5a - std::sys::backtrace::_print_fmt::h842a1474e6f8d23f
[INFO] [stdout]                                at /rustc/6067b36314ab5eb2eb47cecc464545ba58e1ad24/library/std/src/sys/backtrace.rs:66:9
[INFO] [stdout]    3:     0x58e4ef650e5a - <std::sys::backtrace::BacktraceLock::print::DisplayBacktrace as core::fmt::Display>::fmt::h71a62eb3b9696b12
[INFO] [stdout]                                at /rustc/6067b36314ab5eb2eb47cecc464545ba58e1ad24/library/std/src/sys/backtrace.rs:39:26
[INFO] [stdout]    4:     0x58e4ef67af53 - core::fmt::rt::Argument::fmt::hdb6b616786b41dc1
[INFO] [stdout]                                at /rustc/6067b36314ab5eb2eb47cecc464545ba58e1ad24/library/core/src/fmt/rt.rs:177:76
[INFO] [stdout]    5:     0x58e4ef67af53 - core::fmt::write::h2cc1698af7e2d686
[INFO] [stdout]                                at /rustc/6067b36314ab5eb2eb47cecc464545ba58e1ad24/library/core/src/fmt/mod.rs:1440:21
[INFO] [stdout]    6:     0x58e4ef64cb63 - std::io::Write::write_fmt::hab1b4cd059a79022
[INFO] [stdout]                                at /rustc/6067b36314ab5eb2eb47cecc464545ba58e1ad24/library/std/src/io/mod.rs:1887:15
[INFO] [stdout]    7:     0x58e4ef650ca2 - std::sys::backtrace::BacktraceLock::print::h147fe35b4ea13b08
[INFO] [stdout]                                at /rustc/6067b36314ab5eb2eb47cecc464545ba58e1ad24/library/std/src/sys/backtrace.rs:42:9
[INFO] [stdout]    8:     0x58e4ef6522ff - std::panicking::default_hook::{{closure}}::hbd44223dbdc0d208
[INFO] [stdout]                                at /rustc/6067b36314ab5eb2eb47cecc464545ba58e1ad24/library/std/src/panicking.rs:298:22
[INFO] [stdout]    9:     0x58e4ef652118 - std::panicking::default_hook::h20f81eb0576efcec
[INFO] [stdout]                                at /rustc/6067b36314ab5eb2eb47cecc464545ba58e1ad24/library/std/src/panicking.rs:322:9
[INFO] [stdout]   10:     0x58e4ef3b9333 - <alloc::boxed::Box<F,A> as core::ops::function::Fn<Args>>::call::hdb53814c496a4d34
[INFO] [stdout]                                at /rustc/6067b36314ab5eb2eb47cecc464545ba58e1ad24/library/alloc/src/boxed.rs:2027:9
[INFO] [stdout]   11:     0x58e4ef3b9333 - test::test_main::{{closure}}::hc0a4963c59427c24
[INFO] [stdout]                                at /rustc/6067b36314ab5eb2eb47cecc464545ba58e1ad24/library/test/src/lib.rs:134:21
[INFO] [stdout]   12:     0x58e4ef652df3 - <alloc::boxed::Box<F,A> as core::ops::function::Fn<Args>>::call::h591b2225413a77e9
[INFO] [stdout]                                at /rustc/6067b36314ab5eb2eb47cecc464545ba58e1ad24/library/alloc/src/boxed.rs:2027:9
[INFO] [stdout]   13:     0x58e4ef652df3 - std::panicking::rust_panic_with_hook::h625eea43051b2edc
[INFO] [stdout]                                at /rustc/6067b36314ab5eb2eb47cecc464545ba58e1ad24/library/std/src/panicking.rs:839:13
[INFO] [stdout]   14:     0x58e4ef652bfc - std::panicking::begin_panic::{{closure}}::hb6f83f64bbc6469c
[INFO] [stdout]                                at /rustc/6067b36314ab5eb2eb47cecc464545ba58e1ad24/library/std/src/panicking.rs:768:9
[INFO] [stdout]   15:     0x58e4ef651369 - std::sys::backtrace::__rust_end_short_backtrace::h892ae3ae8be3daf3
[INFO] [stdout]                                at /rustc/6067b36314ab5eb2eb47cecc464545ba58e1ad24/library/std/src/sys/backtrace.rs:168:18
[INFO] [stdout]   16:     0x58e4ef652b02 - std::panicking::begin_panic::h855074417e0a5787
[INFO] [stdout]                                at /rustc/6067b36314ab5eb2eb47cecc464545ba58e1ad24/library/std/src/panicking.rs:767:5
[INFO] [stdout]   17:     0x58e4ef379f24 - <testcontainers::clients::cli::Cli as testcontainers::core::docker::Docker>::run_with_args::hb202185bf07184cf
[INFO] [stdout]                                at /opt/rustwide/cargo-home/registry/src/index.crates.io-1949cf8c6b5b557f/testcontainers-0.12.0/src/clients/cli.rs:145:9
[INFO] [stdout]   18:     0x58e4ef37a27b - <testcontainers::clients::cli::Cli as testcontainers::core::docker::Docker>::run::h4758f46c0db1866a
[INFO] [stdout]                                at /opt/rustwide/cargo-home/registry/src/index.crates.io-1949cf8c6b5b557f/testcontainers-0.12.0/src/clients/cli.rs:122:9
[INFO] [stdout]   19:     0x58e4ef35ce78 - test_broker::test_dequeue::{{closure}}::h57cd5cb75a3f022d
[INFO] [stdout]                                at /opt/rustwide/workdir/ironworker-redis/tests/test_broker.rs:52:16
[INFO] [stdout]   20:     0x58e4ef3720d2 - <core::pin::Pin<P> as core::future::future::Future>::poll::h00bb9d842db846be
[INFO] [stdout]                                at /rustc/6067b36314ab5eb2eb47cecc464545ba58e1ad24/library/core/src/future/future.rs:124:9
[INFO] [stdout]   21:     0x58e4ef37216d - <core::pin::Pin<P> as core::future::future::Future>::poll::h12d870191122da7d
[INFO] [stdout]                                at /rustc/6067b36314ab5eb2eb47cecc464545ba58e1ad24/library/core/src/future/future.rs:124:9
[INFO] [stdout]   22:     0x58e4ef37e1ff - tokio::runtime::scheduler::current_thread::CoreGuard::block_on::{{closure}}::{{closure}}::{{closure}}::h9ee3e71158a056d5
[INFO] [stdout]                                at /opt/rustwide/cargo-home/registry/src/index.crates.io-1949cf8c6b5b557f/tokio-1.43.0/src/runtime/scheduler/current_thread/mod.rs:729:57
[INFO] [stdout]   23:     0x58e4ef37e105 - tokio::runtime::coop::with_budget::hbaec9d6f2dc91351
[INFO] [stdout]                                at /opt/rustwide/cargo-home/registry/src/index.crates.io-1949cf8c6b5b557f/tokio-1.43.0/src/runtime/coop.rs:107:5
[INFO] [stdout]   24:     0x58e4ef37e105 - tokio::runtime::coop::budget::h79f20bbe4a21510b
[INFO] [stdout]                                at /opt/rustwide/cargo-home/registry/src/index.crates.io-1949cf8c6b5b557f/tokio-1.43.0/src/runtime/coop.rs:73:5
[INFO] [stdout]   25:     0x58e4ef37e105 - tokio::runtime::scheduler::current_thread::CoreGuard::block_on::{{closure}}::{{closure}}::hf8eabcc351d35d68
[INFO] [stdout]                                at /opt/rustwide/cargo-home/registry/src/index.crates.io-1949cf8c6b5b557f/tokio-1.43.0/src/runtime/scheduler/current_thread/mod.rs:729:25
[INFO] [stdout]   26:     0x58e4ef37bd40 - tokio::runtime::scheduler::current_thread::Context::enter::hfeb35ff88d03b04b
[INFO] [stdout]                                at /opt/rustwide/cargo-home/registry/src/index.crates.io-1949cf8c6b5b557f/tokio-1.43.0/src/runtime/scheduler/current_thread/mod.rs:428:19
[INFO] [stdout]   27:     0x58e4ef37d7ae - tokio::runtime::scheduler::current_thread::CoreGuard::block_on::{{closure}}::h97d14f6f955a05dd
[INFO] [stdout]                                at /opt/rustwide/cargo-home/registry/src/index.crates.io-1949cf8c6b5b557f/tokio-1.43.0/src/runtime/scheduler/current_thread/mod.rs:728:36
[INFO] [stdout]   28:     0x58e4ef37cc04 - tokio::runtime::scheduler::current_thread::CoreGuard::enter::{{closure}}::h05484c10794f7d54
[INFO] [stdout]                                at /opt/rustwide/cargo-home/registry/src/index.crates.io-1949cf8c6b5b557f/tokio-1.43.0/src/runtime/scheduler/current_thread/mod.rs:807:68
[INFO] [stdout]   29:     0x58e4ef3701cb - tokio::runtime::context::scoped::Scoped<T>::set::hc282f3bf048a06bd
[INFO] [stdout]                                at /opt/rustwide/cargo-home/registry/src/index.crates.io-1949cf8c6b5b557f/tokio-1.43.0/src/runtime/context/scoped.rs:40:9
[INFO] [stdout]   30:     0x58e4ef378889 - tokio::runtime::context::set_scheduler::{{closure}}::h4911a5ecc4da8e93
[INFO] [stdout]                                at /opt/rustwide/cargo-home/registry/src/index.crates.io-1949cf8c6b5b557f/tokio-1.43.0/src/runtime/context.rs:180:26
[INFO] [stdout]   31:     0x58e4ef365ae2 - std::thread::local::LocalKey<T>::try_with::h032599c80c635e4b
[INFO] [stdout]                                at /rustc/6067b36314ab5eb2eb47cecc464545ba58e1ad24/library/std/src/thread/local.rs:308:12
[INFO] [stdout]   32:     0x58e4ef36597a - std::thread::local::LocalKey<T>::with::ha95646905f09eff0
[INFO] [stdout]                                at /rustc/6067b36314ab5eb2eb47cecc464545ba58e1ad24/library/std/src/thread/local.rs:272:9
[INFO] [stdout]   33:     0x58e4ef3787fd - tokio::runtime::context::set_scheduler::h0cbdd0eb23f651ac
[INFO] [stdout]                                at /opt/rustwide/cargo-home/registry/src/index.crates.io-1949cf8c6b5b557f/tokio-1.43.0/src/runtime/context.rs:180:9
[INFO] [stdout]   34:     0x58e4ef37c9b0 - tokio::runtime::scheduler::current_thread::CoreGuard::enter::hf3637158214c461f
[INFO] [stdout]                                at /opt/rustwide/cargo-home/registry/src/index.crates.io-1949cf8c6b5b557f/tokio-1.43.0/src/runtime/scheduler/current_thread/mod.rs:807:27
[INFO] [stdout]   35:     0x58e4ef37cca3 - tokio::runtime::scheduler::current_thread::CoreGuard::block_on::hccf007fad9d386d2
[INFO] [stdout]                                at /opt/rustwide/cargo-home/registry/src/index.crates.io-1949cf8c6b5b557f/tokio-1.43.0/src/runtime/scheduler/current_thread/mod.rs:716:19
[INFO] [stdout]   36:     0x58e4ef37aeba - tokio::runtime::scheduler::current_thread::CurrentThread::block_on::{{closure}}::h3376dc1b6a8096ee
[INFO] [stdout]                                at /opt/rustwide/cargo-home/registry/src/index.crates.io-1949cf8c6b5b557f/tokio-1.43.0/src/runtime/scheduler/current_thread/mod.rs:196:28
[INFO] [stdout]   37:     0x58e4ef370346 - tokio::runtime::context::runtime::enter_runtime::h59563155e811dff7
[INFO] [stdout]                                at /opt/rustwide/cargo-home/registry/src/index.crates.io-1949cf8c6b5b557f/tokio-1.43.0/src/runtime/context/runtime.rs:65:16
[INFO] [stdout]   38:     0x58e4ef37a7e1 - tokio::runtime::scheduler::current_thread::CurrentThread::block_on::h9f2efaa2457947a5
[INFO] [stdout]                                at /opt/rustwide/cargo-home/registry/src/index.crates.io-1949cf8c6b5b557f/tokio-1.43.0/src/runtime/scheduler/current_thread/mod.rs:184:9
[INFO] [stdout]   39:     0x58e4ef371343 - tokio::runtime::runtime::Runtime::block_on_inner::h1ad87cbbfaa722a4
[INFO] [stdout]                                at /opt/rustwide/cargo-home/registry/src/index.crates.io-1949cf8c6b5b557f/tokio-1.43.0/src/runtime/runtime.rs:368:47
[INFO] [stdout]   40:     0x58e4ef371647 - tokio::runtime::runtime::Runtime::block_on::hc6ace936d94aa310
[INFO] [stdout]                                at /opt/rustwide/cargo-home/registry/src/index.crates.io-1949cf8c6b5b557f/tokio-1.43.0/src/runtime/runtime.rs:342:13
[INFO] [stdout]   41:     0x58e4ef35cc11 - test_broker::test_dequeue::hdee76621b6dd3b1b
[INFO] [stdout]                                at /opt/rustwide/workdir/ironworker-redis/tests/test_broker.rs:79:5
[INFO] [stdout]   42:     0x58e4ef35cab7 - test_broker::test_dequeue::{{closure}}::hb3d2e18e3ddf101e
[INFO] [stdout]                                at /opt/rustwide/workdir/ironworker-redis/tests/test_broker.rs:50:24
[INFO] [stdout]   43:     0x58e4ef3590d6 - core::ops::function::FnOnce::call_once::hffa6f9da1d97f8ef
[INFO] [stdout]                                at /rustc/6067b36314ab5eb2eb47cecc464545ba58e1ad24/library/core/src/ops/function.rs:250:5
[INFO] [stdout]   44:     0x58e4ef3bea8b - core::ops::function::FnOnce::call_once::he27718dfdd183f43
[INFO] [stdout]                                at /rustc/6067b36314ab5eb2eb47cecc464545ba58e1ad24/library/core/src/ops/function.rs:250:5
[INFO] [stdout]   45:     0x58e4ef3bea8b - test::__rust_begin_short_backtrace::h4e84902998457a5d
[INFO] [stdout]                                at /rustc/6067b36314ab5eb2eb47cecc464545ba58e1ad24/library/test/src/lib.rs:632:18
[INFO] [stdout]   46:     0x58e4ef3bd9c3 - test::run_test_in_process::{{closure}}::h7176fd18fc1feca0
[INFO] [stdout]                                at /rustc/6067b36314ab5eb2eb47cecc464545ba58e1ad24/library/test/src/lib.rs:655:60
[INFO] [stdout]   47:     0x58e4ef3bd9c3 - <core::panic::unwind_safe::AssertUnwindSafe<F> as core::ops::function::FnOnce<()>>::call_once::hf79cff2a624d8cf7
[INFO] [stdout]                                at /rustc/6067b36314ab5eb2eb47cecc464545ba58e1ad24/library/core/src/panic/unwind_safe.rs:272:9
[INFO] [stdout]   48:     0x58e4ef3bd9c3 - std::panicking::try::do_call::h3da0561d9ab99c25
[INFO] [stdout]                                at /rustc/6067b36314ab5eb2eb47cecc464545ba58e1ad24/library/std/src/panicking.rs:587:40
[INFO] [stdout]   49:     0x58e4ef3bd9c3 - std::panicking::try::h41c9fa508bc61df6
[INFO] [stdout]                                at /rustc/6067b36314ab5eb2eb47cecc464545ba58e1ad24/library/std/src/panicking.rs:550:19
[INFO] [stdout]   50:     0x58e4ef3bd9c3 - std::panic::catch_unwind::h6b3ff07bb5afad93
[INFO] [stdout]                                at /rustc/6067b36314ab5eb2eb47cecc464545ba58e1ad24/library/std/src/panic.rs:358:14
[INFO] [stdout]   51:     0x58e4ef3bd9c3 - test::run_test_in_process::hc7253dd11b39b9f4
[INFO] [stdout]                                at /rustc/6067b36314ab5eb2eb47cecc464545ba58e1ad24/library/test/src/lib.rs:655:27
[INFO] [stdout]   52:     0x58e4ef3bd9c3 - test::run_test::{{closure}}::hfb2007f8649c30bb
[INFO] [stdout]                                at /rustc/6067b36314ab5eb2eb47cecc464545ba58e1ad24/library/test/src/lib.rs:576:43
[INFO] [stdout]   53:     0x58e4ef380aa5 - test::run_test::{{closure}}::h56a17aa7a282a9f4
[INFO] [stdout]                                at /rustc/6067b36314ab5eb2eb47cecc464545ba58e1ad24/library/test/src/lib.rs:606:41
[INFO] [stdout]   54:     0x58e4ef380aa5 - std::sys::backtrace::__rust_begin_short_backtrace::hd2d2d2fb8e8c6aac
[INFO] [stdout]                                at /rustc/6067b36314ab5eb2eb47cecc464545ba58e1ad24/library/std/src/sys/backtrace.rs:152:18
[INFO] [stdout]   55:     0x58e4ef38438a - std::thread::Builder::spawn_unchecked_::{{closure}}::{{closure}}::h4faa3f9db6133423
[INFO] [stdout]                                at /rustc/6067b36314ab5eb2eb47cecc464545ba58e1ad24/library/std/src/thread/mod.rs:559:17
[INFO] [stdout]   56:     0x58e4ef38438a - <core::panic::unwind_safe::AssertUnwindSafe<F> as core::ops::function::FnOnce<()>>::call_once::hf2e855a36a4ea846
[INFO] [stdout]                                at /rustc/6067b36314ab5eb2eb47cecc464545ba58e1ad24/library/core/src/panic/unwind_safe.rs:272:9
[INFO] [stdout]   57:     0x58e4ef38438a - std::panicking::try::do_call::h2f73af3616c35465
[INFO] [stdout]                                at /rustc/6067b36314ab5eb2eb47cecc464545ba58e1ad24/library/std/src/panicking.rs:587:40
[INFO] [stdout]   58:     0x58e4ef38438a - std::panicking::try::hd1660ce9efadef5a
[INFO] [stdout]                                at /rustc/6067b36314ab5eb2eb47cecc464545ba58e1ad24/library/std/src/panicking.rs:550:19
[INFO] [stdout]   59:     0x58e4ef38438a - std::panic::catch_unwind::h5ee8d7823b8ca744
[INFO] [stdout]                                at /rustc/6067b36314ab5eb2eb47cecc464545ba58e1ad24/library/std/src/panic.rs:358:14
[INFO] [stdout]   60:     0x58e4ef38438a - std::thread::Builder::spawn_unchecked_::{{closure}}::h53c3a1894dce8407
[INFO] [stdout]                                at /rustc/6067b36314ab5eb2eb47cecc464545ba58e1ad24/library/std/src/thread/mod.rs:557:30
[INFO] [stdout]   61:     0x58e4ef38438a - core::ops::function::FnOnce::call_once{{vtable.shim}}::h048ce291ad4f62bf
[INFO] [stdout]                                at /rustc/6067b36314ab5eb2eb47cecc464545ba58e1ad24/library/core/src/ops/function.rs:250:5
[INFO] [stdout]   62:     0x58e4ef6579bb - <alloc::boxed::Box<F,A> as core::ops::function::FnOnce<Args>>::call_once::ha52bedf99a3b4981
[INFO] [stdout]                                at /rustc/6067b36314ab5eb2eb47cecc464545ba58e1ad24/library/alloc/src/boxed.rs:2013:9
[INFO] [stdout]   63:     0x58e4ef6579bb - <alloc::boxed::Box<F,A> as core::ops::function::FnOnce<Args>>::call_once::h567748934d80ccf8
[INFO] [stdout]                                at /rustc/6067b36314ab5eb2eb47cecc464545ba58e1ad24/library/alloc/src/boxed.rs:2013:9
[INFO] [stdout]   64:     0x58e4ef6579bb - std::sys::pal::unix::thread::Thread::new::thread_start::h2d970728ae887adc
[INFO] [stdout]                                at /rustc/6067b36314ab5eb2eb47cecc464545ba58e1ad24/library/std/src/sys/pal/unix/thread.rs:106:17
[INFO] [stdout]   65:     0x7dcaa0ed4ac3 - <unknown>
[INFO] [stdout]   66:     0x7dcaa0f65a04 - clone
[INFO] [stdout]   67:                0x0 - <unknown>
[INFO] [stdout] 
[INFO] [stdout] ---- test_acknowledge_processed stdout ----
[INFO] [stdout] 
[INFO] [stdout] thread 'test_acknowledge_processed' panicked at /opt/rustwide/cargo-home/registry/src/index.crates.io-1949cf8c6b5b557f/testcontainers-0.12.0/src/clients/cli.rs:145:9:
[INFO] [stdout] failed to start container
[INFO] [stdout] stack backtrace:
[INFO] [stdout]    0:     0x58e4ef650e5a - std::backtrace_rs::backtrace::libunwind::trace::hb059275cfc8d6126
[INFO] [stdout]                                at /rustc/6067b36314ab5eb2eb47cecc464545ba58e1ad24/library/std/src/../../backtrace/src/backtrace/libunwind.rs:116:5
[INFO] [stdout]    1:     0x58e4ef650e5a - std::backtrace_rs::backtrace::trace_unsynchronized::h2da071e4327ce3ee
[INFO] [stdout]                                at /rustc/6067b36314ab5eb2eb47cecc464545ba58e1ad24/library/std/src/../../backtrace/src/backtrace/mod.rs:66:5
[INFO] [stdout]    2:     0x58e4ef650e5a - std::sys::backtrace::_print_fmt::h842a1474e6f8d23f
[INFO] [stdout]                                at /rustc/6067b36314ab5eb2eb47cecc464545ba58e1ad24/library/std/src/sys/backtrace.rs:66:9
[INFO] [stdout]    3:     0x58e4ef650e5a - <std::sys::backtrace::BacktraceLock::print::DisplayBacktrace as core::fmt::Display>::fmt::h71a62eb3b9696b12
[INFO] [stdout]                                at /rustc/6067b36314ab5eb2eb47cecc464545ba58e1ad24/library/std/src/sys/backtrace.rs:39:26
[INFO] [stdout]    4:     0x58e4ef67af53 - core::fmt::rt::Argument::fmt::hdb6b616786b41dc1
[INFO] [stdout]                                at /rustc/6067b36314ab5eb2eb47cecc464545ba58e1ad24/library/core/src/fmt/rt.rs:177:76
[INFO] [stdout]    5:     0x58e4ef67af53 - core::fmt::write::h2cc1698af7e2d686
[INFO] [stdout]                                at /rustc/6067b36314ab5eb2eb47cecc464545ba58e1ad24/library/core/src/fmt/mod.rs:1440:21
[INFO] [stdout]    6:     0x58e4ef64cb63 - std::io::Write::write_fmt::hab1b4cd059a79022
[INFO] [stdout]                                at /rustc/6067b36314ab5eb2eb47cecc464545ba58e1ad24/library/std/src/io/mod.rs:1887:15
[INFO] [stdout]    7:     0x58e4ef650ca2 - std::sys::backtrace::BacktraceLock::print::h147fe35b4ea13b08
[INFO] [stdout]                                at /rustc/6067b36314ab5eb2eb47cecc464545ba58e1ad24/library/std/src/sys/backtrace.rs:42:9
[INFO] [stdout]    8:     0x58e4ef6522ff - std::panicking::default_hook::{{closure}}::hbd44223dbdc0d208
[INFO] [stdout]                                at /rustc/6067b36314ab5eb2eb47cecc464545ba58e1ad24/library/std/src/panicking.rs:298:22
[INFO] [stdout]    9:     0x58e4ef652118 - std::panicking::default_hook::h20f81eb0576efcec
[INFO] [stdout]                                at /rustc/6067b36314ab5eb2eb47cecc464545ba58e1ad24/library/std/src/panicking.rs:322:9
[INFO] [stdout]   10:     0x58e4ef3b9333 - <alloc::boxed::Box<F,A> as core::ops::function::Fn<Args>>::call::hdb53814c496a4d34
[INFO] [stdout]                                at /rustc/6067b36314ab5eb2eb47cecc464545ba58e1ad24/library/alloc/src/boxed.rs:2027:9
[INFO] [stdout]   11:     0x58e4ef3b9333 - test::test_main::{{closure}}::hc0a4963c59427c24
[INFO] [stdout]                                at /rustc/6067b36314ab5eb2eb47cecc464545ba58e1ad24/library/test/src/lib.rs:134:21
[INFO] [stdout]   12:     0x58e4ef652df3 - <alloc::boxed::Box<F,A> as core::ops::function::Fn<Args>>::call::h591b2225413a77e9
[INFO] [stdout]                                at /rustc/6067b36314ab5eb2eb47cecc464545ba58e1ad24/library/alloc/src/boxed.rs:2027:9
[INFO] [stdout]   13:     0x58e4ef652df3 - std::panicking::rust_panic_with_hook::h625eea43051b2edc
[INFO] [stdout]                                at /rustc/6067b36314ab5eb2eb47cecc464545ba58e1ad24/library/std/src/panicking.rs:839:13
[INFO] [stdout]   14:     0x58e4ef652bfc - std::panicking::begin_panic::{{closure}}::hb6f83f64bbc6469c
[INFO] [stdout]                                at /rustc/6067b36314ab5eb2eb47cecc464545ba58e1ad24/library/std/src/panicking.rs:768:9
[INFO] [stdout]   15:     0x58e4ef651369 - std::sys::backtrace::__rust_end_short_backtrace::h892ae3ae8be3daf3
[INFO] [stdout]                                at /rustc/6067b36314ab5eb2eb47cecc464545ba58e1ad24/library/std/src/sys/backtrace.rs:168:18
[INFO] [stdout]   16:     0x58e4ef652b02 - std::panicking::begin_panic::h855074417e0a5787
[INFO] [stdout]                                at /rustc/6067b36314ab5eb2eb47cecc464545ba58e1ad24/library/std/src/panicking.rs:767:5
[INFO] [stdout]   17:     0x58e4ef379f24 - <testcontainers::clients::cli::Cli as testcontainers::core::docker::Docker>::run_with_args::hb202185bf07184cf
[INFO] [stdout]                                at /opt/rustwide/cargo-home/registry/src/index.crates.io-1949cf8c6b5b557f/testcontainers-0.12.0/src/clients/cli.rs:145:9
[INFO] [stdout]   18:     0x58e4ef37a27b - <testcontainers::clients::cli::Cli as testcontainers::core::docker::Docker>::run::h4758f46c0db1866a
[INFO] [stdout]                                at /opt/rustwide/cargo-home/registry/src/index.crates.io-1949cf8c6b5b557f/testcontainers-0.12.0/src/clients/cli.rs:122:9
[INFO] [stdout]   19:     0x58e4ef3620fd - test_broker::test_acknowledge_processed::{{closure}}::h7a0d5829901e6898
[INFO] [stdout]                                at /opt/rustwide/workdir/ironworker-redis/tests/test_broker.rs:181:16
[INFO] [stdout]   20:     0x58e4ef3720d2 - <core::pin::Pin<P> as core::future::future::Future>::poll::h00bb9d842db846be
[INFO] [stdout]                                at /rustc/6067b36314ab5eb2eb47cecc464545ba58e1ad24/library/core/src/future/future.rs:124:9
[INFO] [stdout]   21:     0x58e4ef37216d - <core::pin::Pin<P> as core::future::future::Future>::poll::h12d870191122da7d
[INFO] [stdout]                                at /rustc/6067b36314ab5eb2eb47cecc464545ba58e1ad24/library/core/src/future/future.rs:124:9
[INFO] [stdout]   22:     0x58e4ef37e1ff - tokio::runtime::scheduler::current_thread::CoreGuard::block_on::{{closure}}::{{closure}}::{{closure}}::h9ee3e71158a056d5
[INFO] [stdout]                                at /opt/rustwide/cargo-home/registry/src/index.crates.io-1949cf8c6b5b557f/tokio-1.43.0/src/runtime/scheduler/current_thread/mod.rs:729:57
[INFO] [stdout]   23:     0x58e4ef37e105 - tokio::runtime::coop::with_budget::hbaec9d6f2dc91351
[INFO] [stdout]                                at /opt/rustwide/cargo-home/registry/src/index.crates.io-1949cf8c6b5b557f/tokio-1.43.0/src/runtime/coop.rs:107:5
[INFO] [stdout]   24:     0x58e4ef37e105 - tokio::runtime::coop::budget::h79f20bbe4a21510b
[INFO] [stdout]                                at /opt/rustwide/cargo-home/registry/src/index.crates.io-1949cf8c6b5b557f/tokio-1.43.0/src/runtime/coop.rs:73:5
[INFO] [stdout]   25:     0x58e4ef37e105 - tokio::runtime::scheduler::current_thread::CoreGuard::block_on::{{closure}}::{{closure}}::hf8eabcc351d35d68
[INFO] [stdout]                                at /opt/rustwide/cargo-home/registry/src/index.crates.io-1949cf8c6b5b557f/tokio-1.43.0/src/runtime/scheduler/current_thread/mod.rs:729:25
[INFO] [stdout]   26:     0x58e4ef37bd40 - tokio::runtime::scheduler::current_thread::Context::enter::hfeb35ff88d03b04b
[INFO] [stdout]                                at /opt/rustwide/cargo-home/registry/src/index.crates.io-1949cf8c6b5b557f/tokio-1.43.0/src/runtime/scheduler/current_thread/mod.rs:428:19
[INFO] [stdout]   27:     0x58e4ef37d7ae - tokio::runtime::scheduler::current_thread::CoreGuard::block_on::{{closure}}::h97d14f6f955a05dd
[INFO] [stdout]                                at /opt/rustwide/cargo-home/registry/src/index.crates.io-1949cf8c6b5b557f/tokio-1.43.0/src/runtime/scheduler/current_thread/mod.rs:728:36
[INFO] [stdout]   28:     0x58e4ef37cc04 - tokio::runtime::scheduler::current_thread::CoreGuard::enter::{{closure}}::h05484c10794f7d54
[INFO] [stdout]                                at /opt/rustwide/cargo-home/registry/src/index.crates.io-1949cf8c6b5b557f/tokio-1.43.0/src/runtime/scheduler/current_thread/mod.rs:807:68
[INFO] [stdout]   29:     0x58e4ef3701cb - tokio::runtime::context::scoped::Scoped<T>::set::hc282f3bf048a06bd
[INFO] [stdout]                                at /opt/rustwide/cargo-home/registry/src/index.crates.io-1949cf8c6b5b557f/tokio-1.43.0/src/runtime/context/scoped.rs:40:9
[INFO] [stdout]   30:     0x58e4ef378889 - tokio::runtime::context::set_scheduler::{{closure}}::h4911a5ecc4da8e93
[INFO] [stdout]                                at /opt/rustwide/cargo-home/registry/src/index.crates.io-1949cf8c6b5b557f/tokio-1.43.0/src/runtime/context.rs:180:26
[INFO] [stdout]   31:     0x58e4ef365ae2 - std::thread::local::LocalKey<T>::try_with::h032599c80c635e4b
[INFO] [stdout]                                at /rustc/6067b36314ab5eb2eb47cecc464545ba58e1ad24/library/std/src/thread/local.rs:308:12
[INFO] [stdout]   32:     0x58e4ef36597a - std::thread::local::LocalKey<T>::with::ha95646905f09eff0
[INFO] [stdout]                                at /rustc/6067b36314ab5eb2eb47cecc464545ba58e1ad24/library/std/src/thread/local.rs:272:9
[INFO] [stdout]   33:     0x58e4ef3787fd - tokio::runtime::context::set_scheduler::h0cbdd0eb23f651ac
[INFO] [stdout]                                at /opt/rustwide/cargo-home/registry/src/index.crates.io-1949cf8c6b5b557f/tokio-1.43.0/src/runtime/context.rs:180:9
[INFO] [stdout]   34:     0x58e4ef37c9b0 - tokio::runtime::scheduler::current_thread::CoreGuard::enter::hf3637158214c461f
[INFO] [stdout]                                at /opt/rustwide/cargo-home/registry/src/index.crates.io-1949cf8c6b5b557f/tokio-1.43.0/src/runtime/scheduler/current_thread/mod.rs:807:27
[INFO] [stdout]   35:     0x58e4ef37cca3 - tokio::runtime::scheduler::current_thread::CoreGuard::block_on::hccf007fad9d386d2
[INFO] [stdout]                                at /opt/rustwide/cargo-home/registry/src/index.crates.io-1949cf8c6b5b557f/tokio-1.43.0/src/runtime/scheduler/current_thread/mod.rs:716:19
[INFO] [stdout]   36:     0x58e4ef37aeba - tokio::runtime::scheduler::current_thread::CurrentThread::block_on::{{closure}}::h3376dc1b6a8096ee
[INFO] [stdout]                                at /opt/rustwide/cargo-home/registry/src/index.crates.io-1949cf8c6b5b557f/tokio-1.43.0/src/runtime/scheduler/current_thread/mod.rs:196:28
[INFO] [stdout]   37:     0x58e4ef370346 - tokio::runtime::context::runtime::enter_runtime::h59563155e811dff7
[INFO] [stdout]                                at /opt/rustwide/cargo-home/registry/src/index.crates.io-1949cf8c6b5b557f/tokio-1.43.0/src/runtime/context/runtime.rs:65:16
[INFO] [stdout]   38:     0x58e4ef37a7e1 - tokio::runtime::scheduler::current_thread::CurrentThread::block_on::h9f2efaa2457947a5
[INFO] [stdout]                                at /opt/rustwide/cargo-home/registry/src/index.crates.io-1949cf8c6b5b557f/tokio-1.43.0/src/runtime/scheduler/current_thread/mod.rs:184:9
[INFO] [stdout]   39:     0x58e4ef371343 - tokio::runtime::runtime::Runtime::block_on_inner::h1ad87cbbfaa722a4
[INFO] [stdout]                                at /opt/rustwide/cargo-home/registry/src/index.crates.io-1949cf8c6b5b557f/tokio-1.43.0/src/runtime/runtime.rs:368:47
[INFO] [stdout]   40:     0x58e4ef371647 - tokio::runtime::runtime::Runtime::block_on::hc6ace936d94aa310
[INFO] [stdout]                                at /opt/rustwide/cargo-home/registry/src/index.crates.io-1949cf8c6b5b557f/tokio-1.43.0/src/runtime/runtime.rs:342:13
[INFO] [stdout]   41:     0x58e4ef361ed1 - test_broker::test_acknowledge_processed::h2b5d389aaf93a30d
[INFO] [stdout]                                at /opt/rustwide/workdir/ironworker-redis/tests/test_broker.rs:207:5
[INFO] [stdout]   42:     0x58e4ef361d77 - test_broker::test_acknowledge_processed::{{closure}}::hca0d5e4c7bf88d76
[INFO] [stdout]                                at /opt/rustwide/workdir/ironworker-redis/tests/test_broker.rs:179:38
[INFO] [stdout]   43:     0x58e4ef358f36 - core::ops::function::FnOnce::call_once::h42ce31e1357909e3
[INFO] [stdout]                                at /rustc/6067b36314ab5eb2eb47cecc464545ba58e1ad24/library/core/src/ops/function.rs:250:5
[INFO] [stdout]   44:     0x58e4ef3bea8b - core::ops::function::FnOnce::call_once::he27718dfdd183f43
[INFO] [stdout]                                at /rustc/6067b36314ab5eb2eb47cecc464545ba58e1ad24/library/core/src/ops/function.rs:250:5
[INFO] [stdout]   45:     0x58e4ef3bea8b - test::__rust_begin_short_backtrace::h4e84902998457a5d
[INFO] [stdout]                                at /rustc/6067b36314ab5eb2eb47cecc464545ba58e1ad24/library/test/src/lib.rs:632:18
[INFO] [stdout]   46:     0x58e4ef3bd9c3 - test::run_test_in_process::{{closure}}::h7176fd18fc1feca0
[INFO] [stdout]                                at /rustc/6067b36314ab5eb2eb47cecc464545ba58e1ad24/library/test/src/lib.rs:655:60
[INFO] [stdout]   47:     0x58e4ef3bd9c3 - <core::panic::unwind_safe::AssertUnwindSafe<F> as core::ops::function::FnOnce<()>>::call_once::hf79cff2a624d8cf7
[INFO] [stdout]                                at /rustc/6067b36314ab5eb2eb47cecc464545ba58e1ad24/library/core/src/panic/unwind_safe.rs:272:9
[INFO] [stdout]   48:     0x58e4ef3bd9c3 - std::panicking::try::do_call::h3da0561d9ab99c25
[INFO] [stdout]                                at /rustc/6067b36314ab5eb2eb47cecc464545ba58e1ad24/library/std/src/panicking.rs:587:40
[INFO] [stdout]   49:     0x58e4ef3bd9c3 - std::panicking::try::h41c9fa508bc61df6
[INFO] [stdout]                                at /rustc/6067b36314ab5eb2eb47cecc464545ba58e1ad24/library/std/src/panicking.rs:550:19
[INFO] [stdout]   50:     0x58e4ef3bd9c3 - std::panic::catch_unwind::h6b3ff07bb5afad93
[INFO] [stdout]                                at /rustc/6067b36314ab5eb2eb47cecc464545ba58e1ad24/library/std/src/panic.rs:358:14
[INFO] [stdout]   51:     0x58e4ef3bd9c3 - test::run_test_in_process::hc7253dd11b39b9f4
[INFO] [stdout]                                at /rustc/6067b36314ab5eb2eb47cecc464545ba58e1ad24/library/test/src/lib.rs:655:27
[INFO] [stdout]   52:     0x58e4ef3bd9c3 - test::run_test::{{closure}}::hfb2007f8649c30bb
[INFO] [stdout]                                at /rustc/6067b36314ab5eb2eb47cecc464545ba58e1ad24/library/test/src/lib.rs:576:43
[INFO] [stdout]   53:     0x58e4ef380aa5 - test::run_test::{{closure}}::h56a17aa7a282a9f4
[INFO] [stdout]                                at /rustc/6067b36314ab5eb2eb47cecc464545ba58e1ad24/library/test/src/lib.rs:606:41
[INFO] [stdout]   54:     0x58e4ef380aa5 - std::sys::backtrace::__rust_begin_short_backtrace::hd2d2d2fb8e8c6aac
[INFO] [stdout]                                at /rustc/6067b36314ab5eb2eb47cecc464545ba58e1ad24/library/std/src/sys/backtrace.rs:152:18
[INFO] [stdout]   55:     0x58e4ef38438a - std::thread::Builder::spawn_unchecked_::{{closure}}::{{closure}}::h4faa3f9db6133423
[INFO] [stdout]                                at /rustc/6067b36314ab5eb2eb47cecc464545ba58e1ad24/library/std/src/thread/mod.rs:559:17
[INFO] [stdout]   56:     0x58e4ef38438a - <core::panic::unwind_safe::AssertUnwindSafe<F> as core::ops::function::FnOnce<()>>::call_once::hf2e855a36a4ea846
[INFO] [stdout]                                at /rustc/6067b36314ab5eb2eb47cecc464545ba58e1ad24/library/core/src/panic/unwind_safe.rs:272:9
[INFO] [stdout]   57:     0x58e4ef38438a - std::panicking::try::do_call::h2f73af3616c35465
[INFO] [stdout]                                at /rustc/6067b36314ab5eb2eb47cecc464545ba58e1ad24/library/std/src/panicking.rs:587:40
[INFO] [stdout]   58:     0x58e4ef38438a - std::panicking::try::hd1660ce9efadef5a
[INFO] [stdout]                                at /rustc/6067b36314ab5eb2eb47cecc464545ba58e1ad24/library/std/src/panicking.rs:550:19
[INFO] [stdout]   59:     0x58e4ef38438a - std::panic::catch_unwind::h5ee8d7823b8ca744
[INFO] [stdout]                                at /rustc/6067b36314ab5eb2eb47cecc464545ba58e1ad24/library/std/src/panic.rs:358:14
[INFO] [stdout]   60:     0x58e4ef38438a - std::thread::Builder::spawn_unchecked_::{{closure}}::h53c3a1894dce8407
[INFO] [stdout]                                at /rustc/6067b36314ab5eb2eb47cecc464545ba58e1ad24/library/std/src/thread/mod.rs:557:30
[INFO] [stdout]   61:     0x58e4ef38438a - core::ops::function::FnOnce::call_once{{vtable.shim}}::h048ce291ad4f62bf
[INFO] [stdout]                                at /rustc/6067b36314ab5eb2eb47cecc464545ba58e1ad24/library/core/src/ops/function.rs:250:5
[INFO] [stdout]   62:     0x58e4ef6579bb - <alloc::boxed::Box<F,A> as core::ops::function::FnOnce<Args>>::call_once::ha52bedf99a3b4981
[INFO] [stdout]                                at /rustc/6067b36314ab5eb2eb47cecc464545ba58e1ad24/library/alloc/src/boxed.rs:2013:9
[INFO] [stdout]   63:     0x58e4ef6579bb - <alloc::boxed::Box<F,A> as core::ops::function::FnOnce<Args>>::call_once::h567748934d80ccf8
[INFO] [stdout]                                at /rustc/6067b36314ab5eb2eb47cecc464545ba58e1ad24/library/alloc/src/boxed.rs:2013:9
[INFO] [stdout]   64:     0x58e4ef6579bb - std::sys::pal::unix::thread::Thread::new::thread_start::h2d970728ae887adc
[INFO] [stdout]                                at /rustc/6067b36314ab5eb2eb47cecc464545ba58e1ad24/library/std/src/sys/pal/unix/thread.rs:106:17
[INFO] [stdout]   65:     0x7dcaa0ed4ac3 - <unknown>
[INFO] [stdout]   66:     0x7dcaa0f65a04 - clone
[INFO] [stdout]   67:                0x0 - <unknown>
[INFO] [stdout] 
[INFO] [stdout] ---- test_scheduled stdout ----
[INFO] [stdout] 
[INFO] [stdout] thread 'test_scheduled' panicked at /opt/rustwide/cargo-home/registry/src/index.crates.io-1949cf8c6b5b557f/testcontainers-0.12.0/src/clients/cli.rs:145:9:
[INFO] [stdout] failed to start container
[INFO] [stdout] stack backtrace:
[INFO] [stdout]    0:     0x58e4ef650e5a - std::backtrace_rs::backtrace::libunwind::trace::hb059275cfc8d6126
[INFO] [stdout]                                at /rustc/6067b36314ab5eb2eb47cecc464545ba58e1ad24/library/std/src/../../backtrace/src/backtrace/libunwind.rs:116:5
[INFO] [stdout]    1:     0x58e4ef650e5a - std::backtrace_rs::backtrace::trace_unsynchronized::h2da071e4327ce3ee
[INFO] [stdout]                                at /rustc/6067b36314ab5eb2eb47cecc464545ba58e1ad24/library/std/src/../../backtrace/src/backtrace/mod.rs:66:5
[INFO] [stdout]    2:     0x58e4ef650e5a - std::sys::backtrace::_print_fmt::h842a1474e6f8d23f
[INFO] [stdout]                                at /rustc/6067b36314ab5eb2eb47cecc464545ba58e1ad24/library/std/src/sys/backtrace.rs:66:9
[INFO] [stdout]    3:     0x58e4ef650e5a - <std::sys::backtrace::BacktraceLock::print::DisplayBacktrace as core::fmt::Display>::fmt::h71a62eb3b9696b12
[INFO] [stdout]                                at /rustc/6067b36314ab5eb2eb47cecc464545ba58e1ad24/library/std/src/sys/backtrace.rs:39:26
[INFO] [stdout]    4:     0x58e4ef67af53 - core::fmt::rt::Argument::fmt::hdb6b616786b41dc1
[INFO] [stdout]                                at /rustc/6067b36314ab5eb2eb47cecc464545ba58e1ad24/library/core/src/fmt/rt.rs:177:76
[INFO] [stdout]    5:     0x58e4ef67af53 - core::fmt::write::h2cc1698af7e2d686
[INFO] [stdout]                                at /rustc/6067b36314ab5eb2eb47cecc464545ba58e1ad24/library/core/src/fmt/mod.rs:1440:21
[INFO] [stdout]    6:     0x58e4ef64cb63 - std::io::Write::write_fmt::hab1b4cd059a79022
[INFO] [stdout]                                at /rustc/6067b36314ab5eb2eb47cecc464545ba58e1ad24/library/std/src/io/mod.rs:1887:15
[INFO] [stdout]    7:     0x58e4ef650ca2 - std::sys::backtrace::BacktraceLock::print::h147fe35b4ea13b08
[INFO] [stdout]                                at /rustc/6067b36314ab5eb2eb47cecc464545ba58e1ad24/library/std/src/sys/backtrace.rs:42:9
[INFO] [stdout]    8:     0x58e4ef6522ff - std::panicking::default_hook::{{closure}}::hbd44223dbdc0d208
[INFO] [stdout]                                at /rustc/6067b36314ab5eb2eb47cecc464545ba58e1ad24/library/std/src/panicking.rs:298:22
[INFO] [stdout]    9:     0x58e4ef652118 - std::panicking::default_hook::h20f81eb0576efcec
[INFO] [stdout]                                at /rustc/6067b36314ab5eb2eb47cecc464545ba58e1ad24/library/std/src/panicking.rs:322:9
[INFO] [stdout]   10:     0x58e4ef3b9333 - <alloc::boxed::Box<F,A> as core::ops::function::Fn<Args>>::call::hdb53814c496a4d34
[INFO] [stdout]                                at /rustc/6067b36314ab5eb2eb47cecc464545ba58e1ad24/library/alloc/src/boxed.rs:2027:9
[INFO] [stdout]   11:     0x58e4ef3b9333 - test::test_main::{{closure}}::hc0a4963c59427c24
[INFO] [stdout]                                at /rustc/6067b36314ab5eb2eb47cecc464545ba58e1ad24/library/test/src/lib.rs:134:21
[INFO] [stdout]   12:     0x58e4ef652df3 - <alloc::boxed::Box<F,A> as core::ops::function::Fn<Args>>::call::h591b2225413a77e9
[INFO] [stdout]                                at /rustc/6067b36314ab5eb2eb47cecc464545ba58e1ad24/library/alloc/src/boxed.rs:2027:9
[INFO] [stdout]   13:     0x58e4ef652df3 - std::panicking::rust_panic_with_hook::h625eea43051b2edc
[INFO] [stdout]                                at /rustc/6067b36314ab5eb2eb47cecc464545ba58e1ad24/library/std/src/panicking.rs:839:13
[INFO] [stdout]   14:     0x58e4ef652bfc - std::panicking::begin_panic::{{closure}}::hb6f83f64bbc6469c
[INFO] [stdout]                                at /rustc/6067b36314ab5eb2eb47cecc464545ba58e1ad24/library/std/src/panicking.rs:768:9
[INFO] [stdout]   15:     0x58e4ef651369 - std::sys::backtrace::__rust_end_short_backtrace::h892ae3ae8be3daf3
[INFO] [stdout]                                at /rustc/6067b36314ab5eb2eb47cecc464545ba58e1ad24/library/std/src/sys/backtrace.rs:168:18
[INFO] [stdout]   16:     0x58e4ef652b02 - std::panicking::begin_panic::h855074417e0a5787
[INFO] [stdout]                                at /rustc/6067b36314ab5eb2eb47cecc464545ba58e1ad24/library/std/src/panicking.rs:767:5
[INFO] [stdout]   17:     0x58e4ef379f24 - <testcontainers::clients::cli::Cli as testcontainers::core::docker::Docker>::run_with_args::hb202185bf07184cf
[INFO] [stdout]                                at /opt/rustwide/cargo-home/registry/src/index.crates.io-1949cf8c6b5b557f/testcontainers-0.12.0/src/clients/cli.rs:145:9
[INFO] [stdout]   18:     0x58e4ef37a27b - <testcontainers::clients::cli::Cli as testcontainers::core::docker::Docker>::run::h4758f46c0db1866a
[INFO] [stdout]                                at /opt/rustwide/cargo-home/registry/src/index.crates.io-1949cf8c6b5b557f/testcontainers-0.12.0/src/clients/cli.rs:122:9
[INFO] [stdout]   19:     0x58e4ef3609f5 - test_broker::test_scheduled::{{closure}}::hb5a3e7fe07013a75
[INFO] [stdout]                                at /opt/rustwide/workdir/ironworker-redis/tests/test_broker.rs:142:16
[INFO] [stdout]   20:     0x58e4ef3720d2 - <core::pin::Pin<P> as core::future::future::Future>::poll::h00bb9d842db846be
[INFO] [stdout]                                at /rustc/6067b36314ab5eb2eb47cecc464545ba58e1ad24/library/core/src/future/future.rs:124:9
[INFO] [stdout]   21:     0x58e4ef37216d - <core::pin::Pin<P> as core::future::future::Future>::poll::h12d870191122da7d
[INFO] [stdout]                                at /rustc/6067b36314ab5eb2eb47cecc464545ba58e1ad24/library/core/src/future/future.rs:124:9
[INFO] [stdout]   22:     0x58e4ef37e1ff - tokio::runtime::scheduler::current_thread::CoreGuard::block_on::{{closure}}::{{closure}}::{{closure}}::h9ee3e71158a056d5
[INFO] [stdout]                                at /opt/rustwide/cargo-home/registry/src/index.crates.io-1949cf8c6b5b557f/tokio-1.43.0/src/runtime/scheduler/current_thread/mod.rs:729:57
[INFO] [stdout]   23:     0x58e4ef37e105 - tokio::runtime::coop::with_budget::hbaec9d6f2dc91351
[INFO] [stdout]                                at /opt/rustwide/cargo-home/registry/src/index.crates.io-1949cf8c6b5b557f/tokio-1.43.0/src/runtime/coop.rs:107:5
[INFO] [stdout]   24:     0x58e4ef37e105 - tokio::runtime::coop::budget::h79f20bbe4a21510b
[INFO] [stdout]                                at /opt/rustwide/cargo-home/registry/src/index.crates.io-1949cf8c6b5b557f/tokio-1.43.0/src/runtime/coop.rs:73:5
[INFO] [stdout]   25:     0x58e4ef37e105 - tokio::runtime::scheduler::current_thread::CoreGuard::block_on::{{closure}}::{{closure}}::hf8eabcc351d35d68
[INFO] [stdout]                                at /opt/rustwide/cargo-home/registry/src/index.crates.io-1949cf8c6b5b557f/tokio-1.43.0/src/runtime/scheduler/current_thread/mod.rs:729:25
[INFO] [stdout]   26:     0x58e4ef37bd40 - tokio::runtime::scheduler::current_thread::Context::enter::hfeb35ff88d03b04b
[INFO] [stdout]                                at /opt/rustwide/cargo-home/registry/src/index.crates.io-1949cf8c6b5b557f/tokio-1.43.0/src/runtime/scheduler/current_thread/mod.rs:428:19
[INFO] [stdout]   27:     0x58e4ef37d7ae - tokio::runtime::scheduler::current_thread::CoreGuard::block_on::{{closure}}::h97d14f6f955a05dd
[INFO] [stdout]                                at /opt/rustwide/cargo-home/registry/src/index.crates.io-1949cf8c6b5b557f/tokio-1.43.0/src/runtime/scheduler/current_thread/mod.rs:728:36
[INFO] [stdout]   28:     0x58e4ef37cc04 - tokio::runtime::scheduler::current_thread::CoreGuard::enter::{{closure}}::h05484c10794f7d54
[INFO] [stdout]                                at /opt/rustwide/cargo-home/registry/src/index.crates.io-1949cf8c6b5b557f/tokio-1.43.0/src/runtime/scheduler/current_thread/mod.rs:807:68
[INFO] [stdout]   29:     0x58e4ef3701cb - tokio::runtime::context::scoped::Scoped<T>::set::hc282f3bf048a06bd
[INFO] [stdout]                                at /opt/rustwide/cargo-home/registry/src/index.crates.io-1949cf8c6b5b557f/tokio-1.43.0/src/runtime/context/scoped.rs:40:9
[INFO] [stdout]   30:     0x58e4ef378889 - tokio::runtime::context::set_scheduler::{{closure}}::h4911a5ecc4da8e93
[INFO] [stdout]                                at /opt/rustwide/cargo-home/registry/src/index.crates.io-1949cf8c6b5b557f/tokio-1.43.0/src/runtime/context.rs:180:26
[INFO] [stdout]   31:     0x58e4ef365ae2 - std::thread::local::LocalKey<T>::try_with::h032599c80c635e4b
[INFO] [stdout]                                at /rustc/6067b36314ab5eb2eb47cecc464545ba58e1ad24/library/std/src/thread/local.rs:308:12
[INFO] [stdout]   32:     0x58e4ef36597a - std::thread::local::LocalKey<T>::with::ha95646905f09eff0
[INFO] [stdout]                                at /rustc/6067b36314ab5eb2eb47cecc464545ba58e1ad24/library/std/src/thread/local.rs:272:9
[INFO] [stdout]   33:     0x58e4ef3787fd - tokio::runtime::context::set_scheduler::h0cbdd0eb23f651ac
[INFO] [stdout]                                at /opt/rustwide/cargo-home/registry/src/index.crates.io-1949cf8c6b5b557f/tokio-1.43.0/src/runtime/context.rs:180:9
[INFO] [stdout]   34:     0x58e4ef37c9b0 - tokio::runtime::scheduler::current_thread::CoreGuard::enter::hf3637158214c461f
[INFO] [stdout]                                at /opt/rustwide/cargo-home/registry/src/index.crates.io-1949cf8c6b5b557f/tokio-1.43.0/src/runtime/scheduler/current_thread/mod.rs:807:27
[INFO] [stdout]   35:     0x58e4ef37cca3 - tokio::runtime::scheduler::current_thread::CoreGuard::block_on::hccf007fad9d386d2
[INFO] [stdout]                                at /opt/rustwide/cargo-home/registry/src/index.crates.io-1949cf8c6b5b557f/tokio-1.43.0/src/runtime/scheduler/current_thread/mod.rs:716:19
[INFO] [stdout]   36:     0x58e4ef37aeba - tokio::runtime::scheduler::current_thread::CurrentThread::block_on::{{closure}}::h3376dc1b6a8096ee
[INFO] [stdout]                                at /opt/rustwide/cargo-home/registry/src/index.crates.io-1949cf8c6b5b557f/tokio-1.43.0/src/runtime/scheduler/current_thread/mod.rs:196:28
[INFO] [stdout]   37:     0x58e4ef370346 - tokio::runtime::context::runtime::enter_runtime::h59563155e811dff7
[INFO] [stdout]                                at /opt/rustwide/cargo-home/registry/src/index.crates.io-1949cf8c6b5b557f/tokio-1.43.0/src/runtime/context/runtime.rs:65:16
[INFO] [stdout]   38:     0x58e4ef37a7e1 - tokio::runtime::scheduler::current_thread::CurrentThread::block_on::h9f2efaa2457947a5
[INFO] [stdout]                                at /opt/rustwide/cargo-home/registry/src/index.crates.io-1949cf8c6b5b557f/tokio-1.43.0/src/runtime/scheduler/current_thread/mod.rs:184:9
[INFO] [stdout]   39:     0x58e4ef371343 - tokio::runtime::runtime::Runtime::block_on_inner::h1ad87cbbfaa722a4
[INFO] [stdout]                                at /opt/rustwide/cargo-home/registry/src/index.crates.io-1949cf8c6b5b557f/tokio-1.43.0/src/runtime/runtime.rs:368:47
[INFO] [stdout]   40:     0x58e4ef371647 - tokio::runtime::runtime::Runtime::block_on::hc6ace936d94aa310
[INFO] [stdout]                                at /opt/rustwide/cargo-home/registry/src/index.crates.io-1949cf8c6b5b557f/tokio-1.43.0/src/runtime/runtime.rs:342:13
[INFO] [stdout]   41:     0x58e4ef3607c1 - test_broker::test_scheduled::h1fc9f60468f20d3f
[INFO] [stdout]                                at /opt/rustwide/workdir/ironworker-redis/tests/test_broker.rs:169:5
[INFO] [stdout]   42:     0x58e4ef360667 - test_broker::test_scheduled::{{closure}}::h9b9517ebfaca9e02
[INFO] [stdout]                                at /opt/rustwide/workdir/ironworker-redis/tests/test_broker.rs:140:26
[INFO] [stdout]   43:     0x58e4ef358fd6 - core::ops::function::FnOnce::call_once::h8490880294e68e1a
[INFO] [stdout]                                at /rustc/6067b36314ab5eb2eb47cecc464545ba58e1ad24/library/core/src/ops/function.rs:250:5
[INFO] [stdout]   44:     0x58e4ef3bea8b - core::ops::function::FnOnce::call_once::he27718dfdd183f43
[INFO] [stdout]                                at /rustc/6067b36314ab5eb2eb47cecc464545ba58e1ad24/library/core/src/ops/function.rs:250:5
[INFO] [stdout]   45:     0x58e4ef3bea8b - test::__rust_begin_short_backtrace::h4e84902998457a5d
[INFO] [stdout]                                at /rustc/6067b36314ab5eb2eb47cecc464545ba58e1ad24/library/test/src/lib.rs:632:18
[INFO] [stdout]   46:     0x58e4ef3bd9c3 - test::run_test_in_process::{{closure}}::h7176fd18fc1feca0
[INFO] [stdout]                                at /rustc/6067b36314ab5eb2eb47cecc464545ba58e1ad24/library/test/src/lib.rs:655:60
[INFO] [stdout]   47:     0x58e4ef3bd9c3 - <core::panic::unwind_safe::AssertUnwindSafe<F> as core::ops::function::FnOnce<()>>::call_once::hf79cff2a624d8cf7
[INFO] [stdout]                                at /rustc/6067b36314ab5eb2eb47cecc464545ba58e1ad24/library/core/src/panic/unwind_safe.rs:272:9
[INFO] [stdout]   48:     0x58e4ef3bd9c3 - std::panicking::try::do_call::h3da0561d9ab99c25
[INFO] [stdout]                                at /rustc/6067b36314ab5eb2eb47cecc464545ba58e1ad24/library/std/src/panicking.rs:587:40
[INFO] [stdout]   49:     0x58e4ef3bd9c3 - std::panicking::try::h41c9fa508bc61df6
[INFO] [stdout]                                at /rustc/6067b36314ab5eb2eb47cecc464545ba58e1ad24/library/std/src/panicking.rs:550:19
[INFO] [stdout]   50:     0x58e4ef3bd9c3 - std::panic::catch_unwind::h6b3ff07bb5afad93
[INFO] [stdout]                                at /rustc/6067b36314ab5eb2eb47cecc464545ba58e1ad24/library/std/src/panic.rs:358:14
[INFO] [stdout]   51:     0x58e4ef3bd9c3 - test::run_test_in_process::hc7253dd11b39b9f4
[INFO] [stdout]                                at /rustc/6067b36314ab5eb2eb47cecc464545ba58e1ad24/library/test/src/lib.rs:655:27
[INFO] [stdout]   52:     0x58e4ef3bd9c3 - test::run_test::{{closure}}::hfb2007f8649c30bb
[INFO] [stdout]                                at /rustc/6067b36314ab5eb2eb47cecc464545ba58e1ad24/library/test/src/lib.rs:576:43
[INFO] [stdout]   53:     0x58e4ef380aa5 - test::run_test::{{closure}}::h56a17aa7a282a9f4
[INFO] [stdout]                                at /rustc/6067b36314ab5eb2eb47cecc464545ba58e1ad24/library/test/src/lib.rs:606:41
[INFO] [stdout]   54:     0x58e4ef380aa5 - std::sys::backtrace::__rust_begin_short_backtrace::hd2d2d2fb8e8c6aac
[INFO] [stdout]                                at /rustc/6067b36314ab5eb2eb47cecc464545ba58e1ad24/library/std/src/sys/backtrace.rs:152:18
[INFO] [stdout]   55:     0x58e4ef38438a - std::thread::Builder::spawn_unchecked_::{{closure}}::{{closure}}::h4faa3f9db6133423
[INFO] [stdout]                                at /rustc/6067b36314ab5eb2eb47cecc464545ba58e1ad24/library/std/src/thread/mod.rs:559:17
[INFO] [stdout]   56:     0x58e4ef38438a - <core::panic::unwind_safe::AssertUnwindSafe<F> as core::ops::function::FnOnce<()>>::call_once::hf2e855a36a4ea846
[INFO] [stdout]                                at /rustc/6067b36314ab5eb2eb47cecc464545ba58e1ad24/library/core/src/panic/unwind_safe.rs:272:9
[INFO] [stdout]   57:     0x58e4ef38438a - std::panicking::try::do_call::h2f73af3616c35465
[INFO] [stdout]                                at /rustc/6067b36314ab5eb2eb47cecc464545ba58e1ad24/library/std/src/panicking.rs:587:40
[INFO] [stdout]   58:     0x58e4ef38438a - std::panicking::try::hd1660ce9efadef5a
[INFO] [stdout]                                at /rustc/6067b36314ab5eb2eb47cecc464545ba58e1ad24/library/std/src/panicking.rs:550:19
[INFO] [stdout]   59:     0x58e4ef38438a - std::panic::catch_unwind::h5ee8d7823b8ca744
[INFO] [stdout]                                at /rustc/6067b36314ab5eb2eb47cecc464545ba58e1ad24/library/std/src/panic.rs:358:14
[INFO] [stdout]   60:     0x58e4ef38438a - std::thread::Builder::spawn_unchecked_::{{closure}}::h53c3a1894dce8407
[INFO] [stdout]                                at /rustc/6067b36314ab5eb2eb47cecc464545ba58e1ad24/library/std/src/thread/mod.rs:557:30
[INFO] [stdout]   61:     0x58e4ef38438a - core::ops::function::FnOnce::call_once{{vtable.shim}}::h048ce291ad4f62bf
[INFO] [stdout]                                at /rustc/6067b36314ab5eb2eb47cecc464545ba58e1ad24/library/core/src/ops/function.rs:250:5
[INFO] [stdout]   62:     0x58e4ef6579bb - <alloc::boxed::Box<F,A> as core::ops::function::FnOnce<Args>>::call_once::ha52bedf99a3b4981
[INFO] [stdout]                                at /rustc/6067b36314ab5eb2eb47cecc464545ba58e1ad24/library/alloc/src/boxed.rs:2013:9
[INFO] [stdout]   63:     0x58e4ef6579bb - <alloc::boxed::Box<F,A> as core::ops::function::FnOnce<Args>>::call_once::h567748934d80ccf8
[INFO] [stdout]                                at /rustc/6067b36314ab5eb2eb47cecc464545ba58e1ad24/library/alloc/src/boxed.rs:2013:9
[INFO] [stdout]   64:     0x58e4ef6579bb - std::sys::pal::unix::thread::Thread::new::thread_start::h2d970728ae887adc
[INFO] [stdout]                                at /rustc/6067b36314ab5eb2eb47cecc464545ba58e1ad24/library/std/src/sys/pal/unix/thread.rs:106:17
[INFO] [stdout]   65:     0x7dcaa0ed4ac3 - <unknown>
[INFO] [stdout]   66:     0x7dcaa0f65a04 - clone
[INFO] [stdout]   67:                0x0 - <unknown>
[INFO] [stdout] 
[INFO] [stdout] ---- test_dequeue_no_message stdout ----
[INFO] [stdout] 
[INFO] [stdout] thread 'test_dequeue_no_message' panicked at /opt/rustwide/cargo-home/registry/src/index.crates.io-1949cf8c6b5b557f/testcontainers-0.12.0/src/clients/cli.rs:145:9:
[INFO] [stdout] failed to start container
[INFO] [stdout] stack backtrace:
[INFO] [stdout]    0:     0x58e4ef650e5a - std::backtrace_rs::backtrace::libunwind::trace::hb059275cfc8d6126
[INFO] [stdout]                                at /rustc/6067b36314ab5eb2eb47cecc464545ba58e1ad24/library/std/src/../../backtrace/src/backtrace/libunwind.rs:116:5
[INFO] [stdout]    1:     0x58e4ef650e5a - std::backtrace_rs::backtrace::trace_unsynchronized::h2da071e4327ce3ee
[INFO] [stdout]                                at /rustc/6067b36314ab5eb2eb47cecc464545ba58e1ad24/library/std/src/../../backtrace/src/backtrace/mod.rs:66:5
[INFO] [stdout]    2:     0x58e4ef650e5a - std::sys::backtrace::_print_fmt::h842a1474e6f8d23f
[INFO] [stdout]                                at /rustc/6067b36314ab5eb2eb47cecc464545ba58e1ad24/library/std/src/sys/backtrace.rs:66:9
[INFO] [stdout]    3:     0x58e4ef650e5a - <std::sys::backtrace::BacktraceLock::print::DisplayBacktrace as core::fmt::Display>::fmt::h71a62eb3b9696b12
[INFO] [stdout]                                at /rustc/6067b36314ab5eb2eb47cecc464545ba58e1ad24/library/std/src/sys/backtrace.rs:39:26
[INFO] [stdout]    4:     0x58e4ef67af53 - core::fmt::rt::Argument::fmt::hdb6b616786b41dc1
[INFO] [stdout]                                at /rustc/6067b36314ab5eb2eb47cecc464545ba58e1ad24/library/core/src/fmt/rt.rs:177:76
[INFO] [stdout]    5:     0x58e4ef67af53 - core::fmt::write::h2cc1698af7e2d686
[INFO] [stdout]                                at /rustc/6067b36314ab5eb2eb47cecc464545ba58e1ad24/library/core/src/fmt/mod.rs:1440:21
[INFO] [stdout]    6:     0x58e4ef64cb63 - std::io::Write::write_fmt::hab1b4cd059a79022
[INFO] [stdout]                                at /rustc/6067b36314ab5eb2eb47cecc464545ba58e1ad24/library/std/src/io/mod.rs:1887:15
[INFO] [stdout]    7:     0x58e4ef650ca2 - std::sys::backtrace::BacktraceLock::print::h147fe35b4ea13b08
[INFO] [stdout]                                at /rustc/6067b36314ab5eb2eb47cecc464545ba58e1ad24/library/std/src/sys/backtrace.rs:42:9
[INFO] [stdout]    8:     0x58e4ef6522ff - std::panicking::default_hook::{{closure}}::hbd44223dbdc0d208
[INFO] [stdout]                                at /rustc/6067b36314ab5eb2eb47cecc464545ba58e1ad24/library/std/src/panicking.rs:298:22
[INFO] [stdout]    9:     0x58e4ef652118 - std::panicking::default_hook::h20f81eb0576efcec
[INFO] [stdout]                                at /rustc/6067b36314ab5eb2eb47cecc464545ba58e1ad24/library/std/src/panicking.rs:322:9
[INFO] [stdout]   10:     0x58e4ef3b9333 - <alloc::boxed::Box<F,A> as core::ops::function::Fn<Args>>::call::hdb53814c496a4d34
[INFO] [stdout]                                at /rustc/6067b36314ab5eb2eb47cecc464545ba58e1ad24/library/alloc/src/boxed.rs:2027:9
[INFO] [stdout]   11:     0x58e4ef3b9333 - test::test_main::{{closure}}::hc0a4963c59427c24
[INFO] [stdout]                                at /rustc/6067b36314ab5eb2eb47cecc464545ba58e1ad24/library/test/src/lib.rs:134:21
[INFO] [stdout]   12:     0x58e4ef652df3 - <alloc::boxed::Box<F,A> as core::ops::function::Fn<Args>>::call::h591b2225413a77e9
[INFO] [stdout]                                at /rustc/6067b36314ab5eb2eb47cecc464545ba58e1ad24/library/alloc/src/boxed.rs:2027:9
[INFO] [stdout]   13:     0x58e4ef652df3 - std::panicking::rust_panic_with_hook::h625eea43051b2edc
[INFO] [stdout]                                at /rustc/6067b36314ab5eb2eb47cecc464545ba58e1ad24/library/std/src/panicking.rs:839:13
[INFO] [stdout]   14:     0x58e4ef652bfc - std::panicking::begin_panic::{{closure}}::hb6f83f64bbc6469c
[INFO] [stdout]                                at /rustc/6067b36314ab5eb2eb47cecc464545ba58e1ad24/library/std/src/panicking.rs:768:9
[INFO] [stdout]   15:     0x58e4ef651369 - std::sys::backtrace::__rust_end_short_backtrace::h892ae3ae8be3daf3
[INFO] [stdout]                                at /rustc/6067b36314ab5eb2eb47cecc464545ba58e1ad24/library/std/src/sys/backtrace.rs:168:18
[INFO] [stdout]   16:     0x58e4ef652b02 - std::panicking::begin_panic::h855074417e0a5787
[INFO] [stdout]                                at /rustc/6067b36314ab5eb2eb47cecc464545ba58e1ad24/library/std/src/panicking.rs:767:5
[INFO] [stdout]   17:     0x58e4ef379f24 - <testcontainers::clients::cli::Cli as testcontainers::core::docker::Docker>::run_with_args::hb202185bf07184cf
[INFO] [stdout]                                at /opt/rustwide/cargo-home/registry/src/index.crates.io-1949cf8c6b5b557f/testcontainers-0.12.0/src/clients/cli.rs:145:9
[INFO] [stdout]   18:     0x58e4ef37a27b - <testcontainers::clients::cli::Cli as testcontainers::core::docker::Docker>::run::h4758f46c0db1866a
[INFO] [stdout]                                at /opt/rustwide/cargo-home/registry/src/index.crates.io-1949cf8c6b5b557f/testcontainers-0.12.0/src/clients/cli.rs:122:9
[INFO] [stdout]   19:     0x58e4ef35e8dc - test_broker::test_dequeue_no_message::{{closure}}::h9b08d34a85b6eeec
[INFO] [stdout]                                at /opt/rustwide/workdir/ironworker-redis/tests/test_broker.rs:91:16
[INFO] [stdout]   20:     0x58e4ef3720d2 - <core::pin::Pin<P> as core::future::future::Future>::poll::h00bb9d842db846be
[INFO] [stdout]                                at /rustc/6067b36314ab5eb2eb47cecc464545ba58e1ad24/library/core/src/future/future.rs:124:9
[INFO] [stdout]   21:     0x58e4ef37216d - <core::pin::Pin<P> as core::future::future::Future>::poll::h12d870191122da7d
[INFO] [stdout]                                at /rustc/6067b36314ab5eb2eb47cecc464545ba58e1ad24/library/core/src/future/future.rs:124:9
[INFO] [stdout]   22:     0x58e4ef37e1ff - tokio::runtime::scheduler::current_thread::CoreGuard::block_on::{{closure}}::{{closure}}::{{closure}}::h9ee3e71158a056d5
[INFO] [stdout]                                at /opt/rustwide/cargo-home/registry/src/index.crates.io-1949cf8c6b5b557f/tokio-1.43.0/src/runtime/scheduler/current_thread/mod.rs:729:57
[INFO] [stdout]   23:     0x58e4ef37e105 - tokio::runtime::coop::with_budget::hbaec9d6f2dc91351
[INFO] [stdout]                                at /opt/rustwide/cargo-home/registry/src/index.crates.io-1949cf8c6b5b557f/tokio-1.43.0/src/runtime/coop.rs:107:5
[INFO] [stdout]   24:     0x58e4ef37e105 - tokio::runtime::coop::budget::h79f20bbe4a21510b
[INFO] [stdout]                                at /opt/rustwide/cargo-home/registry/src/index.crates.io-1949cf8c6b5b557f/tokio-1.43.0/src/runtime/coop.rs:73:5
[INFO] [stdout]   25:     0x58e4ef37e105 - tokio::runtime::scheduler::current_thread::CoreGuard::block_on::{{closure}}::{{closure}}::hf8eabcc351d35d68
[INFO] [stdout]                                at /opt/rustwide/cargo-home/registry/src/index.crates.io-1949cf8c6b5b557f/tokio-1.43.0/src/runtime/scheduler/current_thread/mod.rs:729:25
[INFO] [stdout]   26:     0x58e4ef37bd40 - tokio::runtime::scheduler::current_thread::Context::enter::hfeb35ff88d03b04b
[INFO] [stdout]                                at /opt/rustwide/cargo-home/registry/src/index.crates.io-1949cf8c6b5b557f/tokio-1.43.0/src/runtime/scheduler/current_thread/mod.rs:428:19
[INFO] [stdout]   27:     0x58e4ef37d7ae - tokio::runtime::scheduler::current_thread::CoreGuard::block_on::{{closure}}::h97d14f6f955a05dd
[INFO] [stdout]                                at /opt/rustwide/cargo-home/registry/src/index.crates.io-1949cf8c6b5b557f/tokio-1.43.0/src/runtime/scheduler/current_thread/mod.rs:728:36
[INFO] [stdout]   28:     0x58e4ef37cc04 - tokio::runtime::scheduler::current_thread::CoreGuard::enter::{{closure}}::h05484c10794f7d54
[INFO] [stdout]                                at /opt/rustwide/cargo-home/registry/src/index.crates.io-1949cf8c6b5b557f/tokio-1.43.0/src/runtime/scheduler/current_thread/mod.rs:807:68
[INFO] [stdout]   29:     0x58e4ef3701cb - tokio::runtime::context::scoped::Scoped<T>::set::hc282f3bf048a06bd
[INFO] [stdout]                                at /opt/rustwide/cargo-home/registry/src/index.crates.io-1949cf8c6b5b557f/tokio-1.43.0/src/runtime/context/scoped.rs:40:9
[INFO] [stdout]   30:     0x58e4ef378889 - tokio::runtime::context::set_scheduler::{{closure}}::h4911a5ecc4da8e93
[INFO] [stdout]                                at /opt/rustwide/cargo-home/registry/src/index.crates.io-1949cf8c6b5b557f/tokio-1.43.0/src/runtime/context.rs:180:26
[INFO] [stdout]   31:     0x58e4ef365ae2 - std::thread::local::LocalKey<T>::try_with::h032599c80c635e4b
[INFO] [stdout]                                at /rustc/6067b36314ab5eb2eb47cecc464545ba58e1ad24/library/std/src/thread/local.rs:308:12
[INFO] [stdout]   32:     0x58e4ef36597a - std::thread::local::LocalKey<T>::with::ha95646905f09eff0
[INFO] [stdout]                                at /rustc/6067b36314ab5eb2eb47cecc464545ba58e1ad24/library/std/src/thread/local.rs:272:9
[INFO] [stdout]   33:     0x58e4ef3787fd - tokio::runtime::context::set_scheduler::h0cbdd0eb23f651ac
[INFO] [stdout]                                at /opt/rustwide/cargo-home/registry/src/index.crates.io-1949cf8c6b5b557f/tokio-1.43.0/src/runtime/context.rs:180:9
[INFO] [stdout]   34:     0x58e4ef37c9b0 - tokio::runtime::scheduler::current_thread::CoreGuard::enter::hf3637158214c461f
[INFO] [stdout]                                at /opt/rustwide/cargo-home/registry/src/index.crates.io-1949cf8c6b5b557f/tokio-1.43.0/src/runtime/scheduler/current_thread/mod.rs:807:27
[INFO] [stdout]   35:     0x58e4ef37cca3 - tokio::runtime::scheduler::current_thread::CoreGuard::block_on::hccf007fad9d386d2
[INFO] [stdout]                                at /opt/rustwide/cargo-home/registry/src/index.crates.io-1949cf8c6b5b557f/tokio-1.43.0/src/runtime/scheduler/current_thread/mod.rs:716:19
[INFO] [stdout]   36:     0x58e4ef37aeba - tokio::runtime::scheduler::current_thread::CurrentThread::block_on::{{closure}}::h3376dc1b6a8096ee
[INFO] [stdout]                                at /opt/rustwide/cargo-home/registry/src/index.crates.io-1949cf8c6b5b557f/tokio-1.43.0/src/runtime/scheduler/current_thread/mod.rs:196:28
[INFO] [stdout]   37:     0x58e4ef370346 - tokio::runtime::context::runtime::enter_runtime::h59563155e811dff7
[INFO] [stdout]                                at /opt/rustwide/cargo-home/registry/src/index.crates.io-1949cf8c6b5b557f/tokio-1.43.0/src/runtime/context/runtime.rs:65:16
[INFO] [stdout]   38:     0x58e4ef37a7e1 - tokio::runtime::scheduler::current_thread::CurrentThread::block_on::h9f2efaa2457947a5
[INFO] [stdout]                                at /opt/rustwide/cargo-home/registry/src/index.crates.io-1949cf8c6b5b557f/tokio-1.43.0/src/runtime/scheduler/current_thread/mod.rs:184:9
[INFO] [stdout]   39:     0x58e4ef371343 - tokio::runtime::runtime::Runtime::block_on_inner::h1ad87cbbfaa722a4
[INFO] [stdout]                                at /opt/rustwide/cargo-home/registry/src/index.crates.io-1949cf8c6b5b557f/tokio-1.43.0/src/runtime/runtime.rs:368:47
[INFO] [stdout]   40:     0x58e4ef371647 - tokio::runtime::runtime::Runtime::block_on::hc6ace936d94aa310
[INFO] [stdout]                                at /opt/rustwide/cargo-home/registry/src/index.crates.io-1949cf8c6b5b557f/tokio-1.43.0/src/runtime/runtime.rs:342:13
[INFO] [stdout]   41:     0x58e4ef35e6d1 - test_broker::test_dequeue_no_message::h70d0cd22715038b5
[INFO] [stdout]                                at /opt/rustwide/workdir/ironworker-redis/tests/test_broker.rs:98:5
[INFO] [stdout]   42:     0x58e4ef35e577 - test_broker::test_dequeue_no_message::{{closure}}::hf694c0327698d09c
[INFO] [stdout]                                at /opt/rustwide/workdir/ironworker-redis/tests/test_broker.rs:89:35
[INFO] [stdout]   43:     0x58e4ef358eb6 - core::ops::function::FnOnce::call_once::h207cbaaa850358ae
[INFO] [stdout]                                at /rustc/6067b36314ab5eb2eb47cecc464545ba58e1ad24/library/core/src/ops/function.rs:250:5
[INFO] [stdout]   44:     0x58e4ef3bea8b - core::ops::function::FnOnce::call_once::he27718dfdd183f43
[INFO] [stdout]                                at /rustc/6067b36314ab5eb2eb47cecc464545ba58e1ad24/library/core/src/ops/function.rs:250:5
[INFO] [stdout]   45:     0x58e4ef3bea8b - test::__rust_begin_short_backtrace::h4e84902998457a5d
[INFO] [stdout]                                at /rustc/6067b36314ab5eb2eb47cecc464545ba58e1ad24/library/test/src/lib.rs:632:18
[INFO] [stdout]   46:     0x58e4ef3bd9c3 - test::run_test_in_process::{{closure}}::h7176fd18fc1feca0
[INFO] [stdout]                                at /rustc/6067b36314ab5eb2eb47cecc464545ba58e1ad24/library/test/src/lib.rs:655:60
[INFO] [stdout]   47:     0x58e4ef3bd9c3 - <core::panic::unwind_safe::AssertUnwindSafe<F> as core::ops::function::FnOnce<()>>::call_once::hf79cff2a624d8cf7
[INFO] [stdout]                                at /rustc/6067b36314ab5eb2eb47cecc464545ba58e1ad24/library/core/src/panic/unwind_safe.rs:272:9
[INFO] [stdout]   48:     0x58e4ef3bd9c3 - std::panicking::try::do_call::h3da0561d9ab99c25
[INFO] [stdout]                                at /rustc/6067b36314ab5eb2eb47cecc464545ba58e1ad24/library/std/src/panicking.rs:587:40
[INFO] [stdout]   49:     0x58e4ef3bd9c3 - std::panicking::try::h41c9fa508bc61df6
[INFO] [stdout]                                at /rustc/6067b36314ab5eb2eb47cecc464545ba58e1ad24/library/std/src/panicking.rs:550:19
[INFO] [stdout]   50:     0x58e4ef3bd9c3 - std::panic::catch_unwind::h6b3ff07bb5afad93
[INFO] [stdout]                                at /rustc/6067b36314ab5eb2eb47cecc464545ba58e1ad24/library/std/src/panic.rs:358:14
[INFO] [stdout]   51:     0x58e4ef3bd9c3 - test::run_test_in_process::hc7253dd11b39b9f4
[INFO] [stdout]                                at /rustc/6067b36314ab5eb2eb47cecc464545ba58e1ad24/library/test/src/lib.rs:655:27
[INFO] [stdout]   52:     0x58e4ef3bd9c3 - test::run_test::{{closure}}::hfb2007f8649c30bb
[INFO] [stdout]                                at /rustc/6067b36314ab5eb2eb47cecc464545ba58e1ad24/library/test/src/lib.rs:576:43
[INFO] [stdout]   53:     0x58e4ef380aa5 - test::run_test::{{closure}}::h56a17aa7a282a9f4
[INFO] [stdout]                                at /rustc/6067b36314ab5eb2eb47cecc464545ba58e1ad24/library/test/src/lib.rs:606:41
[INFO] [stdout]   54:     0x58e4ef380aa5 - std::sys::backtrace::__rust_begin_short_backtrace::hd2d2d2fb8e8c6aac
[INFO] [stdout]                                at /rustc/6067b36314ab5eb2eb47cecc464545ba58e1ad24/library/std/src/sys/backtrace.rs:152:18
[INFO] [stdout]   55:     0x58e4ef38438a - std::thread::Builder::spawn_unchecked_::{{closure}}::{{closure}}::h4faa3f9db6133423
[INFO] [stdout]                                at /rustc/6067b36314ab5eb2eb47cecc464545ba58e1ad24/library/std/src/thread/mod.rs:559:17
[INFO] [stdout]   56:     0x58e4ef38438a - <core::panic::unwind_safe::AssertUnwindSafe<F> as core::ops::function::FnOnce<()>>::call_once::hf2e855a36a4ea846
[INFO] [stdout]                                at /rustc/6067b36314ab5eb2eb47cecc464545ba58e1ad24/library/core/src/panic/unwind_safe.rs:272:9
[INFO] [stdout]   57:     0x58e4ef38438a - std::panicking::try::do_call::h2f73af3616c35465
[INFO] [stdout]                                at /rustc/6067b36314ab5eb2eb47cecc464545ba58e1ad24/library/std/src/panicking.rs:587:40
[INFO] [stdout]   58:     0x58e4ef38438a - std::panicking::try::hd1660ce9efadef5a
[INFO] [stdout]                                at /rustc/6067b36314ab5eb2eb47cecc464545ba58e1ad24/library/std/src/panicking.rs:550:19
[INFO] [stdout]   59:     0x58e4ef38438a - std::panic::catch_unwind::h5ee8d7823b8ca744
[INFO] [stdout]                                at /rustc/6067b36314ab5eb2eb47cecc464545ba58e1ad24/library/std/src/panic.rs:358:14
[INFO] [stdout]   60:     0x58e4ef38438a - std::thread::Builder::spawn_unchecked_::{{closure}}::h53c3a1894dce8407
[INFO] [stdout]                                at /rustc/6067b36314ab5eb2eb47cecc464545ba58e1ad24/library/std/src/thread/mod.rs:557:30
[INFO] [stdout]   61:     0x58e4ef38438a - core::ops::function::FnOnce::call_once{{vtable.shim}}::h048ce291ad4f62bf
[INFO] [stdout]                                at /rustc/6067b36314ab5eb2eb47cecc464545ba58e1ad24/library/core/src/ops/function.rs:250:5
[INFO] [stdout]   62:     0x58e4ef6579bb - <alloc::boxed::Box<F,A> as core::ops::function::FnOnce<Args>>::call_once::ha52bedf99a3b4981
[INFO] [stdout]                                at /rustc/6067b36314ab5eb2eb47cecc464545ba58e1ad24/library/alloc/src/boxed.rs:2013:9
[INFO] [stdout]   63:     0x58e4ef6579bb - <alloc::boxed::Box<F,A> as core::ops::function::FnOnce<Args>>::call_once::h567748934d80ccf8
[INFO] [stdout]                                at /rustc/6067b36314ab5eb2eb47cecc464545ba58e1ad24/library/alloc/src/boxed.rs:2013:9
[INFO] [stdout]   64:     0x58e4ef6579bb - std::sys::pal::unix::thread::Thread::new::thread_start::h2d970728ae887adc
[INFO] [stdout]                                at /rustc/6067b36314ab5eb2eb47cecc464545ba58e1ad24/library/std/src/sys/pal/unix/thread.rs:106:17
[INFO] [stdout]   65:     0x7dcaa0ed4ac3 - <unknown>
[INFO] [stdout]   66:     0x7dcaa0f65a04 - clone
[INFO] [stdout]   67:                0x0 - <unknown>
[INFO] [stdout] 
[INFO] [stdout] ---- test_enqueue stdout ----
[INFO] [stdout] 
[INFO] [stdout] thread 'test_enqueue' panicked at /opt/rustwide/cargo-home/registry/src/index.crates.io-1949cf8c6b5b557f/testcontainers-0.12.0/src/clients/cli.rs:145:9:
[INFO] [stdout] failed to start container
[INFO] [stdout] stack backtrace:
[INFO] [stdout]    0:     0x58e4ef650e5a - std::backtrace_rs::backtrace::libunwind::trace::hb059275cfc8d6126
[INFO] [stdout]                                at /rustc/6067b36314ab5eb2eb47cecc464545ba58e1ad24/library/std/src/../../backtrace/src/backtrace/libunwind.rs:116:5
[INFO] [stdout]    1:     0x58e4ef650e5a - std::backtrace_rs::backtrace::trace_unsynchronized::h2da071e4327ce3ee
[INFO] [stdout]                                at /rustc/6067b36314ab5eb2eb47cecc464545ba58e1ad24/library/std/src/../../backtrace/src/backtrace/mod.rs:66:5
[INFO] [stdout]    2:     0x58e4ef650e5a - std::sys::backtrace::_print_fmt::h842a1474e6f8d23f
[INFO] [stdout]                                at /rustc/6067b36314ab5eb2eb47cecc464545ba58e1ad24/library/std/src/sys/backtrace.rs:66:9
[INFO] [stdout]    3:     0x58e4ef650e5a - <std::sys::backtrace::BacktraceLock::print::DisplayBacktrace as core::fmt::Display>::fmt::h71a62eb3b9696b12
[INFO] [stdout]                                at /rustc/6067b36314ab5eb2eb47cecc464545ba58e1ad24/library/std/src/sys/backtrace.rs:39:26
[INFO] [stdout]    4:     0x58e4ef67af53 - core::fmt::rt::Argument::fmt::hdb6b616786b41dc1
[INFO] [stdout]                                at /rustc/6067b36314ab5eb2eb47cecc464545ba58e1ad24/library/core/src/fmt/rt.rs:177:76
[INFO] [stdout]    5:     0x58e4ef67af53 - core::fmt::write::h2cc1698af7e2d686
[INFO] [stdout]                                at /rustc/6067b36314ab5eb2eb47cecc464545ba58e1ad24/library/core/src/fmt/mod.rs:1440:21
[INFO] [stdout]    6:     0x58e4ef64cb63 - std::io::Write::write_fmt::hab1b4cd059a79022
[INFO] [stdout]                                at /rustc/6067b36314ab5eb2eb47cecc464545ba58e1ad24/library/std/src/io/mod.rs:1887:15
[INFO] [stdout]    7:     0x58e4ef650ca2 - std::sys::backtrace::BacktraceLock::print::h147fe35b4ea13b08
[INFO] [stdout]                                at /rustc/6067b36314ab5eb2eb47cecc464545ba58e1ad24/library/std/src/sys/backtrace.rs:42:9
[INFO] [stdout]    8:     0x58e4ef6522ff - std::panicking::default_hook::{{closure}}::hbd44223dbdc0d208
[INFO] [stdout]                                at /rustc/6067b36314ab5eb2eb47cecc464545ba58e1ad24/library/std/src/panicking.rs:298:22
[INFO] [stdout]    9:     0x58e4ef652118 - std::panicking::default_hook::h20f81eb0576efcec
[INFO] [stdout]                                at /rustc/6067b36314ab5eb2eb47cecc464545ba58e1ad24/library/std/src/panicking.rs:322:9
[INFO] [stdout]   10:     0x58e4ef3b9333 - <alloc::boxed::Box<F,A> as core::ops::function::Fn<Args>>::call::hdb53814c496a4d34
[INFO] [stdout]                                at /rustc/6067b36314ab5eb2eb47cecc464545ba58e1ad24/library/alloc/src/boxed.rs:2027:9
[INFO] [stdout]   11:     0x58e4ef3b9333 - test::test_main::{{closure}}::hc0a4963c59427c24
[INFO] [stdout]                                at /rustc/6067b36314ab5eb2eb47cecc464545ba58e1ad24/library/test/src/lib.rs:134:21
[INFO] [stdout]   12:     0x58e4ef652df3 - <alloc::boxed::Box<F,A> as core::ops::function::Fn<Args>>::call::h591b2225413a77e9
[INFO] [stdout]                                at /rustc/6067b36314ab5eb2eb47cecc464545ba58e1ad24/library/alloc/src/boxed.rs:2027:9
[INFO] [stdout]   13:     0x58e4ef652df3 - std::panicking::rust_panic_with_hook::h625eea43051b2edc
[INFO] [stdout]                                at /rustc/6067b36314ab5eb2eb47cecc464545ba58e1ad24/library/std/src/panicking.rs:839:13
[INFO] [stdout]   14:     0x58e4ef652bfc - std::panicking::begin_panic::{{closure}}::hb6f83f64bbc6469c
[INFO] [stdout]                                at /rustc/6067b36314ab5eb2eb47cecc464545ba58e1ad24/library/std/src/panicking.rs:768:9
[INFO] [stdout]   15:     0x58e4ef651369 - std::sys::backtrace::__rust_end_short_backtrace::h892ae3ae8be3daf3
[INFO] [stdout]                                at /rustc/6067b36314ab5eb2eb47cecc464545ba58e1ad24/library/std/src/sys/backtrace.rs:168:18
[INFO] [stdout]   16:     0x58e4ef652b02 - std::panicking::begin_panic::h855074417e0a5787
[INFO] [stdout]                                at /rustc/6067b36314ab5eb2eb47cecc464545ba58e1ad24/library/std/src/panicking.rs:767:5
[INFO] [stdout]   17:     0x58e4ef379f24 - <testcontainers::clients::cli::Cli as testcontainers::core::docker::Docker>::run_with_args::hb202185bf07184cf
[INFO] [stdout]                                at /opt/rustwide/cargo-home/registry/src/index.crates.io-1949cf8c6b5b557f/testcontainers-0.12.0/src/clients/cli.rs:145:9
[INFO] [stdout]   18:     0x58e4ef37a27b - <testcontainers::clients::cli::Cli as testcontainers::core::docker::Docker>::run::h4758f46c0db1866a
[INFO] [stdout]                                at /opt/rustwide/cargo-home/registry/src/index.crates.io-1949cf8c6b5b557f/testcontainers-0.12.0/src/clients/cli.rs:122:9
[INFO] [stdout]   19:     0x58e4ef35b81d - test_broker::test_enqueue::{{closure}}::h6555f04d2a555383
[INFO] [stdout]                                at /opt/rustwide/workdir/ironworker-redis/tests/test_broker.rs:13:16
[INFO] [stdout]   20:     0x58e4ef3720d2 - <core::pin::Pin<P> as core::future::future::Future>::poll::h00bb9d842db846be
[INFO] [stdout]                                at /rustc/6067b36314ab5eb2eb47cecc464545ba58e1ad24/library/core/src/future/future.rs:124:9
[INFO] [stdout]   21:     0x58e4ef37216d - <core::pin::Pin<P> as core::future::future::Future>::poll::h12d870191122da7d
[INFO] [stdout]                                at /rustc/6067b36314ab5eb2eb47cecc464545ba58e1ad24/library/core/src/future/future.rs:124:9
[INFO] [stdout]   22:     0x58e4ef37e1ff - tokio::runtime::scheduler::current_thread::CoreGuard::block_on::{{closure}}::{{closure}}::{{closure}}::h9ee3e71158a056d5
[INFO] [stdout]                                at /opt/rustwide/cargo-home/registry/src/index.crates.io-1949cf8c6b5b557f/tokio-1.43.0/src/runtime/scheduler/current_thread/mod.rs:729:57
[INFO] [stdout]   23:     0x58e4ef37e105 - tokio::runtime::coop::with_budget::hbaec9d6f2dc91351
[INFO] [stdout]                                at /opt/rustwide/cargo-home/registry/src/index.crates.io-1949cf8c6b5b557f/tokio-1.43.0/src/runtime/coop.rs:107:5
[INFO] [stdout]   24:     0x58e4ef37e105 - tokio::runtime::coop::budget::h79f20bbe4a21510b
[INFO] [stdout]                                at /opt/rustwide/cargo-home/registry/src/index.crates.io-1949cf8c6b5b557f/tokio-1.43.0/src/runtime/coop.rs:73:5
[INFO] [stdout]   25:     0x58e4ef37e105 - tokio::runtime::scheduler::current_thread::CoreGuard::block_on::{{closure}}::{{closure}}::hf8eabcc351d35d68
[INFO] [stdout]                                at /opt/rustwide/cargo-home/registry/src/index.crates.io-1949cf8c6b5b557f/tokio-1.43.0/src/runtime/scheduler/current_thread/mod.rs:729:25
[INFO] [stdout]   26:     0x58e4ef37bd40 - tokio::runtime::scheduler::current_thread::Context::enter::hfeb35ff88d03b04b
[INFO] [stdout]                                at /opt/rustwide/cargo-home/registry/src/index.crates.io-1949cf8c6b5b557f/tokio-1.43.0/src/runtime/scheduler/current_thread/mod.rs:428:19
[INFO] [stdout]   27:     0x58e4ef37d7ae - tokio::runtime::scheduler::current_thread::CoreGuard::block_on::{{closure}}::h97d14f6f955a05dd
[INFO] [stdout]                                at /opt/rustwide/cargo-home/registry/src/index.crates.io-1949cf8c6b5b557f/tokio-1.43.0/src/runtime/scheduler/current_thread/mod.rs:728:36
[INFO] [stdout]   28:     0x58e4ef37cc04 - tokio::runtime::scheduler::current_thread::CoreGuard::enter::{{closure}}::h05484c10794f7d54
[INFO] [stdout]                                at /opt/rustwide/cargo-home/registry/src/index.crates.io-1949cf8c6b5b557f/tokio-1.43.0/src/runtime/scheduler/current_thread/mod.rs:807:68
[INFO] [stdout]   29:     0x58e4ef3701cb - tokio::runtime::context::scoped::Scoped<T>::set::hc282f3bf048a06bd
[INFO] [stdout]                                at /opt/rustwide/cargo-home/registry/src/index.crates.io-1949cf8c6b5b557f/tokio-1.43.0/src/runtime/context/scoped.rs:40:9
[INFO] [stdout]   30:     0x58e4ef378889 - tokio::runtime::context::set_scheduler::{{closure}}::h4911a5ecc4da8e93
[INFO] [stdout]                                at /opt/rustwide/cargo-home/registry/src/index.crates.io-1949cf8c6b5b557f/tokio-1.43.0/src/runtime/context.rs:180:26
[INFO] [stdout]   31:     0x58e4ef365ae2 - std::thread::local::LocalKey<T>::try_with::h032599c80c635e4b
[INFO] [stdout]                                at /rustc/6067b36314ab5eb2eb47cecc464545ba58e1ad24/library/std/src/thread/local.rs:308:12
[INFO] [stdout]   32:     0x58e4ef36597a - std::thread::local::LocalKey<T>::with::ha95646905f09eff0
[INFO] [stdout]                                at /rustc/6067b36314ab5eb2eb47cecc464545ba58e1ad24/library/std/src/thread/local.rs:272:9
[INFO] [stdout]   33:     0x58e4ef3787fd - tokio::runtime::context::set_scheduler::h0cbdd0eb23f651ac
[INFO] [stdout]                                at /opt/rustwide/cargo-home/registry/src/index.crates.io-1949cf8c6b5b557f/tokio-1.43.0/src/runtime/context.rs:180:9
[INFO] [stdout]   34:     0x58e4ef37c9b0 - tokio::runtime::scheduler::current_thread::CoreGuard::enter::hf3637158214c461f
[INFO] [stdout]                                at /opt/rustwide/cargo-home/registry/src/index.crates.io-1949cf8c6b5b557f/tokio-1.43.0/src/runtime/scheduler/current_thread/mod.rs:807:27
[INFO] [stdout]   35:     0x58e4ef37cca3 - tokio::runtime::scheduler::current_thread::CoreGuard::block_on::hccf007fad9d386d2
[INFO] [stdout]                                at /opt/rustwide/cargo-home/registry/src/index.crates.io-1949cf8c6b5b557f/tokio-1.43.0/src/runtime/scheduler/current_thread/mod.rs:716:19
[INFO] [stdout]   36:     0x58e4ef37aeba - tokio::runtime::scheduler::current_thread::CurrentThread::block_on::{{closure}}::h3376dc1b6a8096ee
[INFO] [stdout]                                at /opt/rustwide/cargo-home/registry/src/index.crates.io-1949cf8c6b5b557f/tokio-1.43.0/src/runtime/scheduler/current_thread/mod.rs:196:28
[INFO] [stdout]   37:     0x58e4ef370346 - tokio::runtime::context::runtime::enter_runtime::h59563155e811dff7
[INFO] [stdout]                                at /opt/rustwide/cargo-home/registry/src/index.crates.io-1949cf8c6b5b557f/tokio-1.43.0/src/runtime/context/runtime.rs:65:16
[INFO] [stdout]   38:     0x58e4ef37a7e1 - tokio::runtime::scheduler::current_thread::CurrentThread::block_on::h9f2efaa2457947a5
[INFO] [stdout]                                at /opt/rustwide/cargo-home/registry/src/index.crates.io-1949cf8c6b5b557f/tokio-1.43.0/src/runtime/scheduler/current_thread/mod.rs:184:9
[INFO] [stdout]   39:     0x58e4ef371343 - tokio::runtime::runtime::Runtime::block_on_inner::h1ad87cbbfaa722a4
[INFO] [stdout]                                at /opt/rustwide/cargo-home/registry/src/index.crates.io-1949cf8c6b5b557f/tokio-1.43.0/src/runtime/runtime.rs:368:47
[INFO] [stdout]   40:     0x58e4ef371647 - tokio::runtime::runtime::Runtime::block_on::hc6ace936d94aa310
[INFO] [stdout]                                at /opt/rustwide/cargo-home/registry/src/index.crates.io-1949cf8c6b5b557f/tokio-1.43.0/src/runtime/runtime.rs:342:13
[INFO] [stdout]   41:     0x58e4ef35b5f1 - test_broker::test_enqueue::hb2b7667e4faac257
[INFO] [stdout]                                at /opt/rustwide/workdir/ironworker-redis/tests/test_broker.rs:40:5
[INFO] [stdout]   42:     0x58e4ef35b497 - test_broker::test_enqueue::{{closure}}::h43d3a8b15f6ea56a
[INFO] [stdout]                                at /opt/rustwide/workdir/ironworker-redis/tests/test_broker.rs:11:24
[INFO] [stdout]   43:     0x58e4ef358ef6 - core::ops::function::FnOnce::call_once::h25f796360d3d20ec
[INFO] [stdout]                                at /rustc/6067b36314ab5eb2eb47cecc464545ba58e1ad24/library/core/src/ops/function.rs:250:5
[INFO] [stdout]   44:     0x58e4ef3bea8b - core::ops::function::FnOnce::call_once::he27718dfdd183f43
[INFO] [stdout]                                at /rustc/6067b36314ab5eb2eb47cecc464545ba58e1ad24/library/core/src/ops/function.rs:250:5
[INFO] [stdout]   45:     0x58e4ef3bea8b - test::__rust_begin_short_backtrace::h4e84902998457a5d
[INFO] [stdout]                                at /rustc/6067b36314ab5eb2eb47cecc464545ba58e1ad24/library/test/src/lib.rs:632:18
[INFO] [stdout]   46:     0x58e4ef3bd9c3 - test::run_test_in_process::{{closure}}::h7176fd18fc1feca0
[INFO] [stdout]                                at /rustc/6067b36314ab5eb2eb47cecc464545ba58e1ad24/library/test/src/lib.rs:655:60
[INFO] [stdout]   47:     0x58e4ef3bd9c3 - <core::panic::unwind_safe::AssertUnwindSafe<F> as core::ops::function::FnOnce<()>>::call_once::hf79cff2a624d8cf7
[INFO] [stdout]                                at /rustc/6067b36314ab5eb2eb47cecc464545ba58e1ad24/library/core/src/panic/unwind_safe.rs:272:9
[INFO] [stdout]   48:     0x58e4ef3bd9c3 - std::panicking::try::do_call::h3da0561d9ab99c25
[INFO] [stdout]                                at /rustc/6067b36314ab5eb2eb47cecc464545ba58e1ad24/library/std/src/panicking.rs:587:40
[INFO] [stdout]   49:     0x58e4ef3bd9c3 - std::panicking::try::h41c9fa508bc61df6
[INFO] [stdout]                                at /rustc/6067b36314ab5eb2eb47cecc464545ba58e1ad24/library/std/src/panicking.rs:550:19
[INFO] [stdout]   50:     0x58e4ef3bd9c3 - std::panic::catch_unwind::h6b3ff07bb5afad93
[INFO] [stdout]                                at /rustc/6067b36314ab5eb2eb47cecc464545ba58e1ad24/library/std/src/panic.rs:358:14
[INFO] [stdout]   51:     0x58e4ef3bd9c3 - test::run_test_in_process::hc7253dd11b39b9f4
[INFO] [stdout]                                at /rustc/6067b36314ab5eb2eb47cecc464545ba58e1ad24/library/test/src/lib.rs:655:27
[INFO] [stdout]   52:     0x58e4ef3bd9c3 - test::run_test::{{closure}}::hfb2007f8649c30bb
[INFO] [stdout]                                at /rustc/6067b36314ab5eb2eb47cecc464545ba58e1ad24/library/test/src/lib.rs:576:43
[INFO] [stdout]   53:     0x58e4ef380aa5 - test::run_test::{{closure}}::h56a17aa7a282a9f4
[INFO] [stdout]                                at /rustc/6067b36314ab5eb2eb47cecc464545ba58e1ad24/library/test/src/lib.rs:606:41
[INFO] [stdout]   54:     0x58e4ef380aa5 - std::sys::backtrace::__rust_begin_short_backtrace::hd2d2d2fb8e8c6aac
[INFO] [stdout]                                at /rustc/6067b36314ab5eb2eb47cecc464545ba58e1ad24/library/std/src/sys/backtrace.rs:152:18
[INFO] [stdout]   55:     0x58e4ef38438a - std::thread::Builder::spawn_unchecked_::{{closure}}::{{closure}}::h4faa3f9db6133423
[INFO] [stdout]                                at /rustc/6067b36314ab5eb2eb47cecc464545ba58e1ad24/library/std/src/thread/mod.rs:559:17
[INFO] [stdout]   56:     0x58e4ef38438a - <core::panic::unwind_safe::AssertUnwindSafe<F> as core::ops::function::FnOnce<()>>::call_once::hf2e855a36a4ea846
[INFO] [stdout]                                at /rustc/6067b36314ab5eb2eb47cecc464545ba58e1ad24/library/core/src/panic/unwind_safe.rs:272:9
[INFO] [stdout]   57:     0x58e4ef38438a - std::panicking::try::do_call::h2f73af3616c35465
[INFO] [stdout]                                at /rustc/6067b36314ab5eb2eb47cecc464545ba58e1ad24/library/std/src/panicking.rs:587:40
[INFO] [stdout]   58:     0x58e4ef38438a - std::panicking::try::hd1660ce9efadef5a
[INFO] [stdout]                                at /rustc/6067b36314ab5eb2eb47cecc464545ba58e1ad24/library/std/src/panicking.rs:550:19
[INFO] [stdout]   59:     0x58e4ef38438a - std::panic::catch_unwind::h5ee8d7823b8ca744
[INFO] [stdout]                                at /rustc/6067b36314ab5eb2eb47cecc464545ba58e1ad24/library/std/src/panic.rs:358:14
[INFO] [stdout]   60:     0x58e4ef38438a - std::thread::Builder::spawn_unchecked_::{{closure}}::h53c3a1894dce8407
[INFO] [stdout]                                at /rustc/6067b36314ab5eb2eb47cecc464545ba58e1ad24/library/std/src/thread/mod.rs:557:30
[INFO] [stdout]   61:     0x58e4ef38438a - core::ops::function::FnOnce::call_once{{vtable.shim}}::h048ce291ad4f62bf
[INFO] [stderr] error: test failed, to rerun pass `-p ironworker-redis --test test_broker`
[INFO] [stdout]                                at /rustc/6067b36314ab5eb2eb47cecc464545ba58e1ad24/library/core/src/ops/function.rs:250:5
[INFO] [stdout]   62:     0x58e4ef6579bb - <alloc::boxed::Box<F,A> as core::ops::function::FnOnce<Args>>::call_once::ha52bedf99a3b4981
[INFO] [stdout]                                at /rustc/6067b36314ab5eb2eb47cecc464545ba58e1ad24/library/alloc/src/boxed.rs:2013:9
[INFO] [stdout]   63:     0x58e4ef6579bb - <alloc::boxed::Box<F,A> as core::ops::function::FnOnce<Args>>::call_once::h567748934d80ccf8
[INFO] [stdout]                                at /rustc/6067b36314ab5eb2eb47cecc464545ba58e1ad24/library/alloc/src/boxed.rs:2013:9
[INFO] [stdout]   64:     0x58e4ef6579bb - std::sys::pal::unix::thread::Thread::new::thread_start::h2d970728ae887adc
[INFO] [stdout]                                at /rustc/6067b36314ab5eb2eb47cecc464545ba58e1ad24/library/std/src/sys/pal/unix/thread.rs:106:17
[INFO] [stdout]   65:     0x7dcaa0ed4ac3 - <unknown>
[INFO] [stdout]   66:     0x7dcaa0f65a04 - clone
[INFO] [stdout]   67:                0x0 - <unknown>
[INFO] [stdout] 
[INFO] [stdout] ---- test_deadletter stdout ----
[INFO] [stdout] 
[INFO] [stdout] thread 'test_deadletter' panicked at /opt/rustwide/cargo-home/registry/src/index.crates.io-1949cf8c6b5b557f/testcontainers-0.12.0/src/clients/cli.rs:145:9:
[INFO] [stdout] failed to start container
[INFO] [stdout] stack backtrace:
[INFO] [stdout]    0:     0x58e4ef650e5a - std::backtrace_rs::backtrace::libunwind::trace::hb059275cfc8d6126
[INFO] [stdout]                                at /rustc/6067b36314ab5eb2eb47cecc464545ba58e1ad24/library/std/src/../../backtrace/src/backtrace/libunwind.rs:116:5
[INFO] [stdout]    1:     0x58e4ef650e5a - std::backtrace_rs::backtrace::trace_unsynchronized::h2da071e4327ce3ee
[INFO] [stdout]                                at /rustc/6067b36314ab5eb2eb47cecc464545ba58e1ad24/library/std/src/../../backtrace/src/backtrace/mod.rs:66:5
[INFO] [stdout]    2:     0x58e4ef650e5a - std::sys::backtrace::_print_fmt::h842a1474e6f8d23f
[INFO] [stdout]                                at /rustc/6067b36314ab5eb2eb47cecc464545ba58e1ad24/library/std/src/sys/backtrace.rs:66:9
[INFO] [stdout]    3:     0x58e4ef650e5a - <std::sys::backtrace::BacktraceLock::print::DisplayBacktrace as core::fmt::Display>::fmt::h71a62eb3b9696b12
[INFO] [stdout]                                at /rustc/6067b36314ab5eb2eb47cecc464545ba58e1ad24/library/std/src/sys/backtrace.rs:39:26
[INFO] [stdout]    4:     0x58e4ef67af53 - core::fmt::rt::Argument::fmt::hdb6b616786b41dc1
[INFO] [stdout]                                at /rustc/6067b36314ab5eb2eb47cecc464545ba58e1ad24/library/core/src/fmt/rt.rs:177:76
[INFO] [stdout]    5:     0x58e4ef67af53 - core::fmt::write::h2cc1698af7e2d686
[INFO] [stdout]                                at /rustc/6067b36314ab5eb2eb47cecc464545ba58e1ad24/library/core/src/fmt/mod.rs:1440:21
[INFO] [stdout]    6:     0x58e4ef64cb63 - std::io::Write::write_fmt::hab1b4cd059a79022
[INFO] [stdout]                                at /rustc/6067b36314ab5eb2eb47cecc464545ba58e1ad24/library/std/src/io/mod.rs:1887:15
[INFO] [stdout]    7:     0x58e4ef650ca2 - std::sys::backtrace::BacktraceLock::print::h147fe35b4ea13b08
[INFO] [stdout]                                at /rustc/6067b36314ab5eb2eb47cecc464545ba58e1ad24/library/std/src/sys/backtrace.rs:42:9
[INFO] [stdout]    8:     0x58e4ef6522ff - std::panicking::default_hook::{{closure}}::hbd44223dbdc0d208
[INFO] [stdout]                                at /rustc/6067b36314ab5eb2eb47cecc464545ba58e1ad24/library/std/src/panicking.rs:298:22
[INFO] [stdout]    9:     0x58e4ef652118 - std::panicking::default_hook::h20f81eb0576efcec
[INFO] [stdout]                                at /rustc/6067b36314ab5eb2eb47cecc464545ba58e1ad24/library/std/src/panicking.rs:322:9
[INFO] [stdout]   10:     0x58e4ef3b9333 - <alloc::boxed::Box<F,A> as core::ops::function::Fn<Args>>::call::hdb53814c496a4d34
[INFO] [stdout]                                at /rustc/6067b36314ab5eb2eb47cecc464545ba58e1ad24/library/alloc/src/boxed.rs:2027:9
[INFO] [stdout]   11:     0x58e4ef3b9333 - test::test_main::{{closure}}::hc0a4963c59427c24
[INFO] [stdout]                                at /rustc/6067b36314ab5eb2eb47cecc464545ba58e1ad24/library/test/src/lib.rs:134:21
[INFO] [stdout]   12:     0x58e4ef652df3 - <alloc::boxed::Box<F,A> as core::ops::function::Fn<Args>>::call::h591b2225413a77e9
[INFO] [stdout]                                at /rustc/6067b36314ab5eb2eb47cecc464545ba58e1ad24/library/alloc/src/boxed.rs:2027:9
[INFO] [stdout]   13:     0x58e4ef652df3 - std::panicking::rust_panic_with_hook::h625eea43051b2edc
[INFO] [stdout]                                at /rustc/6067b36314ab5eb2eb47cecc464545ba58e1ad24/library/std/src/panicking.rs:839:13
[INFO] [stdout]   14:     0x58e4ef652bfc - std::panicking::begin_panic::{{closure}}::hb6f83f64bbc6469c
[INFO] [stdout]                                at /rustc/6067b36314ab5eb2eb47cecc464545ba58e1ad24/library/std/src/panicking.rs:768:9
[INFO] [stdout]   15:     0x58e4ef651369 - std::sys::backtrace::__rust_end_short_backtrace::h892ae3ae8be3daf3
[INFO] [stdout]                                at /rustc/6067b36314ab5eb2eb47cecc464545ba58e1ad24/library/std/src/sys/backtrace.rs:168:18
[INFO] [stdout]   16:     0x58e4ef652b02 - std::panicking::begin_panic::h855074417e0a5787
[INFO] [stdout]                                at /rustc/6067b36314ab5eb2eb47cecc464545ba58e1ad24/library/std/src/panicking.rs:767:5
[INFO] [stdout]   17:     0x58e4ef379f24 - <testcontainers::clients::cli::Cli as testcontainers::core::docker::Docker>::run_with_args::hb202185bf07184cf
[INFO] [stdout]                                at /opt/rustwide/cargo-home/registry/src/index.crates.io-1949cf8c6b5b557f/testcontainers-0.12.0/src/clients/cli.rs:145:9
[INFO] [stdout]   18:     0x58e4ef37a27b - <testcontainers::clients::cli::Cli as testcontainers::core::docker::Docker>::run::h4758f46c0db1866a
[INFO] [stdout]                                at /opt/rustwide/cargo-home/registry/src/index.crates.io-1949cf8c6b5b557f/testcontainers-0.12.0/src/clients/cli.rs:122:9
[INFO] [stdout]   19:     0x58e4ef35f3ed - test_broker::test_deadletter::{{closure}}::hfeeb94db5ed32075
[INFO] [stdout]                                at /opt/rustwide/workdir/ironworker-redis/tests/test_broker.rs:104:16
[INFO] [stdout]   20:     0x58e4ef3720d2 - <core::pin::Pin<P> as core::future::future::Future>::poll::h00bb9d842db846be
[INFO] [stdout]                                at /rustc/6067b36314ab5eb2eb47cecc464545ba58e1ad24/library/core/src/future/future.rs:124:9
[INFO] [stdout]   21:     0x58e4ef37216d - <core::pin::Pin<P> as core::future::future::Future>::poll::h12d870191122da7d
[INFO] [stdout]                                at /rustc/6067b36314ab5eb2eb47cecc464545ba58e1ad24/library/core/src/future/future.rs:124:9
[INFO] [stdout]   22:     0x58e4ef37e1ff - tokio::runtime::scheduler::current_thread::CoreGuard::block_on::{{closure}}::{{closure}}::{{closure}}::h9ee3e71158a056d5
[INFO] [stdout]                                at /opt/rustwide/cargo-home/registry/src/index.crates.io-1949cf8c6b5b557f/tokio-1.43.0/src/runtime/scheduler/current_thread/mod.rs:729:57
[INFO] [stdout]   23:     0x58e4ef37e105 - tokio::runtime::coop::with_budget::hbaec9d6f2dc91351
[INFO] [stdout]                                at /opt/rustwide/cargo-home/registry/src/index.crates.io-1949cf8c6b5b557f/tokio-1.43.0/src/runtime/coop.rs:107:5
[INFO] [stdout]   24:     0x58e4ef37e105 - tokio::runtime::coop::budget::h79f20bbe4a21510b
[INFO] [stdout]                                at /opt/rustwide/cargo-home/registry/src/index.crates.io-1949cf8c6b5b557f/tokio-1.43.0/src/runtime/coop.rs:73:5
[INFO] [stdout]   25:     0x58e4ef37e105 - tokio::runtime::scheduler::current_thread::CoreGuard::block_on::{{closure}}::{{closure}}::hf8eabcc351d35d68
[INFO] [stdout]                                at /opt/rustwide/cargo-home/registry/src/index.crates.io-1949cf8c6b5b557f/tokio-1.43.0/src/runtime/scheduler/current_thread/mod.rs:729:25
[INFO] [stdout]   26:     0x58e4ef37bd40 - tokio::runtime::scheduler::current_thread::Context::enter::hfeb35ff88d03b04b
[INFO] [stdout]                                at /opt/rustwide/cargo-home/registry/src/index.crates.io-1949cf8c6b5b557f/tokio-1.43.0/src/runtime/scheduler/current_thread/mod.rs:428:19
[INFO] [stdout]   27:     0x58e4ef37d7ae - tokio::runtime::scheduler::current_thread::CoreGuard::block_on::{{closure}}::h97d14f6f955a05dd
[INFO] [stdout]                                at /opt/rustwide/cargo-home/registry/src/index.crates.io-1949cf8c6b5b557f/tokio-1.43.0/src/runtime/scheduler/current_thread/mod.rs:728:36
[INFO] [stdout]   28:     0x58e4ef37cc04 - tokio::runtime::scheduler::current_thread::CoreGuard::enter::{{closure}}::h05484c10794f7d54
[INFO] [stdout]                                at /opt/rustwide/cargo-home/registry/src/index.crates.io-1949cf8c6b5b557f/tokio-1.43.0/src/runtime/scheduler/current_thread/mod.rs:807:68
[INFO] [stdout]   29:     0x58e4ef3701cb - tokio::runtime::context::scoped::Scoped<T>::set::hc282f3bf048a06bd
[INFO] [stdout]                                at /opt/rustwide/cargo-home/registry/src/index.crates.io-1949cf8c6b5b557f/tokio-1.43.0/src/runtime/context/scoped.rs:40:9
[INFO] [stdout]   30:     0x58e4ef378889 - tokio::runtime::context::set_scheduler::{{closure}}::h4911a5ecc4da8e93
[INFO] [stdout]                                at /opt/rustwide/cargo-home/registry/src/index.crates.io-1949cf8c6b5b557f/tokio-1.43.0/src/runtime/context.rs:180:26
[INFO] [stdout]   31:     0x58e4ef365ae2 - std::thread::local::LocalKey<T>::try_with::h032599c80c635e4b
[INFO] [stdout]                                at /rustc/6067b36314ab5eb2eb47cecc464545ba58e1ad24/library/std/src/thread/local.rs:308:12
[INFO] [stdout]   32:     0x58e4ef36597a - std::thread::local::LocalKey<T>::with::ha95646905f09eff0
[INFO] [stdout]                                at /rustc/6067b36314ab5eb2eb47cecc464545ba58e1ad24/library/std/src/thread/local.rs:272:9
[INFO] [stdout]   33:     0x58e4ef3787fd - tokio::runtime::context::set_scheduler::h0cbdd0eb23f651ac
[INFO] [stdout]                                at /opt/rustwide/cargo-home/registry/src/index.crates.io-1949cf8c6b5b557f/tokio-1.43.0/src/runtime/context.rs:180:9
[INFO] [stdout]   34:     0x58e4ef37c9b0 - tokio::runtime::scheduler::current_thread::CoreGuard::enter::hf3637158214c461f
[INFO] [stdout]                                at /opt/rustwide/cargo-home/registry/src/index.crates.io-1949cf8c6b5b557f/tokio-1.43.0/src/runtime/scheduler/current_thread/mod.rs:807:27
[INFO] [stdout]   35:     0x58e4ef37cca3 - tokio::runtime::scheduler::current_thread::CoreGuard::block_on::hccf007fad9d386d2
[INFO] [stdout]                                at /opt/rustwide/cargo-home/registry/src/index.crates.io-1949cf8c6b5b557f/tokio-1.43.0/src/runtime/scheduler/current_thread/mod.rs:716:19
[INFO] [stdout]   36:     0x58e4ef37aeba - tokio::runtime::scheduler::current_thread::CurrentThread::block_on::{{closure}}::h3376dc1b6a8096ee
[INFO] [stdout]                                at /opt/rustwide/cargo-home/registry/src/index.crates.io-1949cf8c6b5b557f/tokio-1.43.0/src/runtime/scheduler/current_thread/mod.rs:196:28
[INFO] [stdout]   37:     0x58e4ef370346 - tokio::runtime::context::runtime::enter_runtime::h59563155e811dff7
[INFO] [stdout]                                at /opt/rustwide/cargo-home/registry/src/index.crates.io-1949cf8c6b5b557f/tokio-1.43.0/src/runtime/context/runtime.rs:65:16
[INFO] [stdout]   38:     0x58e4ef37a7e1 - tokio::runtime::scheduler::current_thread::CurrentThread::block_on::h9f2efaa2457947a5
[INFO] [stdout]                                at /opt/rustwide/cargo-home/registry/src/index.crates.io-1949cf8c6b5b557f/tokio-1.43.0/src/runtime/scheduler/current_thread/mod.rs:184:9
[INFO] [stdout]   39:     0x58e4ef371343 - tokio::runtime::runtime::Runtime::block_on_inner::h1ad87cbbfaa722a4
[INFO] [stdout]                                at /opt/rustwide/cargo-home/registry/src/index.crates.io-1949cf8c6b5b557f/tokio-1.43.0/src/runtime/runtime.rs:368:47
[INFO] [stdout]   40:     0x58e4ef371647 - tokio::runtime::runtime::Runtime::block_on::hc6ace936d94aa310
[INFO] [stdout]                                at /opt/rustwide/cargo-home/registry/src/index.crates.io-1949cf8c6b5b557f/tokio-1.43.0/src/runtime/runtime.rs:342:13
[INFO] [stdout]   41:     0x58e4ef35f1c1 - test_broker::test_deadletter::h50ccaf3dde3f919d
[INFO] [stdout]                                at /opt/rustwide/workdir/ironworker-redis/tests/test_broker.rs:130:5
[INFO] [stdout]   42:     0x58e4ef35f067 - test_broker::test_deadletter::{{closure}}::hfee0704cb3c2e461
[INFO] [stdout]                                at /opt/rustwide/workdir/ironworker-redis/tests/test_broker.rs:102:27
[INFO] [stdout]   43:     0x58e4ef359096 - core::ops::function::FnOnce::call_once::he3d82deb2f2363ce
[INFO] [stdout]                                at /rustc/6067b36314ab5eb2eb47cecc464545ba58e1ad24/library/core/src/ops/function.rs:250:5
[INFO] [stdout]   44:     0x58e4ef3bea8b - core::ops::function::FnOnce::call_once::he27718dfdd183f43
[INFO] [stdout]                                at /rustc/6067b36314ab5eb2eb47cecc464545ba58e1ad24/library/core/src/ops/function.rs:250:5
[INFO] [stdout]   45:     0x58e4ef3bea8b - test::__rust_begin_short_backtrace::h4e84902998457a5d
[INFO] [stdout]                                at /rustc/6067b36314ab5eb2eb47cecc464545ba58e1ad24/library/test/src/lib.rs:632:18
[INFO] [stdout]   46:     0x58e4ef3bd9c3 - test::run_test_in_process::{{closure}}::h7176fd18fc1feca0
[INFO] [stdout]                                at /rustc/6067b36314ab5eb2eb47cecc464545ba58e1ad24/library/test/src/lib.rs:655:60
[INFO] [stdout]   47:     0x58e4ef3bd9c3 - <core::panic::unwind_safe::AssertUnwindSafe<F> as core::ops::function::FnOnce<()>>::call_once::hf79cff2a624d8cf7
[INFO] [stdout]                                at /rustc/6067b36314ab5eb2eb47cecc464545ba58e1ad24/library/core/src/panic/unwind_safe.rs:272:9
[INFO] [stdout]   48:     0x58e4ef3bd9c3 - std::panicking::try::do_call::h3da0561d9ab99c25
[INFO] [stdout]                                at /rustc/6067b36314ab5eb2eb47cecc464545ba58e1ad24/library/std/src/panicking.rs:587:40
[INFO] [stdout]   49:     0x58e4ef3bd9c3 - std::panicking::try::h41c9fa508bc61df6
[INFO] [stdout]                                at /rustc/6067b36314ab5eb2eb47cecc464545ba58e1ad24/library/std/src/panicking.rs:550:19
[INFO] [stdout]   50:     0x58e4ef3bd9c3 - std::panic::catch_unwind::h6b3ff07bb5afad93
[INFO] [stdout]                                at /rustc/6067b36314ab5eb2eb47cecc464545ba58e1ad24/library/std/src/panic.rs:358:14
[INFO] [stdout]   51:     0x58e4ef3bd9c3 - test::run_test_in_process::hc7253dd11b39b9f4
[INFO] [stdout]                                at /rustc/6067b36314ab5eb2eb47cecc464545ba58e1ad24/library/test/src/lib.rs:655:27
[INFO] [stdout]   52:     0x58e4ef3bd9c3 - test::run_test::{{closure}}::hfb2007f8649c30bb
[INFO] [stdout]                                at /rustc/6067b36314ab5eb2eb47cecc464545ba58e1ad24/library/test/src/lib.rs:576:43
[INFO] [stdout]   53:     0x58e4ef380aa5 - test::run_test::{{closure}}::h56a17aa7a282a9f4
[INFO] [stdout]                                at /rustc/6067b36314ab5eb2eb47cecc464545ba58e1ad24/library/test/src/lib.rs:606:41
[INFO] [stdout]   54:     0x58e4ef380aa5 - std::sys::backtrace::__rust_begin_short_backtrace::hd2d2d2fb8e8c6aac
[INFO] [stdout]                                at /rustc/6067b36314ab5eb2eb47cecc464545ba58e1ad24/library/std/src/sys/backtrace.rs:152:18
[INFO] [stdout]   55:     0x58e4ef38438a - std::thread::Builder::spawn_unchecked_::{{closure}}::{{closure}}::h4faa3f9db6133423
[INFO] [stdout]                                at /rustc/6067b36314ab5eb2eb47cecc464545ba58e1ad24/library/std/src/thread/mod.rs:559:17
[INFO] [stdout]   56:     0x58e4ef38438a - <core::panic::unwind_safe::AssertUnwindSafe<F> as core::ops::function::FnOnce<()>>::call_once::hf2e855a36a4ea846
[INFO] [stdout]                                at /rustc/6067b36314ab5eb2eb47cecc464545ba58e1ad24/library/core/src/panic/unwind_safe.rs:272:9
[INFO] [stdout]   57:     0x58e4ef38438a - std::panicking::try::do_call::h2f73af3616c35465
[INFO] [stdout]                                at /rustc/6067b36314ab5eb2eb47cecc464545ba58e1ad24/library/std/src/panicking.rs:587:40
[INFO] [stdout]   58:     0x58e4ef38438a - std::panicking::try::hd1660ce9efadef5a
[INFO] [stdout]                                at /rustc/6067b36314ab5eb2eb47cecc464545ba58e1ad24/library/std/src/panicking.rs:550:19
[INFO] [stdout]   59:     0x58e4ef38438a - std::panic::catch_unwind::h5ee8d7823b8ca744
[INFO] [stdout]                                at /rustc/6067b36314ab5eb2eb47cecc464545ba58e1ad24/library/std/src/panic.rs:358:14
[INFO] [stdout]   60:     0x58e4ef38438a - std::thread::Builder::spawn_unchecked_::{{closure}}::h53c3a1894dce8407
[INFO] [stdout]                                at /rustc/6067b36314ab5eb2eb47cecc464545ba58e1ad24/library/std/src/thread/mod.rs:557:30
[INFO] [stdout]   61:     0x58e4ef38438a - core::ops::function::FnOnce::call_once{{vtable.shim}}::h048ce291ad4f62bf
[INFO] [stdout]                                at /rustc/6067b36314ab5eb2eb47cecc464545ba58e1ad24/library/core/src/ops/function.rs:250:5
[INFO] [stdout]   62:     0x58e4ef6579bb - <alloc::boxed::Box<F,A> as core::ops::function::FnOnce<Args>>::call_once::ha52bedf99a3b4981
[INFO] [stdout]                                at /rustc/6067b36314ab5eb2eb47cecc464545ba58e1ad24/library/alloc/src/boxed.rs:2013:9
[INFO] [stdout]   63:     0x58e4ef6579bb - <alloc::boxed::Box<F,A> as core::ops::function::FnOnce<Args>>::call_once::h567748934d80ccf8
[INFO] [stdout]                                at /rustc/6067b36314ab5eb2eb47cecc464545ba58e1ad24/library/alloc/src/boxed.rs:2013:9
[INFO] [stdout]   64:     0x58e4ef6579bb - std::sys::pal::unix::thread::Thread::new::thread_start::h2d970728ae887adc
[INFO] [stdout]                                at /rustc/6067b36314ab5eb2eb47cecc464545ba58e1ad24/library/std/src/sys/pal/unix/thread.rs:106:17
[INFO] [stdout]   65:     0x7dcaa0ed4ac3 - <unknown>
[INFO] [stdout]   66:     0x7dcaa0f65a04 - clone
[INFO] [stdout]   67:                0x0 - <unknown>
[INFO] [stdout] 
[INFO] [stdout] ---- test_heartbeat stdout ----
[INFO] [stdout] 
[INFO] [stdout] thread 'test_heartbeat' panicked at /opt/rustwide/cargo-home/registry/src/index.crates.io-1949cf8c6b5b557f/testcontainers-0.12.0/src/clients/cli.rs:145:9:
[INFO] [stdout] failed to start container
[INFO] [stdout] stack backtrace:
[INFO] [stdout]    0:     0x58e4ef650e5a - std::backtrace_rs::backtrace::libunwind::trace::hb059275cfc8d6126
[INFO] [stdout]                                at /rustc/6067b36314ab5eb2eb47cecc464545ba58e1ad24/library/std/src/../../backtrace/src/backtrace/libunwind.rs:116:5
[INFO] [stdout]    1:     0x58e4ef650e5a - std::backtrace_rs::backtrace::trace_unsynchronized::h2da071e4327ce3ee
[INFO] [stdout]                                at /rustc/6067b36314ab5eb2eb47cecc464545ba58e1ad24/library/std/src/../../backtrace/src/backtrace/mod.rs:66:5
[INFO] [stdout]    2:     0x58e4ef650e5a - std::sys::backtrace::_print_fmt::h842a1474e6f8d23f
[INFO] [stdout]                                at /rustc/6067b36314ab5eb2eb47cecc464545ba58e1ad24/library/std/src/sys/backtrace.rs:66:9
[INFO] [stdout]    3:     0x58e4ef650e5a - <std::sys::backtrace::BacktraceLock::print::DisplayBacktrace as core::fmt::Display>::fmt::h71a62eb3b9696b12
[INFO] [stdout]                                at /rustc/6067b36314ab5eb2eb47cecc464545ba58e1ad24/library/std/src/sys/backtrace.rs:39:26
[INFO] [stdout]    4:     0x58e4ef67af53 - core::fmt::rt::Argument::fmt::hdb6b616786b41dc1
[INFO] [stdout]                                at /rustc/6067b36314ab5eb2eb47cecc464545ba58e1ad24/library/core/src/fmt/rt.rs:177:76
[INFO] [stdout]    5:     0x58e4ef67af53 - core::fmt::write::h2cc1698af7e2d686
[INFO] [stdout]                                at /rustc/6067b36314ab5eb2eb47cecc464545ba58e1ad24/library/core/src/fmt/mod.rs:1440:21
[INFO] [stdout]    6:     0x58e4ef64cb63 - std::io::Write::write_fmt::hab1b4cd059a79022
[INFO] [stdout]                                at /rustc/6067b36314ab5eb2eb47cecc464545ba58e1ad24/library/std/src/io/mod.rs:1887:15
[INFO] [stdout]    7:     0x58e4ef650ca2 - std::sys::backtrace::BacktraceLock::print::h147fe35b4ea13b08
[INFO] [stdout]                                at /rustc/6067b36314ab5eb2eb47cecc464545ba58e1ad24/library/std/src/sys/backtrace.rs:42:9
[INFO] [stdout]    8:     0x58e4ef6522ff - std::panicking::default_hook::{{closure}}::hbd44223dbdc0d208
[INFO] [stdout]                                at /rustc/6067b36314ab5eb2eb47cecc464545ba58e1ad24/library/std/src/panicking.rs:298:22
[INFO] [stdout]    9:     0x58e4ef652118 - std::panicking::default_hook::h20f81eb0576efcec
[INFO] [stdout]                                at /rustc/6067b36314ab5eb2eb47cecc464545ba58e1ad24/library/std/src/panicking.rs:322:9
[INFO] [stdout]   10:     0x58e4ef3b9333 - <alloc::boxed::Box<F,A> as core::ops::function::Fn<Args>>::call::hdb53814c496a4d34
[INFO] [stdout]                                at /rustc/6067b36314ab5eb2eb47cecc464545ba58e1ad24/library/alloc/src/boxed.rs:2027:9
[INFO] [stdout]   11:     0x58e4ef3b9333 - test::test_main::{{closure}}::hc0a4963c59427c24
[INFO] [stdout]                                at /rustc/6067b36314ab5eb2eb47cecc464545ba58e1ad24/library/test/src/lib.rs:134:21
[INFO] [stdout]   12:     0x58e4ef652df3 - <alloc::boxed::Box<F,A> as core::ops::function::Fn<Args>>::call::h591b2225413a77e9
[INFO] [stdout]                                at /rustc/6067b36314ab5eb2eb47cecc464545ba58e1ad24/library/alloc/src/boxed.rs:2027:9
[INFO] [stdout]   13:     0x58e4ef652df3 - std::panicking::rust_panic_with_hook::h625eea43051b2edc
[INFO] [stdout]                                at /rustc/6067b36314ab5eb2eb47cecc464545ba58e1ad24/library/std/src/panicking.rs:839:13
[INFO] [stdout]   14:     0x58e4ef652bfc - std::panicking::begin_panic::{{closure}}::hb6f83f64bbc6469c
[INFO] [stdout]                                at /rustc/6067b36314ab5eb2eb47cecc464545ba58e1ad24/library/std/src/panicking.rs:768:9
[INFO] [stdout]   15:     0x58e4ef651369 - std::sys::backtrace::__rust_end_short_backtrace::h892ae3ae8be3daf3
[INFO] [stdout]                                at /rustc/6067b36314ab5eb2eb47cecc464545ba58e1ad24/library/std/src/sys/backtrace.rs:168:18
[INFO] [stdout]   16:     0x58e4ef652b02 - std::panicking::begin_panic::h855074417e0a5787
[INFO] [stdout]                                at /rustc/6067b36314ab5eb2eb47cecc464545ba58e1ad24/library/std/src/panicking.rs:767:5
[INFO] [stdout]   17:     0x58e4ef379f24 - <testcontainers::clients::cli::Cli as testcontainers::core::docker::Docker>::run_with_args::hb202185bf07184cf
[INFO] [stdout]                                at /opt/rustwide/cargo-home/registry/src/index.crates.io-1949cf8c6b5b557f/testcontainers-0.12.0/src/clients/cli.rs:145:9
[INFO] [stdout]   18:     0x58e4ef37a27b - <testcontainers::clients::cli::Cli as testcontainers::core::docker::Docker>::run::h4758f46c0db1866a
[INFO] [stdout]                                at /opt/rustwide/cargo-home/registry/src/index.crates.io-1949cf8c6b5b557f/testcontainers-0.12.0/src/clients/cli.rs:122:9
[INFO] [stdout]   19:     0x58e4ef363722 - test_broker::test_heartbeat::{{closure}}::hd9d6042fbaae3baf
[INFO] [stdout]                                at /opt/rustwide/workdir/ironworker-redis/tests/test_broker.rs:219:16
[INFO] [stdout]   20:     0x58e4ef3720d2 - <core::pin::Pin<P> as core::future::future::Future>::poll::h00bb9d842db846be
[INFO] [stdout]                                at /rustc/6067b36314ab5eb2eb47cecc464545ba58e1ad24/library/core/src/future/future.rs:124:9
[INFO] [stdout]   21:     0x58e4ef37216d - <core::pin::Pin<P> as core::future::future::Future>::poll::h12d870191122da7d
[INFO] [stdout]                                at /rustc/6067b36314ab5eb2eb47cecc464545ba58e1ad24/library/core/src/future/future.rs:124:9
[INFO] [stdout]   22:     0x58e4ef37e1ff - tokio::runtime::scheduler::current_thread::CoreGuard::block_on::{{closure}}::{{closure}}::{{closure}}::h9ee3e71158a056d5
[INFO] [stdout]                                at /opt/rustwide/cargo-home/registry/src/index.crates.io-1949cf8c6b5b557f/tokio-1.43.0/src/runtime/scheduler/current_thread/mod.rs:729:57
[INFO] [stdout]   23:     0x58e4ef37e105 - tokio::runtime::coop::with_budget::hbaec9d6f2dc91351
[INFO] [stdout]                                at /opt/rustwide/cargo-home/registry/src/index.crates.io-1949cf8c6b5b557f/tokio-1.43.0/src/runtime/coop.rs:107:5
[INFO] [stdout]   24:     0x58e4ef37e105 - tokio::runtime::coop::budget::h79f20bbe4a21510b
[INFO] [stdout]                                at /opt/rustwide/cargo-home/registry/src/index.crates.io-1949cf8c6b5b557f/tokio-1.43.0/src/runtime/coop.rs:73:5
[INFO] [stdout]   25:     0x58e4ef37e105 - tokio::runtime::scheduler::current_thread::CoreGuard::block_on::{{closure}}::{{closure}}::hf8eabcc351d35d68
[INFO] [stdout]                                at /opt/rustwide/cargo-home/registry/src/index.crates.io-1949cf8c6b5b557f/tokio-1.43.0/src/runtime/scheduler/current_thread/mod.rs:729:25
[INFO] [stdout]   26:     0x58e4ef37bd40 - tokio::runtime::scheduler::current_thread::Context::enter::hfeb35ff88d03b04b
[INFO] [stdout]                                at /opt/rustwide/cargo-home/registry/src/index.crates.io-1949cf8c6b5b557f/tokio-1.43.0/src/runtime/scheduler/current_thread/mod.rs:428:19
[INFO] [stdout]   27:     0x58e4ef37d7ae - tokio::runtime::scheduler::current_thread::CoreGuard::block_on::{{closure}}::h97d14f6f955a05dd
[INFO] [stdout]                                at /opt/rustwide/cargo-home/registry/src/index.crates.io-1949cf8c6b5b557f/tokio-1.43.0/src/runtime/scheduler/current_thread/mod.rs:728:36
[INFO] [stdout]   28:     0x58e4ef37cc04 - tokio::runtime::scheduler::current_thread::CoreGuard::enter::{{closure}}::h05484c10794f7d54
[INFO] [stdout]                                at /opt/rustwide/cargo-home/registry/src/index.crates.io-1949cf8c6b5b557f/tokio-1.43.0/src/runtime/scheduler/current_thread/mod.rs:807:68
[INFO] [stdout]   29:     0x58e4ef3701cb - tokio::runtime::context::scoped::Scoped<T>::set::hc282f3bf048a06bd
[INFO] [stdout]                                at /opt/rustwide/cargo-home/registry/src/index.crates.io-1949cf8c6b5b557f/tokio-1.43.0/src/runtime/context/scoped.rs:40:9
[INFO] [stdout]   30:     0x58e4ef378889 - tokio::runtime::context::set_scheduler::{{closure}}::h4911a5ecc4da8e93
[INFO] [stdout]                                at /opt/rustwide/cargo-home/registry/src/index.crates.io-1949cf8c6b5b557f/tokio-1.43.0/src/runtime/context.rs:180:26
[INFO] [stdout]   31:     0x58e4ef365ae2 - std::thread::local::LocalKey<T>::try_with::h032599c80c635e4b
[INFO] [stdout]                                at /rustc/6067b36314ab5eb2eb47cecc464545ba58e1ad24/library/std/src/thread/local.rs:308:12
[INFO] [stdout]   32:     0x58e4ef36597a - std::thread::local::LocalKey<T>::with::ha95646905f09eff0
[INFO] [stdout]                                at /rustc/6067b36314ab5eb2eb47cecc464545ba58e1ad24/library/std/src/thread/local.rs:272:9
[INFO] [stdout]   33:     0x58e4ef3787fd - tokio::runtime::context::set_scheduler::h0cbdd0eb23f651ac
[INFO] [stdout]                                at /opt/rustwide/cargo-home/registry/src/index.crates.io-1949cf8c6b5b557f/tokio-1.43.0/src/runtime/context.rs:180:9
[INFO] [stdout]   34:     0x58e4ef37c9b0 - tokio::runtime::scheduler::current_thread::CoreGuard::enter::hf3637158214c461f
[INFO] [stdout]                                at /opt/rustwide/cargo-home/registry/src/index.crates.io-1949cf8c6b5b557f/tokio-1.43.0/src/runtime/scheduler/current_thread/mod.rs:807:27
[INFO] [stdout]   35:     0x58e4ef37cca3 - tokio::runtime::scheduler::current_thread::CoreGuard::block_on::hccf007fad9d386d2
[INFO] [stdout]                                at /opt/rustwide/cargo-home/registry/src/index.crates.io-1949cf8c6b5b557f/tokio-1.43.0/src/runtime/scheduler/current_thread/mod.rs:716:19
[INFO] [stdout]   36:     0x58e4ef37aeba - tokio::runtime::scheduler::current_thread::CurrentThread::block_on::{{closure}}::h3376dc1b6a8096ee
[INFO] [stdout]                                at /opt/rustwide/cargo-home/registry/src/index.crates.io-1949cf8c6b5b557f/tokio-1.43.0/src/runtime/scheduler/current_thread/mod.rs:196:28
[INFO] [stdout]   37:     0x58e4ef370346 - tokio::runtime::context::runtime::enter_runtime::h59563155e811dff7
[INFO] [stdout]                                at /opt/rustwide/cargo-home/registry/src/index.crates.io-1949cf8c6b5b557f/tokio-1.43.0/src/runtime/context/runtime.rs:65:16
[INFO] [stdout]   38:     0x58e4ef37a7e1 - tokio::runtime::scheduler::current_thread::CurrentThread::block_on::h9f2efaa2457947a5
[INFO] [stdout]                                at /opt/rustwide/cargo-home/registry/src/index.crates.io-1949cf8c6b5b557f/tokio-1.43.0/src/runtime/scheduler/current_thread/mod.rs:184:9
[INFO] [stdout]   39:     0x58e4ef371343 - tokio::runtime::runtime::Runtime::block_on_inner::h1ad87cbbfaa722a4
[INFO] [stdout]                                at /opt/rustwide/cargo-home/registry/src/index.crates.io-1949cf8c6b5b557f/tokio-1.43.0/src/runtime/runtime.rs:368:47
[INFO] [stdout]   40:     0x58e4ef371647 - tokio::runtime::runtime::Runtime::block_on::hc6ace936d94aa310
[INFO] [stdout]                                at /opt/rustwide/cargo-home/registry/src/index.crates.io-1949cf8c6b5b557f/tokio-1.43.0/src/runtime/runtime.rs:342:13
[INFO] [stdout]   41:     0x58e4ef3634e1 - test_broker::test_heartbeat::ha5d6b437ebbfcceb
[INFO] [stdout]                                at /opt/rustwide/workdir/ironworker-redis/tests/test_broker.rs:227:5
[INFO] [stdout]   42:     0x58e4ef363387 - test_broker::test_heartbeat::{{closure}}::h259422e686ee66c0
[INFO] [stdout]                                at /opt/rustwide/workdir/ironworker-redis/tests/test_broker.rs:217:26
[INFO] [stdout]   43:     0x58e4ef359056 - core::ops::function::FnOnce::call_once::he2b3496149fcf077
[INFO] [stdout]                                at /rustc/6067b36314ab5eb2eb47cecc464545ba58e1ad24/library/core/src/ops/function.rs:250:5
[INFO] [stdout]   44:     0x58e4ef3bea8b - core::ops::function::FnOnce::call_once::he27718dfdd183f43
[INFO] [stdout]                                at /rustc/6067b36314ab5eb2eb47cecc464545ba58e1ad24/library/core/src/ops/function.rs:250:5
[INFO] [stdout]   45:     0x58e4ef3bea8b - test::__rust_begin_short_backtrace::h4e84902998457a5d
[INFO] [stdout]                                at /rustc/6067b36314ab5eb2eb47cecc464545ba58e1ad24/library/test/src/lib.rs:632:18
[INFO] [stdout]   46:     0x58e4ef3bd9c3 - test::run_test_in_process::{{closure}}::h7176fd18fc1feca0
[INFO] [stdout]                                at /rustc/6067b36314ab5eb2eb47cecc464545ba58e1ad24/library/test/src/lib.rs:655:60
[INFO] [stdout]   47:     0x58e4ef3bd9c3 - <core::panic::unwind_safe::AssertUnwindSafe<F> as core::ops::function::FnOnce<()>>::call_once::hf79cff2a624d8cf7
[INFO] [stdout]                                at /rustc/6067b36314ab5eb2eb47cecc464545ba58e1ad24/library/core/src/panic/unwind_safe.rs:272:9
[INFO] [stdout]   48:     0x58e4ef3bd9c3 - std::panicking::try::do_call::h3da0561d9ab99c25
[INFO] [stdout]                                at /rustc/6067b36314ab5eb2eb47cecc464545ba58e1ad24/library/std/src/panicking.rs:587:40
[INFO] [stdout]   49:     0x58e4ef3bd9c3 - std::panicking::try::h41c9fa508bc61df6
[INFO] [stdout]                                at /rustc/6067b36314ab5eb2eb47cecc464545ba58e1ad24/library/std/src/panicking.rs:550:19
[INFO] [stdout]   50:     0x58e4ef3bd9c3 - std::panic::catch_unwind::h6b3ff07bb5afad93
[INFO] [stdout]                                at /rustc/6067b36314ab5eb2eb47cecc464545ba58e1ad24/library/std/src/panic.rs:358:14
[INFO] [stdout]   51:     0x58e4ef3bd9c3 - test::run_test_in_process::hc7253dd11b39b9f4
[INFO] [stdout]                                at /rustc/6067b36314ab5eb2eb47cecc464545ba58e1ad24/library/test/src/lib.rs:655:27
[INFO] [stdout]   52:     0x58e4ef3bd9c3 - test::run_test::{{closure}}::hfb2007f8649c30bb
[INFO] [stdout]                                at /rustc/6067b36314ab5eb2eb47cecc464545ba58e1ad24/library/test/src/lib.rs:576:43
[INFO] [stdout]   53:     0x58e4ef380aa5 - test::run_test::{{closure}}::h56a17aa7a282a9f4
[INFO] [stdout]                                at /rustc/6067b36314ab5eb2eb47cecc464545ba58e1ad24/library/test/src/lib.rs:606:41
[INFO] [stdout]   54:     0x58e4ef380aa5 - std::sys::backtrace::__rust_begin_short_backtrace::hd2d2d2fb8e8c6aac
[INFO] [stdout]                                at /rustc/6067b36314ab5eb2eb47cecc464545ba58e1ad24/library/std/src/sys/backtrace.rs:152:18
[INFO] [stdout]   55:     0x58e4ef38438a - std::thread::Builder::spawn_unchecked_::{{closure}}::{{closure}}::h4faa3f9db6133423
[INFO] [stdout]                                at /rustc/6067b36314ab5eb2eb47cecc464545ba58e1ad24/library/std/src/thread/mod.rs:559:17
[INFO] [stdout]   56:     0x58e4ef38438a - <core::panic::unwind_safe::AssertUnwindSafe<F> as core::ops::function::FnOnce<()>>::call_once::hf2e855a36a4ea846
[INFO] [stdout]                                at /rustc/6067b36314ab5eb2eb47cecc464545ba58e1ad24/library/core/src/panic/unwind_safe.rs:272:9
[INFO] [stdout]   57:     0x58e4ef38438a - std::panicking::try::do_call::h2f73af3616c35465
[INFO] [stdout]                                at /rustc/6067b36314ab5eb2eb47cecc464545ba58e1ad24/library/std/src/panicking.rs:587:40
[INFO] [stdout]   58:     0x58e4ef38438a - std::panicking::try::hd1660ce9efadef5a
[INFO] [stdout]                                at /rustc/6067b36314ab5eb2eb47cecc464545ba58e1ad24/library/std/src/panicking.rs:550:19
[INFO] [stdout]   59:     0x58e4ef38438a - std::panic::catch_unwind::h5ee8d7823b8ca744
[INFO] [stdout]                                at /rustc/6067b36314ab5eb2eb47cecc464545ba58e1ad24/library/std/src/panic.rs:358:14
[INFO] [stdout]   60:     0x58e4ef38438a - std::thread::Builder::spawn_unchecked_::{{closure}}::h53c3a1894dce8407
[INFO] [stdout]                                at /rustc/6067b36314ab5eb2eb47cecc464545ba58e1ad24/library/std/src/thread/mod.rs:557:30
[INFO] [stdout]   61:     0x58e4ef38438a - core::ops::function::FnOnce::call_once{{vtable.shim}}::h048ce291ad4f62bf
[INFO] [stdout]                                at /rustc/6067b36314ab5eb2eb47cecc464545ba58e1ad24/library/core/src/ops/function.rs:250:5
[INFO] [stdout]   62:     0x58e4ef6579bb - <alloc::boxed::Box<F,A> as core::ops::function::FnOnce<Args>>::call_once::ha52bedf99a3b4981
[INFO] [stdout]                                at /rustc/6067b36314ab5eb2eb47cecc464545ba58e1ad24/library/alloc/src/boxed.rs:2013:9
[INFO] [stdout]   63:     0x58e4ef6579bb - <alloc::boxed::Box<F,A> as core::ops::function::FnOnce<Args>>::call_once::h567748934d80ccf8
[INFO] [stdout]                                at /rustc/6067b36314ab5eb2eb47cecc464545ba58e1ad24/library/alloc/src/boxed.rs:2013:9
[INFO] [stdout]   64:     0x58e4ef6579bb - std::sys::pal::unix::thread::Thread::new::thread_start::h2d970728ae887adc
[INFO] [stdout]                                at /rustc/6067b36314ab5eb2eb47cecc464545ba58e1ad24/library/std/src/sys/pal/unix/thread.rs:106:17
[INFO] [stdout]   65:     0x7dcaa0ed4ac3 - <unknown>
[INFO] [stdout]   66:     0x7dcaa0f65a04 - clone
[INFO] [stdout]   67:                0x0 - <unknown>
[INFO] [stdout] 
[INFO] [stdout] 
[INFO] [stdout] failures:
[INFO] [stdout]     test_acknowledge_processed
[INFO] [stdout]     test_deadletter
[INFO] [stdout]     test_dequeue
[INFO] [stdout]     test_dequeue_no_message
[INFO] [stdout]     test_enqueue
[INFO] [stdout]     test_heartbeat
[INFO] [stdout]     test_scheduled
[INFO] [stdout] 
[INFO] [stdout] test result: FAILED. 0 passed; 7 failed; 0 ignored; 0 measured; 0 filtered out; finished in 0.39s
[INFO] [stdout] 
[INFO] running `Command { std: "docker" "inspect" "d4403c77ff5eab60df1163ebc1d62b1885a630f83c62f0e208caed086cf5696f", kill_on_drop: false }`
[INFO] running `Command { std: "docker" "rm" "-f" "d4403c77ff5eab60df1163ebc1d62b1885a630f83c62f0e208caed086cf5696f", kill_on_drop: false }`
[INFO] [stdout] d4403c77ff5eab60df1163ebc1d62b1885a630f83c62f0e208caed086cf5696f
