[INFO] cloning repository https://github.com/dssysolyatin/telegram2photoprism
[INFO] running `Command { std: "git" "-c" "credential.helper=" "-c" "credential.helper=/workspace/cargo-home/bin/git-credential-null" "clone" "--bare" "https://github.com/dssysolyatin/telegram2photoprism" "/workspace/cache/git-repos/https%3A%2F%2Fgithub.com%2Fdssysolyatin%2Ftelegram2photoprism", kill_on_drop: false }`
[INFO] [stderr] Cloning into bare repository '/workspace/cache/git-repos/https%3A%2F%2Fgithub.com%2Fdssysolyatin%2Ftelegram2photoprism'...
[INFO] running `Command { std: "git" "rev-parse" "HEAD", kill_on_drop: false }`
[INFO] [stdout] bb0e462b8f54f3a17a8c2c07d5541cd278137a58
[INFO] testing dssysolyatin/telegram2photoprism against nightly-2025-01-18+rustflags=-Zrandomize-layout for randomize-layout-2
[INFO] running `Command { std: "git" "clone" "/workspace/cache/git-repos/https%3A%2F%2Fgithub.com%2Fdssysolyatin%2Ftelegram2photoprism" "/workspace/builds/worker-5-tc2/source", kill_on_drop: false }`
[INFO] [stderr] Cloning into '/workspace/builds/worker-5-tc2/source'...
[INFO] [stderr] done.
[INFO] validating manifest of git repo https://github.com/dssysolyatin/telegram2photoprism on toolchain nightly-2025-01-18
[INFO] running `Command { std: CARGO_HOME="/workspace/cargo-home" RUSTUP_HOME="/workspace/rustup-home" "/workspace/cargo-home/bin/cargo" "+nightly-2025-01-18" "metadata" "--manifest-path" "Cargo.toml" "--no-deps", kill_on_drop: false }`
[INFO] started tweaking git repo https://github.com/dssysolyatin/telegram2photoprism
[INFO] finished tweaking git repo https://github.com/dssysolyatin/telegram2photoprism
[INFO] tweaked toml for git repo https://github.com/dssysolyatin/telegram2photoprism written to /workspace/builds/worker-5-tc2/source/Cargo.toml
[INFO] crate git repo https://github.com/dssysolyatin/telegram2photoprism already has a lockfile, it will not be regenerated
[INFO] running `Command { std: CARGO_HOME="/workspace/cargo-home" RUSTUP_HOME="/workspace/rustup-home" "/workspace/cargo-home/bin/cargo" "+nightly-2025-01-18" "fetch" "--manifest-path" "Cargo.toml", kill_on_drop: false }`
[INFO] running `Command { std: "docker" "create" "-v" "/var/lib/crater-agent-workspace/builds/worker-5-tc2/target:/opt/rustwide/target:rw,Z" "-v" "/var/lib/crater-agent-workspace/builds/worker-5-tc2/source:/opt/rustwide/workdir:ro,Z" "-v" "/var/lib/crater-agent-workspace/cargo-home:/opt/rustwide/cargo-home:ro,Z" "-v" "/var/lib/crater-agent-workspace/rustup-home:/opt/rustwide/rustup-home:ro,Z" "-e" "SOURCE_DIR=/opt/rustwide/workdir" "-e" "CARGO_TARGET_DIR=/opt/rustwide/target" "-e" "CARGO_HOME=/opt/rustwide/cargo-home" "-e" "RUSTUP_HOME=/opt/rustwide/rustup-home" "-w" "/opt/rustwide/workdir" "-m" "1610612736" "--user" "0:0" "--network" "none" "ghcr.io/rust-lang/crates-build-env/linux@sha256:819108c5571ea2e421544af4d832f968d213c87fbe3707a016657f43d2f853bc" "/opt/rustwide/cargo-home/bin/cargo" "+nightly-2025-01-18" "metadata" "--no-deps" "--format-version=1", kill_on_drop: false }`
[INFO] [stdout] 0952c7323e2f9fad588181f5555f2120d5db309c4bb2421580b4ad3f08fdacfa
[INFO] running `Command { std: "docker" "start" "-a" "0952c7323e2f9fad588181f5555f2120d5db309c4bb2421580b4ad3f08fdacfa", kill_on_drop: false }`
[INFO] running `Command { std: "docker" "inspect" "0952c7323e2f9fad588181f5555f2120d5db309c4bb2421580b4ad3f08fdacfa", kill_on_drop: false }`
[INFO] running `Command { std: "docker" "rm" "-f" "0952c7323e2f9fad588181f5555f2120d5db309c4bb2421580b4ad3f08fdacfa", kill_on_drop: false }`
[INFO] [stdout] 0952c7323e2f9fad588181f5555f2120d5db309c4bb2421580b4ad3f08fdacfa
[INFO] running `Command { std: "docker" "create" "-v" "/var/lib/crater-agent-workspace/builds/worker-5-tc2/target:/opt/rustwide/target:rw,Z" "-v" "/var/lib/crater-agent-workspace/builds/worker-5-tc2/source:/opt/rustwide/workdir:ro,Z" "-v" "/var/lib/crater-agent-workspace/cargo-home:/opt/rustwide/cargo-home:ro,Z" "-v" "/var/lib/crater-agent-workspace/rustup-home:/opt/rustwide/rustup-home:ro,Z" "-e" "SOURCE_DIR=/opt/rustwide/workdir" "-e" "CARGO_TARGET_DIR=/opt/rustwide/target" "-e" "CARGO_INCREMENTAL=0" "-e" "RUST_BACKTRACE=full" "-e" "RUSTFLAGS=--cap-lints=forbid -Zrandomize-layout" "-e" "RUSTDOCFLAGS=--cap-lints=forbid" "-e" "CARGO_HOME=/opt/rustwide/cargo-home" "-e" "RUSTUP_HOME=/opt/rustwide/rustup-home" "-w" "/opt/rustwide/workdir" "-m" "1610612736" "--user" "0:0" "--network" "none" "ghcr.io/rust-lang/crates-build-env/linux@sha256:819108c5571ea2e421544af4d832f968d213c87fbe3707a016657f43d2f853bc" "/opt/rustwide/cargo-home/bin/cargo" "+nightly-2025-01-18" "build" "--frozen" "--message-format=json", kill_on_drop: false }`
[INFO] [stdout] dda4f49e7f371cb31a9ca3454b8ff5ce1df68bb5697336239e07d7f3d77e1652
[INFO] running `Command { std: "docker" "start" "-a" "dda4f49e7f371cb31a9ca3454b8ff5ce1df68bb5697336239e07d7f3d77e1652", kill_on_drop: false }`
[INFO] [stderr]    Compiling proc-macro2 v1.0.78
[INFO] [stderr]    Compiling unicode-ident v1.0.12
[INFO] [stderr]    Compiling autocfg v1.1.0
[INFO] [stderr]    Compiling libc v0.2.153
[INFO] [stderr]    Compiling memchr v2.7.1
[INFO] [stderr]    Compiling version_check v0.9.4
[INFO] [stderr]    Compiling pin-project-lite v0.2.13
[INFO] [stderr]    Compiling serde v1.0.196
[INFO] [stderr]    Compiling regex-syntax v0.8.2
[INFO] [stderr]    Compiling bitflags v2.4.2
[INFO] [stderr]    Compiling itoa v1.0.10
[INFO] [stderr]    Compiling hashbrown v0.14.3
[INFO] [stderr]    Compiling futures-core v0.3.30
[INFO] [stderr]    Compiling futures-sink v0.3.30
[INFO] [stderr]    Compiling log v0.4.20
[INFO] [stderr]    Compiling ryu v1.0.16
[INFO] [stderr]    Compiling bytes v1.5.0
[INFO] [stderr]    Compiling pkg-config v0.3.29
[INFO] [stderr]    Compiling syn v1.0.109
[INFO] [stderr]    Compiling futures-channel v0.3.30
[INFO] [stderr]    Compiling crossbeam-utils v0.8.19
[INFO] [stderr]    Compiling slab v0.4.9
[INFO] [stderr]    Compiling same-file v1.0.6
[INFO] [stderr]    Compiling futures-io v0.3.30
[INFO] [stderr]    Compiling futures-task v0.3.30
[INFO] [stderr]    Compiling serde_json v1.0.113
[INFO] [stderr]    Compiling unicase v2.7.0
[INFO] [stderr]    Compiling aho-corasick v1.1.2
[INFO] [stderr]    Compiling bstr v1.9.0
[INFO] [stderr]    Compiling walkdir v2.4.0
[INFO] [stderr]    Compiling indexmap v1.9.3
[INFO] [stderr]    Compiling tracing-core v0.1.32
[INFO] [stderr]    Compiling openssl v0.10.63
[INFO] [stderr]    Compiling quote v1.0.35
[INFO] [stderr]    Compiling indexmap v2.2.2
[INFO] [stderr]    Compiling winnow v0.5.37
[INFO] [stderr]    Compiling strsim v0.10.0
[INFO] [stderr]    Compiling http v0.2.11
[INFO] [stderr]    Compiling syn v2.0.48
[INFO] [stderr]    Compiling cc v1.0.83
[INFO] [stderr]    Compiling httparse v1.8.0
[INFO] [stderr]    Compiling tracing v0.1.40
[INFO] [stderr]    Compiling crossbeam-epoch v0.9.18
[INFO] [stderr]    Compiling mio v0.8.10
[INFO] [stderr]    Compiling socket2 v0.5.5
[INFO] [stderr]    Compiling signal-hook-registry v1.4.1
[INFO] [stderr]    Compiling num_cpus v1.16.0
[INFO] [stderr]    Compiling getrandom v0.2.12
[INFO] [stderr]    Compiling linked-hash-map v0.5.6
[INFO] [stderr]    Compiling crossbeam-deque v0.8.5
[INFO] [stderr]    Compiling openssl-src v300.2.2+3.2.1
[INFO] [stderr]    Compiling regex-automata v0.4.5
[INFO] [stderr]    Compiling arc-swap v1.6.0
[INFO] [stderr]    Compiling hashbrown v0.12.3
[INFO] [stderr]    Compiling stable_deref_trait v1.2.0
[INFO] [stderr]    Compiling native-tls v0.2.11
[INFO] [stderr]    Compiling yaml-rust v0.4.5
[INFO] [stderr]    Compiling tinyvec v1.6.0
[INFO] [stderr]    Compiling generic-array v0.14.7
[INFO] [stderr]    Compiling ident_case v1.0.1
[INFO] [stderr]    Compiling rustix v0.38.31
[INFO] [stderr]    Compiling mime_guess v2.0.4
[INFO] [stderr]    Compiling http-body v0.4.6
[INFO] [stderr]    Compiling proc-macro-error-attr v1.0.4
[INFO] [stderr]    Compiling erasable v1.2.1
[INFO] [stderr]    Compiling num-traits v0.2.17
[INFO] [stderr]    Compiling openssl-sys v0.9.99
[INFO] [stderr]    Compiling tower-service v0.3.2
[INFO] [stderr]    Compiling unicode-bidi v0.3.15
[INFO] [stderr]    Compiling httpdate v1.0.3
[INFO] [stderr]    Compiling thiserror v1.0.56
[INFO] [stderr]    Compiling linux-raw-sys v0.4.13
[INFO] [stderr]    Compiling unicode-normalization v0.1.22
[INFO] [stderr]    Compiling proc-macro-error v1.0.4
[INFO] [stderr]    Compiling lock_api v0.4.11
[INFO] [stderr]    Compiling lazy_static v1.4.0
[INFO] [stderr]    Compiling normpath v1.1.1
[INFO] [stderr]    Compiling utf8parse v0.2.1
[INFO] [stderr]    Compiling heck v0.4.1
[INFO] [stderr]    Compiling smallvec v1.13.1
[INFO] [stderr]    Compiling parking_lot_core v0.9.9
[INFO] [stderr]    Compiling anstyle-parse v0.2.3
[INFO] [stderr]    Compiling rustls-pemfile v1.0.4
[INFO] [stderr]    Compiling idna v0.5.0
[INFO] [stderr]    Compiling rand_core v0.6.4
[INFO] [stderr]    Compiling uuid v1.7.0
[INFO] [stderr]    Compiling encoding_rs v0.8.33
[INFO] [stderr]    Compiling async-trait v0.1.77
[INFO] [stderr]    Compiling anstyle-query v1.0.2
[INFO] [stderr]    Compiling sync_wrapper v0.1.2
[INFO] [stderr]    Compiling ppv-lite86 v0.2.17
[INFO] [stderr]    Compiling convert_case v0.4.0
[INFO] [stderr]    Compiling anstyle v1.0.5
[INFO] [stderr]    Compiling either v1.9.0
[INFO] [stderr]    Compiling regex v1.10.3
[INFO] [stderr]    Compiling globset v0.4.14
[INFO] [stderr]    Compiling colorchoice v1.0.0
[INFO] [stderr]    Compiling ipnet v2.9.0
[INFO] [stderr]    Compiling anstream v0.6.11
[INFO] [stderr]    Compiling ignore v0.4.22
[INFO] [stderr]    Compiling rand_chacha v0.3.1
[INFO] [stderr]    Compiling itertools v0.9.0
[INFO] [stderr]    Compiling chrono v0.4.33
[INFO] [stderr]    Compiling block-buffer v0.10.4
[INFO] [stderr]    Compiling crypto-common v0.1.6
[INFO] [stderr]    Compiling rc-box v1.2.0
[INFO] [stderr]    Compiling globwalk v0.8.1
[INFO] [stderr]    Compiling raw-cpuid v11.0.1
[INFO] [stderr]    Compiling glob v0.3.1
[INFO] [stderr]    Compiling darling_core v0.13.4
[INFO] [stderr]    Compiling toml_datetime v0.6.5
[INFO] [stderr]    Compiling serde_spanned v0.6.5
[INFO] [stderr]    Compiling triomphe v0.1.11
[INFO] [stderr]    Compiling serde_yaml v0.8.26
[INFO] [stderr]    Compiling toml_edit v0.19.15
[INFO] [stderr]    Compiling termcolor v1.4.1
[INFO] [stderr]    Compiling clap_lex v0.6.0
[INFO] [stderr]    Compiling anyhow v1.0.79
[INFO] [stderr]    Compiling take_mut v0.2.2
[INFO] [stderr]    Compiling vecrem v0.1.0
[INFO] [stderr]    Compiling humantime v2.1.0
[INFO] [stderr]    Compiling moka v0.12.5
[INFO] [stderr]    Compiling never v0.1.0
[INFO] [stderr]    Compiling event-listener v2.5.3
[INFO] [stderr]    Compiling takecell v0.1.1
[INFO] [stderr]    Compiling is-terminal v0.4.10
[INFO] [stderr]    Compiling quanta v0.12.2
[INFO] [stderr]    Compiling async-lock v2.8.0
[INFO] [stderr]    Compiling env_logger v0.10.2
[INFO] [stderr]    Compiling clap_builder v4.4.18
[INFO] [stderr]    Compiling parking_lot v0.12.1
[INFO] [stderr]    Compiling digest v0.10.7
[INFO] [stderr]    Compiling rand v0.8.5
[INFO] [stderr]    Compiling crossbeam-channel v0.5.11
[INFO] [stderr]    Compiling rust-i18n v3.0.1
[INFO] [stderr]    Compiling fastrand v2.0.1
[INFO] [stderr]    Compiling cpufeatures v0.2.12
[INFO] [stderr]    Compiling tagptr v0.2.0
[INFO] [stderr]    Compiling sha1 v0.10.6
[INFO] [stderr]    Compiling tempfile v3.9.0
[INFO] [stderr]    Compiling pretty_env_logger v0.5.0
[INFO] [stderr]    Compiling task-local-extensions v0.1.4
[INFO] [stderr]    Compiling hex v0.4.3
[INFO] [stderr]    Compiling serde_derive v1.0.196
[INFO] [stderr]    Compiling futures-macro v0.3.30
[INFO] [stderr]    Compiling tokio-macros v2.2.0
[INFO] [stderr]    Compiling openssl-macros v0.1.1
[INFO] [stderr]    Compiling thiserror-impl v1.0.56
[INFO] [stderr]    Compiling pin-project-internal v1.1.4
[INFO] [stderr]    Compiling clap_derive v4.4.7
[INFO] [stderr]    Compiling derive_more v0.99.17
[INFO] [stderr]    Compiling teloxide-macros v0.7.1
[INFO] [stderr]    Compiling darling_macro v0.13.4
[INFO] [stderr]    Compiling aquamarine v0.1.12
[INFO] [stderr]    Compiling retry v2.0.0
[INFO] [stderr]    Compiling darling v0.13.4
[INFO] [stderr]    Compiling tokio v1.36.0
[INFO] [stderr]    Compiling serde_with_macros v1.5.2
[INFO] [stderr]    Compiling futures-util v0.3.30
[INFO] [stderr]    Compiling toml v0.7.8
[INFO] [stderr]    Compiling pin-project v1.1.4
[INFO] [stderr]    Compiling rust-i18n-support v3.0.1
[INFO] [stderr]    Compiling clap v4.4.18
[INFO] [stderr]    Compiling rust-i18n-macro v3.0.0
[INFO] [stderr]    Compiling futures-executor v0.3.30
[INFO] [stderr]    Compiling futures v0.3.30
[INFO] [stderr]    Compiling dptree v0.3.0
[INFO] [stderr]    Compiling tokio-util v0.7.10
[INFO] [stderr]    Compiling tokio-stream v0.1.14
[INFO] [stderr]    Compiling url v2.5.0
[INFO] [stderr]    Compiling serde_urlencoded v0.7.1
[INFO] [stderr]    Compiling h2 v0.3.24
[INFO] [stderr]    Compiling hyper v0.14.28
[INFO] [stderr]    Compiling tokio-native-tls v0.3.1
[INFO] [stderr]    Compiling hyper-tls v0.5.0
[INFO] [stderr]    Compiling reqwest v0.11.24
[INFO] [stderr]    Compiling teloxide-core v0.9.1
[INFO] [stderr]    Compiling teloxide v0.12.2
[INFO] [stderr]    Compiling telegram2photoprism v0.0.5 (/opt/rustwide/workdir)
[INFO] [stderr]     Finished `dev` profile [unoptimized + debuginfo] target(s) in 3m 06s
[INFO] running `Command { std: "docker" "inspect" "dda4f49e7f371cb31a9ca3454b8ff5ce1df68bb5697336239e07d7f3d77e1652", kill_on_drop: false }`
[INFO] running `Command { std: "docker" "rm" "-f" "dda4f49e7f371cb31a9ca3454b8ff5ce1df68bb5697336239e07d7f3d77e1652", kill_on_drop: false }`
[INFO] [stdout] dda4f49e7f371cb31a9ca3454b8ff5ce1df68bb5697336239e07d7f3d77e1652
[INFO] running `Command { std: "docker" "create" "-v" "/var/lib/crater-agent-workspace/builds/worker-5-tc2/target:/opt/rustwide/target:rw,Z" "-v" "/var/lib/crater-agent-workspace/builds/worker-5-tc2/source:/opt/rustwide/workdir:ro,Z" "-v" "/var/lib/crater-agent-workspace/cargo-home:/opt/rustwide/cargo-home:ro,Z" "-v" "/var/lib/crater-agent-workspace/rustup-home:/opt/rustwide/rustup-home:ro,Z" "-e" "SOURCE_DIR=/opt/rustwide/workdir" "-e" "CARGO_TARGET_DIR=/opt/rustwide/target" "-e" "CARGO_INCREMENTAL=0" "-e" "RUST_BACKTRACE=full" "-e" "RUSTFLAGS=--cap-lints=forbid -Zrandomize-layout" "-e" "RUSTDOCFLAGS=--cap-lints=forbid" "-e" "CARGO_HOME=/opt/rustwide/cargo-home" "-e" "RUSTUP_HOME=/opt/rustwide/rustup-home" "-w" "/opt/rustwide/workdir" "-m" "1610612736" "--user" "0:0" "--network" "none" "ghcr.io/rust-lang/crates-build-env/linux@sha256:819108c5571ea2e421544af4d832f968d213c87fbe3707a016657f43d2f853bc" "/opt/rustwide/cargo-home/bin/cargo" "+nightly-2025-01-18" "test" "--frozen" "--no-run" "--message-format=json", kill_on_drop: false }`
[INFO] [stdout] f6d0ffd77ab295c5f4065aa91c9a1c50904c8cb31220251cbf028cbc75ed7a1c
[INFO] running `Command { std: "docker" "start" "-a" "f6d0ffd77ab295c5f4065aa91c9a1c50904c8cb31220251cbf028cbc75ed7a1c", kill_on_drop: false }`
[INFO] [stderr]    Compiling subtle v2.5.0
[INFO] [stderr]    Compiling serde_with v1.14.0
[INFO] [stderr]    Compiling digest v0.10.7
[INFO] [stderr]    Compiling hmac v0.12.1
[INFO] [stderr]    Compiling sha1 v0.10.6
[INFO] [stderr]    Compiling sha2 v0.10.8
[INFO] [stderr]    Compiling telegram2photoprism v0.0.5 (/opt/rustwide/workdir)
[INFO] [stderr]    Compiling bollard-stubs v1.42.0-rc.3
[INFO] [stderr]    Compiling testcontainers v0.15.0
[INFO] [stderr]    Compiling testcontainers-modules v0.3.2
[INFO] [stderr]     Finished `test` profile [unoptimized + debuginfo] target(s) in 23.21s
[INFO] running `Command { std: "docker" "inspect" "f6d0ffd77ab295c5f4065aa91c9a1c50904c8cb31220251cbf028cbc75ed7a1c", kill_on_drop: false }`
[INFO] running `Command { std: "docker" "rm" "-f" "f6d0ffd77ab295c5f4065aa91c9a1c50904c8cb31220251cbf028cbc75ed7a1c", kill_on_drop: false }`
[INFO] [stdout] f6d0ffd77ab295c5f4065aa91c9a1c50904c8cb31220251cbf028cbc75ed7a1c
[INFO] running `Command { std: "docker" "create" "-v" "/var/lib/crater-agent-workspace/builds/worker-5-tc2/target:/opt/rustwide/target:rw,Z" "-v" "/var/lib/crater-agent-workspace/builds/worker-5-tc2/source:/opt/rustwide/workdir:ro,Z" "-v" "/var/lib/crater-agent-workspace/cargo-home:/opt/rustwide/cargo-home:ro,Z" "-v" "/var/lib/crater-agent-workspace/rustup-home:/opt/rustwide/rustup-home:ro,Z" "-e" "SOURCE_DIR=/opt/rustwide/workdir" "-e" "CARGO_TARGET_DIR=/opt/rustwide/target" "-e" "CARGO_INCREMENTAL=0" "-e" "RUST_BACKTRACE=full" "-e" "RUSTFLAGS=--cap-lints=forbid -Zrandomize-layout" "-e" "RUSTDOCFLAGS=--cap-lints=forbid" "-e" "CARGO_HOME=/opt/rustwide/cargo-home" "-e" "RUSTUP_HOME=/opt/rustwide/rustup-home" "-w" "/opt/rustwide/workdir" "-m" "1610612736" "--user" "0:0" "--network" "none" "ghcr.io/rust-lang/crates-build-env/linux@sha256:819108c5571ea2e421544af4d832f968d213c87fbe3707a016657f43d2f853bc" "/opt/rustwide/cargo-home/bin/cargo" "+nightly-2025-01-18" "test" "--frozen", kill_on_drop: false }`
[INFO] [stdout] 081a6be2d5232088367c736199e7076a81a779b6922d21257d01cdcb63a6be94
[INFO] running `Command { std: "docker" "start" "-a" "081a6be2d5232088367c736199e7076a81a779b6922d21257d01cdcb63a6be94", kill_on_drop: false }`
[INFO] [stderr]     Finished `test` profile [unoptimized + debuginfo] target(s) in 0.65s
[INFO] [stderr]      Running unittests src/lib.rs (/opt/rustwide/target/debug/deps/telegram2photoprism-da395ff9cc909edc)
[INFO] [stdout] 
[INFO] [stdout] running 0 tests
[INFO] [stdout] 
[INFO] [stdout] test result: ok. 0 passed; 0 failed; 0 ignored; 0 measured; 0 filtered out; finished in 0.00s
[INFO] [stdout] 
[INFO] [stderr]      Running unittests src/main.rs (/opt/rustwide/target/debug/deps/telegram2photoprism-5d9747f161580b19)
[INFO] [stdout] 
[INFO] [stderr]      Running tests/photoprism_api_test.rs (/opt/rustwide/target/debug/deps/photoprism_api_test-642614aa83753baf)
[INFO] [stdout] running 0 tests
[INFO] [stdout] 
[INFO] [stdout] test result: ok. 0 passed; 0 failed; 0 ignored; 0 measured; 0 filtered out; finished in 0.00s
[INFO] [stdout] 
[INFO] [stdout] 
[INFO] [stdout] running 2 tests
[INFO] [stderr]  ERROR testcontainers::clients::cli > Failed to start container.
[INFO] [stderr] Container stdout: 
[INFO] [stderr] Container stderr: docker: Cannot connect to the Docker daemon at unix:///var/run/docker.sock. Is the docker daemon running?.
[INFO] [stderr] See 'docker run --help'.
[INFO] [stderr] 
[INFO] [stderr]  ERROR testcontainers::clients::cli > Failed to start container.
[INFO] [stderr] Container stdout: 
[INFO] [stderr] Container stderr: docker: Cannot connect to the Docker daemon at unix:///var/run/docker.sock. Is the docker daemon running?.
[INFO] [stderr] See 'docker run --help'.
[INFO] [stderr] 
[INFO] [stdout] test test_refresh_token ... FAILED
[INFO] [stdout] test test_add_photo_add_labels ... FAILED
[INFO] [stdout] 
[INFO] [stdout] failures:
[INFO] [stdout] 
[INFO] [stdout] ---- test_refresh_token stdout ----
[INFO] [stdout] 
[INFO] [stdout] thread 'test_refresh_token' panicked at /opt/rustwide/cargo-home/registry/src/index.crates.io-1949cf8c6b5b557f/testcontainers-0.15.0/src/clients/cli.rs:51:13:
[INFO] [stdout] Failed to start container, check log for details
[INFO] [stdout] stack backtrace:
[INFO] [stdout]    0:     0x60834bef66aa - std::backtrace_rs::backtrace::libunwind::trace::hb059275cfc8d6126
[INFO] [stdout]                                at /rustc/6067b36314ab5eb2eb47cecc464545ba58e1ad24/library/std/src/../../backtrace/src/backtrace/libunwind.rs:116:5
[INFO] [stdout]    1:     0x60834bef66aa - std::backtrace_rs::backtrace::trace_unsynchronized::h2da071e4327ce3ee
[INFO] [stdout]                                at /rustc/6067b36314ab5eb2eb47cecc464545ba58e1ad24/library/std/src/../../backtrace/src/backtrace/mod.rs:66:5
[INFO] [stdout]    2:     0x60834bef66aa - std::sys::backtrace::_print_fmt::h842a1474e6f8d23f
[INFO] [stdout]                                at /rustc/6067b36314ab5eb2eb47cecc464545ba58e1ad24/library/std/src/sys/backtrace.rs:66:9
[INFO] [stdout]    3:     0x60834bef66aa - <std::sys::backtrace::BacktraceLock::print::DisplayBacktrace as core::fmt::Display>::fmt::h71a62eb3b9696b12
[INFO] [stdout]                                at /rustc/6067b36314ab5eb2eb47cecc464545ba58e1ad24/library/std/src/sys/backtrace.rs:39:26
[INFO] [stdout]    4:     0x60834bf223b3 - core::fmt::rt::Argument::fmt::hdb6b616786b41dc1
[INFO] [stdout]                                at /rustc/6067b36314ab5eb2eb47cecc464545ba58e1ad24/library/core/src/fmt/rt.rs:177:76
[INFO] [stdout]    5:     0x60834bf223b3 - core::fmt::write::h2cc1698af7e2d686
[INFO] [stdout]                                at /rustc/6067b36314ab5eb2eb47cecc464545ba58e1ad24/library/core/src/fmt/mod.rs:1440:21
[INFO] [stdout]    6:     0x60834bef1e63 - std::io::Write::write_fmt::hab1b4cd059a79022
[INFO] [stdout]                                at /rustc/6067b36314ab5eb2eb47cecc464545ba58e1ad24/library/std/src/io/mod.rs:1887:15
[INFO] [stdout]    7:     0x60834bef64f2 - std::sys::backtrace::BacktraceLock::print::h147fe35b4ea13b08
[INFO] [stdout]                                at /rustc/6067b36314ab5eb2eb47cecc464545ba58e1ad24/library/std/src/sys/backtrace.rs:42:9
[INFO] [stdout]    8:     0x60834bef7b4f - std::panicking::default_hook::{{closure}}::hbd44223dbdc0d208
[INFO] [stdout]                                at /rustc/6067b36314ab5eb2eb47cecc464545ba58e1ad24/library/std/src/panicking.rs:298:22
[INFO] [stdout]    9:     0x60834bef7968 - std::panicking::default_hook::h20f81eb0576efcec
[INFO] [stdout]                                at /rustc/6067b36314ab5eb2eb47cecc464545ba58e1ad24/library/std/src/panicking.rs:322:9
[INFO] [stdout]   10:     0x60834b5d23e3 - <alloc::boxed::Box<F,A> as core::ops::function::Fn<Args>>::call::hdb53814c496a4d34
[INFO] [stdout]                                at /rustc/6067b36314ab5eb2eb47cecc464545ba58e1ad24/library/alloc/src/boxed.rs:2027:9
[INFO] [stdout]   11:     0x60834b5d23e3 - test::test_main::{{closure}}::hc0a4963c59427c24
[INFO] [stdout]                                at /rustc/6067b36314ab5eb2eb47cecc464545ba58e1ad24/library/test/src/lib.rs:134:21
[INFO] [stdout]   12:     0x60834bef8643 - <alloc::boxed::Box<F,A> as core::ops::function::Fn<Args>>::call::h591b2225413a77e9
[INFO] [stdout]                                at /rustc/6067b36314ab5eb2eb47cecc464545ba58e1ad24/library/alloc/src/boxed.rs:2027:9
[INFO] [stdout]   13:     0x60834bef8643 - std::panicking::rust_panic_with_hook::h625eea43051b2edc
[INFO] [stdout]                                at /rustc/6067b36314ab5eb2eb47cecc464545ba58e1ad24/library/std/src/panicking.rs:839:13
[INFO] [stdout]   14:     0x60834bef82c6 - std::panicking::begin_panic_handler::{{closure}}::h4f9159cfbc3f6bd3
[INFO] [stdout]                                at /rustc/6067b36314ab5eb2eb47cecc464545ba58e1ad24/library/std/src/panicking.rs:697:13
[INFO] [stdout]   15:     0x60834bef6ba9 - std::sys::backtrace::__rust_end_short_backtrace::h0390abce48353151
[INFO] [stdout]                                at /rustc/6067b36314ab5eb2eb47cecc464545ba58e1ad24/library/std/src/sys/backtrace.rs:168:18
[INFO] [stdout]   16:     0x60834bef7f8d - rust_begin_unwind
[INFO] [stdout]                                at /rustc/6067b36314ab5eb2eb47cecc464545ba58e1ad24/library/std/src/panicking.rs:695:5
[INFO] [stdout]   17:     0x60834bf20580 - core::panicking::panic_fmt::h9e7c637e9e5f29c9
[INFO] [stdout]                                at /rustc/6067b36314ab5eb2eb47cecc464545ba58e1ad24/library/core/src/panicking.rs:75:14
[INFO] [stdout]   18:     0x60834b2abdde - testcontainers::clients::cli::Cli::run::h7af423f552088ade
[INFO] [stdout]                                at /opt/rustwide/cargo-home/registry/src/index.crates.io-1949cf8c6b5b557f/testcontainers-0.15.0/src/clients/cli.rs:51:13
[INFO] [stdout]   19:     0x60834b2c4b7b - photoprism_api_test::Fixture::new::h034d4f2edaa539b9
[INFO] [stdout]                                at /opt/rustwide/workdir/tests/photoprism_api_test.rs:40:17
[INFO] [stdout]   20:     0x60834b2c4eb5 - photoprism_api_test::with_fixture::{{closure}}::h9d03b89828ae1ec7
[INFO] [stdout]                                at /opt/rustwide/workdir/tests/photoprism_api_test.rs:61:19
[INFO] [stdout]   21:     0x60834b2c744c - photoprism_api_test::test_refresh_token::{{closure}}::h3d361bd9c66bdf9f
[INFO] [stdout]                                at /opt/rustwide/workdir/tests/photoprism_api_test.rs:145:6
[INFO] [stdout]   22:     0x60834b298565 - <core::pin::Pin<P> as core::future::future::Future>::poll::h41589cb403db5dd0
[INFO] [stdout]                                at /rustc/6067b36314ab5eb2eb47cecc464545ba58e1ad24/library/core/src/future/future.rs:124:9
[INFO] [stdout]   23:     0x60834b2ed7df - tokio::runtime::park::CachedParkThread::block_on::{{closure}}::haeac14b37b9f70de
[INFO] [stdout]                                at /opt/rustwide/cargo-home/registry/src/index.crates.io-1949cf8c6b5b557f/tokio-1.36.0/src/runtime/park.rs:281:63
[INFO] [stdout]   24:     0x60834b2ed158 - tokio::runtime::coop::with_budget::he3e07b62be0a9aba
[INFO] [stdout]                                at /opt/rustwide/cargo-home/registry/src/index.crates.io-1949cf8c6b5b557f/tokio-1.36.0/src/runtime/coop.rs:107:5
[INFO] [stdout]   25:     0x60834b2ed158 - tokio::runtime::coop::budget::h678205b8283826a5
[INFO] [stdout]                                at /opt/rustwide/cargo-home/registry/src/index.crates.io-1949cf8c6b5b557f/tokio-1.36.0/src/runtime/coop.rs:73:5
[INFO] [stdout]   26:     0x60834b2ed158 - tokio::runtime::park::CachedParkThread::block_on::ha290de62465f1e4f
[INFO] [stdout]                                at /opt/rustwide/cargo-home/registry/src/index.crates.io-1949cf8c6b5b557f/tokio-1.36.0/src/runtime/park.rs:281:31
[INFO] [stdout]   27:     0x60834b2c3b04 - tokio::runtime::context::blocking::BlockingRegionGuard::block_on::h31e7109804c27771
[INFO] [stdout]                                at /opt/rustwide/cargo-home/registry/src/index.crates.io-1949cf8c6b5b557f/tokio-1.36.0/src/runtime/context/blocking.rs:66:9
[INFO] [stdout]   28:     0x60834b305ed8 - tokio::runtime::scheduler::multi_thread::MultiThread::block_on::{{closure}}::h41067a807d93e012
[INFO] [stdout]                                at /opt/rustwide/cargo-home/registry/src/index.crates.io-1949cf8c6b5b557f/tokio-1.36.0/src/runtime/scheduler/multi_thread/mod.rs:87:13
[INFO] [stdout]   29:     0x60834b2b329d - tokio::runtime::context::runtime::enter_runtime::hba9da101b49c2655
[INFO] [stdout]                                at /opt/rustwide/cargo-home/registry/src/index.crates.io-1949cf8c6b5b557f/tokio-1.36.0/src/runtime/context/runtime.rs:65:16
[INFO] [stdout]   30:     0x60834b305ea4 - tokio::runtime::scheduler::multi_thread::MultiThread::block_on::h27ac13d541c76bf5
[INFO] [stdout]                                at /opt/rustwide/cargo-home/registry/src/index.crates.io-1949cf8c6b5b557f/tokio-1.36.0/src/runtime/scheduler/multi_thread/mod.rs:86:9
[INFO] [stdout]   31:     0x60834b293eed - tokio::runtime::runtime::Runtime::block_on::hc9ed9acce59272e2
[INFO] [stdout]                                at /opt/rustwide/cargo-home/registry/src/index.crates.io-1949cf8c6b5b557f/tokio-1.36.0/src/runtime/runtime.rs:350:45
[INFO] [stdout]   32:     0x60834b2c727b - photoprism_api_test::test_refresh_token::h96ac90c22cf7b8e4
[INFO] [stdout]                                at /opt/rustwide/workdir/tests/photoprism_api_test.rs:109:5
[INFO] [stdout]   33:     0x60834b2c7137 - photoprism_api_test::test_refresh_token::{{closure}}::h5021463da4636b8d
[INFO] [stdout]                                at /opt/rustwide/workdir/tests/photoprism_api_test.rs:108:34
[INFO] [stdout]   34:     0x60834b2841b6 - core::ops::function::FnOnce::call_once::h6540b7223b30c54f
[INFO] [stdout]                                at /rustc/6067b36314ab5eb2eb47cecc464545ba58e1ad24/library/core/src/ops/function.rs:250:5
[INFO] [stdout]   35:     0x60834b5d7b3b - core::ops::function::FnOnce::call_once::he27718dfdd183f43
[INFO] [stdout]                                at /rustc/6067b36314ab5eb2eb47cecc464545ba58e1ad24/library/core/src/ops/function.rs:250:5
[INFO] [stdout]   36:     0x60834b5d7b3b - test::__rust_begin_short_backtrace::h4e84902998457a5d
[INFO] [stdout]                                at /rustc/6067b36314ab5eb2eb47cecc464545ba58e1ad24/library/test/src/lib.rs:632:18
[INFO] [stdout]   37:     0x60834b5d6a73 - test::run_test_in_process::{{closure}}::h7176fd18fc1feca0
[INFO] [stdout]                                at /rustc/6067b36314ab5eb2eb47cecc464545ba58e1ad24/library/test/src/lib.rs:655:60
[INFO] [stdout]   38:     0x60834b5d6a73 - <core::panic::unwind_safe::AssertUnwindSafe<F> as core::ops::function::FnOnce<()>>::call_once::hf79cff2a624d8cf7
[INFO] [stdout]                                at /rustc/6067b36314ab5eb2eb47cecc464545ba58e1ad24/library/core/src/panic/unwind_safe.rs:272:9
[INFO] [stdout]   39:     0x60834b5d6a73 - std::panicking::try::do_call::h3da0561d9ab99c25
[INFO] [stdout]                                at /rustc/6067b36314ab5eb2eb47cecc464545ba58e1ad24/library/std/src/panicking.rs:587:40
[INFO] [stdout]   40:     0x60834b5d6a73 - std::panicking::try::h41c9fa508bc61df6
[INFO] [stdout]                                at /rustc/6067b36314ab5eb2eb47cecc464545ba58e1ad24/library/std/src/panicking.rs:550:19
[INFO] [stdout]   41:     0x60834b5d6a73 - std::panic::catch_unwind::h6b3ff07bb5afad93
[INFO] [stdout]                                at /rustc/6067b36314ab5eb2eb47cecc464545ba58e1ad24/library/std/src/panic.rs:358:14
[INFO] [stdout]   42:     0x60834b5d6a73 - test::run_test_in_process::hc7253dd11b39b9f4
[INFO] [stdout]                                at /rustc/6067b36314ab5eb2eb47cecc464545ba58e1ad24/library/test/src/lib.rs:655:27
[INFO] [stdout]   43:     0x60834b5d6a73 - test::run_test::{{closure}}::hfb2007f8649c30bb
[INFO] [stdout]                                at /rustc/6067b36314ab5eb2eb47cecc464545ba58e1ad24/library/test/src/lib.rs:576:43
[INFO] [stdout]   44:     0x60834b599b55 - test::run_test::{{closure}}::h56a17aa7a282a9f4
[INFO] [stdout]                                at /rustc/6067b36314ab5eb2eb47cecc464545ba58e1ad24/library/test/src/lib.rs:606:41
[INFO] [stdout]   45:     0x60834b599b55 - std::sys::backtrace::__rust_begin_short_backtrace::hd2d2d2fb8e8c6aac
[INFO] [stdout]                                at /rustc/6067b36314ab5eb2eb47cecc464545ba58e1ad24/library/std/src/sys/backtrace.rs:152:18
[INFO] [stdout]   46:     0x60834b59d43a - std::thread::Builder::spawn_unchecked_::{{closure}}::{{closure}}::h4faa3f9db6133423
[INFO] [stdout]                                at /rustc/6067b36314ab5eb2eb47cecc464545ba58e1ad24/library/std/src/thread/mod.rs:559:17
[INFO] [stdout]   47:     0x60834b59d43a - <core::panic::unwind_safe::AssertUnwindSafe<F> as core::ops::function::FnOnce<()>>::call_once::hf2e855a36a4ea846
[INFO] [stdout]                                at /rustc/6067b36314ab5eb2eb47cecc464545ba58e1ad24/library/core/src/panic/unwind_safe.rs:272:9
[INFO] [stdout]   48:     0x60834b59d43a - std::panicking::try::do_call::h2f73af3616c35465
[INFO] [stdout]                                at /rustc/6067b36314ab5eb2eb47cecc464545ba58e1ad24/library/std/src/panicking.rs:587:40
[INFO] [stdout]   49:     0x60834b59d43a - std::panicking::try::hd1660ce9efadef5a
[INFO] [stdout]                                at /rustc/6067b36314ab5eb2eb47cecc464545ba58e1ad24/library/std/src/panicking.rs:550:19
[INFO] [stdout]   50:     0x60834b59d43a - std::panic::catch_unwind::h5ee8d7823b8ca744
[INFO] [stdout]                                at /rustc/6067b36314ab5eb2eb47cecc464545ba58e1ad24/library/std/src/panic.rs:358:14
[INFO] [stdout]   51:     0x60834b59d43a - std::thread::Builder::spawn_unchecked_::{{closure}}::h53c3a1894dce8407
[INFO] [stdout]                                at /rustc/6067b36314ab5eb2eb47cecc464545ba58e1ad24/library/std/src/thread/mod.rs:557:30
[INFO] [stdout]   52:     0x60834b59d43a - core::ops::function::FnOnce::call_once{{vtable.shim}}::h048ce291ad4f62bf
[INFO] [stdout]                                at /rustc/6067b36314ab5eb2eb47cecc464545ba58e1ad24/library/core/src/ops/function.rs:250:5
[INFO] [stdout]   53:     0x60834befd44b - <alloc::boxed::Box<F,A> as core::ops::function::FnOnce<Args>>::call_once::ha52bedf99a3b4981
[INFO] [stdout]                                at /rustc/6067b36314ab5eb2eb47cecc464545ba58e1ad24/library/alloc/src/boxed.rs:2013:9
[INFO] [stdout]   54:     0x60834befd44b - <alloc::boxed::Box<F,A> as core::ops::function::FnOnce<Args>>::call_once::h567748934d80ccf8
[INFO] [stdout]                                at /rustc/6067b36314ab5eb2eb47cecc464545ba58e1ad24/library/alloc/src/boxed.rs:2013:9
[INFO] [stdout]   55:     0x60834befd44b - std::sys::pal::unix::thread::Thread::new::thread_start::h2d970728ae887adc
[INFO] [stdout]                                at /rustc/6067b36314ab5eb2eb47cecc464545ba58e1ad24/library/std/src/sys/pal/unix/thread.rs:106:17
[INFO] [stdout]   56:     0x7c9fe18cbac3 - <unknown>
[INFO] [stdout]   57:     0x7c9fe195ca04 - clone
[INFO] [stdout]   58:                0x0 - <unknown>
[INFO] [stdout] 
[INFO] [stdout] ---- test_add_photo_add_labels stdout ----
[INFO] [stdout] 
[INFO] [stdout] thread 'test_add_photo_add_labels' panicked at /opt/rustwide/cargo-home/registry/src/index.crates.io-1949cf8c6b5b557f/testcontainers-0.15.0/src/clients/cli.rs:51:13:
[INFO] [stdout] Failed to start container, check log for details
[INFO] [stdout] stack backtrace:
[INFO] [stdout]    0:     0x60834bef66aa - std::backtrace_rs::backtrace::libunwind::trace::hb059275cfc8d6126
[INFO] [stdout]                                at /rustc/6067b36314ab5eb2eb47cecc464545ba58e1ad24/library/std/src/../../backtrace/src/backtrace/libunwind.rs:116:5
[INFO] [stdout]    1:     0x60834bef66aa - std::backtrace_rs::backtrace::trace_unsynchronized::h2da071e4327ce3ee
[INFO] [stdout]                                at /rustc/6067b36314ab5eb2eb47cecc464545ba58e1ad24/library/std/src/../../backtrace/src/backtrace/mod.rs:66:5
[INFO] [stdout]    2:     0x60834bef66aa - std::sys::backtrace::_print_fmt::h842a1474e6f8d23f
[INFO] [stdout]                                at /rustc/6067b36314ab5eb2eb47cecc464545ba58e1ad24/library/std/src/sys/backtrace.rs:66:9
[INFO] [stdout]    3:     0x60834bef66aa - <std::sys::backtrace::BacktraceLock::print::DisplayBacktrace as core::fmt::Display>::fmt::h71a62eb3b9696b12
[INFO] [stdout]                                at /rustc/6067b36314ab5eb2eb47cecc464545ba58e1ad24/library/std/src/sys/backtrace.rs:39:26
[INFO] [stdout]    4:     0x60834bf223b3 - core::fmt::rt::Argument::fmt::hdb6b616786b41dc1
[INFO] [stdout]                                at /rustc/6067b36314ab5eb2eb47cecc464545ba58e1ad24/library/core/src/fmt/rt.rs:177:76
[INFO] [stdout]    5:     0x60834bf223b3 - core::fmt::write::h2cc1698af7e2d686
[INFO] [stdout]                                at /rustc/6067b36314ab5eb2eb47cecc464545ba58e1ad24/library/core/src/fmt/mod.rs:1440:21
[INFO] [stdout]    6:     0x60834bef1e63 - std::io::Write::write_fmt::hab1b4cd059a79022
[INFO] [stdout]                                at /rustc/6067b36314ab5eb2eb47cecc464545ba58e1ad24/library/std/src/io/mod.rs:1887:15
[INFO] [stdout]    7:     0x60834bef64f2 - std::sys::backtrace::BacktraceLock::print::h147fe35b4ea13b08
[INFO] [stdout]                                at /rustc/6067b36314ab5eb2eb47cecc464545ba58e1ad24/library/std/src/sys/backtrace.rs:42:9
[INFO] [stdout]    8:     0x60834bef7b4f - std::panicking::default_hook::{{closure}}::hbd44223dbdc0d208
[INFO] [stdout]                                at /rustc/6067b36314ab5eb2eb47cecc464545ba58e1ad24/library/std/src/panicking.rs:298:22
[INFO] [stdout]    9:     0x60834bef7968 - std::panicking::default_hook::h20f81eb0576efcec
[INFO] [stdout]                                at /rustc/6067b36314ab5eb2eb47cecc464545ba58e1ad24/library/std/src/panicking.rs:322:9
[INFO] [stdout]   10:     0x60834b5d23e3 - <alloc::boxed::Box<F,A> as core::ops::function::Fn<Args>>::call::hdb53814c496a4d34
[INFO] [stdout]                                at /rustc/6067b36314ab5eb2eb47cecc464545ba58e1ad24/library/alloc/src/boxed.rs:2027:9
[INFO] [stdout]   11:     0x60834b5d23e3 - test::test_main::{{closure}}::hc0a4963c59427c24
[INFO] [stdout]                                at /rustc/6067b36314ab5eb2eb47cecc464545ba58e1ad24/library/test/src/lib.rs:134:21
[INFO] [stdout]   12:     0x60834bef8643 - <alloc::boxed::Box<F,A> as core::ops::function::Fn<Args>>::call::h591b2225413a77e9
[INFO] [stdout]                                at /rustc/6067b36314ab5eb2eb47cecc464545ba58e1ad24/library/alloc/src/boxed.rs:2027:9
[INFO] [stdout]   13:     0x60834bef8643 - std::panicking::rust_panic_with_hook::h625eea43051b2edc
[INFO] [stdout]                                at /rustc/6067b36314ab5eb2eb47cecc464545ba58e1ad24/library/std/src/panicking.rs:839:13
[INFO] [stdout]   14:     0x60834bef82c6 - std::panicking::begin_panic_handler::{{closure}}::h4f9159cfbc3f6bd3
[INFO] [stdout]                                at /rustc/6067b36314ab5eb2eb47cecc464545ba58e1ad24/library/std/src/panicking.rs:697:13
[INFO] [stdout]   15:     0x60834bef6ba9 - std::sys::backtrace::__rust_end_short_backtrace::h0390abce48353151
[INFO] [stdout]                                at /rustc/6067b36314ab5eb2eb47cecc464545ba58e1ad24/library/std/src/sys/backtrace.rs:168:18
[INFO] [stdout]   16:     0x60834bef7f8d - rust_begin_unwind
[INFO] [stdout]                                at /rustc/6067b36314ab5eb2eb47cecc464545ba58e1ad24/library/std/src/panicking.rs:695:5
[INFO] [stdout]   17:     0x60834bf20580 - core::panicking::panic_fmt::h9e7c637e9e5f29c9
[INFO] [stdout]                                at /rustc/6067b36314ab5eb2eb47cecc464545ba58e1ad24/library/core/src/panicking.rs:75:14
[INFO] [stdout]   18:     0x60834b2abdde - testcontainers::clients::cli::Cli::run::h7af423f552088ade
[INFO] [stdout]                                at /opt/rustwide/cargo-home/registry/src/index.crates.io-1949cf8c6b5b557f/testcontainers-0.15.0/src/clients/cli.rs:51:13
[INFO] [stdout]   19:     0x60834b2c4b7b - photoprism_api_test::Fixture::new::h034d4f2edaa539b9
[INFO] [stdout]                                at /opt/rustwide/workdir/tests/photoprism_api_test.rs:40:17
[INFO] [stdout]   20:     0x60834b2c5205 - photoprism_api_test::with_fixture::{{closure}}::hfe38c8fd5e3ed0ad
[INFO] [stdout]                                at /opt/rustwide/workdir/tests/photoprism_api_test.rs:61:19
[INFO] [stdout]   21:     0x60834b2c57ac - photoprism_api_test::test_add_photo_add_labels::{{closure}}::h2f82a01507bfdff1
[INFO] [stdout]                                at /opt/rustwide/workdir/tests/photoprism_api_test.rs:104:6
[INFO] [stdout]   22:     0x60834b298565 - <core::pin::Pin<P> as core::future::future::Future>::poll::h41589cb403db5dd0
[INFO] [stdout]                                at /rustc/6067b36314ab5eb2eb47cecc464545ba58e1ad24/library/core/src/future/future.rs:124:9
[INFO] [stdout]   23:     0x60834b2ed7df - tokio::runtime::park::CachedParkThread::block_on::{{closure}}::haeac14b37b9f70de
[INFO] [stdout]                                at /opt/rustwide/cargo-home/registry/src/index.crates.io-1949cf8c6b5b557f/tokio-1.36.0/src/runtime/park.rs:281:63
[INFO] [stdout]   24:     0x60834b2ed158 - tokio::runtime::coop::with_budget::he3e07b62be0a9aba
[INFO] [stdout]                                at /opt/rustwide/cargo-home/registry/src/index.crates.io-1949cf8c6b5b557f/tokio-1.36.0/src/runtime/coop.rs:107:5
[INFO] [stdout]   25:     0x60834b2ed158 - tokio::runtime::coop::budget::h678205b8283826a5
[INFO] [stdout]                                at /opt/rustwide/cargo-home/registry/src/index.crates.io-1949cf8c6b5b557f/tokio-1.36.0/src/runtime/coop.rs:73:5
[INFO] [stdout]   26:     0x60834b2ed158 - tokio::runtime::park::CachedParkThread::block_on::ha290de62465f1e4f
[INFO] [stdout]                                at /opt/rustwide/cargo-home/registry/src/index.crates.io-1949cf8c6b5b557f/tokio-1.36.0/src/runtime/park.rs:281:31
[INFO] [stdout]   27:     0x60834b2c3b04 - tokio::runtime::context::blocking::BlockingRegionGuard::block_on::h31e7109804c27771
[INFO] [stdout]                                at /opt/rustwide/cargo-home/registry/src/index.crates.io-1949cf8c6b5b557f/tokio-1.36.0/src/runtime/context/blocking.rs:66:9
[INFO] [stdout]   28:     0x60834b305ed8 - tokio::runtime::scheduler::multi_thread::MultiThread::block_on::{{closure}}::h41067a807d93e012
[INFO] [stdout]                                at /opt/rustwide/cargo-home/registry/src/index.crates.io-1949cf8c6b5b557f/tokio-1.36.0/src/runtime/scheduler/multi_thread/mod.rs:87:13
[INFO] [stdout]   29:     0x60834b2b329d - tokio::runtime::context::runtime::enter_runtime::hba9da101b49c2655
[INFO] [stdout]                                at /opt/rustwide/cargo-home/registry/src/index.crates.io-1949cf8c6b5b557f/tokio-1.36.0/src/runtime/context/runtime.rs:65:16
[INFO] [stdout]   30:     0x60834b305ea4 - tokio::runtime::scheduler::multi_thread::MultiThread::block_on::h27ac13d541c76bf5
[INFO] [stdout]                                at /opt/rustwide/cargo-home/registry/src/index.crates.io-1949cf8c6b5b557f/tokio-1.36.0/src/runtime/scheduler/multi_thread/mod.rs:86:9
[INFO] [stdout]   31:     0x60834b293eed - tokio::runtime::runtime::Runtime::block_on::hc9ed9acce59272e2
[INFO] [stdout]                                at /opt/rustwide/cargo-home/registry/src/index.crates.io-1949cf8c6b5b557f/tokio-1.36.0/src/runtime/runtime.rs:350:45
[INFO] [stdout]   32:     0x60834b2c55db - photoprism_api_test::test_add_photo_add_labels::h85b4fd7a3a21d46c
[INFO] [stdout]                                at /opt/rustwide/workdir/tests/photoprism_api_test.rs:67:5
[INFO] [stdout]   33:     0x60834b2c5497 - photoprism_api_test::test_add_photo_add_labels::{{closure}}::hc4d66f7d18709728
[INFO] [stdout]                                at /opt/rustwide/workdir/tests/photoprism_api_test.rs:66:41
[INFO] [stdout]   34:     0x60834b284686 - core::ops::function::FnOnce::call_once::hc2d4e74e1bb93830
[INFO] [stdout]                                at /rustc/6067b36314ab5eb2eb47cecc464545ba58e1ad24/library/core/src/ops/function.rs:250:5
[INFO] [stdout]   35:     0x60834b5d7b3b - core::ops::function::FnOnce::call_once::he27718dfdd183f43
[INFO] [stdout]                                at /rustc/6067b36314ab5eb2eb47cecc464545ba58e1ad24/library/core/src/ops/function.rs:250:5
[INFO] [stdout]   36:     0x60834b5d7b3b - test::__rust_begin_short_backtrace::h4e84902998457a5d
[INFO] [stdout]                                at /rustc/6067b36314ab5eb2eb47cecc464545ba58e1ad24/library/test/src/lib.rs:632:18
[INFO] [stdout]   37:     0x60834b5d6a73 - test::run_test_in_process::{{closure}}::h7176fd18fc1feca0
[INFO] [stdout]                                at /rustc/6067b36314ab5eb2eb47cecc464545ba58e1ad24/library/test/src/lib.rs:655:60
[INFO] [stdout]   38:     0x60834b5d6a73 - <core::panic::unwind_safe::AssertUnwindSafe<F> as core::ops::function::FnOnce<()>>::call_once::hf79cff2a624d8cf7
[INFO] [stdout]                                at /rustc/6067b36314ab5eb2eb47cecc464545ba58e1ad24/library/core/src/panic/unwind_safe.rs:272:9
[INFO] [stdout]   39:     0x60834b5d6a73 - std::panicking::try::do_call::h3da0561d9ab99c25
[INFO] [stdout]                                at /rustc/6067b36314ab5eb2eb47cecc464545ba58e1ad24/library/std/src/panicking.rs:587:40
[INFO] [stdout]   40:     0x60834b5d6a73 - std::panicking::try::h41c9fa508bc61df6
[INFO] [stdout]                                at /rustc/6067b36314ab5eb2eb47cecc464545ba58e1ad24/library/std/src/panicking.rs:550:19
[INFO] [stdout]   41:     0x60834b5d6a73 - std::panic::catch_unwind::h6b3ff07bb5afad93
[INFO] [stdout]                                at /rustc/6067b36314ab5eb2eb47cecc464545ba58e1ad24/library/std/src/panic.rs:358:14
[INFO] [stdout]   42:     0x60834b5d6a73 - test::run_test_in_process::hc7253dd11b39b9f4
[INFO] [stdout]                                at /rustc/6067b36314ab5eb2eb47cecc464545ba58e1ad24/library/test/src/lib.rs:655:27
[INFO] [stdout]   43:     0x60834b5d6a73 - test::run_test::{{closure}}::hfb2007f8649c30bb
[INFO] [stdout]                                at /rustc/6067b36314ab5eb2eb47cecc464545ba58e1ad24/library/test/src/lib.rs:576:43
[INFO] [stdout]   44:     0x60834b599b55 - test::run_test::{{closure}}::h56a17aa7a282a9f4
[INFO] [stdout]                                at /rustc/6067b36314ab5eb2eb47cecc464545ba58e1ad24/library/test/src/lib.rs:606:41
[INFO] [stdout]   45:     0x60834b599b55 - std::sys::backtrace::__rust_begin_short_backtrace::hd2d2d2fb8e8c6aac
[INFO] [stdout]                                at /rustc/6067b36314ab5eb2eb47cecc464545ba58e1ad24/library/std/src/sys/backtrace.rs:152:18
[INFO] [stdout]   46:     0x60834b59d43a - std::thread::Builder::spawn_unchecked_::{{closure}}::{{closure}}::h4faa3f9db6133423
[INFO] [stdout]                                at /rustc/6067b36314ab5eb2eb47cecc464545ba58e1ad24/library/std/src/thread/mod.rs:559:17
[INFO] [stdout]   47:     0x60834b59d43a - <core::panic::unwind_safe::AssertUnwindSafe<F> as core::ops::function::FnOnce<()>>::call_once::hf2e855a36a4ea846
[INFO] [stdout]                                at /rustc/6067b36314ab5eb2eb47cecc464545ba58e1ad24/library/core/src/panic/unwind_safe.rs:272:9
[INFO] [stdout]   48:     0x60834b59d43a - std::panicking::try::do_call::h2f73af3616c35465
[INFO] [stdout]                                at /rustc/6067b36314ab5eb2eb47cecc464545ba58e1ad24/library/std/src/panicking.rs:587:40
[INFO] [stdout]   49:     0x60834b59d43a - std::panicking::try::hd1660ce9efadef5a
[INFO] [stdout]                                at /rustc/6067b36314ab5eb2eb47cecc464545ba58e1ad24/library/std/src/panicking.rs:550:19
[INFO] [stdout]   50:     0x60834b59d43a - std::panic::catch_unwind::h5ee8d7823b8ca744
[INFO] [stdout]                                at /rustc/6067b36314ab5eb2eb47cecc464545ba58e1ad24/library/std/src/panic.rs:358:14
[INFO] [stdout]   51:     0x60834b59d43a - std::thread::Builder::spawn_unchecked_::{{closure}}::h53c3a1894dce8407
[INFO] [stdout]                                at /rustc/6067b36314ab5eb2eb47cecc464545ba58e1ad24/library/std/src/thread/mod.rs:557:30
[INFO] [stdout]   52:     0x60834b59d43a - core::ops::function::FnOnce::call_once{{vtable.shim}}::h048ce291ad4f62bf
[INFO] [stdout]                                at /rustc/6067b36314ab5eb2eb47cecc464545ba58e1ad24/library/core/src/ops/function.rs:250:5
[INFO] [stdout]   53:     0x60834befd44b - <alloc::boxed::Box<F,A> as core::ops::function::FnOnce<Args>>::call_once::ha52bedf99a3b4981
[INFO] [stdout]                                at /rustc/6067b36314ab5eb2eb47cecc464545ba58e1ad24/library/alloc/src/boxed.rs:2013:9
[INFO] [stdout]   54:     0x60834befd44b - <alloc::boxed::Box<F,A> as core::ops::function::FnOnce<Args>>::call_once::h567748934d80ccf8
[INFO] [stdout]                                at /rustc/6067b36314ab5eb2eb47cecc464545ba58e1ad24/library/alloc/src/boxed.rs:2013:9
[INFO] [stdout]   55:     0x60834befd44b - std::sys::pal::unix::thread::Thread::new::thread_start::h2d970728ae887adc
[INFO] [stdout]                                at /rustc/6067b36314ab5eb2eb47cecc464545ba58e1ad24/library/std/src/sys/pal/unix/thread.rs:106:17
[INFO] [stdout]   56:     0x7c9fe18cbac3 - <unknown>
[INFO] [stdout]   57:     0x7c9fe195ca04 - clone
[INFO] [stdout]   58:                0x0 - <unknown>
[INFO] [stdout] 
[INFO] [stdout] 
[INFO] [stdout] failures:
[INFO] [stdout]     test_add_photo_add_labels
[INFO] [stdout]     test_refresh_token
[INFO] [stdout] 
[INFO] [stdout] test result: FAILED. 0 passed; 2 failed; 0 ignored; 0 measured; 0 filtered out; finished in 0.25s
[INFO] [stdout] 
[INFO] [stderr] error: test failed, to rerun pass `--test photoprism_api_test`
[INFO] running `Command { std: "docker" "inspect" "081a6be2d5232088367c736199e7076a81a779b6922d21257d01cdcb63a6be94", kill_on_drop: false }`
[INFO] running `Command { std: "docker" "rm" "-f" "081a6be2d5232088367c736199e7076a81a779b6922d21257d01cdcb63a6be94", kill_on_drop: false }`
[INFO] [stdout] 081a6be2d5232088367c736199e7076a81a779b6922d21257d01cdcb63a6be94
