[INFO] cloning repository https://github.com/dragonation/rogiso
[INFO] running `Command { std: "git" "-c" "credential.helper=" "-c" "credential.helper=/workspace/cargo-home/bin/git-credential-null" "clone" "--bare" "https://github.com/dragonation/rogiso" "/workspace/cache/git-repos/https%3A%2F%2Fgithub.com%2Fdragonation%2Frogiso", kill_on_drop: false }`
[INFO] [stderr] Cloning into bare repository '/workspace/cache/git-repos/https%3A%2F%2Fgithub.com%2Fdragonation%2Frogiso'...
[INFO] running `Command { std: "git" "rev-parse" "HEAD", kill_on_drop: false }`
[INFO] [stdout] 33598ab7dc0ff8e1772dc48f0843e37717990d7e
[INFO] testing dragonation/rogiso against nightly-2025-01-18+rustflags=-Zrandomize-layout for randomize-layout-2
[INFO] running `Command { std: "git" "clone" "/workspace/cache/git-repos/https%3A%2F%2Fgithub.com%2Fdragonation%2Frogiso" "/workspace/builds/worker-2-tc2/source", kill_on_drop: false }`
[INFO] [stderr] Cloning into '/workspace/builds/worker-2-tc2/source'...
[INFO] [stderr] done.
[INFO] validating manifest of git repo https://github.com/dragonation/rogiso on toolchain nightly-2025-01-18
[INFO] running `Command { std: CARGO_HOME="/workspace/cargo-home" RUSTUP_HOME="/workspace/rustup-home" "/workspace/cargo-home/bin/cargo" "+nightly-2025-01-18" "metadata" "--manifest-path" "Cargo.toml" "--no-deps", kill_on_drop: false }`
[INFO] started tweaking git repo https://github.com/dragonation/rogiso
[INFO] finished tweaking git repo https://github.com/dragonation/rogiso
[INFO] tweaked toml for git repo https://github.com/dragonation/rogiso written to /workspace/builds/worker-2-tc2/source/Cargo.toml
[INFO] crate git repo https://github.com/dragonation/rogiso already has a lockfile, it will not be regenerated
[INFO] running `Command { std: CARGO_HOME="/workspace/cargo-home" RUSTUP_HOME="/workspace/rustup-home" "/workspace/cargo-home/bin/cargo" "+nightly-2025-01-18" "fetch" "--manifest-path" "Cargo.toml", kill_on_drop: false }`
[INFO] running `Command { std: "docker" "create" "-v" "/var/lib/crater-agent-workspace/builds/worker-2-tc2/target:/opt/rustwide/target:rw,Z" "-v" "/var/lib/crater-agent-workspace/builds/worker-2-tc2/source:/opt/rustwide/workdir:ro,Z" "-v" "/var/lib/crater-agent-workspace/cargo-home:/opt/rustwide/cargo-home:ro,Z" "-v" "/var/lib/crater-agent-workspace/rustup-home:/opt/rustwide/rustup-home:ro,Z" "-e" "SOURCE_DIR=/opt/rustwide/workdir" "-e" "CARGO_TARGET_DIR=/opt/rustwide/target" "-e" "CARGO_HOME=/opt/rustwide/cargo-home" "-e" "RUSTUP_HOME=/opt/rustwide/rustup-home" "-w" "/opt/rustwide/workdir" "-m" "1610612736" "--user" "0:0" "--network" "none" "ghcr.io/rust-lang/crates-build-env/linux@sha256:819108c5571ea2e421544af4d832f968d213c87fbe3707a016657f43d2f853bc" "/opt/rustwide/cargo-home/bin/cargo" "+nightly-2025-01-18" "metadata" "--no-deps" "--format-version=1", kill_on_drop: false }`
[INFO] [stdout] 7ef875df208e02d2dacc3f7364c0985db40d8eb3d3da2a8aeba33d29c85c90ff
[INFO] running `Command { std: "docker" "start" "-a" "7ef875df208e02d2dacc3f7364c0985db40d8eb3d3da2a8aeba33d29c85c90ff", kill_on_drop: false }`
[INFO] running `Command { std: "docker" "inspect" "7ef875df208e02d2dacc3f7364c0985db40d8eb3d3da2a8aeba33d29c85c90ff", kill_on_drop: false }`
[INFO] running `Command { std: "docker" "rm" "-f" "7ef875df208e02d2dacc3f7364c0985db40d8eb3d3da2a8aeba33d29c85c90ff", kill_on_drop: false }`
[INFO] [stdout] 7ef875df208e02d2dacc3f7364c0985db40d8eb3d3da2a8aeba33d29c85c90ff
[INFO] running `Command { std: "docker" "create" "-v" "/var/lib/crater-agent-workspace/builds/worker-2-tc2/target:/opt/rustwide/target:rw,Z" "-v" "/var/lib/crater-agent-workspace/builds/worker-2-tc2/source:/opt/rustwide/workdir:ro,Z" "-v" "/var/lib/crater-agent-workspace/cargo-home:/opt/rustwide/cargo-home:ro,Z" "-v" "/var/lib/crater-agent-workspace/rustup-home:/opt/rustwide/rustup-home:ro,Z" "-e" "SOURCE_DIR=/opt/rustwide/workdir" "-e" "CARGO_TARGET_DIR=/opt/rustwide/target" "-e" "CARGO_INCREMENTAL=0" "-e" "RUST_BACKTRACE=full" "-e" "RUSTFLAGS=--cap-lints=forbid -Zrandomize-layout" "-e" "RUSTDOCFLAGS=--cap-lints=forbid" "-e" "CARGO_HOME=/opt/rustwide/cargo-home" "-e" "RUSTUP_HOME=/opt/rustwide/rustup-home" "-w" "/opt/rustwide/workdir" "-m" "1610612736" "--user" "0:0" "--network" "none" "ghcr.io/rust-lang/crates-build-env/linux@sha256:819108c5571ea2e421544af4d832f968d213c87fbe3707a016657f43d2f853bc" "/opt/rustwide/cargo-home/bin/cargo" "+nightly-2025-01-18" "build" "--frozen" "--message-format=json", kill_on_drop: false }`
[INFO] [stdout] 5de73d892bae45b6aa4901bc75aa52281b0b12a2429206a0702b35e2baf7f0dd
[INFO] running `Command { std: "docker" "start" "-a" "5de73d892bae45b6aa4901bc75aa52281b0b12a2429206a0702b35e2baf7f0dd", kill_on_drop: false }`
[INFO] [stderr]    Compiling rogiso v0.1.0 (/opt/rustwide/workdir)
[INFO] [stdout] warning: unused import: `symbol::SymbolRecord`
[INFO] [stdout]   --> src/base/mod.rs:11:9
[INFO] [stdout]    |
[INFO] [stdout] 11 | pub use symbol::SymbolRecord;
[INFO] [stdout]    |         ^^^^^^^^^^^^^^^^^^^^
[INFO] [stdout]    |
[INFO] [stdout]    = note: `#[warn(unused_imports)]` on by default
[INFO] [stdout] 
[INFO] [stdout] 
[INFO] [stdout] warning: unused variable: `no_redirection`
[INFO] [stdout]    --> src/region.rs:957:133
[INFO] [stdout]     |
[INFO] [stdout] 957 | ...ntrantLockReadGuard, no_redirection: bool) -> Result<Pinned, Error> {
[INFO] [stdout]     |                         ^^^^^^^^^^^^^^ help: if this is intentional, prefix it with an underscore: `_no_redirection`
[INFO] [stdout]     |
[INFO] [stdout]     = note: `#[warn(unused_variables)]` on by default
[INFO] [stdout] 
[INFO] [stdout] 
[INFO] [stdout] warning: unused variable: `context`
[INFO] [stdout]     --> src/slot.rs:1281:68
[INFO] [stdout]      |
[INFO] [stdout] 1281 |     pub fn set_prototype_ignore_slot_trap(&self, prototype: Value, context: &Box<dyn Context>) -> Result<(), Error> {
[INFO] [stdout]      |                                                                    ^^^^^^^ help: if this is intentional, prefix it with an underscore: `_context`
[INFO] [stdout] 
[INFO] [stdout] 
[INFO] [stdout] warning: unused variable: `subject`
[INFO] [stdout]     --> src/slot.rs:1847:56
[INFO] [stdout]      |
[INFO] [stdout] 1847 |     pub fn delete_own_property_ignore_slot_trap(&self, subject: Value, symbol: Symbol, context: &Box<dyn Context>) -> Result<(), Error> {
[INFO] [stdout]      |                                                        ^^^^^^^ help: if this is intentional, prefix it with an underscore: `_subject`
[INFO] [stdout] 
[INFO] [stdout] 
[INFO] [stdout] warning: unused variable: `subject`
[INFO] [stdout]     --> src/slot.rs:1933:62
[INFO] [stdout]      |
[INFO] [stdout] 1933 |     pub fn list_own_property_symbols_ignore_slot_trap(&self, subject: Value, _context: &Box<dyn Context>) -> Result<Vec<Symbol>, Error> {
[INFO] [stdout]      |                                                              ^^^^^^^ help: if this is intentional, prefix it with an underscore: `_subject`
[INFO] [stdout] 
[INFO] [stdout] 
[INFO] [stdout] warning: fields `error_type` and `message` are never read
[INFO] [stdout]   --> src/base/error.rs:75:5
[INFO] [stdout]    |
[INFO] [stdout] 74 | pub struct Error {
[INFO] [stdout]    |            ----- fields in this struct
[INFO] [stdout] 75 |     error_type: ErrorType,
[INFO] [stdout]    |     ^^^^^^^^^^
[INFO] [stdout] 76 |     message: String
[INFO] [stdout]    |     ^^^^^^^
[INFO] [stdout]    |
[INFO] [stdout]    = note: `Error` has a derived impl for the trait `Debug`, but this is intentionally ignored during dead code analysis
[INFO] [stdout]    = note: `#[warn(dead_code)]` on by default
[INFO] [stdout] 
[INFO] [stdout] 
[INFO] [stdout] warning: method `get_prototype_with_layout_guard` is never used
[INFO] [stdout]    --> src/region.rs:957:12
[INFO] [stdout]     |
[INFO] [stdout] 955 | impl Region {
[INFO] [stdout]     | ----------- method in this implementation
[INFO] [stdout] 956 |
[INFO] [stdout] 957 |     pub fn get_prototype_with_layout_guard(&self, subject: Value, context: &Box<dyn Context>, layout_guard: ReentrantLockReadGuard, no_re...
[INFO] [stdout]     |            ^^^^^^^^^^^^^^^^^^^^^^^^^^^^^^^
[INFO] [stdout] 
[INFO] [stdout] 
[INFO] [stdout] warning: method `get_prototype` is never used
[INFO] [stdout]    --> src/slot.rs:483:12
[INFO] [stdout]     |
[INFO] [stdout] 481 | impl AtomicSlot {
[INFO] [stdout]     | --------------- method in this implementation
[INFO] [stdout] 482 |
[INFO] [stdout] 483 |     pub fn get_prototype(&self) -> Value {
[INFO] [stdout]     |            ^^^^^^^^^^^^^
[INFO] [stdout] 
[INFO] [stdout] 
[INFO] [stdout] warning: method `get_prototype` is never used
[INFO] [stdout]    --> src/slot.rs:718:12
[INFO] [stdout]     |
[INFO] [stdout] 716 | impl SlotRecord {
[INFO] [stdout]     | --------------- method in this implementation
[INFO] [stdout] 717 |
[INFO] [stdout] 718 |     pub fn get_prototype(&self) -> Value {
[INFO] [stdout]     |            ^^^^^^^^^^^^^
[INFO] [stdout] 
[INFO] [stdout] 
[INFO] [stdout] warning: method `get_prototype_with_layout_guard` is never used
[INFO] [stdout]     --> src/slot.rs:1207:12
[INFO] [stdout]      |
[INFO] [stdout] 1205 | impl RegionSlot {
[INFO] [stdout]      | --------------- method in this implementation
[INFO] [stdout] 1206 |
[INFO] [stdout] 1207 |     pub fn get_prototype_with_layout_guard(&self, context: &Box<dyn Context>, mut layout_guard: ReentrantLockReadGuard) -> Result<Pinned,...
[INFO] [stdout]      |            ^^^^^^^^^^^^^^^^^^^^^^^^^^^^^^^
[INFO] [stdout] 
[INFO] [stdout] 
[INFO] [stderr]     Finished `dev` profile [unoptimized + debuginfo] target(s) in 2.18s
[INFO] running `Command { std: "docker" "inspect" "5de73d892bae45b6aa4901bc75aa52281b0b12a2429206a0702b35e2baf7f0dd", kill_on_drop: false }`
[INFO] running `Command { std: "docker" "rm" "-f" "5de73d892bae45b6aa4901bc75aa52281b0b12a2429206a0702b35e2baf7f0dd", kill_on_drop: false }`
[INFO] [stdout] 5de73d892bae45b6aa4901bc75aa52281b0b12a2429206a0702b35e2baf7f0dd
[INFO] running `Command { std: "docker" "create" "-v" "/var/lib/crater-agent-workspace/builds/worker-2-tc2/target:/opt/rustwide/target:rw,Z" "-v" "/var/lib/crater-agent-workspace/builds/worker-2-tc2/source:/opt/rustwide/workdir:ro,Z" "-v" "/var/lib/crater-agent-workspace/cargo-home:/opt/rustwide/cargo-home:ro,Z" "-v" "/var/lib/crater-agent-workspace/rustup-home:/opt/rustwide/rustup-home:ro,Z" "-e" "SOURCE_DIR=/opt/rustwide/workdir" "-e" "CARGO_TARGET_DIR=/opt/rustwide/target" "-e" "CARGO_INCREMENTAL=0" "-e" "RUST_BACKTRACE=full" "-e" "RUSTFLAGS=--cap-lints=forbid -Zrandomize-layout" "-e" "RUSTDOCFLAGS=--cap-lints=forbid" "-e" "CARGO_HOME=/opt/rustwide/cargo-home" "-e" "RUSTUP_HOME=/opt/rustwide/rustup-home" "-w" "/opt/rustwide/workdir" "-m" "1610612736" "--user" "0:0" "--network" "none" "ghcr.io/rust-lang/crates-build-env/linux@sha256:819108c5571ea2e421544af4d832f968d213c87fbe3707a016657f43d2f853bc" "/opt/rustwide/cargo-home/bin/cargo" "+nightly-2025-01-18" "test" "--frozen" "--no-run" "--message-format=json", kill_on_drop: false }`
[INFO] [stdout] b653dd048692ed9d7e3eb4cd936c2f1ab8fcdc452d5df8b575b68e024e1efa85
[INFO] running `Command { std: "docker" "start" "-a" "b653dd048692ed9d7e3eb4cd936c2f1ab8fcdc452d5df8b575b68e024e1efa85", kill_on_drop: false }`
[INFO] [stdout] warning: unused import: `symbol::SymbolRecord`
[INFO] [stdout]   --> src/base/mod.rs:11:9
[INFO] [stdout]    |
[INFO] [stdout] 11 | pub use symbol::SymbolRecord;
[INFO] [stdout]    |         ^^^^^^^^^^^^^^^^^^^^
[INFO] [stdout]    |
[INFO] [stdout]    = note: `#[warn(unused_imports)]` on by default
[INFO] [stdout] 
[INFO] [stdout] 
[INFO] [stdout] warning: unused variable: `no_redirection`
[INFO] [stdout]    --> src/region.rs:957:133
[INFO] [stdout]     |
[INFO] [stdout] 957 | ...ntrantLockReadGuard, no_redirection: bool) -> Result<Pinned, Error> {
[INFO] [stdout]     |                         ^^^^^^^^^^^^^^ help: if this is intentional, prefix it with an underscore: `_no_redirection`
[INFO] [stdout]     |
[INFO] [stdout]     = note: `#[warn(unused_variables)]` on by default
[INFO] [stdout] 
[INFO] [stdout] 
[INFO] [stdout] warning: unused variable: `context`
[INFO] [stdout]     --> src/slot.rs:1281:68
[INFO] [stdout]      |
[INFO] [stdout] 1281 |     pub fn set_prototype_ignore_slot_trap(&self, prototype: Value, context: &Box<dyn Context>) -> Result<(), Error> {
[INFO] [stdout]      |                                                                    ^^^^^^^ help: if this is intentional, prefix it with an underscore: `_context`
[INFO] [stdout] 
[INFO] [stdout] 
[INFO] [stdout] warning: unused variable: `subject`
[INFO] [stdout]     --> src/slot.rs:1847:56
[INFO] [stdout]      |
[INFO] [stdout] 1847 |     pub fn delete_own_property_ignore_slot_trap(&self, subject: Value, symbol: Symbol, context: &Box<dyn Context>) -> Result<(), Error> {
[INFO] [stdout]      |                                                        ^^^^^^^ help: if this is intentional, prefix it with an underscore: `_subject`
[INFO] [stdout] 
[INFO] [stdout] 
[INFO] [stdout] warning: unused variable: `subject`
[INFO] [stdout]     --> src/slot.rs:1933:62
[INFO] [stdout]      |
[INFO] [stdout] 1933 |     pub fn list_own_property_symbols_ignore_slot_trap(&self, subject: Value, _context: &Box<dyn Context>) -> Result<Vec<Symbol>, Error> {
[INFO] [stdout]      |                                                              ^^^^^^^ help: if this is intentional, prefix it with an underscore: `_subject`
[INFO] [stdout] 
[INFO] [stdout] 
[INFO] [stderr]    Compiling rogiso v0.1.0 (/opt/rustwide/workdir)
[INFO] [stdout] warning: fields `error_type` and `message` are never read
[INFO] [stdout]   --> src/base/error.rs:75:5
[INFO] [stdout]    |
[INFO] [stdout] 74 | pub struct Error {
[INFO] [stdout]    |            ----- fields in this struct
[INFO] [stdout] 75 |     error_type: ErrorType,
[INFO] [stdout]    |     ^^^^^^^^^^
[INFO] [stdout] 76 |     message: String
[INFO] [stdout]    |     ^^^^^^^
[INFO] [stdout]    |
[INFO] [stdout]    = note: `Error` has a derived impl for the trait `Debug`, but this is intentionally ignored during dead code analysis
[INFO] [stdout]    = note: `#[warn(dead_code)]` on by default
[INFO] [stdout] 
[INFO] [stdout] 
[INFO] [stdout] warning: method `get_prototype_with_layout_guard` is never used
[INFO] [stdout]    --> src/region.rs:957:12
[INFO] [stdout]     |
[INFO] [stdout] 955 | impl Region {
[INFO] [stdout]     | ----------- method in this implementation
[INFO] [stdout] 956 |
[INFO] [stdout] 957 |     pub fn get_prototype_with_layout_guard(&self, subject: Value, context: &Box<dyn Context>, layout_guard: ReentrantLockReadGuard, no_re...
[INFO] [stdout]     |            ^^^^^^^^^^^^^^^^^^^^^^^^^^^^^^^
[INFO] [stdout] 
[INFO] [stdout] 
[INFO] [stdout] warning: method `get_prototype` is never used
[INFO] [stdout]    --> src/slot.rs:483:12
[INFO] [stdout]     |
[INFO] [stdout] 481 | impl AtomicSlot {
[INFO] [stdout]     | --------------- method in this implementation
[INFO] [stdout] 482 |
[INFO] [stdout] 483 |     pub fn get_prototype(&self) -> Value {
[INFO] [stdout]     |            ^^^^^^^^^^^^^
[INFO] [stdout] 
[INFO] [stdout] 
[INFO] [stdout] warning: method `get_prototype` is never used
[INFO] [stdout]    --> src/slot.rs:718:12
[INFO] [stdout]     |
[INFO] [stdout] 716 | impl SlotRecord {
[INFO] [stdout]     | --------------- method in this implementation
[INFO] [stdout] 717 |
[INFO] [stdout] 718 |     pub fn get_prototype(&self) -> Value {
[INFO] [stdout]     |            ^^^^^^^^^^^^^
[INFO] [stdout] 
[INFO] [stdout] 
[INFO] [stdout] warning: method `get_prototype_with_layout_guard` is never used
[INFO] [stdout]     --> src/slot.rs:1207:12
[INFO] [stdout]      |
[INFO] [stdout] 1205 | impl RegionSlot {
[INFO] [stdout]      | --------------- method in this implementation
[INFO] [stdout] 1206 |
[INFO] [stdout] 1207 |     pub fn get_prototype_with_layout_guard(&self, context: &Box<dyn Context>, mut layout_guard: ReentrantLockReadGuard) -> Result<Pinned,...
[INFO] [stdout]      |            ^^^^^^^^^^^^^^^^^^^^^^^^^^^^^^^
[INFO] [stdout] 
[INFO] [stdout] 
[INFO] [stdout] warning: unused import: `symbol::SymbolRecord`
[INFO] [stdout]   --> src/base/mod.rs:11:9
[INFO] [stdout]    |
[INFO] [stdout] 11 | pub use symbol::SymbolRecord;
[INFO] [stdout]    |         ^^^^^^^^^^^^^^^^^^^^
[INFO] [stdout]    |
[INFO] [stdout]    = note: `#[warn(unused_imports)]` on by default
[INFO] [stdout] 
[INFO] [stdout] 
[INFO] [stdout] warning: unused import: `trap_info::TestTrapInfo`
[INFO] [stdout]   --> src/test/mod.rs:17:9
[INFO] [stdout]    |
[INFO] [stdout] 17 | pub use trap_info::TestTrapInfo;
[INFO] [stdout]    |         ^^^^^^^^^^^^^^^^^^^^^^^
[INFO] [stdout] 
[INFO] [stdout] 
[INFO] [stdout] warning: unused variable: `no_redirection`
[INFO] [stdout]    --> src/region.rs:957:133
[INFO] [stdout]     |
[INFO] [stdout] 957 | ...ntrantLockReadGuard, no_redirection: bool) -> Result<Pinned, Error> {
[INFO] [stdout]     |                         ^^^^^^^^^^^^^^ help: if this is intentional, prefix it with an underscore: `_no_redirection`
[INFO] [stdout]     |
[INFO] [stdout]     = note: `#[warn(unused_variables)]` on by default
[INFO] [stdout] 
[INFO] [stdout] 
[INFO] [stdout] warning: unused variable: `context`
[INFO] [stdout]     --> src/slot.rs:1281:68
[INFO] [stdout]      |
[INFO] [stdout] 1281 |     pub fn set_prototype_ignore_slot_trap(&self, prototype: Value, context: &Box<dyn Context>) -> Result<(), Error> {
[INFO] [stdout]      |                                                                    ^^^^^^^ help: if this is intentional, prefix it with an underscore: `_context`
[INFO] [stdout] 
[INFO] [stdout] 
[INFO] [stdout] warning: unused variable: `subject`
[INFO] [stdout]     --> src/slot.rs:1847:56
[INFO] [stdout]      |
[INFO] [stdout] 1847 |     pub fn delete_own_property_ignore_slot_trap(&self, subject: Value, symbol: Symbol, context: &Box<dyn Context>) -> Result<(), Error> {
[INFO] [stdout]      |                                                        ^^^^^^^ help: if this is intentional, prefix it with an underscore: `_subject`
[INFO] [stdout] 
[INFO] [stdout] 
[INFO] [stdout] warning: unused variable: `subject`
[INFO] [stdout]     --> src/slot.rs:1933:62
[INFO] [stdout]      |
[INFO] [stdout] 1933 |     pub fn list_own_property_symbols_ignore_slot_trap(&self, subject: Value, _context: &Box<dyn Context>) -> Result<Vec<Symbol>, Error> {
[INFO] [stdout]      |                                                              ^^^^^^^ help: if this is intentional, prefix it with an underscore: `_subject`
[INFO] [stdout] 
[INFO] [stdout] 
[INFO] [stdout] warning: fields `error_type` and `message` are never read
[INFO] [stdout]   --> src/base/error.rs:75:5
[INFO] [stdout]    |
[INFO] [stdout] 74 | pub struct Error {
[INFO] [stdout]    |            ----- fields in this struct
[INFO] [stdout] 75 |     error_type: ErrorType,
[INFO] [stdout]    |     ^^^^^^^^^^
[INFO] [stdout] 76 |     message: String
[INFO] [stdout]    |     ^^^^^^^
[INFO] [stdout]    |
[INFO] [stdout]    = note: `Error` has a derived impl for the trait `Debug`, but this is intentionally ignored during dead code analysis
[INFO] [stdout]    = note: `#[warn(dead_code)]` on by default
[INFO] [stdout] 
[INFO] [stdout] 
[INFO] [stdout] warning: method `get_prototype_with_layout_guard` is never used
[INFO] [stdout]    --> src/region.rs:957:12
[INFO] [stdout]     |
[INFO] [stdout] 955 | impl Region {
[INFO] [stdout]     | ----------- method in this implementation
[INFO] [stdout] 956 |
[INFO] [stdout] 957 |     pub fn get_prototype_with_layout_guard(&self, subject: Value, context: &Box<dyn Context>, layout_guard: ReentrantLockReadGuard, no_re...
[INFO] [stdout]     |            ^^^^^^^^^^^^^^^^^^^^^^^^^^^^^^^
[INFO] [stdout] 
[INFO] [stdout] 
[INFO] [stdout] warning: method `get_prototype` is never used
[INFO] [stdout]    --> src/slot.rs:483:12
[INFO] [stdout]     |
[INFO] [stdout] 481 | impl AtomicSlot {
[INFO] [stdout]     | --------------- method in this implementation
[INFO] [stdout] 482 |
[INFO] [stdout] 483 |     pub fn get_prototype(&self) -> Value {
[INFO] [stdout]     |            ^^^^^^^^^^^^^
[INFO] [stdout] 
[INFO] [stdout] 
[INFO] [stdout] warning: method `get_prototype` is never used
[INFO] [stdout]    --> src/slot.rs:718:12
[INFO] [stdout]     |
[INFO] [stdout] 716 | impl SlotRecord {
[INFO] [stdout]     | --------------- method in this implementation
[INFO] [stdout] 717 |
[INFO] [stdout] 718 |     pub fn get_prototype(&self) -> Value {
[INFO] [stdout]     |            ^^^^^^^^^^^^^
[INFO] [stdout] 
[INFO] [stdout] 
[INFO] [stdout] warning: method `get_prototype_with_layout_guard` is never used
[INFO] [stdout]     --> src/slot.rs:1207:12
[INFO] [stdout]      |
[INFO] [stdout] 1205 | impl RegionSlot {
[INFO] [stdout]      | --------------- method in this implementation
[INFO] [stdout] 1206 |
[INFO] [stdout] 1207 |     pub fn get_prototype_with_layout_guard(&self, context: &Box<dyn Context>, mut layout_guard: ReentrantLockReadGuard) -> Result<Pinned,...
[INFO] [stdout]      |            ^^^^^^^^^^^^^^^^^^^^^^^^^^^^^^^
[INFO] [stdout] 
[INFO] [stdout] 
[INFO] [stderr]     Finished `test` profile [unoptimized + debuginfo] target(s) in 3.04s
[INFO] running `Command { std: "docker" "inspect" "b653dd048692ed9d7e3eb4cd936c2f1ab8fcdc452d5df8b575b68e024e1efa85", kill_on_drop: false }`
[INFO] running `Command { std: "docker" "rm" "-f" "b653dd048692ed9d7e3eb4cd936c2f1ab8fcdc452d5df8b575b68e024e1efa85", kill_on_drop: false }`
[INFO] [stdout] b653dd048692ed9d7e3eb4cd936c2f1ab8fcdc452d5df8b575b68e024e1efa85
[INFO] running `Command { std: "docker" "create" "-v" "/var/lib/crater-agent-workspace/builds/worker-2-tc2/target:/opt/rustwide/target:rw,Z" "-v" "/var/lib/crater-agent-workspace/builds/worker-2-tc2/source:/opt/rustwide/workdir:ro,Z" "-v" "/var/lib/crater-agent-workspace/cargo-home:/opt/rustwide/cargo-home:ro,Z" "-v" "/var/lib/crater-agent-workspace/rustup-home:/opt/rustwide/rustup-home:ro,Z" "-e" "SOURCE_DIR=/opt/rustwide/workdir" "-e" "CARGO_TARGET_DIR=/opt/rustwide/target" "-e" "CARGO_INCREMENTAL=0" "-e" "RUST_BACKTRACE=full" "-e" "RUSTFLAGS=--cap-lints=forbid -Zrandomize-layout" "-e" "RUSTDOCFLAGS=--cap-lints=forbid" "-e" "CARGO_HOME=/opt/rustwide/cargo-home" "-e" "RUSTUP_HOME=/opt/rustwide/rustup-home" "-w" "/opt/rustwide/workdir" "-m" "1610612736" "--user" "0:0" "--network" "none" "ghcr.io/rust-lang/crates-build-env/linux@sha256:819108c5571ea2e421544af4d832f968d213c87fbe3707a016657f43d2f853bc" "/opt/rustwide/cargo-home/bin/cargo" "+nightly-2025-01-18" "test" "--frozen", kill_on_drop: false }`
[INFO] [stdout] a4c29388fa410a5db9c0d337950941a53fdaeebb2f97479947e457d14d01bcd5
[INFO] running `Command { std: "docker" "start" "-a" "a4c29388fa410a5db9c0d337950941a53fdaeebb2f97479947e457d14d01bcd5", kill_on_drop: false }`
[INFO] [stderr] warning: unused import: `symbol::SymbolRecord`
[INFO] [stderr]   --> src/base/mod.rs:11:9
[INFO] [stderr]    |
[INFO] [stderr] 11 | pub use symbol::SymbolRecord;
[INFO] [stderr]    |         ^^^^^^^^^^^^^^^^^^^^
[INFO] [stderr]    |
[INFO] [stderr]    = note: `#[warn(unused_imports)]` on by default
[INFO] [stderr] 
[INFO] [stderr] warning: unused variable: `no_redirection`
[INFO] [stderr]    --> src/region.rs:957:133
[INFO] [stderr]     |
[INFO] [stderr] 957 | ...ntrantLockReadGuard, no_redirection: bool) -> Result<Pinned, Error> {
[INFO] [stderr]     |                         ^^^^^^^^^^^^^^ help: if this is intentional, prefix it with an underscore: `_no_redirection`
[INFO] [stderr]     |
[INFO] [stderr]     = note: `#[warn(unused_variables)]` on by default
[INFO] [stderr] 
[INFO] [stderr] warning: unused variable: `context`
[INFO] [stderr]     --> src/slot.rs:1281:68
[INFO] [stderr]      |
[INFO] [stderr] 1281 |     pub fn set_prototype_ignore_slot_trap(&self, prototype: Value, context: &Box<dyn Context>) -> Result<(), Error> {
[INFO] [stderr]      |                                                                    ^^^^^^^ help: if this is intentional, prefix it with an underscore: `_context`
[INFO] [stderr] 
[INFO] [stderr] warning: unused variable: `subject`
[INFO] [stderr]     --> src/slot.rs:1847:56
[INFO] [stderr]      |
[INFO] [stderr] 1847 |     pub fn delete_own_property_ignore_slot_trap(&self, subject: Value, symbol: Symbol, context: &Box<dyn Context>) -> Result<(), Error> {
[INFO] [stderr]      |                                                        ^^^^^^^ help: if this is intentional, prefix it with an underscore: `_subject`
[INFO] [stderr] 
[INFO] [stderr] warning: unused variable: `subject`
[INFO] [stderr]     --> src/slot.rs:1933:62
[INFO] [stderr]      |
[INFO] [stderr] 1933 |     pub fn list_own_property_symbols_ignore_slot_trap(&self, subject: Value, _context: &Box<dyn Context>) -> Result<Vec<Symbol>, Error> {
[INFO] [stderr]      |                                                              ^^^^^^^ help: if this is intentional, prefix it with an underscore: `_subject`
[INFO] [stderr] 
[INFO] [stderr] warning: fields `error_type` and `message` are never read
[INFO] [stderr]   --> src/base/error.rs:75:5
[INFO] [stderr]    |
[INFO] [stderr] 74 | pub struct Error {
[INFO] [stderr]    |            ----- fields in this struct
[INFO] [stderr] 75 |     error_type: ErrorType,
[INFO] [stderr]    |     ^^^^^^^^^^
[INFO] [stderr] 76 |     message: String
[INFO] [stderr]    |     ^^^^^^^
[INFO] [stderr]    |
[INFO] [stderr]    = note: `Error` has a derived impl for the trait `Debug`, but this is intentionally ignored during dead code analysis
[INFO] [stderr]    = note: `#[warn(dead_code)]` on by default
[INFO] [stderr] 
[INFO] [stderr] warning: method `get_prototype_with_layout_guard` is never used
[INFO] [stderr]    --> src/region.rs:957:12
[INFO] [stderr]     |
[INFO] [stderr] 955 | impl Region {
[INFO] [stderr]     | ----------- method in this implementation
[INFO] [stderr] 956 |
[INFO] [stderr] 957 |     pub fn get_prototype_with_layout_guard(&self, subject: Value, context: &Box<dyn Context>, layout_guard: ReentrantLockReadGuard, no_re...
[INFO] [stderr]     |            ^^^^^^^^^^^^^^^^^^^^^^^^^^^^^^^
[INFO] [stderr] 
[INFO] [stderr] warning: method `get_prototype` is never used
[INFO] [stderr]    --> src/slot.rs:483:12
[INFO] [stderr]     |
[INFO] [stderr] 481 | impl AtomicSlot {
[INFO] [stderr]     | --------------- method in this implementation
[INFO] [stderr] 482 |
[INFO] [stderr] 483 |     pub fn get_prototype(&self) -> Value {
[INFO] [stderr]     |            ^^^^^^^^^^^^^
[INFO] [stderr] 
[INFO] [stderr] warning: method `get_prototype` is never used
[INFO] [stderr]    --> src/slot.rs:718:12
[INFO] [stderr]     |
[INFO] [stderr] 716 | impl SlotRecord {
[INFO] [stderr]     | --------------- method in this implementation
[INFO] [stderr] 717 |
[INFO] [stderr] 718 |     pub fn get_prototype(&self) -> Value {
[INFO] [stderr]     |            ^^^^^^^^^^^^^
[INFO] [stderr] 
[INFO] [stderr] warning: method `get_prototype_with_layout_guard` is never used
[INFO] [stderr]     --> src/slot.rs:1207:12
[INFO] [stderr]      |
[INFO] [stderr] 1205 | impl RegionSlot {
[INFO] [stderr]      | --------------- method in this implementation
[INFO] [stderr] 1206 |
[INFO] [stderr] 1207 |     pub fn get_prototype_with_layout_guard(&self, context: &Box<dyn Context>, mut layout_guard: ReentrantLockReadGuard) -> Result<Pinned,...
[INFO] [stderr]      |            ^^^^^^^^^^^^^^^^^^^^^^^^^^^^^^^
[INFO] [stderr] 
[INFO] [stderr] warning: `rogiso` (lib) generated 10 warnings (run `cargo fix --lib -p rogiso` to apply 1 suggestion)
[INFO] [stderr] warning: unused import: `trap_info::TestTrapInfo`
[INFO] [stderr]   --> src/test/mod.rs:17:9
[INFO] [stderr]    |
[INFO] [stderr] 17 | pub use trap_info::TestTrapInfo;
[INFO] [stderr]    |         ^^^^^^^^^^^^^^^^^^^^^^^
[INFO] [stderr] 
[INFO] [stderr] warning: `rogiso` (lib test) generated 11 warnings (10 duplicates) (run `cargo fix --lib -p rogiso --tests` to apply 1 suggestion)
[INFO] [stderr]     Finished `test` profile [unoptimized + debuginfo] target(s) in 0.02s
[INFO] [stderr]      Running unittests src/lib.rs (/opt/rustwide/target/debug/deps/rogiso-77294101f4202087)
[INFO] [stdout] 
[INFO] [stdout] running 112 tests
[INFO] [stdout] test base::symbol::test_symbol_id_generator ... ok
[INFO] [stdout] test base::symbol::test_text_symbol ... ok
[INFO] [stdout] test base::value::test_boolean_true ... ok
[INFO] [stdout] test base::value::test_cardinal ... ok
[INFO] [stdout] test base::value::test_boolean_false ... ok
[INFO] [stdout] test base::symbol::test_value_symbol ... ok
[INFO] [stdout] test base::symbol::test_symbol_recycle ... ok
[INFO] [stdout] test base::value::test_cardinal_zero ... ok
[INFO] [stdout] test base::value::test_float ... ok
[INFO] [stdout] test base::value::test_float_nan ... ok
[INFO] [stdout] test base::value::test_float_infinity ... ok
[INFO] [stdout] test base::value::test_float_negative_infinity ... ok
[INFO] [stdout] test base::value::test_equal ... ok
[INFO] [stdout] test base::value::test_float_zero ... ok
[INFO] [stdout] test base::value::test_float_negative ... ok
[INFO] [stdout] test base::value::test_integer ... ok
[INFO] [stdout] test base::value::test_integer_negative ... ok
[INFO] [stdout] test base::value::test_integer_zero ... ok
[INFO] [stdout] test base::value::test_null ... ok
[INFO] [stdout] test base::value::test_undefined ... ok
[INFO] [stdout] test field_shortcuts::test_field_shortcuts ... ok
[INFO] [stdout] test field_shortcuts::test_field_shortcuts_size ... ok
[INFO] [stdout] test field_shortcuts::test_field_template_creation ... ok
[INFO] [stdout] test field_shortcuts::test_field_template_version ... ok
[INFO] [stdout] test internal_slot::list::test_creation ... ok
[INFO] [stdout] test internal_slot::list::test_elements ... ok
[INFO] [stdout] test field_shortcuts::test_field_token ... ok
[INFO] [stdout] test internal_slot::list::test_list_references ... ok
[INFO] [stdout] test internal_slot::list::test_length ... ok
[INFO] [stdout] test internal_slot::list::test_refresh_reference ... ok
[INFO] [stdout] test internal_slot::text::test_char_iterator ... ok
[INFO] [stdout] test internal_slot::text::test_equal ... ok
[INFO] [stdout] test internal_slot::text::test_from_chars ... ok
[INFO] [stdout] test internal_slot::text::test_from_utf8 ... ok
[INFO] [stdout] test internal_slot::text::test_get_char_at ... ok
[INFO] [stdout] test internal_slot::text::test_concatentate ... ok
[INFO] [stdout] test internal_slot::text::test_ordering ... ok
[INFO] [stdout] test internal_slot::text::test_simple_text ... ok
[INFO] [stdout] test internal_slot::text::test_repeat ... ok
[INFO] [stdout] test internal_slot::text::test_slices ... ok
[INFO] [stdout] test internal_slot::tuple::test_creation ... ok
[INFO] [stdout] test internal_slot::tuple::test_length ... ok
[INFO] [stdout] test internal_slot::tuple::test_refresh_reference ... ok
[INFO] [stdout] test internal_slot::tuple::test_tuple_references ... ok
[INFO] [stdout] test field_shortcuts::test_field_template_symbol ... ok
[INFO] [stdout] test internal_slot::text::test_hash ... ok
[INFO] [stdout] test reference_map::test_add_reference ... ok
[INFO] [stdout] test internal_slot::text::test_shrink ... ok
[INFO] [stdout] test isolate::test_isolate_text_symbol ... ok
[INFO] [stdout] test internal_slot::tuple::test_get_element ... ok
[INFO] [stdout] test isolate::test_isolate_own_properties ... ok
[INFO] [stdout] test isolate::test_isolate_region_management ... ok
[INFO] [stdout] test isolate::test_isolate_outlets ... ok
[INFO] [stdout] test isolate::test_isolate_seals ... ok
[INFO] [stdout] test isolate::test_isolate_roots ... ok
[INFO] [stdout] test reference_map::test_remove_reference_not_found ... ok
[INFO] [stdout] test reference_map::test_remove_reference ... ok
[INFO] [stdout] test reference_map::test_multiple_references ... ok
[INFO] [stdout] test isolate::test_isolate_slot_management ... ok
[INFO] [stdout] test isolate::test_isolate_value_symbol ... ok
[INFO] [stdout] test isolate::test_isolate_creation ... ok
[INFO] [stdout] test isolate::test_isolate_properties ... ok
[INFO] [stdout] test region::test_region_size ... ok
[INFO] [stdout] test region::test_region_snapshot ... ok
[INFO] [stdout] test region::test_region_own_property ... ok
[INFO] [stdout] test region::test_region_slot_trap ... ok
[INFO] [stdout] test region::test_region_field_shortcuts ... ok
[INFO] [stdout] test region::test_region_seal ... ok
[INFO] [stdout] test region::test_region_basic_states ... ok
[INFO] [stdout] test region::test_region_creation ... ok
[INFO] [stdout] test region::test_region_references ... ok
[INFO] [stdout] test root::test_root_creation ... ok
[INFO] [stdout] test root::test_root_get ... ok
[INFO] [stdout] test isolate::test_isolate_slot_snapshot ... ok
[INFO] [stdout] test region::test_region_internal_slot ... ok
[INFO] [stdout] test root::test_root_references ... ok
[INFO] [stdout] test root::test_root_refresh ... ok
[INFO] [stdout] test root::test_roots_creation ... ok
[INFO] [stdout] test region::test_region_basic_slot_management ... ok
[INFO] [stdout] test root::test_roots_merge ... ok
[INFO] [stdout] test root::test_roots_references ... ok
[INFO] [stdout] test root::test_roots_refresh_value ... ok
[INFO] [stdout] test root::test_weak_id_generator ... ok
[INFO] [stdout] test root::test_weak_root ... ok
[INFO] [stdout] test slot::test_atomic_slot_flags ... ok
[INFO] [stdout] test slot::test_atomic_slot_primitive_type ... ok
[INFO] [stdout] test slot::test_region_slot_color ... ok
[INFO] [stdout] test slot::test_region_slot_field_shortcuts ... ok
[INFO] [stdout] test slot::test_region_slot_internal_slot ... ok
[INFO] [stdout] test slot::test_region_slot_management ... ok
[INFO] [stdout] test slot::test_region_slot_own_properties ... ok
[INFO] [stdout] test slot::test_region_slot_own_property_with_field_shortcuts ... ok
[INFO] [stdout] test slot::test_region_slot_size ... ok
[INFO] [stdout] test slot::test_region_slot_references ... ok
[INFO] [stdout] test slot::test_region_slot_slot_trap ... ok
[INFO] [stdout] test slot::test_region_slot_snapshot ... ok
[INFO] [stdout] test slot::test_slot_record_color ... ok
[INFO] [stdout] test slot::test_slot_record_id ... ok
[INFO] [stdout] test slot::test_slot_record_references ... ok
[INFO] [stdout] test slot::test_slot_record_reset ... ok
[INFO] [stdout] test util::page_map::test_page_map_items ... ok
[INFO] [stdout] test slot::test_slot_record_size ... ok
[INFO] [stdout] test slot::test_atomic_slot_size ... FAILED
[INFO] [stdout] test util::page_map::test_page_map_iterator ... ok
[INFO] [stdout] test util::page_map::test_page_map_items_inavailable - should panic ... ok
[INFO] [stdout] test util::page_map::test_page_map_size ... ok
[INFO] [stdout] test util::page_map::test_page_map_items_recycled - should panic ... ok
[INFO] [stdout] test util::page_map::test_page_size ... ok
[INFO] [stdout] test util::page_map::test_page_table_size ... ok
[INFO] [stdout] test util::reentrant_lock::test_lock ... ok
[INFO] [stdout] test util::rw_lock::test_lock ... ok
[INFO] [stdout] test util::spin_lock::test_lock ... ok
[INFO] [stdout] 
[INFO] [stdout] failures:
[INFO] [stdout] 
[INFO] [stdout] ---- slot::test_atomic_slot_size stdout ----
[INFO] [stdout] 
[INFO] [stdout] thread 'slot::test_atomic_slot_size' panicked at src/slot.rs:2186:5:
[INFO] [stdout] assertion `left == right` failed
[INFO] [stdout]   left: 144
[INFO] [stdout]  right: 128
[INFO] [stdout] stack backtrace:
[INFO] [stdout]    0:     0x5f13f45c7e0a - std::backtrace_rs::backtrace::libunwind::trace::hb059275cfc8d6126
[INFO] [stdout]                                at /rustc/6067b36314ab5eb2eb47cecc464545ba58e1ad24/library/std/src/../../backtrace/src/backtrace/libunwind.rs:116:5
[INFO] [stdout]    1:     0x5f13f45c7e0a - std::backtrace_rs::backtrace::trace_unsynchronized::h2da071e4327ce3ee
[INFO] [stdout]                                at /rustc/6067b36314ab5eb2eb47cecc464545ba58e1ad24/library/std/src/../../backtrace/src/backtrace/mod.rs:66:5
[INFO] [stdout]    2:     0x5f13f45c7e0a - std::sys::backtrace::_print_fmt::h842a1474e6f8d23f
[INFO] [stdout]                                at /rustc/6067b36314ab5eb2eb47cecc464545ba58e1ad24/library/std/src/sys/backtrace.rs:66:9
[INFO] [stdout]    3:     0x5f13f45c7e0a - <std::sys::backtrace::BacktraceLock::print::DisplayBacktrace as core::fmt::Display>::fmt::h71a62eb3b9696b12
[INFO] [stdout]                                at /rustc/6067b36314ab5eb2eb47cecc464545ba58e1ad24/library/std/src/sys/backtrace.rs:39:26
[INFO] [stdout]    4:     0x5f13f45f03e3 - core::fmt::rt::Argument::fmt::hdb6b616786b41dc1
[INFO] [stdout]                                at /rustc/6067b36314ab5eb2eb47cecc464545ba58e1ad24/library/core/src/fmt/rt.rs:177:76
[INFO] [stdout]    5:     0x5f13f45f03e3 - core::fmt::write::h2cc1698af7e2d686
[INFO] [stdout]                                at /rustc/6067b36314ab5eb2eb47cecc464545ba58e1ad24/library/core/src/fmt/mod.rs:1440:21
[INFO] [stdout]    6:     0x5f13f45c4963 - std::io::Write::write_fmt::hab1b4cd059a79022
[INFO] [stdout]                                at /rustc/6067b36314ab5eb2eb47cecc464545ba58e1ad24/library/std/src/io/mod.rs:1887:15
[INFO] [stdout]    7:     0x5f13f45c7c52 - std::sys::backtrace::BacktraceLock::print::h147fe35b4ea13b08
[INFO] [stdout]                                at /rustc/6067b36314ab5eb2eb47cecc464545ba58e1ad24/library/std/src/sys/backtrace.rs:42:9
[INFO] [stdout]    8:     0x5f13f45c922f - std::panicking::default_hook::{{closure}}::hbd44223dbdc0d208
[INFO] [stdout]                                at /rustc/6067b36314ab5eb2eb47cecc464545ba58e1ad24/library/std/src/panicking.rs:298:22
[INFO] [stdout]    9:     0x5f13f45c9048 - std::panicking::default_hook::h20f81eb0576efcec
[INFO] [stdout]                                at /rustc/6067b36314ab5eb2eb47cecc464545ba58e1ad24/library/std/src/panicking.rs:322:9
[INFO] [stdout]   10:     0x5f13f4591d93 - <alloc::boxed::Box<F,A> as core::ops::function::Fn<Args>>::call::hdb53814c496a4d34
[INFO] [stdout]                                at /rustc/6067b36314ab5eb2eb47cecc464545ba58e1ad24/library/alloc/src/boxed.rs:2027:9
[INFO] [stdout]   11:     0x5f13f4591d93 - test::test_main::{{closure}}::hc0a4963c59427c24
[INFO] [stdout]                                at /rustc/6067b36314ab5eb2eb47cecc464545ba58e1ad24/library/test/src/lib.rs:134:21
[INFO] [stdout]   12:     0x5f13f45c9d23 - <alloc::boxed::Box<F,A> as core::ops::function::Fn<Args>>::call::h591b2225413a77e9
[INFO] [stdout]                                at /rustc/6067b36314ab5eb2eb47cecc464545ba58e1ad24/library/alloc/src/boxed.rs:2027:9
[INFO] [stdout]   13:     0x5f13f45c9d23 - std::panicking::rust_panic_with_hook::h625eea43051b2edc
[INFO] [stdout]                                at /rustc/6067b36314ab5eb2eb47cecc464545ba58e1ad24/library/std/src/panicking.rs:839:13
[INFO] [stdout]   14:     0x5f13f45c99da - std::panicking::begin_panic_handler::{{closure}}::h4f9159cfbc3f6bd3
[INFO] [stdout]                                at /rustc/6067b36314ab5eb2eb47cecc464545ba58e1ad24/library/std/src/panicking.rs:704:13
[INFO] [stdout]   15:     0x5f13f45c8309 - std::sys::backtrace::__rust_end_short_backtrace::h0390abce48353151
[INFO] [stdout]                                at /rustc/6067b36314ab5eb2eb47cecc464545ba58e1ad24/library/std/src/sys/backtrace.rs:168:18
[INFO] [stdout]   16:     0x5f13f45c966d - rust_begin_unwind
[INFO] [stdout]                                at /rustc/6067b36314ab5eb2eb47cecc464545ba58e1ad24/library/std/src/panicking.rs:695:5
[INFO] [stdout]   17:     0x5f13f45edfb0 - core::panicking::panic_fmt::h9e7c637e9e5f29c9
[INFO] [stdout]                                at /rustc/6067b36314ab5eb2eb47cecc464545ba58e1ad24/library/core/src/panicking.rs:75:14
[INFO] [stdout]   18:     0x5f13f45ee3a2 - core::panicking::assert_failed_inner::h538bec7c1374cd9c
[INFO] [stdout]   19:     0x5f13f45ee259 - core::panicking::assert_failed::h7fe8c93d80615b71
[INFO] [stdout]                                at /rustc/6067b36314ab5eb2eb47cecc464545ba58e1ad24/library/core/src/panicking.rs:364:5
[INFO] [stdout]   20:     0x5f13f44b0692 - rogiso::slot::test_atomic_slot_size::hf65162a21484c195
[INFO] [stdout]                                at /opt/rustwide/workdir/src/slot.rs:2186:5
[INFO] [stdout]   21:     0x5f13f44b0617 - rogiso::slot::test_atomic_slot_size::{{closure}}::h424783eecc723042
[INFO] [stdout]                                at /opt/rustwide/workdir/src/slot.rs:2185:27
[INFO] [stdout]   22:     0x5f13f4519ef6 - core::ops::function::FnOnce::call_once::hf9b12eb28184e391
[INFO] [stdout]                                at /rustc/6067b36314ab5eb2eb47cecc464545ba58e1ad24/library/core/src/ops/function.rs:250:5
[INFO] [stdout]   23:     0x5f13f45974eb - core::ops::function::FnOnce::call_once::he27718dfdd183f43
[INFO] [stdout]                                at /rustc/6067b36314ab5eb2eb47cecc464545ba58e1ad24/library/core/src/ops/function.rs:250:5
[INFO] [stdout]   24:     0x5f13f45974eb - test::__rust_begin_short_backtrace::h4e84902998457a5d
[INFO] [stdout]                                at /rustc/6067b36314ab5eb2eb47cecc464545ba58e1ad24/library/test/src/lib.rs:632:18
[INFO] [stdout]   25:     0x5f13f4596423 - test::run_test_in_process::{{closure}}::h7176fd18fc1feca0
[INFO] [stdout]                                at /rustc/6067b36314ab5eb2eb47cecc464545ba58e1ad24/library/test/src/lib.rs:655:60
[INFO] [stdout]   26:     0x5f13f4596423 - <core::panic::unwind_safe::AssertUnwindSafe<F> as core::ops::function::FnOnce<()>>::call_once::hf79cff2a624d8cf7
[INFO] [stdout]                                at /rustc/6067b36314ab5eb2eb47cecc464545ba58e1ad24/library/core/src/panic/unwind_safe.rs:272:9
[INFO] [stdout]   27:     0x5f13f4596423 - std::panicking::try::do_call::h3da0561d9ab99c25
[INFO] [stdout]                                at /rustc/6067b36314ab5eb2eb47cecc464545ba58e1ad24/library/std/src/panicking.rs:587:40
[INFO] [stdout]   28:     0x5f13f4596423 - std::panicking::try::h41c9fa508bc61df6
[INFO] [stdout]                                at /rustc/6067b36314ab5eb2eb47cecc464545ba58e1ad24/library/std/src/panicking.rs:550:19
[INFO] [stdout]   29:     0x5f13f4596423 - std::panic::catch_unwind::h6b3ff07bb5afad93
[INFO] [stdout]                                at /rustc/6067b36314ab5eb2eb47cecc464545ba58e1ad24/library/std/src/panic.rs:358:14
[INFO] [stdout]   30:     0x5f13f4596423 - test::run_test_in_process::hc7253dd11b39b9f4
[INFO] [stdout]                                at /rustc/6067b36314ab5eb2eb47cecc464545ba58e1ad24/library/test/src/lib.rs:655:27
[INFO] [stdout]   31:     0x5f13f4596423 - test::run_test::{{closure}}::hfb2007f8649c30bb
[INFO] [stdout]                                at /rustc/6067b36314ab5eb2eb47cecc464545ba58e1ad24/library/test/src/lib.rs:576:43
[INFO] [stdout]   32:     0x5f13f4559505 - test::run_test::{{closure}}::h56a17aa7a282a9f4
[INFO] [stdout]                                at /rustc/6067b36314ab5eb2eb47cecc464545ba58e1ad24/library/test/src/lib.rs:606:41
[INFO] [stdout]   33:     0x5f13f4559505 - std::sys::backtrace::__rust_begin_short_backtrace::hd2d2d2fb8e8c6aac
[INFO] [stdout]                                at /rustc/6067b36314ab5eb2eb47cecc464545ba58e1ad24/library/std/src/sys/backtrace.rs:152:18
[INFO] [stdout]   34:     0x5f13f455cdea - std::thread::Builder::spawn_unchecked_::{{closure}}::{{closure}}::h4faa3f9db6133423
[INFO] [stdout]                                at /rustc/6067b36314ab5eb2eb47cecc464545ba58e1ad24/library/std/src/thread/mod.rs:559:17
[INFO] [stdout]   35:     0x5f13f455cdea - <core::panic::unwind_safe::AssertUnwindSafe<F> as core::ops::function::FnOnce<()>>::call_once::hf2e855a36a4ea846
[INFO] [stdout]                                at /rustc/6067b36314ab5eb2eb47cecc464545ba58e1ad24/library/core/src/panic/unwind_safe.rs:272:9
[INFO] [stdout]   36:     0x5f13f455cdea - std::panicking::try::do_call::h2f73af3616c35465
[INFO] [stdout]                                at /rustc/6067b36314ab5eb2eb47cecc464545ba58e1ad24/library/std/src/panicking.rs:587:40
[INFO] [stdout]   37:     0x5f13f455cdea - std::panicking::try::hd1660ce9efadef5a
[INFO] [stdout]                                at /rustc/6067b36314ab5eb2eb47cecc464545ba58e1ad24/library/std/src/panicking.rs:550:19
[INFO] [stdout]   38:     0x5f13f455cdea - std::panic::catch_unwind::h5ee8d7823b8ca744
[INFO] [stdout]                                at /rustc/6067b36314ab5eb2eb47cecc464545ba58e1ad24/library/std/src/panic.rs:358:14
[INFO] [stdout]   39:     0x5f13f455cdea - std::thread::Builder::spawn_unchecked_::{{closure}}::h53c3a1894dce8407
[INFO] [stdout]                                at /rustc/6067b36314ab5eb2eb47cecc464545ba58e1ad24/library/std/src/thread/mod.rs:557:30
[INFO] [stdout]   40:     0x5f13f455cdea - core::ops::function::FnOnce::call_once{{vtable.shim}}::h048ce291ad4f62bf
[INFO] [stdout]                                at /rustc/6067b36314ab5eb2eb47cecc464545ba58e1ad24/library/core/src/ops/function.rs:250:5
[INFO] [stdout]   41:     0x5f13f45cdc5b - <alloc::boxed::Box<F,A> as core::ops::function::FnOnce<Args>>::call_once::ha52bedf99a3b4981
[INFO] [stdout]                                at /rustc/6067b36314ab5eb2eb47cecc464545ba58e1ad24/library/alloc/src/boxed.rs:2013:9
[INFO] [stdout]   42:     0x5f13f45cdc5b - <alloc::boxed::Box<F,A> as core::ops::function::FnOnce<Args>>::call_once::h567748934d80ccf8
[INFO] [stdout]                                at /rustc/6067b36314ab5eb2eb47cecc464545ba58e1ad24/library/alloc/src/boxed.rs:2013:9
[INFO] [stdout]   43:     0x5f13f45cdc5b - std::sys::pal::unix::thread::Thread::new::thread_start::h2d970728ae887adc
[INFO] [stdout]                                at /rustc/6067b36314ab5eb2eb47cecc464545ba58e1ad24/library/std/src/sys/pal/unix/thread.rs:106:17
[INFO] [stdout]   44:     0x7eae1d8f3ac3 - <unknown>
[INFO] [stdout]   45:     0x7eae1d984a04 - clone
[INFO] [stdout]   46:                0x0 - <unknown>
[INFO] [stdout] 
[INFO] [stdout] 
[INFO] [stdout] failures:
[INFO] [stdout]     slot::test_atomic_slot_size
[INFO] [stdout] 
[INFO] [stdout] test result: FAILED. 111 passed; 1 failed; 0 ignored; 0 measured; 0 filtered out; finished in 0.07s
[INFO] [stdout] 
[INFO] [stderr] error: test failed, to rerun pass `--lib`
[INFO] running `Command { std: "docker" "inspect" "a4c29388fa410a5db9c0d337950941a53fdaeebb2f97479947e457d14d01bcd5", kill_on_drop: false }`
[INFO] running `Command { std: "docker" "rm" "-f" "a4c29388fa410a5db9c0d337950941a53fdaeebb2f97479947e457d14d01bcd5", kill_on_drop: false }`
[INFO] [stdout] a4c29388fa410a5db9c0d337950941a53fdaeebb2f97479947e457d14d01bcd5
