[INFO] cloning repository https://github.com/donjne/rusty_repo
[INFO] running `Command { std: "git" "-c" "credential.helper=" "-c" "credential.helper=/workspace/cargo-home/bin/git-credential-null" "clone" "--bare" "https://github.com/donjne/rusty_repo" "/workspace/cache/git-repos/https%3A%2F%2Fgithub.com%2Fdonjne%2Frusty_repo", kill_on_drop: false }`
[INFO] [stderr] Cloning into bare repository '/workspace/cache/git-repos/https%3A%2F%2Fgithub.com%2Fdonjne%2Frusty_repo'...
[INFO] running `Command { std: "git" "rev-parse" "HEAD", kill_on_drop: false }`
[INFO] [stdout] b9ca29a97f5476776ddcd5bf65384bc15ad272f6
[INFO] testing donjne/rusty_repo against nightly-2025-01-18+rustflags=-Zrandomize-layout for randomize-layout-2
[INFO] running `Command { std: "git" "clone" "/workspace/cache/git-repos/https%3A%2F%2Fgithub.com%2Fdonjne%2Frusty_repo" "/workspace/builds/worker-5-tc2/source", kill_on_drop: false }`
[INFO] [stderr] Cloning into '/workspace/builds/worker-5-tc2/source'...
[INFO] [stderr] done.
[INFO] validating manifest of git repo https://github.com/donjne/rusty_repo on toolchain nightly-2025-01-18
[INFO] running `Command { std: CARGO_HOME="/workspace/cargo-home" RUSTUP_HOME="/workspace/rustup-home" "/workspace/cargo-home/bin/cargo" "+nightly-2025-01-18" "metadata" "--manifest-path" "Cargo.toml" "--no-deps", kill_on_drop: false }`
[INFO] started tweaking git repo https://github.com/donjne/rusty_repo
[INFO] finished tweaking git repo https://github.com/donjne/rusty_repo
[INFO] tweaked toml for git repo https://github.com/donjne/rusty_repo written to /workspace/builds/worker-5-tc2/source/Cargo.toml
[INFO] crate git repo https://github.com/donjne/rusty_repo already has a lockfile, it will not be regenerated
[INFO] running `Command { std: CARGO_HOME="/workspace/cargo-home" RUSTUP_HOME="/workspace/rustup-home" "/workspace/cargo-home/bin/cargo" "+nightly-2025-01-18" "fetch" "--manifest-path" "Cargo.toml", kill_on_drop: false }`
[INFO] [stderr] warning: virtual workspace defaulting to `resolver = "1"` despite one or more workspace members being on edition 2021 which implies `resolver = "2"`
[INFO] [stderr] note: to keep the current resolver, specify `workspace.resolver = "1"` in the workspace root's manifest
[INFO] [stderr] note: to use the edition 2021 resolver, specify `workspace.resolver = "2"` in the workspace root's manifest
[INFO] [stderr] note: for more details see https://doc.rust-lang.org/cargo/reference/resolver.html#resolver-versions
[INFO] running `Command { std: "docker" "create" "-v" "/var/lib/crater-agent-workspace/builds/worker-5-tc2/target:/opt/rustwide/target:rw,Z" "-v" "/var/lib/crater-agent-workspace/builds/worker-5-tc2/source:/opt/rustwide/workdir:ro,Z" "-v" "/var/lib/crater-agent-workspace/cargo-home:/opt/rustwide/cargo-home:ro,Z" "-v" "/var/lib/crater-agent-workspace/rustup-home:/opt/rustwide/rustup-home:ro,Z" "-e" "SOURCE_DIR=/opt/rustwide/workdir" "-e" "CARGO_TARGET_DIR=/opt/rustwide/target" "-e" "CARGO_HOME=/opt/rustwide/cargo-home" "-e" "RUSTUP_HOME=/opt/rustwide/rustup-home" "-w" "/opt/rustwide/workdir" "-m" "1610612736" "--user" "0:0" "--network" "none" "ghcr.io/rust-lang/crates-build-env/linux@sha256:819108c5571ea2e421544af4d832f968d213c87fbe3707a016657f43d2f853bc" "/opt/rustwide/cargo-home/bin/cargo" "+nightly-2025-01-18" "metadata" "--no-deps" "--format-version=1", kill_on_drop: false }`
[INFO] [stdout] 3a15403b2b2ce6453be7bb213680c71968884f1473fa73540ff1950df1d2333d
[INFO] running `Command { std: "docker" "start" "-a" "3a15403b2b2ce6453be7bb213680c71968884f1473fa73540ff1950df1d2333d", kill_on_drop: false }`
[INFO] running `Command { std: "docker" "inspect" "3a15403b2b2ce6453be7bb213680c71968884f1473fa73540ff1950df1d2333d", kill_on_drop: false }`
[INFO] running `Command { std: "docker" "rm" "-f" "3a15403b2b2ce6453be7bb213680c71968884f1473fa73540ff1950df1d2333d", kill_on_drop: false }`
[INFO] [stdout] 3a15403b2b2ce6453be7bb213680c71968884f1473fa73540ff1950df1d2333d
[INFO] running `Command { std: "docker" "create" "-v" "/var/lib/crater-agent-workspace/builds/worker-5-tc2/target:/opt/rustwide/target:rw,Z" "-v" "/var/lib/crater-agent-workspace/builds/worker-5-tc2/source:/opt/rustwide/workdir:ro,Z" "-v" "/var/lib/crater-agent-workspace/cargo-home:/opt/rustwide/cargo-home:ro,Z" "-v" "/var/lib/crater-agent-workspace/rustup-home:/opt/rustwide/rustup-home:ro,Z" "-e" "SOURCE_DIR=/opt/rustwide/workdir" "-e" "CARGO_TARGET_DIR=/opt/rustwide/target" "-e" "CARGO_INCREMENTAL=0" "-e" "RUST_BACKTRACE=full" "-e" "RUSTFLAGS=--cap-lints=forbid -Zrandomize-layout" "-e" "RUSTDOCFLAGS=--cap-lints=forbid" "-e" "CARGO_HOME=/opt/rustwide/cargo-home" "-e" "RUSTUP_HOME=/opt/rustwide/rustup-home" "-w" "/opt/rustwide/workdir" "-m" "1610612736" "--user" "0:0" "--network" "none" "ghcr.io/rust-lang/crates-build-env/linux@sha256:819108c5571ea2e421544af4d832f968d213c87fbe3707a016657f43d2f853bc" "/opt/rustwide/cargo-home/bin/cargo" "+nightly-2025-01-18" "build" "--frozen" "--message-format=json", kill_on_drop: false }`
[INFO] [stdout] 1c1224f0df47af4c3fe9838076d8410b334fb3df9af39a05a0df8c3d4422a17c
[INFO] running `Command { std: "docker" "start" "-a" "1c1224f0df47af4c3fe9838076d8410b334fb3df9af39a05a0df8c3d4422a17c", kill_on_drop: false }`
[INFO] [stderr] warning: virtual workspace defaulting to `resolver = "1"` despite one or more workspace members being on edition 2021 which implies `resolver = "2"`
[INFO] [stderr] note: to keep the current resolver, specify `workspace.resolver = "1"` in the workspace root's manifest
[INFO] [stderr] note: to use the edition 2021 resolver, specify `workspace.resolver = "2"` in the workspace root's manifest
[INFO] [stderr] note: for more details see https://doc.rust-lang.org/cargo/reference/resolver.html#resolver-versions
[INFO] [stderr]    Compiling task_13_buffer v0.1.0 (/opt/rustwide/workdir/day_one/task_13_buffer)
[INFO] [stderr]    Compiling task_07_mempool v0.1.0 (/opt/rustwide/workdir/day_one/task_07_mempool)
[INFO] [stderr]    Compiling task_12_alloc_mempool v0.1.0 (/opt/rustwide/workdir/day_one/task_12_alloc_mempool)
[INFO] [stderr]    Compiling task_03_vector v0.1.0 (/opt/rustwide/workdir/day_one/task_03_vector)
[INFO] [stderr]    Compiling task_01_stack v0.1.0 (/opt/rustwide/workdir/day_one/task_01_stack)
[INFO] [stderr]    Compiling task_02_queue v0.1.0 (/opt/rustwide/workdir/day_one/task_02_queue)
[INFO] [stderr]    Compiling task_11_ref_gc v0.1.0 (/opt/rustwide/workdir/day_one/task_11_ref_gc)
[INFO] [stderr]    Compiling task_05_ring_buffer v0.1.0 (/opt/rustwide/workdir/day_one/task_05_ring_buffer)
[INFO] [stderr]    Compiling task_15_raii_wrapper v0.1.0 (/opt/rustwide/workdir/day_one/task_15_raii_wrapper)
[INFO] [stderr]    Compiling task_04_circular_buffer v0.1.0 (/opt/rustwide/workdir/day_one/task_04_circular_buffer)
[INFO] [stderr]    Compiling task_06_alloc v0.1.0 (/opt/rustwide/workdir/day_one/task_06_alloc)
[INFO] [stderr]    Compiling task_10_arena_alloc v0.1.0 (/opt/rustwide/workdir/day_one/task_10_arena_alloc)
[INFO] [stderr]    Compiling task_09_lock_free v0.1.0 (/opt/rustwide/workdir/day_one/task_09_lock_free)
[INFO] [stderr]    Compiling task_14_cow v0.1.0 (/opt/rustwide/workdir/day_one/task_14_cow)
[INFO] [stderr]    Compiling task_08_smart_ptr v0.1.0 (/opt/rustwide/workdir/day_one/task_08_smart_ptr)
[INFO] [stderr]     Finished `dev` profile [unoptimized + debuginfo] target(s) in 2.01s
[INFO] running `Command { std: "docker" "inspect" "1c1224f0df47af4c3fe9838076d8410b334fb3df9af39a05a0df8c3d4422a17c", kill_on_drop: false }`
[INFO] running `Command { std: "docker" "rm" "-f" "1c1224f0df47af4c3fe9838076d8410b334fb3df9af39a05a0df8c3d4422a17c", kill_on_drop: false }`
[INFO] [stdout] 1c1224f0df47af4c3fe9838076d8410b334fb3df9af39a05a0df8c3d4422a17c
[INFO] running `Command { std: "docker" "create" "-v" "/var/lib/crater-agent-workspace/builds/worker-5-tc2/target:/opt/rustwide/target:rw,Z" "-v" "/var/lib/crater-agent-workspace/builds/worker-5-tc2/source:/opt/rustwide/workdir:ro,Z" "-v" "/var/lib/crater-agent-workspace/cargo-home:/opt/rustwide/cargo-home:ro,Z" "-v" "/var/lib/crater-agent-workspace/rustup-home:/opt/rustwide/rustup-home:ro,Z" "-e" "SOURCE_DIR=/opt/rustwide/workdir" "-e" "CARGO_TARGET_DIR=/opt/rustwide/target" "-e" "CARGO_INCREMENTAL=0" "-e" "RUST_BACKTRACE=full" "-e" "RUSTFLAGS=--cap-lints=forbid -Zrandomize-layout" "-e" "RUSTDOCFLAGS=--cap-lints=forbid" "-e" "CARGO_HOME=/opt/rustwide/cargo-home" "-e" "RUSTUP_HOME=/opt/rustwide/rustup-home" "-w" "/opt/rustwide/workdir" "-m" "1610612736" "--user" "0:0" "--network" "none" "ghcr.io/rust-lang/crates-build-env/linux@sha256:819108c5571ea2e421544af4d832f968d213c87fbe3707a016657f43d2f853bc" "/opt/rustwide/cargo-home/bin/cargo" "+nightly-2025-01-18" "test" "--frozen" "--no-run" "--message-format=json", kill_on_drop: false }`
[INFO] [stdout] 2d871d8ca73f549a0fe6d0e3f79c7a6e567ea92387d94b4219d750b2acfa003c
[INFO] running `Command { std: "docker" "start" "-a" "2d871d8ca73f549a0fe6d0e3f79c7a6e567ea92387d94b4219d750b2acfa003c", kill_on_drop: false }`
[INFO] [stderr] warning: virtual workspace defaulting to `resolver = "1"` despite one or more workspace members being on edition 2021 which implies `resolver = "2"`
[INFO] [stderr] note: to keep the current resolver, specify `workspace.resolver = "1"` in the workspace root's manifest
[INFO] [stderr] note: to use the edition 2021 resolver, specify `workspace.resolver = "2"` in the workspace root's manifest
[INFO] [stderr] note: for more details see https://doc.rust-lang.org/cargo/reference/resolver.html#resolver-versions
[INFO] [stderr]    Compiling task_10_arena_alloc v0.1.0 (/opt/rustwide/workdir/day_one/task_10_arena_alloc)
[INFO] [stderr]    Compiling task_14_cow v0.1.0 (/opt/rustwide/workdir/day_one/task_14_cow)
[INFO] [stderr]    Compiling task_09_lock_free v0.1.0 (/opt/rustwide/workdir/day_one/task_09_lock_free)
[INFO] [stderr]    Compiling task_04_circular_buffer v0.1.0 (/opt/rustwide/workdir/day_one/task_04_circular_buffer)
[INFO] [stderr]    Compiling task_07_mempool v0.1.0 (/opt/rustwide/workdir/day_one/task_07_mempool)
[INFO] [stderr]    Compiling task_11_ref_gc v0.1.0 (/opt/rustwide/workdir/day_one/task_11_ref_gc)
[INFO] [stderr]    Compiling task_03_vector v0.1.0 (/opt/rustwide/workdir/day_one/task_03_vector)
[INFO] [stderr]    Compiling task_05_ring_buffer v0.1.0 (/opt/rustwide/workdir/day_one/task_05_ring_buffer)
[INFO] [stderr]    Compiling task_08_smart_ptr v0.1.0 (/opt/rustwide/workdir/day_one/task_08_smart_ptr)
[INFO] [stderr]    Compiling task_01_stack v0.1.0 (/opt/rustwide/workdir/day_one/task_01_stack)
[INFO] [stderr]    Compiling task_13_buffer v0.1.0 (/opt/rustwide/workdir/day_one/task_13_buffer)
[INFO] [stderr]    Compiling task_15_raii_wrapper v0.1.0 (/opt/rustwide/workdir/day_one/task_15_raii_wrapper)
[INFO] [stderr]    Compiling task_12_alloc_mempool v0.1.0 (/opt/rustwide/workdir/day_one/task_12_alloc_mempool)
[INFO] [stderr]    Compiling task_02_queue v0.1.0 (/opt/rustwide/workdir/day_one/task_02_queue)
[INFO] [stderr]    Compiling task_06_alloc v0.1.0 (/opt/rustwide/workdir/day_one/task_06_alloc)
[INFO] [stderr]     Finished `test` profile [unoptimized + debuginfo] target(s) in 2.40s
[INFO] running `Command { std: "docker" "inspect" "2d871d8ca73f549a0fe6d0e3f79c7a6e567ea92387d94b4219d750b2acfa003c", kill_on_drop: false }`
[INFO] running `Command { std: "docker" "rm" "-f" "2d871d8ca73f549a0fe6d0e3f79c7a6e567ea92387d94b4219d750b2acfa003c", kill_on_drop: false }`
[INFO] [stdout] 2d871d8ca73f549a0fe6d0e3f79c7a6e567ea92387d94b4219d750b2acfa003c
[INFO] running `Command { std: "docker" "create" "-v" "/var/lib/crater-agent-workspace/builds/worker-5-tc2/target:/opt/rustwide/target:rw,Z" "-v" "/var/lib/crater-agent-workspace/builds/worker-5-tc2/source:/opt/rustwide/workdir:ro,Z" "-v" "/var/lib/crater-agent-workspace/cargo-home:/opt/rustwide/cargo-home:ro,Z" "-v" "/var/lib/crater-agent-workspace/rustup-home:/opt/rustwide/rustup-home:ro,Z" "-e" "SOURCE_DIR=/opt/rustwide/workdir" "-e" "CARGO_TARGET_DIR=/opt/rustwide/target" "-e" "CARGO_INCREMENTAL=0" "-e" "RUST_BACKTRACE=full" "-e" "RUSTFLAGS=--cap-lints=forbid -Zrandomize-layout" "-e" "RUSTDOCFLAGS=--cap-lints=forbid" "-e" "CARGO_HOME=/opt/rustwide/cargo-home" "-e" "RUSTUP_HOME=/opt/rustwide/rustup-home" "-w" "/opt/rustwide/workdir" "-m" "1610612736" "--user" "0:0" "--network" "none" "ghcr.io/rust-lang/crates-build-env/linux@sha256:819108c5571ea2e421544af4d832f968d213c87fbe3707a016657f43d2f853bc" "/opt/rustwide/cargo-home/bin/cargo" "+nightly-2025-01-18" "test" "--frozen", kill_on_drop: false }`
[INFO] [stdout] 77eb12dc5cf455d5b75b3e339c6fba06d8291c26ad68350337d81897799f0fc8
[INFO] running `Command { std: "docker" "start" "-a" "77eb12dc5cf455d5b75b3e339c6fba06d8291c26ad68350337d81897799f0fc8", kill_on_drop: false }`
[INFO] [stderr] warning: virtual workspace defaulting to `resolver = "1"` despite one or more workspace members being on edition 2021 which implies `resolver = "2"`
[INFO] [stderr] note: to keep the current resolver, specify `workspace.resolver = "1"` in the workspace root's manifest
[INFO] [stderr] note: to use the edition 2021 resolver, specify `workspace.resolver = "2"` in the workspace root's manifest
[INFO] [stderr] note: for more details see https://doc.rust-lang.org/cargo/reference/resolver.html#resolver-versions
[INFO] [stderr]     Finished `test` profile [unoptimized + debuginfo] target(s) in 0.02s
[INFO] [stderr]      Running unittests src/main.rs (/opt/rustwide/target/debug/deps/task_01_stack-6235d1716dac0126)
[INFO] [stdout] 
[INFO] [stdout] running 5 tests
[INFO] [stdout] test tests::test_peek ... ok
[INFO] [stdout] test tests::test_pop ... ok
[INFO] [stdout] test tests::test_size ... ok
[INFO] [stdout] test tests::test_is_empty ... ok
[INFO] [stdout] test tests::test_push ... ok
[INFO] [stdout] 
[INFO] [stdout] test result: ok. 5 passed; 0 failed; 0 ignored; 0 measured; 0 filtered out; finished in 0.01s
[INFO] [stdout] 
[INFO] [stderr]      Running unittests src/main.rs (/opt/rustwide/target/debug/deps/task_02_queue-cd1a4aa10b97c607)
[INFO] [stdout] 
[INFO] [stdout] running 1 test
[INFO] [stdout] test tests::test_queue_operations ... ok
[INFO] [stdout] 
[INFO] [stdout] test result: ok. 1 passed; 0 failed; 0 ignored; 0 measured; 0 filtered out; finished in 0.00s
[INFO] [stdout] 
[INFO] [stderr]      Running unittests src/main.rs (/opt/rustwide/target/debug/deps/task_03_vector-d4b4224ee73d76d7)
[INFO] [stdout] 
[INFO] [stdout] running 2 tests
[INFO] [stdout] test tests::test_reverse_vector_unhappy_cases ... ok
[INFO] [stdout] test tests::test_reverse_vector_happy_cases ... ok
[INFO] [stdout] 
[INFO] [stdout] test result: ok. 2 passed; 0 failed; 0 ignored; 0 measured; 0 filtered out; finished in 0.00s
[INFO] [stdout] 
[INFO] [stderr]      Running unittests src/main.rs (/opt/rustwide/target/debug/deps/task_04_circular_buffer-ee2fb67555d08d49)
[INFO] [stdout] 
[INFO] [stdout] running 2 tests
[INFO] [stdout] test tests::test_circular_buffer_happy_cases ... ok
[INFO] [stderr]      Running unittests src/main.rs (/opt/rustwide/target/debug/deps/task_05_ring_buffer-fbf2611ac2d8faeb)
[INFO] [stdout] test tests::test_circular_buffer_unhappy_cases ... ok
[INFO] [stdout] 
[INFO] [stdout] test result: ok. 2 passed; 0 failed; 0 ignored; 0 measured; 0 filtered out; finished in 0.00s
[INFO] [stdout] 
[INFO] [stdout] 
[INFO] [stdout] running 7 tests
[INFO] [stdout] test tests::test_is_full ... ok
[INFO] [stderr]      Running unittests src/main.rs (/opt/rustwide/target/debug/deps/task_06_alloc-774e00cb4b71a22b)
[INFO] [stdout] test tests::test_peek ... ok
[INFO] [stdout] test tests::test_size_and_is_empty ... ok
[INFO] [stdout] test tests::test_iter ... ok
[INFO] [stdout] test tests::test_overwrite_when_full ... ok
[INFO] [stdout] test tests::test_clear ... ok
[INFO] [stdout] test tests::test_push_and_pop ... ok
[INFO] [stdout] 
[INFO] [stdout] test result: ok. 7 passed; 0 failed; 0 ignored; 0 measured; 0 filtered out; finished in 0.01s
[INFO] [stdout] 
[INFO] [stdout] 
[INFO] [stdout] running 4 tests
[INFO] [stdout] test tests::test_unhappy_path ... ok
[INFO] [stdout] test tests::test_happy_path ... ok
[INFO] [stdout] test tests::test_multiple_allocations ... ok
[INFO] [stdout] test tests::test_zero_sized_allocation ... ok
[INFO] [stdout] 
[INFO] [stdout] test result: ok. 4 passed; 0 failed; 0 ignored; 0 measured; 0 filtered out; finished in 0.01s
[INFO] [stdout] 
[INFO] [stderr]      Running unittests src/main.rs (/opt/rustwide/target/debug/deps/task_07_mempool-0366464e264e75c8)
[INFO] [stdout] 
[INFO] [stdout] running 2 tests
[INFO] [stdout] test tests::test_memory_pool ... ok
[INFO] [stderr]      Running unittests src/main.rs (/opt/rustwide/target/debug/deps/task_08_smart_ptr-bab4e3fb89dd2003)
[INFO] [stdout] test tests::test_invalid_deallocate - should panic ... ok
[INFO] [stdout] 
[INFO] [stdout] test result: ok. 2 passed; 0 failed; 0 ignored; 0 measured; 0 filtered out; finished in 0.04s
[INFO] [stdout] 
[INFO] [stdout] 
[INFO] [stdout] running 3 tests
[INFO] [stdout] test tests::test_mutable_access ... ok
[INFO] [stdout] test tests::test_immutable_access ... ok
[INFO] [stdout] test tests::test_runtime_borrow_violation - should panic ... ok
[INFO] [stdout] 
[INFO] [stdout] test result: ok. 3 passed; 0 failed; 0 ignored; 0 measured; 0 filtered out; finished in 0.03s
[INFO] [stdout] 
[INFO] [stderr]      Running unittests src/main.rs (/opt/rustwide/target/debug/deps/task_09_lock_free-cd05d6c506d2e946)
[INFO] [stdout] 
[INFO] [stdout] running 3 tests
[INFO] [stdout] test tests::test_pop_empty_stack ... ok
[INFO] [stdout] test tests::test_push_and_pop ... ok
[INFO] [stdout] test tests::test_concurrent_push_pop ... ok
[INFO] [stdout] 
[INFO] [stdout] test result: ok. 3 passed; 0 failed; 0 ignored; 0 measured; 0 filtered out; finished in 0.01s
[INFO] [stdout] 
[INFO] [stderr]      Running unittests src/main.rs (/opt/rustwide/target/debug/deps/task_10_arena_alloc-03965855bab08686)
[INFO] [stdout] 
[INFO] [stdout] running 6 tests
[INFO] [stdout] test tests::test_allocate_large_chunk ... ok
[INFO] [stdout] test tests::test_allocate_successfully ... ok
[INFO] [stdout] test tests::test_allocate_multiple_chunks ... ok
[INFO] [stdout] test tests::test_allocate_zero_size ... ok
[INFO] [stdout] test tests::test_reset_arena ... ok
[INFO] [stdout] test tests::test_allocate_more_than_available_space ... ok
[INFO] [stdout] 
[INFO] [stdout] test result: ok. 6 passed; 0 failed; 0 ignored; 0 measured; 0 filtered out; finished in 0.01s
[INFO] [stdout] 
[INFO] [stderr]      Running unittests src/main.rs (/opt/rustwide/target/debug/deps/task_11_ref_gc-5735a227ffeee68b)
[INFO] [stdout] 
[INFO] [stdout] running 11 tests
[INFO] [stdout] test arc_tests::test_cleanup_when_no_references_left ... ok
[INFO] [stdout] test arc_tests::test_gc_behavior_with_multiple_refs ... ok
[INFO] [stdout] test arc_tests::test_allocate_successfully ... ok
[INFO] [stdout] test arc_tests::test_reference_counting ... ok
[INFO] [stdout] test tests::test_cleanup_when_no_references_left ... ok
[INFO] [stdout] test tests::test_gc_behavior_with_multiple_refs ... ok
[INFO] [stdout] test tests::test_gc_behavior_with_no_references ... ok
[INFO] [stdout] test tests::test_multiple_references_dropped_in_order ... ok
[INFO] [stdout] test tests::test_allocate_successfully ... ok
[INFO] [stdout] test tests::test_reference_counting ... ok
[INFO] [stdout] test arc_tests::test_gc_with_threads ... ok
[INFO] [stdout] 
[INFO] [stdout] test result: ok. 11 passed; 0 failed; 0 ignored; 0 measured; 0 filtered out; finished in 0.01s
[INFO] [stdout] 
[INFO] [stderr]      Running tests/arc.rs (/opt/rustwide/target/debug/deps/arc-40014eb34dcfa668)
[INFO] [stdout] 
[INFO] [stdout] running 0 tests
[INFO] [stdout] 
[INFO] [stdout] test result: ok. 0 passed; 0 failed; 0 ignored; 0 measured; 0 filtered out; finished in 0.00s
[INFO] [stdout] 
[INFO] [stderr]      Running unittests src/main.rs (/opt/rustwide/target/debug/deps/task_12_alloc_mempool-4645e22d388814dc)
[INFO] [stdout] 
[INFO] [stdout] running 7 tests
[INFO] [stdout] test tests::test_allocate_fixed_size ... ok
[INFO] [stderr]      Running unittests src/main.rs (/opt/rustwide/target/debug/deps/task_13_buffer-a53bec1396d57d44)
[INFO] [stdout] test tests::test_allocate_minimum_block_size ... ok
[INFO] [stdout] test tests::test_allocate_maximum_block_size ... ok
[INFO] [stdout] test tests::test_allocate_variable_size ... ok
[INFO] [stdout] test tests::test_deallocate_empty_block ... ok
[INFO] [stdout] test tests::test_deallocate_block ... ok
[INFO] [stdout] test tests::test_allocate_variable_size_no_blocks ... ok
[INFO] [stdout] 
[INFO] [stdout] test result: ok. 7 passed; 0 failed; 0 ignored; 0 measured; 0 filtered out; finished in 0.01s
[INFO] [stdout] 
[INFO] [stdout] 
[INFO] [stdout] running 4 tests
[INFO] [stdout] test tests::test_happy_path_read_write ... ok
[INFO] [stdout] test tests::test_empty_buffer_read ... ok
[INFO] [stdout] test tests::test_concurrent_reads ... ok
[INFO] [stdout] test tests::test_unhappy_path_write_lock_failure ... ok
[INFO] [stdout] 
[INFO] [stdout] test result: ok. 4 passed; 0 failed; 0 ignored; 0 measured; 0 filtered out; finished in 2.01s
[INFO] [stdout] 
[INFO] [stderr]      Running unittests src/main.rs (/opt/rustwide/target/debug/deps/task_14_cow-4808d540cfa88906)
[INFO] [stdout] 
[INFO] [stdout] running 5 tests
[INFO] [stdout] test tests::test_happy_path_write ... ok
[INFO] [stdout] test tests::test_happy_path_read ... ok
[INFO] [stdout] test tests::test_edge_case_large_data ... ok
[INFO] [stdout] test tests::test_edge_case_empty_data ... ok
[INFO] [stdout] test tests::test_unhappy_path_write_with_failed_lock ... ok
[INFO] [stdout] 
[INFO] [stdout] test result: ok. 5 passed; 0 failed; 0 ignored; 0 measured; 0 filtered out; finished in 0.03s
[INFO] [stdout] 
[INFO] [stderr]      Running unittests src/main.rs (/opt/rustwide/target/debug/deps/task_15_raii_wrapper-a9347a818756fb2f)
[INFO] [stdout] 
[INFO] [stdout] running 4 tests
[INFO] [stdout] test tests::test_unhappy_path_write_without_file ... ok
[INFO] [stdout] test tests::test_large_file_write ... FAILED
[INFO] [stdout] test tests::test_happy_path_write_and_drop ... FAILED
[INFO] [stdout] test tests::test_edge_case_empty_write ... FAILED
[INFO] [stdout] 
[INFO] [stdout] failures:
[INFO] [stdout] 
[INFO] [stdout] ---- tests::test_large_file_write stdout ----
[INFO] [stdout] Error: Os { code: 30, kind: ReadOnlyFilesystem, message: "Read-only file system" }
[INFO] [stdout] 
[INFO] [stdout] ---- tests::test_happy_path_write_and_drop stdout ----
[INFO] [stdout] Error: Os { code: 30, kind: ReadOnlyFilesystem, message: "Read-only file system" }
[INFO] [stdout] 
[INFO] [stdout] ---- tests::test_edge_case_empty_write stdout ----
[INFO] [stdout] Error: Os { code: 30, kind: ReadOnlyFilesystem, message: "Read-only file system" }
[INFO] [stdout] 
[INFO] [stdout] 
[INFO] [stdout] failures:
[INFO] [stdout]     tests::test_edge_case_empty_write
[INFO] [stdout]     tests::test_happy_path_write_and_drop
[INFO] [stdout]     tests::test_large_file_write
[INFO] [stdout] 
[INFO] [stdout] test result: FAILED. 1 passed; 3 failed; 0 ignored; 0 measured; 0 filtered out; finished in 0.00s
[INFO] [stdout] 
[INFO] [stderr] error: test failed, to rerun pass `-p task_15_raii_wrapper --bin task_15_raii_wrapper`
[INFO] running `Command { std: "docker" "inspect" "77eb12dc5cf455d5b75b3e339c6fba06d8291c26ad68350337d81897799f0fc8", kill_on_drop: false }`
[INFO] running `Command { std: "docker" "rm" "-f" "77eb12dc5cf455d5b75b3e339c6fba06d8291c26ad68350337d81897799f0fc8", kill_on_drop: false }`
[INFO] [stdout] 77eb12dc5cf455d5b75b3e339c6fba06d8291c26ad68350337d81897799f0fc8
