[INFO] cloning repository https://github.com/dobleuber/adventofcode2023
[INFO] running `Command { std: "git" "-c" "credential.helper=" "-c" "credential.helper=/workspace/cargo-home/bin/git-credential-null" "clone" "--bare" "https://github.com/dobleuber/adventofcode2023" "/workspace/cache/git-repos/https%3A%2F%2Fgithub.com%2Fdobleuber%2Fadventofcode2023", kill_on_drop: false }`
[INFO] [stderr] Cloning into bare repository '/workspace/cache/git-repos/https%3A%2F%2Fgithub.com%2Fdobleuber%2Fadventofcode2023'...
[INFO] running `Command { std: "git" "rev-parse" "HEAD", kill_on_drop: false }`
[INFO] [stdout] 4d9526e793ceb8901341aa271e625ff3a94c3236
[INFO] testing dobleuber/adventofcode2023 against nightly-2025-01-18+rustflags=-Zrandomize-layout for randomize-layout-2
[INFO] running `Command { std: "git" "clone" "/workspace/cache/git-repos/https%3A%2F%2Fgithub.com%2Fdobleuber%2Fadventofcode2023" "/workspace/builds/worker-4-tc2/source", kill_on_drop: false }`
[INFO] [stderr] Cloning into '/workspace/builds/worker-4-tc2/source'...
[INFO] [stderr] done.
[INFO] validating manifest of git repo https://github.com/dobleuber/adventofcode2023 on toolchain nightly-2025-01-18
[INFO] running `Command { std: CARGO_HOME="/workspace/cargo-home" RUSTUP_HOME="/workspace/rustup-home" "/workspace/cargo-home/bin/cargo" "+nightly-2025-01-18" "metadata" "--manifest-path" "Cargo.toml" "--no-deps", kill_on_drop: false }`
[INFO] started tweaking git repo https://github.com/dobleuber/adventofcode2023
[INFO] finished tweaking git repo https://github.com/dobleuber/adventofcode2023
[INFO] tweaked toml for git repo https://github.com/dobleuber/adventofcode2023 written to /workspace/builds/worker-4-tc2/source/Cargo.toml
[INFO] crate git repo https://github.com/dobleuber/adventofcode2023 already has a lockfile, it will not be regenerated
[INFO] running `Command { std: CARGO_HOME="/workspace/cargo-home" RUSTUP_HOME="/workspace/rustup-home" "/workspace/cargo-home/bin/cargo" "+nightly-2025-01-18" "fetch" "--manifest-path" "Cargo.toml", kill_on_drop: false }`
[INFO] running `Command { std: "docker" "create" "-v" "/var/lib/crater-agent-workspace/builds/worker-4-tc2/target:/opt/rustwide/target:rw,Z" "-v" "/var/lib/crater-agent-workspace/builds/worker-4-tc2/source:/opt/rustwide/workdir:ro,Z" "-v" "/var/lib/crater-agent-workspace/cargo-home:/opt/rustwide/cargo-home:ro,Z" "-v" "/var/lib/crater-agent-workspace/rustup-home:/opt/rustwide/rustup-home:ro,Z" "-e" "SOURCE_DIR=/opt/rustwide/workdir" "-e" "CARGO_TARGET_DIR=/opt/rustwide/target" "-e" "CARGO_HOME=/opt/rustwide/cargo-home" "-e" "RUSTUP_HOME=/opt/rustwide/rustup-home" "-w" "/opt/rustwide/workdir" "-m" "1610612736" "--user" "0:0" "--network" "none" "ghcr.io/rust-lang/crates-build-env/linux@sha256:819108c5571ea2e421544af4d832f968d213c87fbe3707a016657f43d2f853bc" "/opt/rustwide/cargo-home/bin/cargo" "+nightly-2025-01-18" "metadata" "--no-deps" "--format-version=1", kill_on_drop: false }`
[INFO] [stdout] 5e6549aebd82276215a1400835f5f907276ac37e91b748b7070928dd841c2d22
[INFO] running `Command { std: "docker" "start" "-a" "5e6549aebd82276215a1400835f5f907276ac37e91b748b7070928dd841c2d22", kill_on_drop: false }`
[INFO] running `Command { std: "docker" "inspect" "5e6549aebd82276215a1400835f5f907276ac37e91b748b7070928dd841c2d22", kill_on_drop: false }`
[INFO] running `Command { std: "docker" "rm" "-f" "5e6549aebd82276215a1400835f5f907276ac37e91b748b7070928dd841c2d22", kill_on_drop: false }`
[INFO] [stdout] 5e6549aebd82276215a1400835f5f907276ac37e91b748b7070928dd841c2d22
[INFO] running `Command { std: "docker" "create" "-v" "/var/lib/crater-agent-workspace/builds/worker-4-tc2/target:/opt/rustwide/target:rw,Z" "-v" "/var/lib/crater-agent-workspace/builds/worker-4-tc2/source:/opt/rustwide/workdir:ro,Z" "-v" "/var/lib/crater-agent-workspace/cargo-home:/opt/rustwide/cargo-home:ro,Z" "-v" "/var/lib/crater-agent-workspace/rustup-home:/opt/rustwide/rustup-home:ro,Z" "-e" "SOURCE_DIR=/opt/rustwide/workdir" "-e" "CARGO_TARGET_DIR=/opt/rustwide/target" "-e" "CARGO_INCREMENTAL=0" "-e" "RUST_BACKTRACE=full" "-e" "RUSTFLAGS=--cap-lints=forbid -Zrandomize-layout" "-e" "RUSTDOCFLAGS=--cap-lints=forbid" "-e" "CARGO_HOME=/opt/rustwide/cargo-home" "-e" "RUSTUP_HOME=/opt/rustwide/rustup-home" "-w" "/opt/rustwide/workdir" "-m" "1610612736" "--user" "0:0" "--network" "none" "ghcr.io/rust-lang/crates-build-env/linux@sha256:819108c5571ea2e421544af4d832f968d213c87fbe3707a016657f43d2f853bc" "/opt/rustwide/cargo-home/bin/cargo" "+nightly-2025-01-18" "build" "--frozen" "--message-format=json", kill_on_drop: false }`
[INFO] [stdout] 16e43906b58ff30d5ff08c9c003a40b7adc7a71e248a1a98a45d090edc99432e
[INFO] running `Command { std: "docker" "start" "-a" "16e43906b58ff30d5ff08c9c003a40b7adc7a71e248a1a98a45d090edc99432e", kill_on_drop: false }`
[INFO] [stderr]    Compiling num-traits v0.2.17
[INFO] [stderr]    Compiling num-integer v0.1.45
[INFO] [stderr]    Compiling num-bigint v0.4.4
[INFO] [stderr]    Compiling num-iter v0.1.43
[INFO] [stderr]    Compiling num-rational v0.4.1
[INFO] [stderr]    Compiling memchr v2.6.4
[INFO] [stderr]    Compiling regex-syntax v0.8.2
[INFO] [stderr]    Compiling queues v1.1.0
[INFO] [stderr]    Compiling aho-corasick v1.1.2
[INFO] [stderr]    Compiling num-complex v0.4.4
[INFO] [stderr]    Compiling regex-automata v0.4.3
[INFO] [stderr]    Compiling num v0.4.1
[INFO] [stderr]    Compiling regex v1.10.2
[INFO] [stderr]    Compiling adventofcode2023 v0.1.0 (/opt/rustwide/workdir)
[INFO] [stdout] warning: unused import: `super::*`
[INFO] [stdout]    --> src/day11.rs:103:9
[INFO] [stdout]     |
[INFO] [stdout] 103 |     use super::*;
[INFO] [stdout]     |         ^^^^^^^^
[INFO] [stdout]     |
[INFO] [stdout]     = note: `#[warn(unused_imports)]` on by default
[INFO] [stdout] 
[INFO] [stdout] 
[INFO] [stdout] warning: unused import: `super::*`
[INFO] [stdout]    --> src/day14.rs:151:9
[INFO] [stdout]     |
[INFO] [stdout] 151 |     use super::*;
[INFO] [stdout]     |         ^^^^^^^^
[INFO] [stdout] 
[INFO] [stdout] 
[INFO] [stdout] warning: unused import: `crate::utils::open_file`
[INFO] [stdout]  --> src/day5.rs:1:5
[INFO] [stdout]   |
[INFO] [stdout] 1 | use crate::utils::open_file;
[INFO] [stdout]   |     ^^^^^^^^^^^^^^^^^^^^^^^
[INFO] [stdout] 
[INFO] [stdout] 
[INFO] [stdout] warning: unused import: `super::*`
[INFO] [stdout]    --> src/day8.rs:188:9
[INFO] [stdout]     |
[INFO] [stdout] 188 |     use super::*;
[INFO] [stdout]     |         ^^^^^^^^
[INFO] [stdout] 
[INFO] [stdout] 
[INFO] [stdout] warning: unused variable: `x`
[INFO] [stdout]    --> src/day14.rs:138:18
[INFO] [stdout]     |
[INFO] [stdout] 138 |             let (x, y) = pos;
[INFO] [stdout]     |                  ^ help: if this is intentional, prefix it with an underscore: `_x`
[INFO] [stdout]     |
[INFO] [stdout]     = note: `#[warn(unused_variables)]` on by default
[INFO] [stdout] 
[INFO] [stdout] 
[INFO] [stdout] warning: unused variable: `destination`
[INFO] [stdout]   --> src/day5.rs:13:14
[INFO] [stdout]    |
[INFO] [stdout] 13 |         let (destination, source, len) = (shift.0, shift.1, shift.2);
[INFO] [stdout]    |              ^^^^^^^^^^^ help: if this is intentional, prefix it with an underscore: `_destination`
[INFO] [stdout] 
[INFO] [stdout] 
[INFO] [stdout] warning: unused variable: `source`
[INFO] [stdout]   --> src/day5.rs:13:27
[INFO] [stdout]    |
[INFO] [stdout] 13 |         let (destination, source, len) = (shift.0, shift.1, shift.2);
[INFO] [stdout]    |                           ^^^^^^ help: if this is intentional, prefix it with an underscore: `_source`
[INFO] [stdout] 
[INFO] [stdout] 
[INFO] [stdout] warning: unused variable: `len`
[INFO] [stdout]   --> src/day5.rs:13:35
[INFO] [stdout]    |
[INFO] [stdout] 13 |         let (destination, source, len) = (shift.0, shift.1, shift.2);
[INFO] [stdout]    |                                   ^^^ help: if this is intentional, prefix it with an underscore: `_len`
[INFO] [stdout] 
[INFO] [stdout] 
[INFO] [stderr]     Finished `dev` profile [unoptimized + debuginfo] target(s) in 20.06s
[INFO] running `Command { std: "docker" "inspect" "16e43906b58ff30d5ff08c9c003a40b7adc7a71e248a1a98a45d090edc99432e", kill_on_drop: false }`
[INFO] running `Command { std: "docker" "rm" "-f" "16e43906b58ff30d5ff08c9c003a40b7adc7a71e248a1a98a45d090edc99432e", kill_on_drop: false }`
[INFO] [stdout] 16e43906b58ff30d5ff08c9c003a40b7adc7a71e248a1a98a45d090edc99432e
[INFO] running `Command { std: "docker" "create" "-v" "/var/lib/crater-agent-workspace/builds/worker-4-tc2/target:/opt/rustwide/target:rw,Z" "-v" "/var/lib/crater-agent-workspace/builds/worker-4-tc2/source:/opt/rustwide/workdir:ro,Z" "-v" "/var/lib/crater-agent-workspace/cargo-home:/opt/rustwide/cargo-home:ro,Z" "-v" "/var/lib/crater-agent-workspace/rustup-home:/opt/rustwide/rustup-home:ro,Z" "-e" "SOURCE_DIR=/opt/rustwide/workdir" "-e" "CARGO_TARGET_DIR=/opt/rustwide/target" "-e" "CARGO_INCREMENTAL=0" "-e" "RUST_BACKTRACE=full" "-e" "RUSTFLAGS=--cap-lints=forbid -Zrandomize-layout" "-e" "RUSTDOCFLAGS=--cap-lints=forbid" "-e" "CARGO_HOME=/opt/rustwide/cargo-home" "-e" "RUSTUP_HOME=/opt/rustwide/rustup-home" "-w" "/opt/rustwide/workdir" "-m" "1610612736" "--user" "0:0" "--network" "none" "ghcr.io/rust-lang/crates-build-env/linux@sha256:819108c5571ea2e421544af4d832f968d213c87fbe3707a016657f43d2f853bc" "/opt/rustwide/cargo-home/bin/cargo" "+nightly-2025-01-18" "test" "--frozen" "--no-run" "--message-format=json", kill_on_drop: false }`
[INFO] [stdout] d2eac80599378e6234f2300346e25b3fbda95386741324c1ab49f38aa5723ea8
[INFO] running `Command { std: "docker" "start" "-a" "d2eac80599378e6234f2300346e25b3fbda95386741324c1ab49f38aa5723ea8", kill_on_drop: false }`
[INFO] [stderr]    Compiling adventofcode2023 v0.1.0 (/opt/rustwide/workdir)
[INFO] [stdout] warning: unused import: `crate::utils::open_file`
[INFO] [stdout]  --> src/day5.rs:1:5
[INFO] [stdout]   |
[INFO] [stdout] 1 | use crate::utils::open_file;
[INFO] [stdout]   |     ^^^^^^^^^^^^^^^^^^^^^^^
[INFO] [stdout]   |
[INFO] [stdout]   = note: `#[warn(unused_imports)]` on by default
[INFO] [stdout] 
[INFO] [stdout] 
[INFO] [stdout] warning: unused variable: `x`
[INFO] [stdout]    --> src/day14.rs:138:18
[INFO] [stdout]     |
[INFO] [stdout] 138 |             let (x, y) = pos;
[INFO] [stdout]     |                  ^ help: if this is intentional, prefix it with an underscore: `_x`
[INFO] [stdout]     |
[INFO] [stdout]     = note: `#[warn(unused_variables)]` on by default
[INFO] [stdout] 
[INFO] [stdout] 
[INFO] [stdout] warning: unused variable: `destination`
[INFO] [stdout]   --> src/day5.rs:13:14
[INFO] [stdout]    |
[INFO] [stdout] 13 |         let (destination, source, len) = (shift.0, shift.1, shift.2);
[INFO] [stdout]    |              ^^^^^^^^^^^ help: if this is intentional, prefix it with an underscore: `_destination`
[INFO] [stdout] 
[INFO] [stdout] 
[INFO] [stdout] warning: unused variable: `source`
[INFO] [stdout]   --> src/day5.rs:13:27
[INFO] [stdout]    |
[INFO] [stdout] 13 |         let (destination, source, len) = (shift.0, shift.1, shift.2);
[INFO] [stdout]    |                           ^^^^^^ help: if this is intentional, prefix it with an underscore: `_source`
[INFO] [stdout] 
[INFO] [stdout] 
[INFO] [stdout] warning: unused variable: `len`
[INFO] [stdout]   --> src/day5.rs:13:35
[INFO] [stdout]    |
[INFO] [stdout] 13 |         let (destination, source, len) = (shift.0, shift.1, shift.2);
[INFO] [stdout]    |                                   ^^^ help: if this is intentional, prefix it with an underscore: `_len`
[INFO] [stdout] 
[INFO] [stdout] 
[INFO] [stderr]     Finished `test` profile [unoptimized + debuginfo] target(s) in 2.26s
[INFO] running `Command { std: "docker" "inspect" "d2eac80599378e6234f2300346e25b3fbda95386741324c1ab49f38aa5723ea8", kill_on_drop: false }`
[INFO] running `Command { std: "docker" "rm" "-f" "d2eac80599378e6234f2300346e25b3fbda95386741324c1ab49f38aa5723ea8", kill_on_drop: false }`
[INFO] [stdout] d2eac80599378e6234f2300346e25b3fbda95386741324c1ab49f38aa5723ea8
[INFO] running `Command { std: "docker" "create" "-v" "/var/lib/crater-agent-workspace/builds/worker-4-tc2/target:/opt/rustwide/target:rw,Z" "-v" "/var/lib/crater-agent-workspace/builds/worker-4-tc2/source:/opt/rustwide/workdir:ro,Z" "-v" "/var/lib/crater-agent-workspace/cargo-home:/opt/rustwide/cargo-home:ro,Z" "-v" "/var/lib/crater-agent-workspace/rustup-home:/opt/rustwide/rustup-home:ro,Z" "-e" "SOURCE_DIR=/opt/rustwide/workdir" "-e" "CARGO_TARGET_DIR=/opt/rustwide/target" "-e" "CARGO_INCREMENTAL=0" "-e" "RUST_BACKTRACE=full" "-e" "RUSTFLAGS=--cap-lints=forbid -Zrandomize-layout" "-e" "RUSTDOCFLAGS=--cap-lints=forbid" "-e" "CARGO_HOME=/opt/rustwide/cargo-home" "-e" "RUSTUP_HOME=/opt/rustwide/rustup-home" "-w" "/opt/rustwide/workdir" "-m" "1610612736" "--user" "0:0" "--network" "none" "ghcr.io/rust-lang/crates-build-env/linux@sha256:819108c5571ea2e421544af4d832f968d213c87fbe3707a016657f43d2f853bc" "/opt/rustwide/cargo-home/bin/cargo" "+nightly-2025-01-18" "test" "--frozen", kill_on_drop: false }`
[INFO] [stdout] 33b336ac06c817c86d2cb87b919c68763b4108da9c075e13d00d11403aedfd9c
[INFO] running `Command { std: "docker" "start" "-a" "33b336ac06c817c86d2cb87b919c68763b4108da9c075e13d00d11403aedfd9c", kill_on_drop: false }`
[INFO] [stderr] warning: unused import: `crate::utils::open_file`
[INFO] [stderr]  --> src/day5.rs:1:5
[INFO] [stderr]   |
[INFO] [stderr] 1 | use crate::utils::open_file;
[INFO] [stderr]   |     ^^^^^^^^^^^^^^^^^^^^^^^
[INFO] [stderr]   |
[INFO] [stderr]   = note: `#[warn(unused_imports)]` on by default
[INFO] [stderr] 
[INFO] [stderr] warning: unused variable: `x`
[INFO] [stderr]    --> src/day14.rs:138:18
[INFO] [stderr]     |
[INFO] [stderr] 138 |             let (x, y) = pos;
[INFO] [stderr]     |                  ^ help: if this is intentional, prefix it with an underscore: `_x`
[INFO] [stderr]     |
[INFO] [stderr]     = note: `#[warn(unused_variables)]` on by default
[INFO] [stderr] 
[INFO] [stderr] warning: unused variable: `destination`
[INFO] [stderr]   --> src/day5.rs:13:14
[INFO] [stderr]    |
[INFO] [stderr] 13 |         let (destination, source, len) = (shift.0, shift.1, shift.2);
[INFO] [stderr]    |              ^^^^^^^^^^^ help: if this is intentional, prefix it with an underscore: `_destination`
[INFO] [stderr] 
[INFO] [stderr] warning: unused variable: `source`
[INFO] [stderr]   --> src/day5.rs:13:27
[INFO] [stderr]    |
[INFO] [stderr] 13 |         let (destination, source, len) = (shift.0, shift.1, shift.2);
[INFO] [stderr]    |                           ^^^^^^ help: if this is intentional, prefix it with an underscore: `_source`
[INFO] [stderr] 
[INFO] [stderr] warning: unused variable: `len`
[INFO] [stderr]   --> src/day5.rs:13:35
[INFO] [stderr]    |
[INFO] [stderr] 13 |         let (destination, source, len) = (shift.0, shift.1, shift.2);
[INFO] [stderr]    |                                   ^^^ help: if this is intentional, prefix it with an underscore: `_len`
[INFO] [stderr] 
[INFO] [stderr] warning: `adventofcode2023` (bin "adventofcode2023" test) generated 5 warnings (run `cargo fix --bin "adventofcode2023" --tests` to apply 1 suggestion)
[INFO] [stderr]     Finished `test` profile [unoptimized + debuginfo] target(s) in 0.04s
[INFO] [stderr]      Running unittests src/main.rs (/opt/rustwide/target/debug/deps/adventofcode2023-6889dc70b235a2b6)
[INFO] [stdout] 
[INFO] [stdout] running 37 tests
[INFO] [stdout] test day10::tests::horizontal_candidates ... ok
[INFO] [stdout] test day10::tests::parse_input_1 ... ok
[INFO] [stdout] test day10::tests::north_west_candidates ... ok
[INFO] [stdout] test day10::tests::start_candidates ... ok
[INFO] [stdout] test day10::tests::north_east_candidates ... ok
[INFO] [stdout] test day10::tests::start_candidates_at_corner ... ok
[INFO] [stdout] test day14::tests::parse ... ok
[INFO] [stdout] test day10::tests::test_resolve_puzzle ... ok
[INFO] [stdout] test day10::tests::vertical_candidates ... ok
[INFO] [stdout] test day11::tests::expand_galaxy ... ok
[INFO] [stdout] test day11::tests::get_all_distances ... ok
[INFO] [stdout] test day11::tests::parse_galaxy ... ok
[INFO] [stdout] test day14::tests::tilt_platform ... ok
[INFO] [stdout] test day8::tests::parse_map ... ok
[INFO] [stdout] test day14::tests::total_load ... ok
[INFO] [stdout] test day8::tests::test_ghost_map_step_and_arrive ... ok
[INFO] [stdout] test day14::tests::test_cycle ... ok
[INFO] [stdout] test day8::tests::test_ghost_map_step ... ok
[INFO] [stdout] test day8::tests::test_ghost_map_resolve ... ok
[INFO] [stdout] test day8::tests::test_new_ghost_map ... ok
[INFO] [stdout] test day8::tests::test_resolve ... ok
[INFO] [stdout] test day8::tests::test_resolve_possible_infinite ... ok
[INFO] [stdout] test day9::tests::diffs_1 ... ok
[INFO] [stdout] test day9::tests::next_reading_1 ... ok
[INFO] [stdout] test day11::tests::expand_galaxy_indices_test ... ok
[INFO] [stdout] test day9::tests::prev_reading_1 ... ok
[INFO] [stdout] test day8::tests::test_parse_intructions ... ok
[INFO] [stdout] test day8::tests::parse_node ... ok
[INFO] [stdout] test day9::tests::prev_reading_3 ... ok
[INFO] [stdout] test day9::tests::resolve_next ... ok
[INFO] [stdout] test day9::tests::prev_reading_4 ... ok
[INFO] [stdout] test day9::tests::resolve_prev ... ok
[INFO] [stdout] test day9::tests::prev_reading_2 ... ok
[INFO] [stdout] test day9::tests::next_reading_2 ... ok
[INFO] [stdout] test day9::tests::parse ... ok
[INFO] [stdout] test day9::tests::diffs_2 ... ok
[INFO] [stdout] test day14::tests::test_resolve_puzzle_2 ... FAILED
[INFO] [stdout] 
[INFO] [stdout] failures:
[INFO] [stdout] 
[INFO] [stdout] ---- day14::tests::test_resolve_puzzle_2 stdout ----
[INFO] [stdout] 
[INFO] [stdout] thread 'day14::tests::test_resolve_puzzle_2' panicked at src/day14.rs:320:9:
[INFO] [stdout] assertion `left == right` failed
[INFO] [stdout]   left: 69
[INFO] [stdout]  right: 64
[INFO] [stdout] stack backtrace:
[INFO] [stdout]    0:     0x5c7821a11a0a - std::backtrace_rs::backtrace::libunwind::trace::hb059275cfc8d6126
[INFO] [stdout]                                at /rustc/6067b36314ab5eb2eb47cecc464545ba58e1ad24/library/std/src/../../backtrace/src/backtrace/libunwind.rs:116:5
[INFO] [stdout]    1:     0x5c7821a11a0a - std::backtrace_rs::backtrace::trace_unsynchronized::h2da071e4327ce3ee
[INFO] [stdout]                                at /rustc/6067b36314ab5eb2eb47cecc464545ba58e1ad24/library/std/src/../../backtrace/src/backtrace/mod.rs:66:5
[INFO] [stdout]    2:     0x5c7821a11a0a - std::sys::backtrace::_print_fmt::h842a1474e6f8d23f
[INFO] [stdout]                                at /rustc/6067b36314ab5eb2eb47cecc464545ba58e1ad24/library/std/src/sys/backtrace.rs:66:9
[INFO] [stdout]    3:     0x5c7821a11a0a - <std::sys::backtrace::BacktraceLock::print::DisplayBacktrace as core::fmt::Display>::fmt::h71a62eb3b9696b12
[INFO] [stdout]                                at /rustc/6067b36314ab5eb2eb47cecc464545ba58e1ad24/library/std/src/sys/backtrace.rs:39:26
[INFO] [stdout]    4:     0x5c7821a394a3 - core::fmt::rt::Argument::fmt::hdb6b616786b41dc1
[INFO] [stdout]                                at /rustc/6067b36314ab5eb2eb47cecc464545ba58e1ad24/library/core/src/fmt/rt.rs:177:76
[INFO] [stdout]    5:     0x5c7821a394a3 - core::fmt::write::h2cc1698af7e2d686
[INFO] [stdout]                                at /rustc/6067b36314ab5eb2eb47cecc464545ba58e1ad24/library/core/src/fmt/mod.rs:1440:21
[INFO] [stdout]    6:     0x5c7821a0e563 - std::io::Write::write_fmt::hab1b4cd059a79022
[INFO] [stdout]                                at /rustc/6067b36314ab5eb2eb47cecc464545ba58e1ad24/library/std/src/io/mod.rs:1887:15
[INFO] [stdout]    7:     0x5c7821a11852 - std::sys::backtrace::BacktraceLock::print::h147fe35b4ea13b08
[INFO] [stdout]                                at /rustc/6067b36314ab5eb2eb47cecc464545ba58e1ad24/library/std/src/sys/backtrace.rs:42:9
[INFO] [stdout]    8:     0x5c7821a12e2f - std::panicking::default_hook::{{closure}}::hbd44223dbdc0d208
[INFO] [stdout]                                at /rustc/6067b36314ab5eb2eb47cecc464545ba58e1ad24/library/std/src/panicking.rs:298:22
[INFO] [stdout]    9:     0x5c7821a12c48 - std::panicking::default_hook::h20f81eb0576efcec
[INFO] [stdout]                                at /rustc/6067b36314ab5eb2eb47cecc464545ba58e1ad24/library/std/src/panicking.rs:322:9
[INFO] [stdout]   10:     0x5c78219d18c3 - <alloc::boxed::Box<F,A> as core::ops::function::Fn<Args>>::call::hdb53814c496a4d34
[INFO] [stdout]                                at /rustc/6067b36314ab5eb2eb47cecc464545ba58e1ad24/library/alloc/src/boxed.rs:2027:9
[INFO] [stdout]   11:     0x5c78219d18c3 - test::test_main::{{closure}}::hc0a4963c59427c24
[INFO] [stdout]                                at /rustc/6067b36314ab5eb2eb47cecc464545ba58e1ad24/library/test/src/lib.rs:134:21
[INFO] [stdout]   12:     0x5c7821a13923 - <alloc::boxed::Box<F,A> as core::ops::function::Fn<Args>>::call::h591b2225413a77e9
[INFO] [stdout]                                at /rustc/6067b36314ab5eb2eb47cecc464545ba58e1ad24/library/alloc/src/boxed.rs:2027:9
[INFO] [stdout]   13:     0x5c7821a13923 - std::panicking::rust_panic_with_hook::h625eea43051b2edc
[INFO] [stdout]                                at /rustc/6067b36314ab5eb2eb47cecc464545ba58e1ad24/library/std/src/panicking.rs:839:13
[INFO] [stdout]   14:     0x5c7821a135da - std::panicking::begin_panic_handler::{{closure}}::h4f9159cfbc3f6bd3
[INFO] [stdout]                                at /rustc/6067b36314ab5eb2eb47cecc464545ba58e1ad24/library/std/src/panicking.rs:704:13
[INFO] [stdout]   15:     0x5c7821a11f09 - std::sys::backtrace::__rust_end_short_backtrace::h0390abce48353151
[INFO] [stdout]                                at /rustc/6067b36314ab5eb2eb47cecc464545ba58e1ad24/library/std/src/sys/backtrace.rs:168:18
[INFO] [stdout]   16:     0x5c7821a1326d - rust_begin_unwind
[INFO] [stdout]                                at /rustc/6067b36314ab5eb2eb47cecc464545ba58e1ad24/library/std/src/panicking.rs:695:5
[INFO] [stdout]   17:     0x5c7821a37b70 - core::panicking::panic_fmt::h9e7c637e9e5f29c9
[INFO] [stdout]                                at /rustc/6067b36314ab5eb2eb47cecc464545ba58e1ad24/library/core/src/panicking.rs:75:14
[INFO] [stdout]   18:     0x5c7821a37f62 - core::panicking::assert_failed_inner::h538bec7c1374cd9c
[INFO] [stdout]   19:     0x5c7821a37e19 - core::panicking::assert_failed::h7fe8c93d80615b71
[INFO] [stdout]                                at /rustc/6067b36314ab5eb2eb47cecc464545ba58e1ad24/library/core/src/panicking.rs:364:5
[INFO] [stdout]   20:     0x5c782196bd3f - adventofcode2023::day14::tests::test_resolve_puzzle_2::h35d8cf0e38fff30e
[INFO] [stdout]                                at /opt/rustwide/workdir/src/day14.rs:320:9
[INFO] [stdout]   21:     0x5c782196bbf7 - adventofcode2023::day14::tests::test_resolve_puzzle_2::{{closure}}::h270ed3b118bc02fe
[INFO] [stdout]                                at /opt/rustwide/workdir/src/day14.rs:302:31
[INFO] [stdout]   22:     0x5c782195ed06 - core::ops::function::FnOnce::call_once::h70fb55da440879f0
[INFO] [stdout]                                at /rustc/6067b36314ab5eb2eb47cecc464545ba58e1ad24/library/core/src/ops/function.rs:250:5
[INFO] [stdout]   23:     0x5c78219d701b - core::ops::function::FnOnce::call_once::he27718dfdd183f43
[INFO] [stdout]                                at /rustc/6067b36314ab5eb2eb47cecc464545ba58e1ad24/library/core/src/ops/function.rs:250:5
[INFO] [stdout]   24:     0x5c78219d701b - test::__rust_begin_short_backtrace::h4e84902998457a5d
[INFO] [stdout]                                at /rustc/6067b36314ab5eb2eb47cecc464545ba58e1ad24/library/test/src/lib.rs:632:18
[INFO] [stdout]   25:     0x5c78219d5f53 - test::run_test_in_process::{{closure}}::h7176fd18fc1feca0
[INFO] [stdout]                                at /rustc/6067b36314ab5eb2eb47cecc464545ba58e1ad24/library/test/src/lib.rs:655:60
[INFO] [stdout]   26:     0x5c78219d5f53 - <core::panic::unwind_safe::AssertUnwindSafe<F> as core::ops::function::FnOnce<()>>::call_once::hf79cff2a624d8cf7
[INFO] [stdout]                                at /rustc/6067b36314ab5eb2eb47cecc464545ba58e1ad24/library/core/src/panic/unwind_safe.rs:272:9
[INFO] [stdout]   27:     0x5c78219d5f53 - std::panicking::try::do_call::h3da0561d9ab99c25
[INFO] [stdout]                                at /rustc/6067b36314ab5eb2eb47cecc464545ba58e1ad24/library/std/src/panicking.rs:587:40
[INFO] [stdout]   28:     0x5c78219d5f53 - std::panicking::try::h41c9fa508bc61df6
[INFO] [stdout]                                at /rustc/6067b36314ab5eb2eb47cecc464545ba58e1ad24/library/std/src/panicking.rs:550:19
[INFO] [stdout]   29:     0x5c78219d5f53 - std::panic::catch_unwind::h6b3ff07bb5afad93
[INFO] [stdout]                                at /rustc/6067b36314ab5eb2eb47cecc464545ba58e1ad24/library/std/src/panic.rs:358:14
[INFO] [stdout]   30:     0x5c78219d5f53 - test::run_test_in_process::hc7253dd11b39b9f4
[INFO] [stdout]                                at /rustc/6067b36314ab5eb2eb47cecc464545ba58e1ad24/library/test/src/lib.rs:655:27
[INFO] [stdout]   31:     0x5c78219d5f53 - test::run_test::{{closure}}::hfb2007f8649c30bb
[INFO] [stdout]                                at /rustc/6067b36314ab5eb2eb47cecc464545ba58e1ad24/library/test/src/lib.rs:576:43
[INFO] [stdout]   32:     0x5c7821999035 - test::run_test::{{closure}}::h56a17aa7a282a9f4
[INFO] [stdout]                                at /rustc/6067b36314ab5eb2eb47cecc464545ba58e1ad24/library/test/src/lib.rs:606:41
[INFO] [stdout]   33:     0x5c7821999035 - std::sys::backtrace::__rust_begin_short_backtrace::hd2d2d2fb8e8c6aac
[INFO] [stdout]                                at /rustc/6067b36314ab5eb2eb47cecc464545ba58e1ad24/library/std/src/sys/backtrace.rs:152:18
[INFO] [stdout]   34:     0x5c782199c91a - std::thread::Builder::spawn_unchecked_::{{closure}}::{{closure}}::h4faa3f9db6133423
[INFO] [stdout]                                at /rustc/6067b36314ab5eb2eb47cecc464545ba58e1ad24/library/std/src/thread/mod.rs:559:17
[INFO] [stdout]   35:     0x5c782199c91a - <core::panic::unwind_safe::AssertUnwindSafe<F> as core::ops::function::FnOnce<()>>::call_once::hf2e855a36a4ea846
[INFO] [stdout]                                at /rustc/6067b36314ab5eb2eb47cecc464545ba58e1ad24/library/core/src/panic/unwind_safe.rs:272:9
[INFO] [stdout]   36:     0x5c782199c91a - std::panicking::try::do_call::h2f73af3616c35465
[INFO] [stdout]                                at /rustc/6067b36314ab5eb2eb47cecc464545ba58e1ad24/library/std/src/panicking.rs:587:40
[INFO] [stdout]   37:     0x5c782199c91a - std::panicking::try::hd1660ce9efadef5a
[INFO] [stdout]                                at /rustc/6067b36314ab5eb2eb47cecc464545ba58e1ad24/library/std/src/panicking.rs:550:19
[INFO] [stdout]   38:     0x5c782199c91a - std::panic::catch_unwind::h5ee8d7823b8ca744
[INFO] [stdout]                                at /rustc/6067b36314ab5eb2eb47cecc464545ba58e1ad24/library/std/src/panic.rs:358:14
[INFO] [stdout]   39:     0x5c782199c91a - std::thread::Builder::spawn_unchecked_::{{closure}}::h53c3a1894dce8407
[INFO] [stdout]                                at /rustc/6067b36314ab5eb2eb47cecc464545ba58e1ad24/library/std/src/thread/mod.rs:557:30
[INFO] [stdout]   40:     0x5c782199c91a - core::ops::function::FnOnce::call_once{{vtable.shim}}::h048ce291ad4f62bf
[INFO] [stdout]                                at /rustc/6067b36314ab5eb2eb47cecc464545ba58e1ad24/library/core/src/ops/function.rs:250:5
[INFO] [stdout]   41:     0x5c7821a1785b - <alloc::boxed::Box<F,A> as core::ops::function::FnOnce<Args>>::call_once::ha52bedf99a3b4981
[INFO] [stdout]                                at /rustc/6067b36314ab5eb2eb47cecc464545ba58e1ad24/library/alloc/src/boxed.rs:2013:9
[INFO] [stdout]   42:     0x5c7821a1785b - <alloc::boxed::Box<F,A> as core::ops::function::FnOnce<Args>>::call_once::h567748934d80ccf8
[INFO] [stdout]                                at /rustc/6067b36314ab5eb2eb47cecc464545ba58e1ad24/library/alloc/src/boxed.rs:2013:9
[INFO] [stdout]   43:     0x5c7821a1785b - std::sys::pal::unix::thread::Thread::new::thread_start::h2d970728ae887adc
[INFO] [stdout]                                at /rustc/6067b36314ab5eb2eb47cecc464545ba58e1ad24/library/std/src/sys/pal/unix/thread.rs:106:17
[INFO] [stdout]   44:     0x7b4280bceac3 - <unknown>
[INFO] [stdout]   45:     0x7b4280c5fa04 - clone
[INFO] [stdout]   46:                0x0 - <unknown>
[INFO] [stdout] 
[INFO] [stdout] 
[INFO] [stdout] failures:
[INFO] [stdout]     day14::tests::test_resolve_puzzle_2
[INFO] [stdout] 
[INFO] [stdout] test result: FAILED. 36 passed; 1 failed; 0 ignored; 0 measured; 0 filtered out; finished in 0.12s
[INFO] [stdout] 
[INFO] [stderr] error: test failed, to rerun pass `--bin adventofcode2023`
[INFO] running `Command { std: "docker" "inspect" "33b336ac06c817c86d2cb87b919c68763b4108da9c075e13d00d11403aedfd9c", kill_on_drop: false }`
[INFO] running `Command { std: "docker" "rm" "-f" "33b336ac06c817c86d2cb87b919c68763b4108da9c075e13d00d11403aedfd9c", kill_on_drop: false }`
[INFO] [stdout] 33b336ac06c817c86d2cb87b919c68763b4108da9c075e13d00d11403aedfd9c
