[INFO] cloning repository https://github.com/dnaka91/mabo
[INFO] running `Command { std: "git" "-c" "credential.helper=" "-c" "credential.helper=/workspace/cargo-home/bin/git-credential-null" "clone" "--bare" "https://github.com/dnaka91/mabo" "/workspace/cache/git-repos/https%3A%2F%2Fgithub.com%2Fdnaka91%2Fmabo", kill_on_drop: false }`
[INFO] [stderr] Cloning into bare repository '/workspace/cache/git-repos/https%3A%2F%2Fgithub.com%2Fdnaka91%2Fmabo'...
[INFO] running `Command { std: "git" "rev-parse" "HEAD", kill_on_drop: false }`
[INFO] [stdout] 011fa0f0ec34516408ee1295c3c64d4132c1668e
[INFO] testing dnaka91/mabo against nightly-2025-01-18 for randomize-layout-2
[INFO] running `Command { std: "git" "clone" "/workspace/cache/git-repos/https%3A%2F%2Fgithub.com%2Fdnaka91%2Fmabo" "/workspace/builds/worker-7-tc1/source", kill_on_drop: false }`
[INFO] [stderr] Cloning into '/workspace/builds/worker-7-tc1/source'...
[INFO] [stderr] done.
[INFO] validating manifest of git repo https://github.com/dnaka91/mabo on toolchain nightly-2025-01-18
[INFO] running `Command { std: CARGO_HOME="/workspace/cargo-home" RUSTUP_HOME="/workspace/rustup-home" "/workspace/cargo-home/bin/cargo" "+nightly-2025-01-18" "metadata" "--manifest-path" "Cargo.toml" "--no-deps", kill_on_drop: false }`
[INFO] started tweaking git repo https://github.com/dnaka91/mabo
[INFO] finished tweaking git repo https://github.com/dnaka91/mabo
[INFO] tweaked toml for git repo https://github.com/dnaka91/mabo written to /workspace/builds/worker-7-tc1/source/Cargo.toml
[INFO] crate git repo https://github.com/dnaka91/mabo already has a lockfile, it will not be regenerated
[INFO] running `Command { std: CARGO_HOME="/workspace/cargo-home" RUSTUP_HOME="/workspace/rustup-home" "/workspace/cargo-home/bin/cargo" "+nightly-2025-01-18" "fetch" "--manifest-path" "Cargo.toml", kill_on_drop: false }`
[INFO] [stderr]     Blocking waiting for file lock on package cache
[INFO] [stderr]     Updating crates.io index
[INFO] [stderr]     Blocking waiting for file lock on package cache
[INFO] [stderr]  Downloading crates ...
[INFO] [stderr]   Downloaded lsp-types v0.97.0
[INFO] [stderr]   Downloaded line-index v0.1.2
[INFO] [stderr]   Downloaded ouroboros v0.18.5
[INFO] [stderr]   Downloaded str_indices v0.4.4
[INFO] [stderr]   Downloaded caseless v0.2.2
[INFO] [stderr]   Downloaded rinja_parser v0.3.5
[INFO] [stderr]   Downloaded rinja_derive v0.3.5
[INFO] [stderr]   Downloaded rinja v0.3.5
[INFO] [stderr]   Downloaded lsp-server v0.7.8
[INFO] [stderr]   Downloaded ouroboros_macro v0.18.5
[INFO] [stderr]   Downloaded comrak v0.33.0
[INFO] [stderr]   Downloaded spdx v0.10.8
[INFO] running `Command { std: "docker" "create" "-v" "/var/lib/crater-agent-workspace/builds/worker-7-tc1/target:/opt/rustwide/target:rw,Z" "-v" "/var/lib/crater-agent-workspace/builds/worker-7-tc1/source:/opt/rustwide/workdir:ro,Z" "-v" "/var/lib/crater-agent-workspace/cargo-home:/opt/rustwide/cargo-home:ro,Z" "-v" "/var/lib/crater-agent-workspace/rustup-home:/opt/rustwide/rustup-home:ro,Z" "-e" "SOURCE_DIR=/opt/rustwide/workdir" "-e" "CARGO_TARGET_DIR=/opt/rustwide/target" "-e" "CARGO_HOME=/opt/rustwide/cargo-home" "-e" "RUSTUP_HOME=/opt/rustwide/rustup-home" "-w" "/opt/rustwide/workdir" "-m" "1610612736" "--user" "0:0" "--network" "none" "ghcr.io/rust-lang/crates-build-env/linux@sha256:819108c5571ea2e421544af4d832f968d213c87fbe3707a016657f43d2f853bc" "/opt/rustwide/cargo-home/bin/cargo" "+nightly-2025-01-18" "metadata" "--no-deps" "--format-version=1", kill_on_drop: false }`
[INFO] [stdout] 3bdbe8ef6baf3f062982666330904db5b96bdf8b35cccb747ab03936fba8a175
[INFO] running `Command { std: "docker" "start" "-a" "3bdbe8ef6baf3f062982666330904db5b96bdf8b35cccb747ab03936fba8a175", kill_on_drop: false }`
[INFO] running `Command { std: "docker" "inspect" "3bdbe8ef6baf3f062982666330904db5b96bdf8b35cccb747ab03936fba8a175", kill_on_drop: false }`
[INFO] running `Command { std: "docker" "rm" "-f" "3bdbe8ef6baf3f062982666330904db5b96bdf8b35cccb747ab03936fba8a175", kill_on_drop: false }`
[INFO] [stdout] 3bdbe8ef6baf3f062982666330904db5b96bdf8b35cccb747ab03936fba8a175
[INFO] running `Command { std: "docker" "create" "-v" "/var/lib/crater-agent-workspace/builds/worker-7-tc1/target:/opt/rustwide/target:rw,Z" "-v" "/var/lib/crater-agent-workspace/builds/worker-7-tc1/source:/opt/rustwide/workdir:ro,Z" "-v" "/var/lib/crater-agent-workspace/cargo-home:/opt/rustwide/cargo-home:ro,Z" "-v" "/var/lib/crater-agent-workspace/rustup-home:/opt/rustwide/rustup-home:ro,Z" "-e" "SOURCE_DIR=/opt/rustwide/workdir" "-e" "CARGO_TARGET_DIR=/opt/rustwide/target" "-e" "CARGO_INCREMENTAL=0" "-e" "RUST_BACKTRACE=full" "-e" "RUSTFLAGS=--cap-lints=forbid" "-e" "RUSTDOCFLAGS=--cap-lints=forbid" "-e" "CARGO_HOME=/opt/rustwide/cargo-home" "-e" "RUSTUP_HOME=/opt/rustwide/rustup-home" "-w" "/opt/rustwide/workdir" "-m" "1610612736" "--user" "0:0" "--network" "none" "ghcr.io/rust-lang/crates-build-env/linux@sha256:819108c5571ea2e421544af4d832f968d213c87fbe3707a016657f43d2f853bc" "/opt/rustwide/cargo-home/bin/cargo" "+nightly-2025-01-18" "build" "--frozen" "--message-format=json", kill_on_drop: false }`
[INFO] [stdout] 7c511108b66bfea517d6c4d1f6d029d01b9a8c9326ab7c249c6b0f8cfea550b4
[INFO] running `Command { std: "docker" "start" "-a" "7c511108b66bfea517d6c4d1f6d029d01b9a8c9326ab7c249c6b0f8cfea550b4", kill_on_drop: false }`
[INFO] [stderr]    Compiling unicode-ident v1.0.14
[INFO] [stderr]    Compiling proc-macro2 v1.0.93
[INFO] [stderr]    Compiling memchr v2.7.4
[INFO] [stderr]    Compiling cfg-if v1.0.0
[INFO] [stderr]    Compiling serde v1.0.217
[INFO] [stderr]    Compiling rustix v0.38.43
[INFO] [stderr]    Compiling bitflags v2.7.0
[INFO] [stderr]    Compiling linux-raw-sys v0.4.15
[INFO] [stderr]    Compiling utf8parse v0.2.2
[INFO] [stderr]    Compiling owo-colors v4.1.0
[INFO] [stderr]    Compiling thiserror v2.0.11
[INFO] [stderr]    Compiling thiserror v1.0.69
[INFO] [stderr]    Compiling anstyle-query v1.1.2
[INFO] [stderr]    Compiling crossbeam-utils v0.8.21
[INFO] [stderr]    Compiling is_terminal_polyfill v1.70.1
[INFO] [stderr]    Compiling anstyle v1.0.10
[INFO] [stderr]    Compiling anstyle-parse v0.2.6
[INFO] [stderr]    Compiling colorchoice v1.0.3
[INFO] [stderr]    Compiling libc v0.2.169
[INFO] [stderr]    Compiling unicode-width v0.1.14
[INFO] [stderr]    Compiling is_ci v1.2.0
[INFO] [stderr]    Compiling unicode-linebreak v0.1.5
[INFO] [stderr]    Compiling supports-color v3.0.2
[INFO] [stderr]    Compiling supports-unicode v3.0.0
[INFO] [stderr]    Compiling anstream v0.6.18
[INFO] [stderr]    Compiling supports-hyperlinks v3.1.0
[INFO] [stderr]    Compiling rustc-hash v2.1.0
[INFO] [stderr]    Compiling equivalent v1.0.1
[INFO] [stderr]    Compiling hashbrown v0.15.2
[INFO] [stderr]    Compiling regex-syntax v0.8.5
[INFO] [stderr]    Compiling smallvec v1.13.2
[INFO] [stderr]    Compiling textwrap v0.16.1
[INFO] [stderr]    Compiling same-file v1.0.6
[INFO] [stderr]    Compiling value-bag v1.10.0
[INFO] [stderr]    Compiling shlex v1.3.0
[INFO] [stderr]    Compiling aho-corasick v1.1.3
[INFO] [stderr]    Compiling bstr v1.11.3
[INFO] [stderr]    Compiling crossbeam-epoch v0.9.18
[INFO] [stderr]    Compiling walkdir v2.5.0
[INFO] [stderr]    Compiling winnow v0.6.24
[INFO] [stderr]    Compiling indexmap v2.7.0
[INFO] [stderr]    Compiling quote v1.0.38
[INFO] [stderr]    Compiling crossbeam-deque v0.8.6
[INFO] [stderr]    Compiling spdx v0.10.8
[INFO] [stderr]    Compiling log v0.4.22
[INFO] [stderr]    Compiling cc v1.2.9
[INFO] [stderr]    Compiling syn v2.0.96
[INFO] [stderr]    Compiling itoa v1.0.14
[INFO] [stderr]    Compiling prettyplease v0.2.29
[INFO] [stderr]    Compiling unicase v2.8.1
[INFO] [stderr]    Compiling anyhow v1.0.95
[INFO] [stderr]    Compiling mime_guess v2.0.5
[INFO] [stderr]    Compiling terminal_size v0.4.1
[INFO] [stderr]    Compiling version_check v0.9.5
[INFO] [stderr]    Compiling strsim v0.11.1
[INFO] [stderr]    Compiling heck v0.5.0
[INFO] [stderr]    Compiling minimal-lexical v0.2.1
[INFO] [stderr]    Compiling tinyvec_macros v0.1.1
[INFO] [stderr]    Compiling clap_lex v0.7.4
[INFO] [stderr]    Compiling tinyvec v1.8.1
[INFO] [stderr]    Compiling nom v7.1.3
[INFO] [stderr]    Compiling byteorder v1.5.0
[INFO] [stderr]    Compiling proc-macro2-diagnostics v0.10.1
[INFO] [stderr]    Compiling clap_builder v4.5.26
[INFO] [stderr]    Compiling autocfg v1.4.0
[INFO] [stderr]    Compiling mime v0.3.17
[INFO] [stderr]    Compiling serde_json v1.0.135
[INFO] [stderr]    Compiling getrandom v0.2.15
[INFO] [stderr]    Compiling paste v1.0.15
[INFO] [stderr]    Compiling deunicode v1.6.0
[INFO] [stderr]    Compiling yansi v1.0.1
[INFO] [stderr]    Compiling parking_lot_core v0.9.10
[INFO] [stderr]    Compiling ryu v1.0.18
[INFO] [stderr]    Compiling unicode-normalization v0.1.24
[INFO] [stderr]    Compiling regex-automata v0.4.9
[INFO] [stderr]    Compiling slug v0.1.6
[INFO] [stderr]    Compiling lock_api v0.4.12
[INFO] [stderr]    Compiling rand_core v0.6.4
[INFO] [stderr]    Compiling entities v1.0.1
[INFO] [stderr]    Compiling heck v0.4.1
[INFO] [stderr]    Compiling num-conv v0.1.0
[INFO] [stderr]    Compiling unicode_categories v0.1.1
[INFO] [stderr]    Compiling option-ext v0.2.0
[INFO] [stderr]    Compiling bitflags v1.3.2
[INFO] [stderr]    Compiling powerfmt v0.2.0
[INFO] [stderr]    Compiling time-core v0.1.2
[INFO] [stderr]    Compiling typed-arena v2.0.2
[INFO] [stderr]    Compiling scopeguard v1.2.0
[INFO] [stderr]    Compiling fluent-uri v0.1.4
[INFO] [stderr]    Compiling caseless v0.2.2
[INFO] [stderr]    Compiling time-macros v0.2.19
[INFO] [stderr]    Compiling deranged v0.3.11
[INFO] [stderr]    Compiling dirs-sys v0.5.0
[INFO] [stderr]    Compiling comrak v0.33.0
[INFO] [stderr]    Compiling libmimalloc-sys v0.1.39
[INFO] [stderr]    Compiling crossbeam-channel v0.5.14
[INFO] [stderr]    Compiling text-size v1.1.1
[INFO] [stderr]    Compiling static_assertions v1.1.0
[INFO] [stderr]    Compiling rinja_parser v0.3.5
[INFO] [stderr]    Compiling num_threads v0.1.7
[INFO] [stderr]    Compiling str_indices v0.4.4
[INFO] [stderr]    Compiling nohash-hasher v0.2.0
[INFO] [stderr]    Compiling aliasable v0.1.3
[INFO] [stderr]    Compiling bytes v1.9.0
[INFO] [stderr]    Compiling ropey v1.6.1
[INFO] [stderr]    Compiling line-index v0.1.2
[INFO] [stderr]    Compiling parking_lot v0.12.3
[INFO] [stderr]    Compiling directories v6.0.0
[INFO] [stderr]    Compiling glob v0.3.2
[INFO] [stderr]    Compiling time v0.3.37
[INFO] [stderr]    Compiling mimalloc v0.1.43
[INFO] [stderr]    Compiling globset v0.4.15
[INFO] [stderr]    Compiling ignore v0.4.23
[INFO] [stderr]    Compiling serde_derive v1.0.217
[INFO] [stderr]    Compiling thiserror-impl v2.0.11
[INFO] [stderr]    Compiling thiserror-impl v1.0.69
[INFO] [stderr]    Compiling miette-derive v7.4.0
[INFO] [stderr]    Compiling mabo-derive v0.1.0 (/opt/rustwide/workdir/crates/mabo-derive)
[INFO] [stderr]    Compiling clap_derive v4.5.24
[INFO] [stderr]    Compiling zerocopy-derive v0.7.35
[INFO] [stderr]    Compiling serde_repr v0.1.19
[INFO] [stderr]    Compiling ouroboros_macro v0.18.5
[INFO] [stderr]    Compiling mabo v0.1.0 (/opt/rustwide/workdir/crates/mabo)
[INFO] [stderr]    Compiling miette v7.4.0
[INFO] [stderr]    Compiling zerocopy v0.7.35
[INFO] [stderr]    Compiling rinja_derive v0.3.5
[INFO] [stderr]    Compiling ppv-lite86 v0.2.20
[INFO] [stderr]    Compiling ouroboros v0.18.5
[INFO] [stderr]    Compiling mabo-parser v0.1.0 (/opt/rustwide/workdir/crates/mabo-parser)
[INFO] [stderr]    Compiling rand_chacha v0.3.1
[INFO] [stderr]    Compiling clap v4.5.26
[INFO] [stderr]    Compiling rand v0.8.5
[INFO] [stderr]    Compiling rinja v0.3.5
[INFO] [stderr]    Compiling mabo-compiler v0.1.0 (/opt/rustwide/workdir/crates/mabo-compiler)
[INFO] [stderr]    Compiling mabo-meta v0.1.0 (/opt/rustwide/workdir/crates/mabo-meta)
[INFO] [stderr]    Compiling mabo-benches v0.1.0 (/opt/rustwide/workdir/crates/mabo-benches)
[INFO] [stderr]    Compiling mabo-doc v0.1.0 (/opt/rustwide/workdir/crates/mabo-doc)
[INFO] [stderr]    Compiling serde_spanned v0.6.8
[INFO] [stderr]    Compiling toml_datetime v0.6.8
[INFO] [stderr]    Compiling toml_edit v0.22.22
[INFO] [stderr]    Compiling lsp-server v0.7.8
[INFO] [stderr]    Compiling lsp-types v0.97.0
[INFO] [stderr]    Compiling toml v0.8.19
[INFO] [stderr]    Compiling mabo-project v0.1.0 (/opt/rustwide/workdir/crates/mabo-project)
[INFO] [stderr]    Compiling mabo-build v0.1.0 (/opt/rustwide/workdir/crates/mabo-build)
[INFO] [stderr]    Compiling mabo-go v0.1.0 (/opt/rustwide/workdir/crates/mabo-go)
[INFO] [stderr]    Compiling mabo-cli v0.1.0 (/opt/rustwide/workdir/crates/mabo-cli)
[INFO] [stderr]    Compiling mabo-playground v0.1.0 (/opt/rustwide/workdir/crates/mabo-playground)
[INFO] [stderr]    Compiling mabo-lsp v0.1.0 (/opt/rustwide/workdir/crates/mabo-lsp)
[INFO] [stderr]     Finished `dev` profile [unoptimized + debuginfo] target(s) in 1m 23s
[INFO] running `Command { std: "docker" "inspect" "7c511108b66bfea517d6c4d1f6d029d01b9a8c9326ab7c249c6b0f8cfea550b4", kill_on_drop: false }`
[INFO] running `Command { std: "docker" "rm" "-f" "7c511108b66bfea517d6c4d1f6d029d01b9a8c9326ab7c249c6b0f8cfea550b4", kill_on_drop: false }`
[INFO] [stdout] 7c511108b66bfea517d6c4d1f6d029d01b9a8c9326ab7c249c6b0f8cfea550b4
[INFO] running `Command { std: "docker" "create" "-v" "/var/lib/crater-agent-workspace/builds/worker-7-tc1/target:/opt/rustwide/target:rw,Z" "-v" "/var/lib/crater-agent-workspace/builds/worker-7-tc1/source:/opt/rustwide/workdir:ro,Z" "-v" "/var/lib/crater-agent-workspace/cargo-home:/opt/rustwide/cargo-home:ro,Z" "-v" "/var/lib/crater-agent-workspace/rustup-home:/opt/rustwide/rustup-home:ro,Z" "-e" "SOURCE_DIR=/opt/rustwide/workdir" "-e" "CARGO_TARGET_DIR=/opt/rustwide/target" "-e" "CARGO_INCREMENTAL=0" "-e" "RUST_BACKTRACE=full" "-e" "RUSTFLAGS=--cap-lints=forbid" "-e" "RUSTDOCFLAGS=--cap-lints=forbid" "-e" "CARGO_HOME=/opt/rustwide/cargo-home" "-e" "RUSTUP_HOME=/opt/rustwide/rustup-home" "-w" "/opt/rustwide/workdir" "-m" "1610612736" "--user" "0:0" "--network" "none" "ghcr.io/rust-lang/crates-build-env/linux@sha256:819108c5571ea2e421544af4d832f968d213c87fbe3707a016657f43d2f853bc" "/opt/rustwide/cargo-home/bin/cargo" "+nightly-2025-01-18" "test" "--frozen" "--no-run" "--message-format=json", kill_on_drop: false }`
[INFO] [stdout] 5c9a5279e165670fe0ff8c7c40b6aa2319109f56d08ca78df694b4ad17936f58
[INFO] running `Command { std: "docker" "start" "-a" "5c9a5279e165670fe0ff8c7c40b6aa2319109f56d08ca78df694b4ad17936f58", kill_on_drop: false }`
[INFO] [stderr]    Compiling mabo-derive v0.1.0 (/opt/rustwide/workdir/crates/mabo-derive)
[INFO] [stderr]    Compiling once_cell v1.20.2
[INFO] [stderr]    Compiling linked-hash-map v0.5.6
[INFO] [stderr]    Compiling similar v2.6.0
[INFO] [stderr]    Compiling clap_builder v4.5.26
[INFO] [stderr]    Compiling indoc v2.0.5
[INFO] [stderr]    Compiling divan-macros v0.1.17
[INFO] [stderr]    Compiling condtype v1.3.0
[INFO] [stderr]    Compiling regex-lite v0.1.6
[INFO] [stderr]    Compiling mabo v0.1.0 (/opt/rustwide/workdir/crates/mabo)
[INFO] [stderr]    Compiling mabo-project v0.1.0 (/opt/rustwide/workdir/crates/mabo-project)
[INFO] [stderr]    Compiling console v0.15.10
[INFO] [stderr]    Compiling insta v1.42.0
[INFO] [stderr]    Compiling mabo-parser v0.1.0 (/opt/rustwide/workdir/crates/mabo-parser)
[INFO] [stderr]    Compiling mabo-compiler v0.1.0 (/opt/rustwide/workdir/crates/mabo-compiler)
[INFO] [stderr]    Compiling mabo-meta v0.1.0 (/opt/rustwide/workdir/crates/mabo-meta)
[INFO] [stderr]    Compiling mabo-build v0.1.0 (/opt/rustwide/workdir/crates/mabo-build)
[INFO] [stderr]    Compiling mabo-benches v0.1.0 (/opt/rustwide/workdir/crates/mabo-benches)
[INFO] [stderr]    Compiling mabo-doc v0.1.0 (/opt/rustwide/workdir/crates/mabo-doc)
[INFO] [stderr]    Compiling clap v4.5.26
[INFO] [stderr]    Compiling mabo-go v0.1.0 (/opt/rustwide/workdir/crates/mabo-go)
[INFO] [stderr]    Compiling divan v0.1.17
[INFO] [stderr]    Compiling mabo-playground v0.1.0 (/opt/rustwide/workdir/crates/mabo-playground)
[INFO] [stderr]    Compiling mabo-cli v0.1.0 (/opt/rustwide/workdir/crates/mabo-cli)
[INFO] [stderr]    Compiling mabo-lsp v0.1.0 (/opt/rustwide/workdir/crates/mabo-lsp)
[INFO] [stderr]     Finished `test` profile [unoptimized + debuginfo] target(s) in 21.68s
[INFO] running `Command { std: "docker" "inspect" "5c9a5279e165670fe0ff8c7c40b6aa2319109f56d08ca78df694b4ad17936f58", kill_on_drop: false }`
[INFO] running `Command { std: "docker" "rm" "-f" "5c9a5279e165670fe0ff8c7c40b6aa2319109f56d08ca78df694b4ad17936f58", kill_on_drop: false }`
[INFO] [stdout] 5c9a5279e165670fe0ff8c7c40b6aa2319109f56d08ca78df694b4ad17936f58
[INFO] running `Command { std: "docker" "create" "-v" "/var/lib/crater-agent-workspace/builds/worker-7-tc1/target:/opt/rustwide/target:rw,Z" "-v" "/var/lib/crater-agent-workspace/builds/worker-7-tc1/source:/opt/rustwide/workdir:ro,Z" "-v" "/var/lib/crater-agent-workspace/cargo-home:/opt/rustwide/cargo-home:ro,Z" "-v" "/var/lib/crater-agent-workspace/rustup-home:/opt/rustwide/rustup-home:ro,Z" "-e" "SOURCE_DIR=/opt/rustwide/workdir" "-e" "CARGO_TARGET_DIR=/opt/rustwide/target" "-e" "CARGO_INCREMENTAL=0" "-e" "RUST_BACKTRACE=full" "-e" "RUSTFLAGS=--cap-lints=forbid" "-e" "RUSTDOCFLAGS=--cap-lints=forbid" "-e" "CARGO_HOME=/opt/rustwide/cargo-home" "-e" "RUSTUP_HOME=/opt/rustwide/rustup-home" "-w" "/opt/rustwide/workdir" "-m" "1610612736" "--user" "0:0" "--network" "none" "ghcr.io/rust-lang/crates-build-env/linux@sha256:819108c5571ea2e421544af4d832f968d213c87fbe3707a016657f43d2f853bc" "/opt/rustwide/cargo-home/bin/cargo" "+nightly-2025-01-18" "test" "--frozen", kill_on_drop: false }`
[INFO] [stdout] af5ac7466922cb35e03a71d6982cf799498562498cedbb08b09e2bf18c927c40
[INFO] running `Command { std: "docker" "start" "-a" "af5ac7466922cb35e03a71d6982cf799498562498cedbb08b09e2bf18c927c40", kill_on_drop: false }`
[INFO] [stderr]     Finished `test` profile [unoptimized + debuginfo] target(s) in 0.23s
[INFO] [stderr]      Running unittests src/lib.rs (/opt/rustwide/target/debug/deps/mabo-d07d44a74613619c)
[INFO] [stdout] 
[INFO] [stdout] running 33 tests
[INFO] [stdout] test buf::tests::non_zero_bytes_bytes_valid ... ok
[INFO] [stdout] test buf::tests::non_zero_bytes_std_invalid ... ok
[INFO] [stdout] test buf::tests::non_zero_bytes_std_valid ... ok
[INFO] [stdout] test buf::tests::non_zero_bytes_bytes_invalid ... ok
[INFO] [stdout] test buf::tests::non_zero_hash_map_invalid ... ok
[INFO] [stdout] test buf::tests::non_zero_hash_map_valid ... ok
[INFO] [stdout] test buf::tests::non_zero_hash_set_valid ... ok
[INFO] [stdout] test buf::tests::non_zero_hash_set_invalid ... ok
[INFO] [stdout] test buf::tests::non_zero_string_invalid ... ok
[INFO] [stdout] test buf::tests::non_zero_string_valid ... ok
[INFO] [stdout] test buf::tests::non_zero_vec_invalid ... ok
[INFO] [stdout] test buf::tests::non_zero_vec_valid ... ok
[INFO] [stdout] test varint::tests::max_sizes ... ok
[INFO] [stdout] test varint::varint_tests::roundtrip_i128 ... ok
[INFO] [stdout] test varint::varint_tests::roundtrip_i32 ... ok
[INFO] [stdout] test varint::varint_tests::roundtrip_i16 ... ok
[INFO] [stdout] test varint::varint_tests::roundtrip_i64 ... ok
[INFO] [stdout] test varint::varint_tests::roundtrip_u128 ... ok
[INFO] [stdout] test varint::varint_tests::roundtrip_u16 ... ok
[INFO] [stdout] test varint::varint_tests::roundtrip_u32 ... ok
[INFO] [stdout] test varint::varint_tests::roundtrip_u64 ... ok
[INFO] [stdout] test varint::varint_tests::sizecheck_i128 ... ok
[INFO] [stdout] test varint::varint_tests::sizecheck_i16 ... ok
[INFO] [stdout] test varint::varint_tests::sizecheck_i32 ... ok
[INFO] [stdout] test varint::varint_tests::sizecheck_i64 ... ok
[INFO] [stdout] test varint::varint_tests::sizecheck_u128 ... ok
[INFO] [stdout] test varint::varint_tests::sizecheck_u16 ... ok
[INFO] [stdout] test varint::varint_tests::sizecheck_u32 ... ok
[INFO] [stdout] test varint::varint_tests::sizecheck_u64 ... ok
[INFO] [stdout] test varint::zigzag_tests::roundtrip_i128 ... ok
[INFO] [stdout] test varint::zigzag_tests::roundtrip_i16 ... ok
[INFO] [stdout] test varint::zigzag_tests::roundtrip_i32 ... ok
[INFO] [stdout] test varint::zigzag_tests::roundtrip_i64 ... ok
[INFO] [stdout] 
[INFO] [stdout] test result: ok. 33 passed; 0 failed; 0 ignored; 0 measured; 0 filtered out; finished in 0.02s
[INFO] [stdout] 
[INFO] [stderr]      Running unittests src/lib.rs (/opt/rustwide/target/debug/deps/mabo_benches-abdf30d42e642a24)
[INFO] [stdout] 
[INFO] [stdout] running 3 tests
[INFO] [stdout] test varint::postcard::roundtrip ... ok
[INFO] [stdout] test varint::bincode::roundtrip ... ok
[INFO] [stdout] test varint::vu128::roundtrip ... ok
[INFO] [stdout] 
[INFO] [stdout] test result: ok. 3 passed; 0 failed; 0 ignored; 0 measured; 0 filtered out; finished in 0.00s
[INFO] [stdout] 
[INFO] [stderr]      Running unittests src/lib.rs (/opt/rustwide/target/debug/deps/mabo_build-97cb35c76a154d4b)
[INFO] [stdout] 
[INFO] [stdout] running 0 tests
[INFO] [stdout] 
[INFO] [stdout] test result: ok. 0 passed; 0 failed; 0 ignored; 0 measured; 0 filtered out; finished in 0.00s
[INFO] [stdout] 
[INFO] [stderr]      Running tests/compiler.rs (/opt/rustwide/target/debug/deps/compiler-96db1fbfc9a50b85)
[INFO] [stdout] 
[INFO] [stdout] running 2 tests
[INFO] [stdout] test compile_schema_extra ... ok
[INFO] [stdout] test compile_schema ... ok
[INFO] [stdout] 
[INFO] [stdout] test result: ok. 2 passed; 0 failed; 0 ignored; 0 measured; 0 filtered out; finished in 0.21s
[INFO] [stdout] 
[INFO] [stderr]      Running unittests src/main.rs (/opt/rustwide/target/debug/deps/mabo-d08113da1800b6b2)
[INFO] [stdout] 
[INFO] [stdout] running 1 test
[INFO] [stdout] test cli::tests::verify_cli ... ok
[INFO] [stdout] 
[INFO] [stdout] test result: ok. 1 passed; 0 failed; 0 ignored; 0 measured; 0 filtered out; finished in 0.00s
[INFO] [stdout] 
[INFO] [stderr]      Running unittests src/lib.rs (/opt/rustwide/target/debug/deps/mabo_compiler-cf4a9778a3798ea9)
[INFO] [stdout] 
[INFO] [stdout] running 0 tests
[INFO] [stdout] 
[INFO] [stdout] test result: ok. 0 passed; 0 failed; 0 ignored; 0 measured; 0 filtered out; finished in 0.00s
[INFO] [stdout] 
[INFO] [stderr]      Running tests/compiler.rs (/opt/rustwide/target/debug/deps/compiler-fe80bbe89b391be5)
[INFO] [stdout] 
[INFO] [stdout] running 4 tests
[INFO] [stdout] test resolve_schema_local ... FAILED
[INFO] [stdout] test validate_schema ... FAILED
[INFO] [stdout] test resolve_schema_import ... FAILED
[INFO] [stdout] test resolve_schema_remote ... FAILED
[INFO] [stdout] 
[INFO] [stdout] failures:
[INFO] [stdout] 
[INFO] [stdout] ---- resolve_schema_local stdout ----
[INFO] [stdout] ━━━━━━━━━━━━━━━━━━━━━━━━━━━━━━━ Snapshot Summary ━━━━━━━━━━━━━━━━━━━━━━━━━━━━━━━
[INFO] [stdout] Snapshot file: crates/mabo-compiler/tests/snapshots/compiler__error_resolve@local_gens_mismatch.mabo.snap
[INFO] [stdout] Snapshot: error_resolve@local_gens_mismatch.mabo
[INFO] [stdout] Source: crates/mabo-compiler/tests/compiler.rs:82
[INFO] [stdout] Input file: crates/mabo-compiler/tests/inputs/resolve/local_gens_mismatch.mabo
[INFO] [stdout] ────────────────────────────────────────────────────────────────────────────────
[INFO] [stdout] struct Sample {
[INFO] [stdout]     value: Other @1,
[INFO] [stdout] }
[INFO] [stdout] 
[INFO] [stdout] struct Other<T>(T @1)
[INFO] [stdout] ────────────────────────────────────────────────────────────────────────────────
[INFO] [stdout] -old snapshot
[INFO] [stdout] +new results
[INFO] [stdout] ────────────┬───────────────────────────────────────────────────────────────────
[INFO] [stdout]     0     0 │   × type resolution failed
[INFO] [stdout]     1     1 │   ├─▶ failed resolving type in local modules
[INFO] [stdout]     2       │-  ╰─▶ the definition has ❬Y❭1❬Y❭ generics but the use side has ❬Y❭0❬Y❭
[INFO] [stdout]           2 │+  ╰─▶ the definition has 1 generics but the use side has 0
[INFO] [stdout]     3     3 │    ╭─[resolve/local_gens_mismatch.mabo:2:12]
[INFO] [stdout]     4     4 │  1 │ struct Sample {
[INFO] [stdout]     5     5 │  2 │     value: Other @1,
[INFO] [stdout]     6     6 │    ·            ──┬──
[INFO] [stdout] ────────────┴───────────────────────────────────────────────────────────────────
[INFO] [stdout] 
[INFO] [stdout] thread 'resolve_schema_local' panicked at crates/mabo-compiler/tests/compiler.rs:82:13:
[INFO] [stdout] called `Result::unwrap()` on an `Err` value: FileIo(Os { code: 30, kind: ReadOnlyFilesystem, message: "Read-only file system" }, "/opt/rustwide/workdir/crates/mabo-compiler/tests/snapshots/compiler__error_resolve@local_gens_mismatch.mabo.snap.new")
[INFO] [stdout] stack backtrace:
[INFO] [stdout]    0:     0x61e2869bc39a - std::backtrace_rs::backtrace::libunwind::trace::hb059275cfc8d6126
[INFO] [stdout]                                at /rustc/6067b36314ab5eb2eb47cecc464545ba58e1ad24/library/std/src/../../backtrace/src/backtrace/libunwind.rs:116:5
[INFO] [stdout]    1:     0x61e2869bc39a - std::backtrace_rs::backtrace::trace_unsynchronized::h2da071e4327ce3ee
[INFO] [stdout]                                at /rustc/6067b36314ab5eb2eb47cecc464545ba58e1ad24/library/std/src/../../backtrace/src/backtrace/mod.rs:66:5
[INFO] [stdout]    2:     0x61e2869bc39a - std::sys::backtrace::_print_fmt::h842a1474e6f8d23f
[INFO] [stdout]                                at /rustc/6067b36314ab5eb2eb47cecc464545ba58e1ad24/library/std/src/sys/backtrace.rs:66:9
[INFO] [stdout]    3:     0x61e2869bc39a - <std::sys::backtrace::BacktraceLock::print::DisplayBacktrace as core::fmt::Display>::fmt::h71a62eb3b9696b12
[INFO] [stdout]                                at /rustc/6067b36314ab5eb2eb47cecc464545ba58e1ad24/library/std/src/sys/backtrace.rs:39:26
[INFO] [stdout]    4:     0x61e2869e8953 - core::fmt::rt::Argument::fmt::hdb6b616786b41dc1
[INFO] [stdout]                                at /rustc/6067b36314ab5eb2eb47cecc464545ba58e1ad24/library/core/src/fmt/rt.rs:177:76
[INFO] [stdout]    5:     0x61e2869e8953 - core::fmt::write::h2cc1698af7e2d686
[INFO] [stdout]                                at /rustc/6067b36314ab5eb2eb47cecc464545ba58e1ad24/library/core/src/fmt/mod.rs:1440:21
[INFO] [stdout]    6:     0x61e2869b7df3 - std::io::Write::write_fmt::hab1b4cd059a79022
[INFO] [stdout]                                at /rustc/6067b36314ab5eb2eb47cecc464545ba58e1ad24/library/std/src/io/mod.rs:1887:15
[INFO] [stdout]    7:     0x61e2869bc1e2 - std::sys::backtrace::BacktraceLock::print::h147fe35b4ea13b08
[INFO] [stdout]                                at /rustc/6067b36314ab5eb2eb47cecc464545ba58e1ad24/library/std/src/sys/backtrace.rs:42:9
[INFO] [stdout]    8:     0x61e2869bd7bf - std::panicking::default_hook::{{closure}}::hbd44223dbdc0d208
[INFO] [stdout]                                at /rustc/6067b36314ab5eb2eb47cecc464545ba58e1ad24/library/std/src/panicking.rs:298:22
[INFO] [stdout]    9:     0x61e2869bd5d8 - std::panicking::default_hook::h20f81eb0576efcec
[INFO] [stdout]                                at /rustc/6067b36314ab5eb2eb47cecc464545ba58e1ad24/library/std/src/panicking.rs:322:9
[INFO] [stdout]   10:     0x61e28645a493 - <alloc::boxed::Box<F,A> as core::ops::function::Fn<Args>>::call::hdb53814c496a4d34
[INFO] [stdout]                                at /rustc/6067b36314ab5eb2eb47cecc464545ba58e1ad24/library/alloc/src/boxed.rs:2027:9
[INFO] [stdout]   11:     0x61e28645a493 - test::test_main::{{closure}}::hc0a4963c59427c24
[INFO] [stdout]                                at /rustc/6067b36314ab5eb2eb47cecc464545ba58e1ad24/library/test/src/lib.rs:134:21
[INFO] [stdout]   12:     0x61e2869be2b3 - <alloc::boxed::Box<F,A> as core::ops::function::Fn<Args>>::call::h591b2225413a77e9
[INFO] [stdout]                                at /rustc/6067b36314ab5eb2eb47cecc464545ba58e1ad24/library/alloc/src/boxed.rs:2027:9
[INFO] [stdout]   13:     0x61e2869be2b3 - std::panicking::rust_panic_with_hook::h625eea43051b2edc
[INFO] [stdout]                                at /rustc/6067b36314ab5eb2eb47cecc464545ba58e1ad24/library/std/src/panicking.rs:839:13
[INFO] [stdout]   14:     0x61e2869bdf6a - std::panicking::begin_panic_handler::{{closure}}::h4f9159cfbc3f6bd3
[INFO] [stdout]                                at /rustc/6067b36314ab5eb2eb47cecc464545ba58e1ad24/library/std/src/panicking.rs:704:13
[INFO] [stdout]   15:     0x61e2869bc899 - std::sys::backtrace::__rust_end_short_backtrace::h0390abce48353151
[INFO] [stdout]                                at /rustc/6067b36314ab5eb2eb47cecc464545ba58e1ad24/library/std/src/sys/backtrace.rs:168:18
[INFO] [stdout]   16:     0x61e2869bdbfd - rust_begin_unwind
[INFO] [stdout]                                at /rustc/6067b36314ab5eb2eb47cecc464545ba58e1ad24/library/std/src/panicking.rs:695:5
[INFO] [stdout]   17:     0x61e2869e63b0 - core::panicking::panic_fmt::h9e7c637e9e5f29c9
[INFO] [stdout]                                at /rustc/6067b36314ab5eb2eb47cecc464545ba58e1ad24/library/core/src/panicking.rs:75:14
[INFO] [stdout]   18:     0x61e2869e6826 - core::result::unwrap_failed::h7979f09313fe1849
[INFO] [stdout]                                at /rustc/6067b36314ab5eb2eb47cecc464545ba58e1ad24/library/core/src/result.rs:1704:5
[INFO] [stdout]   19:     0x61e2863d6572 - core::result::Result<T,E>::unwrap::h283800c2ac86f8fc
[INFO] [stdout]                                at /rustc/6067b36314ab5eb2eb47cecc464545ba58e1ad24/library/core/src/result.rs:1109:23
[INFO] [stdout]   20:     0x61e2863d6572 - compiler::resolve_schema_local::{{closure}}::{{closure}}::hb077c1ee2553b584
[INFO] [stdout]                                at /opt/rustwide/workdir/crates/mabo-compiler/tests/compiler.rs:82:13
[INFO] [stdout]   21:     0x61e2863e26af - insta::settings::Settings::bind::h88473a9ddabe01dc
[INFO] [stdout]                                at /opt/rustwide/cargo-home/registry/src/index.crates.io-1949cf8c6b5b557f/insta-1.42.0/src/settings.rs:509:9
[INFO] [stdout]   22:     0x61e2863d607e - compiler::resolve_schema_local::{{closure}}::h02f722e2dbaea533
[INFO] [stdout]                                at /opt/rustwide/workdir/crates/mabo-compiler/tests/compiler.rs:78:9
[INFO] [stdout]   23:     0x61e2863d3d7d - insta::glob::glob_exec::{{closure}}::h4d8a03d8742e80f6
[INFO] [stdout]                                at /opt/rustwide/cargo-home/registry/src/index.crates.io-1949cf8c6b5b557f/insta-1.42.0/src/glob.rs:103:13
[INFO] [stdout]   24:     0x61e2863e232e - insta::settings::Settings::bind::h01dfeb6475b7ba4a
[INFO] [stdout]                                at /opt/rustwide/cargo-home/registry/src/index.crates.io-1949cf8c6b5b557f/insta-1.42.0/src/settings.rs:509:9
[INFO] [stdout]   25:     0x61e2863d0d37 - insta::glob::glob_exec::hc0ee47012cba8591
[INFO] [stdout]                                at /opt/rustwide/cargo-home/registry/src/index.crates.io-1949cf8c6b5b557f/insta-1.42.0/src/glob.rs:102:9
[INFO] [stdout]   26:     0x61e2863d591e - compiler::resolve_schema_local::h434647e608112492
[INFO] [stdout]                                at /opt/rustwide/workdir/crates/mabo-compiler/tests/compiler.rs:69:5
[INFO] [stdout]   27:     0x61e2863d5457 - compiler::resolve_schema_local::{{closure}}::ha0aebc1ea4175623
[INFO] [stdout]                                at /opt/rustwide/workdir/crates/mabo-compiler/tests/compiler.rs:68:26
[INFO] [stdout]   28:     0x61e2863d9d16 - core::ops::function::FnOnce::call_once::hf9313eedbf227206
[INFO] [stdout]                                at /rustc/6067b36314ab5eb2eb47cecc464545ba58e1ad24/library/core/src/ops/function.rs:250:5
[INFO] [stdout]   29:     0x61e28645fbeb - core::ops::function::FnOnce::call_once::he27718dfdd183f43
[INFO] [stdout]                                at /rustc/6067b36314ab5eb2eb47cecc464545ba58e1ad24/library/core/src/ops/function.rs:250:5
[INFO] [stdout]   30:     0x61e28645fbeb - test::__rust_begin_short_backtrace::h4e84902998457a5d
[INFO] [stdout]                                at /rustc/6067b36314ab5eb2eb47cecc464545ba58e1ad24/library/test/src/lib.rs:632:18
[INFO] [stdout]   31:     0x61e28645eb23 - test::run_test_in_process::{{closure}}::h7176fd18fc1feca0
[INFO] [stdout]                                at /rustc/6067b36314ab5eb2eb47cecc464545ba58e1ad24/library/test/src/lib.rs:655:60
[INFO] [stdout]   32:     0x61e28645eb23 - <core::panic::unwind_safe::AssertUnwindSafe<F> as core::ops::function::FnOnce<()>>::call_once::hf79cff2a624d8cf7
[INFO] [stdout]                                at /rustc/6067b36314ab5eb2eb47cecc464545ba58e1ad24/library/core/src/panic/unwind_safe.rs:272:9
[INFO] [stdout]   33:     0x61e28645eb23 - std::panicking::try::do_call::h3da0561d9ab99c25
[INFO] [stdout]                                at /rustc/6067b36314ab5eb2eb47cecc464545ba58e1ad24/library/std/src/panicking.rs:587:40
[INFO] [stdout]   34:     0x61e28645eb23 - std::panicking::try::h41c9fa508bc61df6
[INFO] [stdout]                                at /rustc/6067b36314ab5eb2eb47cecc464545ba58e1ad24/library/std/src/panicking.rs:550:19
[INFO] [stdout]   35:     0x61e28645eb23 - std::panic::catch_unwind::h6b3ff07bb5afad93
[INFO] [stdout]                                at /rustc/6067b36314ab5eb2eb47cecc464545ba58e1ad24/library/std/src/panic.rs:358:14
[INFO] [stdout]   36:     0x61e28645eb23 - test::run_test_in_process::hc7253dd11b39b9f4
[INFO] [stdout]                                at /rustc/6067b36314ab5eb2eb47cecc464545ba58e1ad24/library/test/src/lib.rs:655:27
[INFO] [stdout]   37:     0x61e28645eb23 - test::run_test::{{closure}}::hfb2007f8649c30bb
[INFO] [stdout]                                at /rustc/6067b36314ab5eb2eb47cecc464545ba58e1ad24/library/test/src/lib.rs:576:43
[INFO] [stdout]   38:     0x61e286421c05 - test::run_test::{{closure}}::h56a17aa7a282a9f4
[INFO] [stdout]                                at /rustc/6067b36314ab5eb2eb47cecc464545ba58e1ad24/library/test/src/lib.rs:606:41
[INFO] [stdout]   39:     0x61e286421c05 - std::sys::backtrace::__rust_begin_short_backtrace::hd2d2d2fb8e8c6aac
[INFO] [stdout]                                at /rustc/6067b36314ab5eb2eb47cecc464545ba58e1ad24/library/std/src/sys/backtrace.rs:152:18
[INFO] [stdout]   40:     0x61e2864254ea - std::thread::Builder::spawn_unchecked_::{{closure}}::{{closure}}::h4faa3f9db6133423
[INFO] [stdout]                                at /rustc/6067b36314ab5eb2eb47cecc464545ba58e1ad24/library/std/src/thread/mod.rs:559:17
[INFO] [stdout]   41:     0x61e2864254ea - <core::panic::unwind_safe::AssertUnwindSafe<F> as core::ops::function::FnOnce<()>>::call_once::hf2e855a36a4ea846
[INFO] [stdout]                                at /rustc/6067b36314ab5eb2eb47cecc464545ba58e1ad24/library/core/src/panic/unwind_safe.rs:272:9
[INFO] [stdout]   42:     0x61e2864254ea - std::panicking::try::do_call::h2f73af3616c35465
[INFO] [stdout]                                at /rustc/6067b36314ab5eb2eb47cecc464545ba58e1ad24/library/std/src/panicking.rs:587:40
[INFO] [stdout]   43:     0x61e2864254ea - std::panicking::try::hd1660ce9efadef5a
[INFO] [stdout]                                at /rustc/6067b36314ab5eb2eb47cecc464545ba58e1ad24/library/std/src/panicking.rs:550:19
[INFO] [stdout]   44:     0x61e2864254ea - std::panic::catch_unwind::h5ee8d7823b8ca744
[INFO] [stdout]                                at /rustc/6067b36314ab5eb2eb47cecc464545ba58e1ad24/library/std/src/panic.rs:358:14
[INFO] [stdout]   45:     0x61e2864254ea - std::thread::Builder::spawn_unchecked_::{{closure}}::h53c3a1894dce8407
[INFO] [stdout]                                at /rustc/6067b36314ab5eb2eb47cecc464545ba58e1ad24/library/std/src/thread/mod.rs:557:30
[INFO] [stdout]   46:     0x61e2864254ea - core::ops::function::FnOnce::call_once{{vtable.shim}}::h048ce291ad4f62bf
[INFO] [stdout]                                at /rustc/6067b36314ab5eb2eb47cecc464545ba58e1ad24/library/core/src/ops/function.rs:250:5
[INFO] [stdout]   47:     0x61e2869c306b - <alloc::boxed::Box<F,A> as core::ops::function::FnOnce<Args>>::call_once::ha52bedf99a3b4981
[INFO] [stdout]                                at /rustc/6067b36314ab5eb2eb47cecc464545ba58e1ad24/library/alloc/src/boxed.rs:2013:9
[INFO] [stdout]   48:     0x61e2869c306b - <alloc::boxed::Box<F,A> as core::ops::function::FnOnce<Args>>::call_once::h567748934d80ccf8
[INFO] [stdout]                                at /rustc/6067b36314ab5eb2eb47cecc464545ba58e1ad24/library/alloc/src/boxed.rs:2013:9
[INFO] [stdout]   49:     0x61e2869c306b - std::sys::pal::unix::thread::Thread::new::thread_start::h2d970728ae887adc
[INFO] [stdout]                                at /rustc/6067b36314ab5eb2eb47cecc464545ba58e1ad24/library/std/src/sys/pal/unix/thread.rs:106:17
[INFO] [stdout]   50:     0x71ee49cdeac3 - <unknown>
[INFO] [stdout]   51:     0x71ee49d6fa04 - clone
[INFO] [stdout]   52:                0x0 - <unknown>
[INFO] [stdout] 
[INFO] [stdout] ---- validate_schema stdout ----
[INFO] [stdout] ━━━━━━━━━━━━━━━━━━━━━━━━━━━━━━━ Snapshot Summary ━━━━━━━━━━━━━━━━━━━━━━━━━━━━━━━
[INFO] [stdout] Snapshot file: crates/mabo-compiler/tests/snapshots/compiler__error_validate@alias_tuple_single.mabo.snap
[INFO] [stdout] Snapshot: error_validate@alias_tuple_single.mabo
[INFO] [stdout] Source: crates/mabo-compiler/tests/compiler.rs:62
[INFO] [stdout] Input file: crates/mabo-compiler/tests/inputs/validate/alias_tuple_single.mabo
[INFO] [stdout] ────────────────────────────────────────────────────────────────────────────────
[INFO] [stdout] type Sample = (u8);
[INFO] [stdout] ────────────────────────────────────────────────────────────────────────────────
[INFO] [stdout] -old snapshot
[INFO] [stdout] +new results
[INFO] [stdout] ────────────┬───────────────────────────────────────────────────────────────────
[INFO] [stdout]     0     0 │   × invalid tuple element size found
[INFO] [stdout]     1       │-  ╰─▶ tuples with ❬W❭a single element❬W❭ are invalid
[INFO] [stdout]           1 │+  ╰─▶ tuples with a single element are invalid
[INFO] [stdout]     2     2 │    ╭─[alias_tuple_single.mabo:1:15]
[INFO] [stdout]     3     3 │  1 │ type Sample = (u8);
[INFO] [stdout]     4     4 │    ·               ──┬─
[INFO] [stdout]     5     5 │    ·                 ╰── declared here
[INFO] [stdout] ────────────┴───────────────────────────────────────────────────────────────────
[INFO] [stdout] 
[INFO] [stdout] thread 'validate_schema' panicked at crates/mabo-compiler/tests/compiler.rs:62:13:
[INFO] [stdout] called `Result::unwrap()` on an `Err` value: FileIo(Os { code: 30, kind: ReadOnlyFilesystem, message: "Read-only file system" }, "/opt/rustwide/workdir/crates/mabo-compiler/tests/snapshots/compiler__error_validate@alias_tuple_single.mabo.snap.new")
[INFO] [stdout] stack backtrace:
[INFO] [stdout]    0:     0x61e2869bc39a - std::backtrace_rs::backtrace::libunwind::trace::hb059275cfc8d6126
[INFO] [stdout]                                at /rustc/6067b36314ab5eb2eb47cecc464545ba58e1ad24/library/std/src/../../backtrace/src/backtrace/libunwind.rs:116:5
[INFO] [stdout]    1:     0x61e2869bc39a - std::backtrace_rs::backtrace::trace_unsynchronized::h2da071e4327ce3ee
[INFO] [stdout]                                at /rustc/6067b36314ab5eb2eb47cecc464545ba58e1ad24/library/std/src/../../backtrace/src/backtrace/mod.rs:66:5
[INFO] [stdout]    2:     0x61e2869bc39a - std::sys::backtrace::_print_fmt::h842a1474e6f8d23f
[INFO] [stdout]                                at /rustc/6067b36314ab5eb2eb47cecc464545ba58e1ad24/library/std/src/sys/backtrace.rs:66:9
[INFO] [stdout]    3:     0x61e2869bc39a - <std::sys::backtrace::BacktraceLock::print::DisplayBacktrace as core::fmt::Display>::fmt::h71a62eb3b9696b12
[INFO] [stdout]                                at /rustc/6067b36314ab5eb2eb47cecc464545ba58e1ad24/library/std/src/sys/backtrace.rs:39:26
[INFO] [stdout]    4:     0x61e2869e8953 - core::fmt::rt::Argument::fmt::hdb6b616786b41dc1
[INFO] [stdout]                                at /rustc/6067b36314ab5eb2eb47cecc464545ba58e1ad24/library/core/src/fmt/rt.rs:177:76
[INFO] [stdout]    5:     0x61e2869e8953 - core::fmt::write::h2cc1698af7e2d686
[INFO] [stdout]                                at /rustc/6067b36314ab5eb2eb47cecc464545ba58e1ad24/library/core/src/fmt/mod.rs:1440:21
[INFO] [stdout]    6:     0x61e2869b7df3 - std::io::Write::write_fmt::hab1b4cd059a79022
[INFO] [stdout]                                at /rustc/6067b36314ab5eb2eb47cecc464545ba58e1ad24/library/std/src/io/mod.rs:1887:15
[INFO] [stdout]    7:     0x61e2869bc1e2 - std::sys::backtrace::BacktraceLock::print::h147fe35b4ea13b08
[INFO] [stdout]                                at /rustc/6067b36314ab5eb2eb47cecc464545ba58e1ad24/library/std/src/sys/backtrace.rs:42:9
[INFO] [stdout]    8:     0x61e2869bd7bf - std::panicking::default_hook::{{closure}}::hbd44223dbdc0d208
[INFO] [stdout]                                at /rustc/6067b36314ab5eb2eb47cecc464545ba58e1ad24/library/std/src/panicking.rs:298:22
[INFO] [stdout]    9:     0x61e2869bd5d8 - std::panicking::default_hook::h20f81eb0576efcec
[INFO] [stdout]                                at /rustc/6067b36314ab5eb2eb47cecc464545ba58e1ad24/library/std/src/panicking.rs:322:9
[INFO] [stdout]   10:     0x61e28645a493 - <alloc::boxed::Box<F,A> as core::ops::function::Fn<Args>>::call::hdb53814c496a4d34
[INFO] [stdout]                                at /rustc/6067b36314ab5eb2eb47cecc464545ba58e1ad24/library/alloc/src/boxed.rs:2027:9
[INFO] [stdout]   11:     0x61e28645a493 - test::test_main::{{closure}}::hc0a4963c59427c24
[INFO] [stdout]                                at /rustc/6067b36314ab5eb2eb47cecc464545ba58e1ad24/library/test/src/lib.rs:134:21
[INFO] [stdout]   12:     0x61e2869be2b3 - <alloc::boxed::Box<F,A> as core::ops::function::Fn<Args>>::call::h591b2225413a77e9
[INFO] [stdout]                                at /rustc/6067b36314ab5eb2eb47cecc464545ba58e1ad24/library/alloc/src/boxed.rs:2027:9
[INFO] [stdout]   13:     0x61e2869be2b3 - std::panicking::rust_panic_with_hook::h625eea43051b2edc
[INFO] [stdout]                                at /rustc/6067b36314ab5eb2eb47cecc464545ba58e1ad24/library/std/src/panicking.rs:839:13
[INFO] [stdout]   14:     0x61e2869bdf6a - std::panicking::begin_panic_handler::{{closure}}::h4f9159cfbc3f6bd3
[INFO] [stdout]                                at /rustc/6067b36314ab5eb2eb47cecc464545ba58e1ad24/library/std/src/panicking.rs:704:13
[INFO] [stdout]   15:     0x61e2869bc899 - std::sys::backtrace::__rust_end_short_backtrace::h0390abce48353151
[INFO] [stdout]                                at /rustc/6067b36314ab5eb2eb47cecc464545ba58e1ad24/library/std/src/sys/backtrace.rs:168:18
[INFO] [stdout]   16:     0x61e2869bdbfd - rust_begin_unwind
[INFO] [stdout]                                at /rustc/6067b36314ab5eb2eb47cecc464545ba58e1ad24/library/std/src/panicking.rs:695:5
[INFO] [stdout]   17:     0x61e2869e63b0 - core::panicking::panic_fmt::h9e7c637e9e5f29c9
[INFO] [stdout]                                at /rustc/6067b36314ab5eb2eb47cecc464545ba58e1ad24/library/core/src/panicking.rs:75:14
[INFO] [stdout]   18:     0x61e2869e6826 - core::result::unwrap_failed::h7979f09313fe1849
[INFO] [stdout]                                at /rustc/6067b36314ab5eb2eb47cecc464545ba58e1ad24/library/core/src/result.rs:1704:5
[INFO] [stdout]   19:     0x61e2863d5272 - core::result::Result<T,E>::unwrap::h283800c2ac86f8fc
[INFO] [stdout]                                at /rustc/6067b36314ab5eb2eb47cecc464545ba58e1ad24/library/core/src/result.rs:1109:23
[INFO] [stdout]   20:     0x61e2863d5272 - compiler::validate_schema::{{closure}}::{{closure}}::hdec00d5824c6dc39
[INFO] [stdout]                                at /opt/rustwide/workdir/crates/mabo-compiler/tests/compiler.rs:62:13
[INFO] [stdout]   21:     0x61e2863e253f - insta::settings::Settings::bind::h51ec109cb8f097c5
[INFO] [stdout]                                at /opt/rustwide/cargo-home/registry/src/index.crates.io-1949cf8c6b5b557f/insta-1.42.0/src/settings.rs:509:9
[INFO] [stdout]   22:     0x61e2863d4d7e - compiler::validate_schema::{{closure}}::h98143c93fbcd541b
[INFO] [stdout]                                at /opt/rustwide/workdir/crates/mabo-compiler/tests/compiler.rs:58:9
[INFO] [stdout]   23:     0x61e2863d3e2d - insta::glob::glob_exec::{{closure}}::h73d43d88a4adc6f7
[INFO] [stdout]                                at /opt/rustwide/cargo-home/registry/src/index.crates.io-1949cf8c6b5b557f/insta-1.42.0/src/glob.rs:103:13
[INFO] [stdout]   24:     0x61e2863e282e - insta::settings::Settings::bind::hbc2c1dbc1e5c9ee6
[INFO] [stdout]                                at /opt/rustwide/cargo-home/registry/src/index.crates.io-1949cf8c6b5b557f/insta-1.42.0/src/settings.rs:509:9
[INFO] [stdout]   25:     0x61e2863d23a7 - insta::glob::glob_exec::hc59e73edc63559f6
[INFO] [stdout]                                at /opt/rustwide/cargo-home/registry/src/index.crates.io-1949cf8c6b5b557f/insta-1.42.0/src/glob.rs:102:9
[INFO] [stdout]   26:     0x61e2863d466e - compiler::validate_schema::h99872827da4557b5
[INFO] [stdout]                                at /opt/rustwide/workdir/crates/mabo-compiler/tests/compiler.rs:49:5
[INFO] [stdout]   27:     0x61e2863d41a7 - compiler::validate_schema::{{closure}}::h19f19e49f50462fd
[INFO] [stdout]                                at /opt/rustwide/workdir/crates/mabo-compiler/tests/compiler.rs:48:21
[INFO] [stdout]   28:     0x61e2863d9c46 - core::ops::function::FnOnce::call_once::h938f13a4c781249c
[INFO] [stdout]                                at /rustc/6067b36314ab5eb2eb47cecc464545ba58e1ad24/library/core/src/ops/function.rs:250:5
[INFO] [stdout]   29:     0x61e28645fbeb - core::ops::function::FnOnce::call_once::he27718dfdd183f43
[INFO] [stdout]                                at /rustc/6067b36314ab5eb2eb47cecc464545ba58e1ad24/library/core/src/ops/function.rs:250:5
[INFO] [stdout]   30:     0x61e28645fbeb - test::__rust_begin_short_backtrace::h4e84902998457a5d
[INFO] [stdout]                                at /rustc/6067b36314ab5eb2eb47cecc464545ba58e1ad24/library/test/src/lib.rs:632:18
[INFO] [stdout]   31:     0x61e28645eb23 - test::run_test_in_process::{{closure}}::h7176fd18fc1feca0
[INFO] [stdout]                                at /rustc/6067b36314ab5eb2eb47cecc464545ba58e1ad24/library/test/src/lib.rs:655:60
[INFO] [stdout]   32:     0x61e28645eb23 - <core::panic::unwind_safe::AssertUnwindSafe<F> as core::ops::function::FnOnce<()>>::call_once::hf79cff2a624d8cf7
[INFO] [stdout]                                at /rustc/6067b36314ab5eb2eb47cecc464545ba58e1ad24/library/core/src/panic/unwind_safe.rs:272:9
[INFO] [stdout]   33:     0x61e28645eb23 - std::panicking::try::do_call::h3da0561d9ab99c25
[INFO] [stdout]                                at /rustc/6067b36314ab5eb2eb47cecc464545ba58e1ad24/library/std/src/panicking.rs:587:40
[INFO] [stdout]   34:     0x61e28645eb23 - std::panicking::try::h41c9fa508bc61df6
[INFO] [stdout]                                at /rustc/6067b36314ab5eb2eb47cecc464545ba58e1ad24/library/std/src/panicking.rs:550:19
[INFO] [stdout]   35:     0x61e28645eb23 - std::panic::catch_unwind::h6b3ff07bb5afad93
[INFO] [stdout]                                at /rustc/6067b36314ab5eb2eb47cecc464545ba58e1ad24/library/std/src/panic.rs:358:14
[INFO] [stdout]   36:     0x61e28645eb23 - test::run_test_in_process::hc7253dd11b39b9f4
[INFO] [stdout]                                at /rustc/6067b36314ab5eb2eb47cecc464545ba58e1ad24/library/test/src/lib.rs:655:27
[INFO] [stdout]   37:     0x61e28645eb23 - test::run_test::{{closure}}::hfb2007f8649c30bb
[INFO] [stdout]                                at /rustc/6067b36314ab5eb2eb47cecc464545ba58e1ad24/library/test/src/lib.rs:576:43
[INFO] [stdout]   38:     0x61e286421c05 - test::run_test::{{closure}}::h56a17aa7a282a9f4
[INFO] [stdout]                                at /rustc/6067b36314ab5eb2eb47cecc464545ba58e1ad24/library/test/src/lib.rs:606:41
[INFO] [stdout]   39:     0x61e286421c05 - std::sys::backtrace::__rust_begin_short_backtrace::hd2d2d2fb8e8c6aac
[INFO] [stdout]                                at /rustc/6067b36314ab5eb2eb47cecc464545ba58e1ad24/library/std/src/sys/backtrace.rs:152:18
[INFO] [stdout]   40:     0x61e2864254ea - std::thread::Builder::spawn_unchecked_::{{closure}}::{{closure}}::h4faa3f9db6133423
[INFO] [stdout]                                at /rustc/6067b36314ab5eb2eb47cecc464545ba58e1ad24/library/std/src/thread/mod.rs:559:17
[INFO] [stdout]   41:     0x61e2864254ea - <core::panic::unwind_safe::AssertUnwindSafe<F> as core::ops::function::FnOnce<()>>::call_once::hf2e855a36a4ea846
[INFO] [stdout]                                at /rustc/6067b36314ab5eb2eb47cecc464545ba58e1ad24/library/core/src/panic/unwind_safe.rs:272:9
[INFO] [stdout]   42:     0x61e2864254ea - std::panicking::try::do_call::h2f73af3616c35465
[INFO] [stdout]                                at /rustc/6067b36314ab5eb2eb47cecc464545ba58e1ad24/library/std/src/panicking.rs:587:40
[INFO] [stdout]   43:     0x61e2864254ea - std::panicking::try::hd1660ce9efadef5a
[INFO] [stdout]                                at /rustc/6067b36314ab5eb2eb47cecc464545ba58e1ad24/library/std/src/panicking.rs:550:19
[INFO] [stdout]   44:     0x61e2864254ea - std::panic::catch_unwind::h5ee8d7823b8ca744
[INFO] [stdout]                                at /rustc/6067b36314ab5eb2eb47cecc464545ba58e1ad24/library/std/src/panic.rs:358:14
[INFO] [stdout]   45:     0x61e2864254ea - std::thread::Builder::spawn_unchecked_::{{closure}}::h53c3a1894dce8407
[INFO] [stdout]                                at /rustc/6067b36314ab5eb2eb47cecc464545ba58e1ad24/library/std/src/thread/mod.rs:557:30
[INFO] [stdout]   46:     0x61e2864254ea - core::ops::function::FnOnce::call_once{{vtable.shim}}::h048ce291ad4f62bf
[INFO] [stdout]                                at /rustc/6067b36314ab5eb2eb47cecc464545ba58e1ad24/library/core/src/ops/function.rs:250:5
[INFO] [stdout]   47:     0x61e2869c306b - <alloc::boxed::Box<F,A> as core::ops::function::FnOnce<Args>>::call_once::ha52bedf99a3b4981
[INFO] [stdout]                                at /rustc/6067b36314ab5eb2eb47cecc464545ba58e1ad24/library/alloc/src/boxed.rs:2013:9
[INFO] [stdout]   48:     0x61e2869c306b - <alloc::boxed::Box<F,A> as core::ops::function::FnOnce<Args>>::call_once::h567748934d80ccf8
[INFO] [stdout]                                at /rustc/6067b36314ab5eb2eb47cecc464545ba58e1ad24/library/alloc/src/boxed.rs:2013:9
[INFO] [stdout]   49:     0x61e2869c306b - std::sys::pal::unix::thread::Thread::new::thread_start::h2d970728ae887adc
[INFO] [stdout]                                at /rustc/6067b36314ab5eb2eb47cecc464545ba58e1ad24/library/std/src/sys/pal/unix/thread.rs:106:17
[INFO] [stdout]   50:     0x71ee49cdeac3 - <unknown>
[INFO] [stdout]   51:     0x71ee49d6fa04 - clone
[INFO] [stdout]   52:                0x0 - <unknown>
[INFO] [stdout] 
[INFO] [stdout] ---- resolve_schema_import stdout ----
[INFO] [stdout] ━━━━━━━━━━━━━━━━━━━━━━━━━━━━━━━ Snapshot Summary ━━━━━━━━━━━━━━━━━━━━━━━━━━━━━━━
[INFO] [stdout] Snapshot file: crates/mabo-compiler/tests/snapshots/compiler__error_resolve@import_root.mabo.snap
[INFO] [stdout] Snapshot: error_resolve@import_root.mabo
[INFO] [stdout] Source: crates/mabo-compiler/tests/compiler.rs:109
[INFO] [stdout] Input file: crates/mabo-compiler/tests/inputs/resolve/import_root.mabo
[INFO] [stdout] ────────────────────────────────────────────────────────────────────────────────
[INFO] [stdout] use datetime::Other;
[INFO] [stdout] ────────────────────────────────────────────────────────────────────────────────
[INFO] [stdout] -old snapshot
[INFO] [stdout] +new results
[INFO] [stdout] ────────────┬───────────────────────────────────────────────────────────────────
[INFO] [stdout]     0     0 │   × type resolution failed
[INFO] [stdout]     1     1 │   ├─▶ failed resolving import statement
[INFO] [stdout]     2       │-  ╰─▶ definition ❬Y❭Other❬Y❭ not found in module ❬Y❭datetime❬Y❭
[INFO] [stdout]           2 │+  ╰─▶ definition Other not found in module datetime
[INFO] [stdout]     3     3 │    ╭─[resolve/import_root.mabo:1:15]
[INFO] [stdout]     4     4 │  1 │ use datetime::Other;
[INFO] [stdout]     5     5 │    ·               ──┬──
[INFO] [stdout]     6     6 │    ·                 ╰── used here
[INFO] [stdout] ────────────┴───────────────────────────────────────────────────────────────────
[INFO] [stdout] 
[INFO] [stdout] thread 'resolve_schema_import' panicked at crates/mabo-compiler/tests/compiler.rs:109:13:
[INFO] [stdout] called `Result::unwrap()` on an `Err` value: FileIo(Os { code: 30, kind: ReadOnlyFilesystem, message: "Read-only file system" }, "/opt/rustwide/workdir/crates/mabo-compiler/tests/snapshots/compiler__error_resolve@import_root.mabo.snap.new")
[INFO] [stdout] stack backtrace:
[INFO] [stdout]    0:     0x61e2869bc39a - std::backtrace_rs::backtrace::libunwind::trace::hb059275cfc8d6126
[INFO] [stdout]                                at /rustc/6067b36314ab5eb2eb47cecc464545ba58e1ad24/library/std/src/../../backtrace/src/backtrace/libunwind.rs:116:5
[INFO] [stdout]    1:     0x61e2869bc39a - std::backtrace_rs::backtrace::trace_unsynchronized::h2da071e4327ce3ee
[INFO] [stdout]                                at /rustc/6067b36314ab5eb2eb47cecc464545ba58e1ad24/library/std/src/../../backtrace/src/backtrace/mod.rs:66:5
[INFO] [stdout]    2:     0x61e2869bc39a - std::sys::backtrace::_print_fmt::h842a1474e6f8d23f
[INFO] [stdout]                                at /rustc/6067b36314ab5eb2eb47cecc464545ba58e1ad24/library/std/src/sys/backtrace.rs:66:9
[INFO] [stdout]    3:     0x61e2869bc39a - <std::sys::backtrace::BacktraceLock::print::DisplayBacktrace as core::fmt::Display>::fmt::h71a62eb3b9696b12
[INFO] [stdout]                                at /rustc/6067b36314ab5eb2eb47cecc464545ba58e1ad24/library/std/src/sys/backtrace.rs:39:26
[INFO] [stdout]    4:     0x61e2869e8953 - core::fmt::rt::Argument::fmt::hdb6b616786b41dc1
[INFO] [stdout]                                at /rustc/6067b36314ab5eb2eb47cecc464545ba58e1ad24/library/core/src/fmt/rt.rs:177:76
[INFO] [stdout]    5:     0x61e2869e8953 - core::fmt::write::h2cc1698af7e2d686
[INFO] [stdout]                                at /rustc/6067b36314ab5eb2eb47cecc464545ba58e1ad24/library/core/src/fmt/mod.rs:1440:21
[INFO] [stdout]    6:     0x61e2869b7df3 - std::io::Write::write_fmt::hab1b4cd059a79022
[INFO] [stdout]                                at /rustc/6067b36314ab5eb2eb47cecc464545ba58e1ad24/library/std/src/io/mod.rs:1887:15
[INFO] [stdout]    7:     0x61e2869bc1e2 - std::sys::backtrace::BacktraceLock::print::h147fe35b4ea13b08
[INFO] [stdout]                                at /rustc/6067b36314ab5eb2eb47cecc464545ba58e1ad24/library/std/src/sys/backtrace.rs:42:9
[INFO] [stdout]    8:     0x61e2869bd7bf - std::panicking::default_hook::{{closure}}::hbd44223dbdc0d208
[INFO] [stdout]                                at /rustc/6067b36314ab5eb2eb47cecc464545ba58e1ad24/library/std/src/panicking.rs:298:22
[INFO] [stdout]    9:     0x61e2869bd5d8 - std::panicking::default_hook::h20f81eb0576efcec
[INFO] [stdout]                                at /rustc/6067b36314ab5eb2eb47cecc464545ba58e1ad24/library/std/src/panicking.rs:322:9
[INFO] [stdout]   10:     0x61e28645a493 - <alloc::boxed::Box<F,A> as core::ops::function::Fn<Args>>::call::hdb53814c496a4d34
[INFO] [stdout]                                at /rustc/6067b36314ab5eb2eb47cecc464545ba58e1ad24/library/alloc/src/boxed.rs:2027:9
[INFO] [stdout]   11:     0x61e28645a493 - test::test_main::{{closure}}::hc0a4963c59427c24
[INFO] [stdout]                                at /rustc/6067b36314ab5eb2eb47cecc464545ba58e1ad24/library/test/src/lib.rs:134:21
[INFO] [stdout]   12:     0x61e2869be2b3 - <alloc::boxed::Box<F,A> as core::ops::function::Fn<Args>>::call::h591b2225413a77e9
[INFO] [stdout]                                at /rustc/6067b36314ab5eb2eb47cecc464545ba58e1ad24/library/alloc/src/boxed.rs:2027:9
[INFO] [stdout]   13:     0x61e2869be2b3 - std::panicking::rust_panic_with_hook::h625eea43051b2edc
[INFO] [stdout]                                at /rustc/6067b36314ab5eb2eb47cecc464545ba58e1ad24/library/std/src/panicking.rs:839:13
[INFO] [stdout]   14:     0x61e2869bdf6a - std::panicking::begin_panic_handler::{{closure}}::h4f9159cfbc3f6bd3
[INFO] [stdout]                                at /rustc/6067b36314ab5eb2eb47cecc464545ba58e1ad24/library/std/src/panicking.rs:704:13
[INFO] [stdout]   15:     0x61e2869bc899 - std::sys::backtrace::__rust_end_short_backtrace::h0390abce48353151
[INFO] [stdout]                                at /rustc/6067b36314ab5eb2eb47cecc464545ba58e1ad24/library/std/src/sys/backtrace.rs:168:18
[INFO] [stdout]   16:     0x61e2869bdbfd - rust_begin_unwind
[INFO] [stdout]                                at /rustc/6067b36314ab5eb2eb47cecc464545ba58e1ad24/library/std/src/panicking.rs:695:5
[INFO] [stdout]   17:     0x61e2869e63b0 - core::panicking::panic_fmt::h9e7c637e9e5f29c9
[INFO] [stdout]                                at /rustc/6067b36314ab5eb2eb47cecc464545ba58e1ad24/library/core/src/panicking.rs:75:14
[INFO] [stdout]   18:     0x61e2869e6826 - core::result::unwrap_failed::h7979f09313fe1849
[INFO] [stdout]                                at /rustc/6067b36314ab5eb2eb47cecc464545ba58e1ad24/library/core/src/result.rs:1704:5
[INFO] [stdout]   19:     0x61e2863d7ab2 - core::result::Result<T,E>::unwrap::h283800c2ac86f8fc
[INFO] [stdout]                                at /rustc/6067b36314ab5eb2eb47cecc464545ba58e1ad24/library/core/src/result.rs:1109:23
[INFO] [stdout]   20:     0x61e2863d7ab2 - compiler::resolve_schema_import::{{closure}}::{{closure}}::h5a933c218a2d79fe
[INFO] [stdout]                                at /opt/rustwide/workdir/crates/mabo-compiler/tests/compiler.rs:109:13
[INFO] [stdout]   21:     0x61e2863e23df - insta::settings::Settings::bind::h0f46dea4b194495d
[INFO] [stdout]                                at /opt/rustwide/cargo-home/registry/src/index.crates.io-1949cf8c6b5b557f/insta-1.42.0/src/settings.rs:509:9
[INFO] [stdout]   22:     0x61e2863d75b9 - compiler::resolve_schema_import::{{closure}}::hdf02ae566109b776
[INFO] [stdout]                                at /opt/rustwide/workdir/crates/mabo-compiler/tests/compiler.rs:105:9
[INFO] [stdout]   23:     0x61e2863d3ecd - insta::glob::glob_exec::{{closure}}::haeaf728a3ab7de09
[INFO] [stdout]                                at /opt/rustwide/cargo-home/registry/src/index.crates.io-1949cf8c6b5b557f/insta-1.42.0/src/glob.rs:103:13
[INFO] [stdout]   24:     0x61e2863e25fe - insta::settings::Settings::bind::h728af87af555a439
[INFO] [stdout]                                at /opt/rustwide/cargo-home/registry/src/index.crates.io-1949cf8c6b5b557f/insta-1.42.0/src/settings.rs:509:9
[INFO] [stdout]   25:     0x61e2863d3a1f - insta::glob::glob_exec::hf217869945f1bc0c
[INFO] [stdout]                                at /opt/rustwide/cargo-home/registry/src/index.crates.io-1949cf8c6b5b557f/insta-1.42.0/src/glob.rs:102:9
[INFO] [stdout]   26:     0x61e2863d6deb - compiler::resolve_schema_import::h84eb63ac1e6837e5
[INFO] [stdout]                                at /opt/rustwide/workdir/crates/mabo-compiler/tests/compiler.rs:95:5
[INFO] [stdout]   27:     0x61e2863d6757 - compiler::resolve_schema_import::{{closure}}::h146dd87ff497366b
[INFO] [stdout]                                at /opt/rustwide/workdir/crates/mabo-compiler/tests/compiler.rs:88:27
[INFO] [stdout]   28:     0x61e2863d9c86 - core::ops::function::FnOnce::call_once::hb7fa68dd6df4762c
[INFO] [stdout]                                at /rustc/6067b36314ab5eb2eb47cecc464545ba58e1ad24/library/core/src/ops/function.rs:250:5
[INFO] [stdout]   29:     0x61e28645fbeb - core::ops::function::FnOnce::call_once::he27718dfdd183f43
[INFO] [stdout]                                at /rustc/6067b36314ab5eb2eb47cecc464545ba58e1ad24/library/core/src/ops/function.rs:250:5
[INFO] [stdout]   30:     0x61e28645fbeb - test::__rust_begin_short_backtrace::h4e84902998457a5d
[INFO] [stdout]                                at /rustc/6067b36314ab5eb2eb47cecc464545ba58e1ad24/library/test/src/lib.rs:632:18
[INFO] [stdout]   31:     0x61e28645eb23 - test::run_test_in_process::{{closure}}::h7176fd18fc1feca0
[INFO] [stdout]                                at /rustc/6067b36314ab5eb2eb47cecc464545ba58e1ad24/library/test/src/lib.rs:655:60
[INFO] [stdout]   32:     0x61e28645eb23 - <core::panic::unwind_safe::AssertUnwindSafe<F> as core::ops::function::FnOnce<()>>::call_once::hf79cff2a624d8cf7
[INFO] [stdout]                                at /rustc/6067b36314ab5eb2eb47cecc464545ba58e1ad24/library/core/src/panic/unwind_safe.rs:272:9
[INFO] [stdout]   33:     0x61e28645eb23 - std::panicking::try::do_call::h3da0561d9ab99c25
[INFO] [stdout]                                at /rustc/6067b36314ab5eb2eb47cecc464545ba58e1ad24/library/std/src/panicking.rs:587:40
[INFO] [stdout]   34:     0x61e28645eb23 - std::panicking::try::h41c9fa508bc61df6
[INFO] [stdout]                                at /rustc/6067b36314ab5eb2eb47cecc464545ba58e1ad24/library/std/src/panicking.rs:550:19
[INFO] [stdout]   35:     0x61e28645eb23 - std::panic::catch_unwind::h6b3ff07bb5afad93
[INFO] [stdout]                                at /rustc/6067b36314ab5eb2eb47cecc464545ba58e1ad24/library/std/src/panic.rs:358:14
[INFO] [stdout]   36:     0x61e28645eb23 - test::run_test_in_process::hc7253dd11b39b9f4
[INFO] [stdout]                                at /rustc/6067b36314ab5eb2eb47cecc464545ba58e1ad24/library/test/src/lib.rs:655:27
[INFO] [stdout]   37:     0x61e28645eb23 - test::run_test::{{closure}}::hfb2007f8649c30bb
[INFO] [stdout]                                at /rustc/6067b36314ab5eb2eb47cecc464545ba58e1ad24/library/test/src/lib.rs:576:43
[INFO] [stdout]   38:     0x61e286421c05 - test::run_test::{{closure}}::h56a17aa7a282a9f4
[INFO] [stdout]                                at /rustc/6067b36314ab5eb2eb47cecc464545ba58e1ad24/library/test/src/lib.rs:606:41
[INFO] [stdout]   39:     0x61e286421c05 - std::sys::backtrace::__rust_begin_short_backtrace::hd2d2d2fb8e8c6aac
[INFO] [stdout]                                at /rustc/6067b36314ab5eb2eb47cecc464545ba58e1ad24/library/std/src/sys/backtrace.rs:152:18
[INFO] [stdout]   40:     0x61e2864254ea - std::thread::Builder::spawn_unchecked_::{{closure}}::{{closure}}::h4faa3f9db6133423
[INFO] [stdout]                                at /rustc/6067b36314ab5eb2eb47cecc464545ba58e1ad24/library/std/src/thread/mod.rs:559:17
[INFO] [stdout]   41:     0x61e2864254ea - <core::panic::unwind_safe::AssertUnwindSafe<F> as core::ops::function::FnOnce<()>>::call_once::hf2e855a36a4ea846
[INFO] [stdout]                                at /rustc/6067b36314ab5eb2eb47cecc464545ba58e1ad24/library/core/src/panic/unwind_safe.rs:272:9
[INFO] [stdout]   42:     0x61e2864254ea - std::panicking::try::do_call::h2f73af3616c35465
[INFO] [stdout]                                at /rustc/6067b36314ab5eb2eb47cecc464545ba58e1ad24/library/std/src/panicking.rs:587:40
[INFO] [stdout]   43:     0x61e2864254ea - std::panicking::try::hd1660ce9efadef5a
[INFO] [stdout]                                at /rustc/6067b36314ab5eb2eb47cecc464545ba58e1ad24/library/std/src/panicking.rs:550:19
[INFO] [stdout]   44:     0x61e2864254ea - std::panic::catch_unwind::h5ee8d7823b8ca744
[INFO] [stdout]                                at /rustc/6067b36314ab5eb2eb47cecc464545ba58e1ad24/library/std/src/panic.rs:358:14
[INFO] [stdout]   45:     0x61e2864254ea - std::thread::Builder::spawn_unchecked_::{{closure}}::h53c3a1894dce8407
[INFO] [stdout]                                at /rustc/6067b36314ab5eb2eb47cecc464545ba58e1ad24/library/std/src/thread/mod.rs:557:30
[INFO] [stdout]   46:     0x61e2864254ea - core::ops::function::FnOnce::call_once{{vtable.shim}}::h048ce291ad4f62bf
[INFO] [stdout]                                at /rustc/6067b36314ab5eb2eb47cecc464545ba58e1ad24/library/core/src/ops/function.rs:250:5
[INFO] [stdout]   47:     0x61e2869c306b - <alloc::boxed::Box<F,A> as core::ops::function::FnOnce<Args>>::call_once::ha52bedf99a3b4981
[INFO] [stdout]                                at /rustc/6067b36314ab5eb2eb47cecc464545ba58e1ad24/library/alloc/src/boxed.rs:2013:9
[INFO] [stdout]   48:     0x61e2869c306b - <alloc::boxed::Box<F,A> as core::ops::function::FnOnce<Args>>::call_once::h567748934d80ccf8
[INFO] [stdout]                                at /rustc/6067b36314ab5eb2eb47cecc464545ba58e1ad24/library/alloc/src/boxed.rs:2013:9
[INFO] [stdout]   49:     0x61e2869c306b - std::sys::pal::unix::thread::Thread::new::thread_start::h2d970728ae887adc
[INFO] [stdout]                                at /rustc/6067b36314ab5eb2eb47cecc464545ba58e1ad24/library/std/src/sys/pal/unix/thread.rs:106:17
[INFO] [stdout]   50:     0x71ee49cdeac3 - <unknown>
[INFO] [stdout]   51:     0x71ee49d6fa04 - clone
[INFO] [stdout]   52:                0x0 - <unknown>
[INFO] [stdout] 
[INFO] [stdout] ---- resolve_schema_remote stdout ----
[INFO] [stdout] ━━━━━━━━━━━━━━━━━━━━━━━━━━━━━━━ Snapshot Summary ━━━━━━━━━━━━━━━━━━━━━━━━━━━━━━━
[INFO] [stdout] Snapshot file: crates/mabo-compiler/tests/snapshots/compiler__error_resolve@remote_gens_mismatch.mabo.snap
[INFO] [stdout] Snapshot: error_resolve@remote_gens_mismatch.mabo
[INFO] [stdout] Source: crates/mabo-compiler/tests/compiler.rs:136
[INFO] [stdout] Input file: crates/mabo-compiler/tests/inputs/resolve/remote_gens_mismatch.mabo
[INFO] [stdout] ────────────────────────────────────────────────────────────────────────────────
[INFO] [stdout] use datetime::timing::Timestamp;
[INFO] [stdout] 
[INFO] [stdout] struct Sample {
[INFO] [stdout]     value: Timestamp<u32> @1,
[INFO] [stdout] }
[INFO] [stdout] ────────────────────────────────────────────────────────────────────────────────
[INFO] [stdout] -old snapshot
[INFO] [stdout] +new results
[INFO] [stdout] ────────────┬───────────────────────────────────────────────────────────────────
[INFO] [stdout]     0     0 │   × type resolution failed
[INFO] [stdout]     1     1 │   ├─▶ failed resolving type in remote modules
[INFO] [stdout]     2       │-  ╰─▶ the use side has ❬Y❭1❬Y❭ generic(s), mismatching with the declaration
[INFO] [stdout]           2 │+  ╰─▶ the use side has 1 generic(s), mismatching with the declaration
[INFO] [stdout]     3     3 │    ╭─[resolve/remote_gens_mismatch.mabo:4:12]
[INFO] [stdout]     4     4 │  1 │ use datetime::timing::Timestamp;
[INFO] [stdout]     5     5 │  2 │ 
[INFO] [stdout]     6     6 │  3 │ struct Sample {
[INFO] [stdout] ┈┈┈┈┈┈┈┈┈┈┈┈┼┈┈┈┈┈┈┈┈┈┈┈┈┈┈┈┈┈┈┈┈┈┈┈┈┈┈┈┈┈┈┈┈┈┈┈┈┈┈┈┈┈┈┈┈┈┈┈┈┈┈┈┈┈┈┈┈┈┈┈┈┈┈┈┈┈┈┈
[INFO] [stdout]    11    11 │    ╰────
[INFO] [stdout]    12    12 │   help: the amount of generics must always match
[INFO] [stdout]    13    13 │ 
[INFO] [stdout]    14    14 │ Error: 
[INFO] [stdout]    15       │-  × the declaration has ❬Y❭0❬Y❭ generic(s), mismatching with the use side
[INFO] [stdout]          15 │+  × the declaration has 0 generic(s), mismatching with the use side
[INFO] [stdout]    16    16 │     ╭─[resolve/datetime.mabo:10:12]
[INFO] [stdout]    17    17 │   7 │ mod timing {
[INFO] [stdout]    18    18 │   8 │     const UNIX_EPOCH: u64 = 0;
[INFO] [stdout]    19    19 │   9 │ 
[INFO] [stdout] ────────────┴───────────────────────────────────────────────────────────────────
[INFO] [stdout] 
[INFO] [stdout] thread 'resolve_schema_remote' panicked at crates/mabo-compiler/tests/compiler.rs:136:13:
[INFO] [stdout] called `Result::unwrap()` on an `Err` value: FileIo(Os { code: 30, kind: ReadOnlyFilesystem, message: "Read-only file system" }, "/opt/rustwide/workdir/crates/mabo-compiler/tests/snapshots/compiler__error_resolve@remote_gens_mismatch.mabo.snap.new")
[INFO] [stdout] stack backtrace:
[INFO] [stdout]    0:     0x61e2869bc39a - std::backtrace_rs::backtrace::libunwind::trace::hb059275cfc8d6126
[INFO] [stdout]                                at /rustc/6067b36314ab5eb2eb47cecc464545ba58e1ad24/library/std/src/../../backtrace/src/backtrace/libunwind.rs:116:5
[INFO] [stdout]    1:     0x61e2869bc39a - std::backtrace_rs::backtrace::trace_unsynchronized::h2da071e4327ce3ee
[INFO] [stdout]                                at /rustc/6067b36314ab5eb2eb47cecc464545ba58e1ad24/library/std/src/../../backtrace/src/backtrace/mod.rs:66:5
[INFO] [stdout]    2:     0x61e2869bc39a - std::sys::backtrace::_print_fmt::h842a1474e6f8d23f
[INFO] [stdout]                                at /rustc/6067b36314ab5eb2eb47cecc464545ba58e1ad24/library/std/src/sys/backtrace.rs:66:9
[INFO] [stdout]    3:     0x61e2869bc39a - <std::sys::backtrace::BacktraceLock::print::DisplayBacktrace as core::fmt::Display>::fmt::h71a62eb3b9696b12
[INFO] [stdout]                                at /rustc/6067b36314ab5eb2eb47cecc464545ba58e1ad24/library/std/src/sys/backtrace.rs:39:26
[INFO] [stdout]    4:     0x61e2869e8953 - core::fmt::rt::Argument::fmt::hdb6b616786b41dc1
[INFO] [stdout]                                at /rustc/6067b36314ab5eb2eb47cecc464545ba58e1ad24/library/core/src/fmt/rt.rs:177:76
[INFO] [stdout]    5:     0x61e2869e8953 - core::fmt::write::h2cc1698af7e2d686
[INFO] [stdout]                                at /rustc/6067b36314ab5eb2eb47cecc464545ba58e1ad24/library/core/src/fmt/mod.rs:1440:21
[INFO] [stdout]    6:     0x61e2869b7df3 - std::io::Write::write_fmt::hab1b4cd059a79022
[INFO] [stdout]                                at /rustc/6067b36314ab5eb2eb47cecc464545ba58e1ad24/library/std/src/io/mod.rs:1887:15
[INFO] [stdout]    7:     0x61e2869bc1e2 - std::sys::backtrace::BacktraceLock::print::h147fe35b4ea13b08
[INFO] [stdout]                                at /rustc/6067b36314ab5eb2eb47cecc464545ba58e1ad24/library/std/src/sys/backtrace.rs:42:9
[INFO] [stdout]    8:     0x61e2869bd7bf - std::panicking::default_hook::{{closure}}::hbd44223dbdc0d208
[INFO] [stdout]                                at /rustc/6067b36314ab5eb2eb47cecc464545ba58e1ad24/library/std/src/panicking.rs:298:22
[INFO] [stdout]    9:     0x61e2869bd5d8 - std::panicking::default_hook::h20f81eb0576efcec
[INFO] [stdout]                                at /rustc/6067b36314ab5eb2eb47cecc464545ba58e1ad24/library/std/src/panicking.rs:322:9
[INFO] [stdout]   10:     0x61e28645a493 - <alloc::boxed::Box<F,A> as core::ops::function::Fn<Args>>::call::hdb53814c496a4d34
[INFO] [stdout]                                at /rustc/6067b36314ab5eb2eb47cecc464545ba58e1ad24/library/alloc/src/boxed.rs:2027:9
[INFO] [stdout]   11:     0x61e28645a493 - test::test_main::{{closure}}::hc0a4963c59427c24
[INFO] [stdout]                                at /rustc/6067b36314ab5eb2eb47cecc464545ba58e1ad24/library/test/src/lib.rs:134:21
[INFO] [stdout]   12:     0x61e2869be2b3 - <alloc::boxed::Box<F,A> as core::ops::function::Fn<Args>>::call::h591b2225413a77e9
[INFO] [stdout]                                at /rustc/6067b36314ab5eb2eb47cecc464545ba58e1ad24/library/alloc/src/boxed.rs:2027:9
[INFO] [stdout]   13:     0x61e2869be2b3 - std::panicking::rust_panic_with_hook::h625eea43051b2edc
[INFO] [stdout]                                at /rustc/6067b36314ab5eb2eb47cecc464545ba58e1ad24/library/std/src/panicking.rs:839:13
[INFO] [stdout]   14:     0x61e2869bdf6a - std::panicking::begin_panic_handler::{{closure}}::h4f9159cfbc3f6bd3
[INFO] [stdout]                                at /rustc/6067b36314ab5eb2eb47cecc464545ba58e1ad24/library/std/src/panicking.rs:704:13
[INFO] [stdout]   15:     0x61e2869bc899 - std::sys::backtrace::__rust_end_short_backtrace::h0390abce48353151
[INFO] [stdout]                                at /rustc/6067b36314ab5eb2eb47cecc464545ba58e1ad24/library/std/src/sys/backtrace.rs:168:18
[INFO] [stdout]   16:     0x61e2869bdbfd - rust_begin_unwind
[INFO] [stdout]                                at /rustc/6067b36314ab5eb2eb47cecc464545ba58e1ad24/library/std/src/panicking.rs:695:5
[INFO] [stdout]   17:     0x61e2869e63b0 - core::panicking::panic_fmt::h9e7c637e9e5f29c9
[INFO] [stdout]                                at /rustc/6067b36314ab5eb2eb47cecc464545ba58e1ad24/library/core/src/panicking.rs:75:14
[INFO] [stdout]   18:     0x61e2869e6826 - core::result::unwrap_failed::h7979f09313fe1849
[INFO] [stdout]                                at /rustc/6067b36314ab5eb2eb47cecc464545ba58e1ad24/library/core/src/result.rs:1704:5
[INFO] [stdout]   19:     0x61e2863d8ff2 - core::result::Result<T,E>::unwrap::h283800c2ac86f8fc
[INFO] [stdout]                                at /rustc/6067b36314ab5eb2eb47cecc464545ba58e1ad24/library/core/src/result.rs:1109:23
[INFO] [stdout]   20:     0x61e2863d8ff2 - compiler::resolve_schema_remote::{{closure}}::{{closure}}::h8c2298ab03cef333
[INFO] [stdout]                                at /opt/rustwide/workdir/crates/mabo-compiler/tests/compiler.rs:136:13
[INFO] [stdout]   21:     0x61e2863e248f - insta::settings::Settings::bind::h48d6e85488cf657d
[INFO] [stdout]                                at /opt/rustwide/cargo-home/registry/src/index.crates.io-1949cf8c6b5b557f/insta-1.42.0/src/settings.rs:509:9
[INFO] [stdout]   22:     0x61e2863d8af9 - compiler::resolve_schema_remote::{{closure}}::ha3aed48b5893a719
[INFO] [stdout]                                at /opt/rustwide/workdir/crates/mabo-compiler/tests/compiler.rs:132:9
[INFO] [stdout]   23:     0x61e2863d3ded - insta::glob::glob_exec::{{closure}}::h6f0ec97416e3f10b
[INFO] [stdout]                                at /opt/rustwide/cargo-home/registry/src/index.crates.io-1949cf8c6b5b557f/insta-1.42.0/src/glob.rs:103:13
[INFO] [stdout]   24:     0x61e2863e276e - insta::settings::Settings::bind::h89e9300225b6bbf7
[INFO] [stdout]                                at /opt/rustwide/cargo-home/registry/src/index.crates.io-1949cf8c6b5b557f/insta-1.42.0/src/settings.rs:509:9
[INFO] [stdout]   25:     0x61e2863cf6cf - insta::glob::glob_exec::h9e0b01485e50b6ee
[INFO] [stdout]                                at /opt/rustwide/cargo-home/registry/src/index.crates.io-1949cf8c6b5b557f/insta-1.42.0/src/glob.rs:102:9
[INFO] [stdout]   26:     0x61e2863d832b - compiler::resolve_schema_remote::hee640245344766c9
[INFO] [stdout]                                at /opt/rustwide/workdir/crates/mabo-compiler/tests/compiler.rs:122:5
[INFO] [stdout]   27:     0x61e2863d7c97 - compiler::resolve_schema_remote::{{closure}}::hfcb61e5703b3d3f5
[INFO] [stdout]                                at /opt/rustwide/workdir/crates/mabo-compiler/tests/compiler.rs:115:27
[INFO] [stdout]   28:     0x61e2863d9cd6 - core::ops::function::FnOnce::call_once::hd793a95369381556
[INFO] [stdout]                                at /rustc/6067b36314ab5eb2eb47cecc464545ba58e1ad24/library/core/src/ops/function.rs:250:5
[INFO] [stdout]   29:     0x61e28645fbeb - core::ops::function::FnOnce::call_once::he27718dfdd183f43
[INFO] [stdout]                                at /rustc/6067b36314ab5eb2eb47cecc464545ba58e1ad24/library/core/src/ops/function.rs:250:5
[INFO] [stdout]   30:     0x61e28645fbeb - test::__rust_begin_short_backtrace::h4e84902998457a5d
[INFO] [stdout]                                at /rustc/6067b36314ab5eb2eb47cecc464545ba58e1ad24/library/test/src/lib.rs:632:18
[INFO] [stdout]   31:     0x61e28645eb23 - test::run_test_in_process::{{closure}}::h7176fd18fc1feca0
[INFO] [stdout]                                at /rustc/6067b36314ab5eb2eb47cecc464545ba58e1ad24/library/test/src/lib.rs:655:60
[INFO] [stdout]   32:     0x61e28645eb23 - <core::panic::unwind_safe::AssertUnwindSafe<F> as core::ops::function::FnOnce<()>>::call_once::hf79cff2a624d8cf7
[INFO] [stdout]                                at /rustc/6067b36314ab5eb2eb47cecc464545ba58e1ad24/library/core/src/panic/unwind_safe.rs:272:9
[INFO] [stdout]   33:     0x61e28645eb23 - std::panicking::try::do_call::h3da0561d9ab99c25
[INFO] [stdout]                                at /rustc/6067b36314ab5eb2eb47cecc464545ba58e1ad24/library/std/src/panicking.rs:587:40
[INFO] [stdout]   34:     0x61e28645eb23 - std::panicking::try::h41c9fa508bc61df6
[INFO] [stdout]                                at /rustc/6067b36314ab5eb2eb47cecc464545ba58e1ad24/library/std/src/panicking.rs:550:19
[INFO] [stdout]   35:     0x61e28645eb23 - std::panic::catch_unwind::h6b3ff07bb5afad93
[INFO] [stdout]                                at /rustc/6067b36314ab5eb2eb47cecc464545ba58e1ad24/library/std/src/panic.rs:358:14
[INFO] [stdout]   36:     0x61e28645eb23 - test::run_test_in_process::hc7253dd11b39b9f4
[INFO] [stdout]                                at /rustc/6067b36314ab5eb2eb47cecc464545ba58e1ad24/library/test/src/lib.rs:655:27
[INFO] [stdout]   37:     0x61e28645eb23 - test::run_test::{{closure}}::hfb2007f8649c30bb
[INFO] [stdout]                                at /rustc/6067b36314ab5eb2eb47cecc464545ba58e1ad24/library/test/src/lib.rs:576:43
[INFO] [stdout]   38:     0x61e286421c05 - test::run_test::{{closure}}::h56a17aa7a282a9f4
[INFO] [stdout]                                at /rustc/6067b36314ab5eb2eb47cecc464545ba58e1ad24/library/test/src/lib.rs:606:41
[INFO] [stdout]   39:     0x61e286421c05 - std::sys::backtrace::__rust_begin_short_backtrace::hd2d2d2fb8e8c6aac
[INFO] [stdout]                                at /rustc/6067b36314ab5eb2eb47cecc464545ba58e1ad24/library/std/src/sys/backtrace.rs:152:18
[INFO] [stdout]   40:     0x61e2864254ea - std::thread::Builder::spawn_unchecked_::{{closure}}::{{closure}}::h4faa3f9db6133423
[INFO] [stdout]                                at /rustc/6067b36314ab5eb2eb47cecc464545ba58e1ad24/library/std/src/thread/mod.rs:559:17
[INFO] [stdout]   41:     0x61e2864254ea - <core::panic::unwind_safe::AssertUnwindSafe<F> as core::ops::function::FnOnce<()>>::call_once::hf2e855a36a4ea846
[INFO] [stdout]                                at /rustc/6067b36314ab5eb2eb47cecc464545ba58e1ad24/library/core/src/panic/unwind_safe.rs:272:9
[INFO] [stdout]   42:     0x61e2864254ea - std::panicking::try::do_call::h2f73af3616c35465
[INFO] [stdout]                                at /rustc/6067b36314ab5eb2eb47cecc464545ba58e1ad24/library/std/src/panicking.rs:587:40
[INFO] [stdout]   43:     0x61e2864254ea - std::panicking::try::hd1660ce9efadef5a
[INFO] [stdout]                                at /rustc/6067b36314ab5eb2eb47cecc464545ba58e1ad24/library/std/src/panicking.rs:550:19
[INFO] [stdout]   44:     0x61e2864254ea - std::panic::catch_unwind::h5ee8d7823b8ca744
[INFO] [stdout]                                at /rustc/6067b36314ab5eb2eb47cecc464545ba58e1ad24/library/std/src/panic.rs:358:14
[INFO] [stdout]   45:     0x61e2864254ea - std::thread::Builder::spawn_unchecked_::{{closure}}::h53c3a1894dce8407
[INFO] [stdout]                                at /rustc/6067b36314ab5eb2eb47cecc464545ba58e1ad24/library/std/src/thread/mod.rs:557:30
[INFO] [stdout]   46:     0x61e2864254ea - core::ops::function::FnOnce::call_once{{vtable.shim}}::h048ce291ad4f62bf
[INFO] [stdout]                                at /rustc/6067b36314ab5eb2eb47cecc464545ba58e1ad24/library/core/src/ops/function.rs:250:5
[INFO] [stdout]   47:     0x61e2869c306b - <alloc::boxed::Box<F,A> as core::ops::function::FnOnce<Args>>::call_once::ha52bedf99a3b4981
[INFO] [stdout]                                at /rustc/6067b36314ab5eb2eb47cecc464545ba58e1ad24/library/alloc/src/boxed.rs:2013:9
[INFO] [stdout]   48:     0x61e2869c306b - <alloc::boxed::Box<F,A> as core::ops::function::FnOnce<Args>>::call_once::h567748934d80ccf8
[INFO] [stdout]                                at /rustc/6067b36314ab5eb2eb47cecc464545ba58e1ad24/library/alloc/src/boxed.rs:2013:9
[INFO] [stdout]   49:     0x61e2869c306b - std::sys::pal::unix::thread::Thread::new::thread_start::h2d970728ae887adc
[INFO] [stdout]                                at /rustc/6067b36314ab5eb2eb47cecc464545ba58e1ad24/library/std/src/sys/pal/unix/thread.rs:106:17
[INFO] [stdout]   50:     0x71ee49cdeac3 - <unknown>
[INFO] [stdout]   51:     0x71ee49d6fa04 - clone
[INFO] [stdout]   52:                0x0 - <unknown>
[INFO] [stdout] 
[INFO] [stdout] 
[INFO] [stdout] failures:
[INFO] [stdout]     resolve_schema_import
[INFO] [stdout]     resolve_schema_local
[INFO] [stdout]     resolve_schema_remote
[INFO] [stdout]     validate_schema
[INFO] [stdout] 
[INFO] [stdout] test result: FAILED. 0 passed; 4 failed; 0 ignored; 0 measured; 0 filtered out; finished in 0.07s
[INFO] [stdout] 
[INFO] [stderr] error: test failed, to rerun pass `-p mabo-compiler --test compiler`
[INFO] running `Command { std: "docker" "inspect" "af5ac7466922cb35e03a71d6982cf799498562498cedbb08b09e2bf18c927c40", kill_on_drop: false }`
[INFO] running `Command { std: "docker" "rm" "-f" "af5ac7466922cb35e03a71d6982cf799498562498cedbb08b09e2bf18c927c40", kill_on_drop: false }`
[INFO] [stdout] af5ac7466922cb35e03a71d6982cf799498562498cedbb08b09e2bf18c927c40
