[INFO] cloning repository https://github.com/dmyTRUEk/aoc2024-rust
[INFO] running `Command { std: "git" "-c" "credential.helper=" "-c" "credential.helper=/workspace/cargo-home/bin/git-credential-null" "clone" "--bare" "https://github.com/dmyTRUEk/aoc2024-rust" "/workspace/cache/git-repos/https%3A%2F%2Fgithub.com%2FdmyTRUEk%2Faoc2024-rust", kill_on_drop: false }`
[INFO] [stderr] Cloning into bare repository '/workspace/cache/git-repos/https%3A%2F%2Fgithub.com%2FdmyTRUEk%2Faoc2024-rust'...
[INFO] running `Command { std: "git" "rev-parse" "HEAD", kill_on_drop: false }`
[INFO] [stdout] dfa9613952a44732f6c76d31007357e5e1492e2f
[INFO] testing dmyTRUEk/aoc2024-rust against nightly-2025-01-18 for randomize-layout-2
[INFO] running `Command { std: "git" "clone" "/workspace/cache/git-repos/https%3A%2F%2Fgithub.com%2FdmyTRUEk%2Faoc2024-rust" "/workspace/builds/worker-3-tc1/source", kill_on_drop: false }`
[INFO] [stderr] Cloning into '/workspace/builds/worker-3-tc1/source'...
[INFO] [stderr] done.
[INFO] validating manifest of git repo https://github.com/dmyTRUEk/aoc2024-rust on toolchain nightly-2025-01-18
[INFO] running `Command { std: CARGO_HOME="/workspace/cargo-home" RUSTUP_HOME="/workspace/rustup-home" "/workspace/cargo-home/bin/cargo" "+nightly-2025-01-18" "metadata" "--manifest-path" "Cargo.toml" "--no-deps", kill_on_drop: false }`
[INFO] removed /workspace/builds/worker-3-tc1/source/rust-toolchain.toml
[INFO] started tweaking git repo https://github.com/dmyTRUEk/aoc2024-rust
[INFO] finished tweaking git repo https://github.com/dmyTRUEk/aoc2024-rust
[INFO] tweaked toml for git repo https://github.com/dmyTRUEk/aoc2024-rust written to /workspace/builds/worker-3-tc1/source/Cargo.toml
[INFO] crate git repo https://github.com/dmyTRUEk/aoc2024-rust already has a lockfile, it will not be regenerated
[INFO] running `Command { std: CARGO_HOME="/workspace/cargo-home" RUSTUP_HOME="/workspace/rustup-home" "/workspace/cargo-home/bin/cargo" "+nightly-2025-01-18" "fetch" "--manifest-path" "Cargo.toml", kill_on_drop: false }`
[INFO] running `Command { std: "docker" "create" "-v" "/var/lib/crater-agent-workspace/builds/worker-3-tc1/target:/opt/rustwide/target:rw,Z" "-v" "/var/lib/crater-agent-workspace/builds/worker-3-tc1/source:/opt/rustwide/workdir:ro,Z" "-v" "/var/lib/crater-agent-workspace/cargo-home:/opt/rustwide/cargo-home:ro,Z" "-v" "/var/lib/crater-agent-workspace/rustup-home:/opt/rustwide/rustup-home:ro,Z" "-e" "SOURCE_DIR=/opt/rustwide/workdir" "-e" "CARGO_TARGET_DIR=/opt/rustwide/target" "-e" "CARGO_HOME=/opt/rustwide/cargo-home" "-e" "RUSTUP_HOME=/opt/rustwide/rustup-home" "-w" "/opt/rustwide/workdir" "-m" "1610612736" "--user" "0:0" "--network" "none" "ghcr.io/rust-lang/crates-build-env/linux@sha256:819108c5571ea2e421544af4d832f968d213c87fbe3707a016657f43d2f853bc" "/opt/rustwide/cargo-home/bin/cargo" "+nightly-2025-01-18" "metadata" "--no-deps" "--format-version=1", kill_on_drop: false }`
[INFO] [stdout] e82531e1bbdba037c743c0034f946dcb3d7114620a9eb85066e1a73afabc804d
[INFO] running `Command { std: "docker" "start" "-a" "e82531e1bbdba037c743c0034f946dcb3d7114620a9eb85066e1a73afabc804d", kill_on_drop: false }`
[INFO] running `Command { std: "docker" "inspect" "e82531e1bbdba037c743c0034f946dcb3d7114620a9eb85066e1a73afabc804d", kill_on_drop: false }`
[INFO] running `Command { std: "docker" "rm" "-f" "e82531e1bbdba037c743c0034f946dcb3d7114620a9eb85066e1a73afabc804d", kill_on_drop: false }`
[INFO] [stdout] e82531e1bbdba037c743c0034f946dcb3d7114620a9eb85066e1a73afabc804d
[INFO] running `Command { std: "docker" "create" "-v" "/var/lib/crater-agent-workspace/builds/worker-3-tc1/target:/opt/rustwide/target:rw,Z" "-v" "/var/lib/crater-agent-workspace/builds/worker-3-tc1/source:/opt/rustwide/workdir:ro,Z" "-v" "/var/lib/crater-agent-workspace/cargo-home:/opt/rustwide/cargo-home:ro,Z" "-v" "/var/lib/crater-agent-workspace/rustup-home:/opt/rustwide/rustup-home:ro,Z" "-e" "SOURCE_DIR=/opt/rustwide/workdir" "-e" "CARGO_TARGET_DIR=/opt/rustwide/target" "-e" "CARGO_INCREMENTAL=0" "-e" "RUST_BACKTRACE=full" "-e" "RUSTFLAGS=--cap-lints=forbid" "-e" "RUSTDOCFLAGS=--cap-lints=forbid" "-e" "CARGO_HOME=/opt/rustwide/cargo-home" "-e" "RUSTUP_HOME=/opt/rustwide/rustup-home" "-w" "/opt/rustwide/workdir" "-m" "1610612736" "--user" "0:0" "--network" "none" "ghcr.io/rust-lang/crates-build-env/linux@sha256:819108c5571ea2e421544af4d832f968d213c87fbe3707a016657f43d2f853bc" "/opt/rustwide/cargo-home/bin/cargo" "+nightly-2025-01-18" "build" "--frozen" "--message-format=json", kill_on_drop: false }`
[INFO] [stdout] efeca2371d97f6e6c28cbcafef918aeb05c721e9b6fc802f0311a530424bd253
[INFO] running `Command { std: "docker" "start" "-a" "efeca2371d97f6e6c28cbcafef918aeb05c721e9b6fc802f0311a530424bd253", kill_on_drop: false }`
[INFO] [stderr]    Compiling crossbeam-utils v0.8.20
[INFO] [stderr]    Compiling rayon-core v1.12.1
[INFO] [stderr]    Compiling either v1.13.0
[INFO] [stderr]    Compiling itertools v0.13.0
[INFO] [stderr]    Compiling crossbeam-epoch v0.9.18
[INFO] [stderr]    Compiling crossbeam-deque v0.8.5
[INFO] [stderr]    Compiling rayon v1.10.0
[INFO] [stderr]    Compiling aoc2024-rust v0.0.0 (/opt/rustwide/workdir)
[INFO] [stdout] warning: use of deprecated function `get_guard_state`: if possible, use optimized version: `get_guard_dir` or `get_guard_state_optim`
[INFO] [stdout]   --> src/bin/day6_part2.rs:21:18
[INFO] [stdout]    |
[INFO] [stdout] 21 |     let guard_pos = get_guard_state(&m).unwrap().to_pos();
[INFO] [stdout]    |                     ^^^^^^^^^^^^^^^
[INFO] [stdout]    |
[INFO] [stdout]    = note: `#[warn(deprecated)]` on by default
[INFO] [stdout] 
[INFO] [stdout] 
[INFO] [stdout] warning: function `exe_real_input_nc` is never used
[INFO] [stdout]   --> src/bin/day17_part2.rs:41:4
[INFO] [stdout]    |
[INFO] [stdout] 41 | fn exe_real_input_nc(a_org: u64) -> Vec<u8> {
[INFO] [stdout]    |    ^^^^^^^^^^^^^^^^^
[INFO] [stdout]    |
[INFO] [stdout]    = note: `#[warn(dead_code)]` on by default
[INFO] [stdout] 
[INFO] [stdout] 
[INFO] [stdout] warning: type alias `Cache` is never used
[INFO] [stdout]   --> src/bin/day17_part2.rs:79:6
[INFO] [stdout]    |
[INFO] [stdout] 79 | type Cache = HashMap<u64, Vec<u8>>;
[INFO] [stdout]    |      ^^^^^
[INFO] [stdout] 
[INFO] [stdout] 
[INFO] [stdout] warning: function `exe_real_input_yc` is never used
[INFO] [stdout]   --> src/bin/day17_part2.rs:81:4
[INFO] [stdout]    |
[INFO] [stdout] 81 | fn exe_real_input_yc(a_org: u64, cache: Cache) -> (Vec<u8>, Cache) {
[INFO] [stdout]    |    ^^^^^^^^^^^^^^^^^
[INFO] [stdout] 
[INFO] [stdout] 
[INFO] [stdout] warning: constant `P` is never used
[INFO] [stdout]    --> src/bin/day17_part2.rs:118:7
[INFO] [stdout]     |
[INFO] [stdout] 118 | const P: u64 = T * k;
[INFO] [stdout]     |       ^
[INFO] [stdout] 
[INFO] [stdout] 
[INFO] [stdout] warning: constant `E` is never used
[INFO] [stdout]    --> src/bin/day17_part2.rs:119:7
[INFO] [stdout]     |
[INFO] [stdout] 119 | const E: u64 = P * k;
[INFO] [stdout]     |       ^
[INFO] [stdout] 
[INFO] [stdout] 
[INFO] [stdout] warning: constant `k` should have an upper case name
[INFO] [stdout]    --> src/bin/day17_part2.rs:114:7
[INFO] [stdout]     |
[INFO] [stdout] 114 | const k: u64 = 1_000;
[INFO] [stdout]     |       ^ help: convert the identifier to upper case (notice the capitalization): `K`
[INFO] [stdout]     |
[INFO] [stdout]     = note: `#[warn(non_upper_case_globals)]` on by default
[INFO] [stdout] 
[INFO] [stdout] 
[INFO] [stdout] warning: unused variable: `TODO`
[INFO] [stdout]   --> src/bin/template.rs:28:6
[INFO] [stdout]    |
[INFO] [stdout] 28 |     let TODO = parse_input(&text);
[INFO] [stdout]    |         ^^^^ help: if this is intentional, prefix it with an underscore: `_TODO`
[INFO] [stdout]    |
[INFO] [stdout]    = note: `#[warn(unused_variables)]` on by default
[INFO] [stdout] 
[INFO] [stdout] 
[INFO] [stdout] warning: unused variable: `input`
[INFO] [stdout]   --> src/bin/template.rs:32:16
[INFO] [stdout]    |
[INFO] [stdout] 32 | fn parse_input(input: &str) -> (/*TODO*/) {
[INFO] [stdout]    |                ^^^^^ help: if this is intentional, prefix it with an underscore: `_input`
[INFO] [stdout] 
[INFO] [stdout] 
[INFO] [stdout] warning: variable `TODO` should have a snake case name
[INFO] [stdout]   --> src/bin/template.rs:28:6
[INFO] [stdout]    |
[INFO] [stdout] 28 |     let TODO = parse_input(&text);
[INFO] [stdout]    |         ^^^^ help: convert the identifier to snake case: `todo`
[INFO] [stdout]    |
[INFO] [stdout]    = note: `#[warn(non_snake_case)]` on by default
[INFO] [stdout] 
[INFO] [stdout] 
[INFO] [stdout] warning: function `map_to_string` is never used
[INFO] [stdout]    --> src/bin/day6_part2.rs:153:4
[INFO] [stdout]     |
[INFO] [stdout] 153 | fn map_to_string(m: &Map) -> String {
[INFO] [stdout]     |    ^^^^^^^^^^^^^
[INFO] [stdout]     |
[INFO] [stdout]     = note: `#[warn(dead_code)]` on by default
[INFO] [stdout] 
[INFO] [stdout] 
[INFO] [stderr]     Finished `dev` profile [unoptimized + debuginfo] target(s) in 6.47s
[INFO] running `Command { std: "docker" "inspect" "efeca2371d97f6e6c28cbcafef918aeb05c721e9b6fc802f0311a530424bd253", kill_on_drop: false }`
[INFO] running `Command { std: "docker" "rm" "-f" "efeca2371d97f6e6c28cbcafef918aeb05c721e9b6fc802f0311a530424bd253", kill_on_drop: false }`
[INFO] [stdout] efeca2371d97f6e6c28cbcafef918aeb05c721e9b6fc802f0311a530424bd253
[INFO] running `Command { std: "docker" "create" "-v" "/var/lib/crater-agent-workspace/builds/worker-3-tc1/target:/opt/rustwide/target:rw,Z" "-v" "/var/lib/crater-agent-workspace/builds/worker-3-tc1/source:/opt/rustwide/workdir:ro,Z" "-v" "/var/lib/crater-agent-workspace/cargo-home:/opt/rustwide/cargo-home:ro,Z" "-v" "/var/lib/crater-agent-workspace/rustup-home:/opt/rustwide/rustup-home:ro,Z" "-e" "SOURCE_DIR=/opt/rustwide/workdir" "-e" "CARGO_TARGET_DIR=/opt/rustwide/target" "-e" "CARGO_INCREMENTAL=0" "-e" "RUST_BACKTRACE=full" "-e" "RUSTFLAGS=--cap-lints=forbid" "-e" "RUSTDOCFLAGS=--cap-lints=forbid" "-e" "CARGO_HOME=/opt/rustwide/cargo-home" "-e" "RUSTUP_HOME=/opt/rustwide/rustup-home" "-w" "/opt/rustwide/workdir" "-m" "1610612736" "--user" "0:0" "--network" "none" "ghcr.io/rust-lang/crates-build-env/linux@sha256:819108c5571ea2e421544af4d832f968d213c87fbe3707a016657f43d2f853bc" "/opt/rustwide/cargo-home/bin/cargo" "+nightly-2025-01-18" "test" "--frozen" "--no-run" "--message-format=json", kill_on_drop: false }`
[INFO] [stdout] 45933b2e38268b045cedf55eea6a5138c54b9eff1e7cdea9a9f69651a1c72e39
[INFO] running `Command { std: "docker" "start" "-a" "45933b2e38268b045cedf55eea6a5138c54b9eff1e7cdea9a9f69651a1c72e39", kill_on_drop: false }`
[INFO] [stderr]    Compiling aoc2024-rust v0.0.0 (/opt/rustwide/workdir)
[INFO] [stdout] warning: use of deprecated function `get_guard_state`: if possible, use optimized version: `get_guard_dir` or `get_guard_state_optim`
[INFO] [stdout]   --> src/bin/day6_part2.rs:21:18
[INFO] [stdout]    |
[INFO] [stdout] 21 |     let guard_pos = get_guard_state(&m).unwrap().to_pos();
[INFO] [stdout]    |                     ^^^^^^^^^^^^^^^
[INFO] [stdout]    |
[INFO] [stdout]    = note: `#[warn(deprecated)]` on by default
[INFO] [stdout] 
[INFO] [stdout] 
[INFO] [stdout] warning: unreachable expression
[INFO] [stdout]   --> src/bin/template.rs:41:3
[INFO] [stdout]    |
[INFO] [stdout] 41 |         todo!("expected answer") as u64,
[INFO] [stdout]    |         ------------------------^^^^^^^
[INFO] [stdout]    |         |
[INFO] [stdout]    |         unreachable expression
[INFO] [stdout]    |         any code following this expression is unreachable
[INFO] [stdout]    |
[INFO] [stdout]    = note: `#[warn(unreachable_code)]` on by default
[INFO] [stdout] 
[INFO] [stdout] 
[INFO] [stdout] warning: constant `P` is never used
[INFO] [stdout]    --> src/bin/day17_part2.rs:118:7
[INFO] [stdout]     |
[INFO] [stdout] 118 | const P: u64 = T * k;
[INFO] [stdout]     |       ^
[INFO] [stdout]     |
[INFO] [stdout]     = note: `#[warn(dead_code)]` on by default
[INFO] [stdout] 
[INFO] [stdout] 
[INFO] [stdout] warning: constant `E` is never used
[INFO] [stdout]    --> src/bin/day17_part2.rs:119:7
[INFO] [stdout]     |
[INFO] [stdout] 119 | const E: u64 = P * k;
[INFO] [stdout]     |       ^
[INFO] [stdout] 
[INFO] [stdout] 
[INFO] [stdout] warning: unused variable: `TODO`
[INFO] [stdout]   --> src/bin/template.rs:28:6
[INFO] [stdout]    |
[INFO] [stdout] 28 |     let TODO = parse_input(&text);
[INFO] [stdout]    |         ^^^^ help: if this is intentional, prefix it with an underscore: `_TODO`
[INFO] [stdout]    |
[INFO] [stdout]    = note: `#[warn(unused_variables)]` on by default
[INFO] [stdout] 
[INFO] [stdout] 
[INFO] [stdout] warning: unused variable: `input`
[INFO] [stdout]   --> src/bin/template.rs:32:16
[INFO] [stdout]    |
[INFO] [stdout] 32 | fn parse_input(input: &str) -> (/*TODO*/) {
[INFO] [stdout]    |                ^^^^^ help: if this is intentional, prefix it with an underscore: `_input`
[INFO] [stdout] 
[INFO] [stdout] 
[INFO] [stdout] warning: constant `k` should have an upper case name
[INFO] [stdout]    --> src/bin/day17_part2.rs:114:7
[INFO] [stdout]     |
[INFO] [stdout] 114 | const k: u64 = 1_000;
[INFO] [stdout]     |       ^ help: convert the identifier to upper case (notice the capitalization): `K`
[INFO] [stdout]     |
[INFO] [stdout]     = note: `#[warn(non_upper_case_globals)]` on by default
[INFO] [stdout] 
[INFO] [stdout] 
[INFO] [stdout] warning: variable `TODO` should have a snake case name
[INFO] [stdout]   --> src/bin/template.rs:28:6
[INFO] [stdout]    |
[INFO] [stdout] 28 |     let TODO = parse_input(&text);
[INFO] [stdout]    |         ^^^^ help: convert the identifier to snake case: `todo`
[INFO] [stdout]    |
[INFO] [stdout]    = note: `#[warn(non_snake_case)]` on by default
[INFO] [stdout] 
[INFO] [stdout] 
[INFO] [stdout] warning: function `map_to_string` is never used
[INFO] [stdout]    --> src/bin/day6_part2.rs:153:4
[INFO] [stdout]     |
[INFO] [stdout] 153 | fn map_to_string(m: &Map) -> String {
[INFO] [stdout]     |    ^^^^^^^^^^^^^
[INFO] [stdout]     |
[INFO] [stdout]     = note: `#[warn(dead_code)]` on by default
[INFO] [stdout] 
[INFO] [stdout] 
[INFO] [stderr]     Finished `test` profile [unoptimized + debuginfo] target(s) in 1.17s
[INFO] running `Command { std: "docker" "inspect" "45933b2e38268b045cedf55eea6a5138c54b9eff1e7cdea9a9f69651a1c72e39", kill_on_drop: false }`
[INFO] running `Command { std: "docker" "rm" "-f" "45933b2e38268b045cedf55eea6a5138c54b9eff1e7cdea9a9f69651a1c72e39", kill_on_drop: false }`
[INFO] [stdout] 45933b2e38268b045cedf55eea6a5138c54b9eff1e7cdea9a9f69651a1c72e39
[INFO] running `Command { std: "docker" "create" "-v" "/var/lib/crater-agent-workspace/builds/worker-3-tc1/target:/opt/rustwide/target:rw,Z" "-v" "/var/lib/crater-agent-workspace/builds/worker-3-tc1/source:/opt/rustwide/workdir:ro,Z" "-v" "/var/lib/crater-agent-workspace/cargo-home:/opt/rustwide/cargo-home:ro,Z" "-v" "/var/lib/crater-agent-workspace/rustup-home:/opt/rustwide/rustup-home:ro,Z" "-e" "SOURCE_DIR=/opt/rustwide/workdir" "-e" "CARGO_TARGET_DIR=/opt/rustwide/target" "-e" "CARGO_INCREMENTAL=0" "-e" "RUST_BACKTRACE=full" "-e" "RUSTFLAGS=--cap-lints=forbid" "-e" "RUSTDOCFLAGS=--cap-lints=forbid" "-e" "CARGO_HOME=/opt/rustwide/cargo-home" "-e" "RUSTUP_HOME=/opt/rustwide/rustup-home" "-w" "/opt/rustwide/workdir" "-m" "1610612736" "--user" "0:0" "--network" "none" "ghcr.io/rust-lang/crates-build-env/linux@sha256:819108c5571ea2e421544af4d832f968d213c87fbe3707a016657f43d2f853bc" "/opt/rustwide/cargo-home/bin/cargo" "+nightly-2025-01-18" "test" "--frozen", kill_on_drop: false }`
[INFO] [stdout] 5caadd2c5b863132b596bec4709c9f2ee68fd3991c14a2aca0c574fcb70aa19e
[INFO] running `Command { std: "docker" "start" "-a" "5caadd2c5b863132b596bec4709c9f2ee68fd3991c14a2aca0c574fcb70aa19e", kill_on_drop: false }`
[INFO] [stderr] warning: use of deprecated function `get_guard_state`: if possible, use optimized version: `get_guard_dir` or `get_guard_state_optim`
[INFO] [stderr]   --> src/bin/day6_part2.rs:21:18
[INFO] [stderr]    |
[INFO] [stderr] 21 |     let guard_pos = get_guard_state(&m).unwrap().to_pos();
[INFO] [stderr]    |                     ^^^^^^^^^^^^^^^
[INFO] [stderr]    |
[INFO] [stderr]    = note: `#[warn(deprecated)]` on by default
[INFO] [stderr] 
[INFO] [stderr] warning: function `map_to_string` is never used
[INFO] [stderr]    --> src/bin/day6_part2.rs:153:4
[INFO] [stderr]     |
[INFO] [stderr] 153 | fn map_to_string(m: &Map) -> String {
[INFO] [stderr]     |    ^^^^^^^^^^^^^
[INFO] [stderr]     |
[INFO] [stderr]     = note: `#[warn(dead_code)]` on by default
[INFO] [stderr] 
[INFO] [stderr] warning: constant `P` is never used
[INFO] [stderr]    --> src/bin/day17_part2.rs:118:7
[INFO] [stderr]     |
[INFO] [stderr] 118 | const P: u64 = T * k;
[INFO] [stderr]     |       ^
[INFO] [stderr]     |
[INFO] [stderr]     = note: `#[warn(dead_code)]` on by default
[INFO] [stderr] 
[INFO] [stderr] warning: constant `E` is never used
[INFO] [stderr]    --> src/bin/day17_part2.rs:119:7
[INFO] [stderr]     |
[INFO] [stderr] 119 | const E: u64 = P * k;
[INFO] [stderr]     |       ^
[INFO] [stderr] 
[INFO] [stderr] warning: constant `k` should have an upper case name
[INFO] [stderr]    --> src/bin/day17_part2.rs:114:7
[INFO] [stderr]     |
[INFO] [stderr] 114 | const k: u64 = 1_000;
[INFO] [stderr]     |       ^ help: convert the identifier to upper case (notice the capitalization): `K`
[INFO] [stderr]     |
[INFO] [stderr]     = note: `#[warn(non_upper_case_globals)]` on by default
[INFO] [stderr] 
[INFO] [stderr] warning: unreachable expression
[INFO] [stderr]   --> src/bin/template.rs:41:3
[INFO] [stderr]    |
[INFO] [stderr] 41 |         todo!("expected answer") as u64,
[INFO] [stderr]    |         ------------------------^^^^^^^
[INFO] [stderr]    |         |
[INFO] [stderr]    |         unreachable expression
[INFO] [stderr]    |         any code following this expression is unreachable
[INFO] [stderr]    |
[INFO] [stderr]    = note: `#[warn(unreachable_code)]` on by default
[INFO] [stderr] 
[INFO] [stderr] warning: unused variable: `TODO`
[INFO] [stderr]   --> src/bin/template.rs:28:6
[INFO] [stderr]    |
[INFO] [stderr] 28 |     let TODO = parse_input(&text);
[INFO] [stderr]    |         ^^^^ help: if this is intentional, prefix it with an underscore: `_TODO`
[INFO] [stderr]    |
[INFO] [stderr]    = note: `#[warn(unused_variables)]` on by default
[INFO] [stderr] 
[INFO] [stderr] warning: unused variable: `input`
[INFO] [stderr]   --> src/bin/template.rs:32:16
[INFO] [stderr]    |
[INFO] [stderr] 32 | fn parse_input(input: &str) -> (/*TODO*/) {
[INFO] [stderr]    |                ^^^^^ help: if this is intentional, prefix it with an underscore: `_input`
[INFO] [stderr] 
[INFO] [stderr] warning: variable `TODO` should have a snake case name
[INFO] [stderr]   --> src/bin/template.rs:28:6
[INFO] [stderr]    |
[INFO] [stderr] 28 |     let TODO = parse_input(&text);
[INFO] [stderr]    |         ^^^^ help: convert the identifier to snake case: `todo`
[INFO] [stderr]    |
[INFO] [stderr]    = note: `#[warn(non_snake_case)]` on by default
[INFO] [stderr] 
[INFO] [stderr] warning: `aoc2024-rust` (bin "day6_part2" test) generated 2 warnings
[INFO] [stderr] warning: `aoc2024-rust` (bin "day17_part2" test) generated 3 warnings
[INFO] [stderr] warning: `aoc2024-rust` (bin "template" test) generated 4 warnings
[INFO] [stderr]     Finished `test` profile [unoptimized + debuginfo] target(s) in 0.01s
[INFO] [stderr]      Running unittests src/bin/day17_part2.rs (/opt/rustwide/target/debug/deps/day17_part2-114f93d3456b750d)
[INFO] [stdout] 
[INFO] [stdout] running 6 tests
[INFO] [stdout] test exe_real_input_nc::_37900914542 ... ok
[INFO] [stdout] test exe_real_input_yc::_37900914542 ... ok
[INFO] [stdout] test exe_real_input_nc::_379009 ... ok
[INFO] [stdout] test exe_real_input_yc::_379009 ... ok
[INFO] [stdout] test exe_real_input_nc_loop::_37900914542 ... ok
[INFO] [stdout] test exe_real_input_nc_loop::_379009 ... ok
[INFO] [stdout] 
[INFO] [stdout] test result: ok. 6 passed; 0 failed; 0 ignored; 0 measured; 0 filtered out; finished in 0.00s
[INFO] [stdout] 
[INFO] [stderr]      Running unittests src/bin/day22_part2.rs (/opt/rustwide/target/debug/deps/day22_part2-206e7632a76106d7)
[INFO] [stdout] 
[INFO] [stdout] running 4 tests
[INFO] [stdout] test deltas_ ... ok
[INFO] [stdout] test bananas_with_ds4_ ... ok
[INFO] [stdout] test evolve_seq_ ... ok
[INFO] [stdout] test example_2 ... ok
[INFO] [stdout] 
[INFO] [stdout] test result: ok. 4 passed; 0 failed; 0 ignored; 0 measured; 0 filtered out; finished in 16.10s
[INFO] [stdout] 
[INFO] [stderr]      Running unittests src/bin/day6_part2.rs (/opt/rustwide/target/debug/deps/day6_part2-5fc7d919d80a5971)
[INFO] [stdout] 
[INFO] [stdout] running 1 test
[INFO] [stdout] test test_example ... ok
[INFO] [stdout] 
[INFO] [stdout] test result: ok. 1 passed; 0 failed; 0 ignored; 0 measured; 0 filtered out; finished in 0.03s
[INFO] [stdout] 
[INFO] [stderr]      Running unittests src/bin/template.rs (/opt/rustwide/target/debug/deps/template-e948356c0fafc92d)
[INFO] [stdout] 
[INFO] [stdout] running 1 test
[INFO] [stdout] test example_1 ... FAILED
[INFO] [stdout] 
[INFO] [stdout] failures:
[INFO] [stdout] 
[INFO] [stdout] ---- example_1 stdout ----
[INFO] [stdout] 
[INFO] [stdout] thread 'example_1' panicked at src/bin/template.rs:41:9:
[INFO] [stdout] not yet implemented: expected answer
[INFO] [stdout] stack backtrace:
[INFO] [stdout]    0:     0x60d197afffea - std::backtrace_rs::backtrace::libunwind::trace::hb059275cfc8d6126
[INFO] [stdout]                                at /rustc/6067b36314ab5eb2eb47cecc464545ba58e1ad24/library/std/src/../../backtrace/src/backtrace/libunwind.rs:116:5
[INFO] [stdout]    1:     0x60d197afffea - std::backtrace_rs::backtrace::trace_unsynchronized::h2da071e4327ce3ee
[INFO] [stdout]                                at /rustc/6067b36314ab5eb2eb47cecc464545ba58e1ad24/library/std/src/../../backtrace/src/backtrace/mod.rs:66:5
[INFO] [stdout]    2:     0x60d197afffea - std::sys::backtrace::_print_fmt::h842a1474e6f8d23f
[INFO] [stdout]                                at /rustc/6067b36314ab5eb2eb47cecc464545ba58e1ad24/library/std/src/sys/backtrace.rs:66:9
[INFO] [stdout]    3:     0x60d197afffea - <std::sys::backtrace::BacktraceLock::print::DisplayBacktrace as core::fmt::Display>::fmt::h71a62eb3b9696b12
[INFO] [stdout]                                at /rustc/6067b36314ab5eb2eb47cecc464545ba58e1ad24/library/std/src/sys/backtrace.rs:39:26
[INFO] [stdout]    4:     0x60d197b27553 - core::fmt::rt::Argument::fmt::hdb6b616786b41dc1
[INFO] [stdout]                                at /rustc/6067b36314ab5eb2eb47cecc464545ba58e1ad24/library/core/src/fmt/rt.rs:177:76
[INFO] [stdout]    5:     0x60d197b27553 - core::fmt::write::h2cc1698af7e2d686
[INFO] [stdout]                                at /rustc/6067b36314ab5eb2eb47cecc464545ba58e1ad24/library/core/src/fmt/mod.rs:1440:21
[INFO] [stdout]    6:     0x60d197afcb43 - std::io::Write::write_fmt::hab1b4cd059a79022
[INFO] [stdout]                                at /rustc/6067b36314ab5eb2eb47cecc464545ba58e1ad24/library/std/src/io/mod.rs:1887:15
[INFO] [stdout]    7:     0x60d197affe32 - std::sys::backtrace::BacktraceLock::print::h147fe35b4ea13b08
[INFO] [stdout]                                at /rustc/6067b36314ab5eb2eb47cecc464545ba58e1ad24/library/std/src/sys/backtrace.rs:42:9
[INFO] [stdout]    8:     0x60d197b0140f - std::panicking::default_hook::{{closure}}::hbd44223dbdc0d208
[INFO] [stdout]                                at /rustc/6067b36314ab5eb2eb47cecc464545ba58e1ad24/library/std/src/panicking.rs:298:22
[INFO] [stdout]    9:     0x60d197b01228 - std::panicking::default_hook::h20f81eb0576efcec
[INFO] [stdout]                                at /rustc/6067b36314ab5eb2eb47cecc464545ba58e1ad24/library/std/src/panicking.rs:322:9
[INFO] [stdout]   10:     0x60d197aca043 - <alloc::boxed::Box<F,A> as core::ops::function::Fn<Args>>::call::hdb53814c496a4d34
[INFO] [stdout]                                at /rustc/6067b36314ab5eb2eb47cecc464545ba58e1ad24/library/alloc/src/boxed.rs:2027:9
[INFO] [stdout]   11:     0x60d197aca043 - test::test_main::{{closure}}::hc0a4963c59427c24
[INFO] [stdout]                                at /rustc/6067b36314ab5eb2eb47cecc464545ba58e1ad24/library/test/src/lib.rs:134:21
[INFO] [stdout]   12:     0x60d197b01f03 - <alloc::boxed::Box<F,A> as core::ops::function::Fn<Args>>::call::h591b2225413a77e9
[INFO] [stdout]                                at /rustc/6067b36314ab5eb2eb47cecc464545ba58e1ad24/library/alloc/src/boxed.rs:2027:9
[INFO] [stdout]   13:     0x60d197b01f03 - std::panicking::rust_panic_with_hook::h625eea43051b2edc
[INFO] [stdout]                                at /rustc/6067b36314ab5eb2eb47cecc464545ba58e1ad24/library/std/src/panicking.rs:839:13
[INFO] [stdout]   14:     0x60d197b01b86 - std::panicking::begin_panic_handler::{{closure}}::h4f9159cfbc3f6bd3
[INFO] [stdout]                                at /rustc/6067b36314ab5eb2eb47cecc464545ba58e1ad24/library/std/src/panicking.rs:697:13
[INFO] [stdout]   15:     0x60d197b004e9 - std::sys::backtrace::__rust_end_short_backtrace::h0390abce48353151
[INFO] [stdout]                                at /rustc/6067b36314ab5eb2eb47cecc464545ba58e1ad24/library/std/src/sys/backtrace.rs:168:18
[INFO] [stdout]   16:     0x60d197b0184d - rust_begin_unwind
[INFO] [stdout]                                at /rustc/6067b36314ab5eb2eb47cecc464545ba58e1ad24/library/std/src/panicking.rs:695:5
[INFO] [stdout]   17:     0x60d197b26000 - core::panicking::panic_fmt::h9e7c637e9e5f29c9
[INFO] [stdout]                                at /rustc/6067b36314ab5eb2eb47cecc464545ba58e1ad24/library/core/src/panicking.rs:75:14
[INFO] [stdout]   18:     0x60d197a8ff39 - template::example_1::hf186fd6b6235afec
[INFO] [stdout]                                at /opt/rustwide/workdir/src/bin/template.rs:41:3
[INFO] [stdout]   19:     0x60d197a8fee7 - template::example_1::{{closure}}::ha4cc651e46aaacde
[INFO] [stdout]                                at /opt/rustwide/workdir/src/bin/template.rs:39:15
[INFO] [stdout]   20:     0x60d197a8f7e6 - core::ops::function::FnOnce::call_once::h506d719e46d115a4
[INFO] [stdout]                                at /rustc/6067b36314ab5eb2eb47cecc464545ba58e1ad24/library/core/src/ops/function.rs:250:5
[INFO] [stdout]   21:     0x60d197acf79b - core::ops::function::FnOnce::call_once::he27718dfdd183f43
[INFO] [stdout]                                at /rustc/6067b36314ab5eb2eb47cecc464545ba58e1ad24/library/core/src/ops/function.rs:250:5
[INFO] [stdout]   22:     0x60d197acf79b - test::__rust_begin_short_backtrace::h4e84902998457a5d
[INFO] [stdout]                                at /rustc/6067b36314ab5eb2eb47cecc464545ba58e1ad24/library/test/src/lib.rs:632:18
[INFO] [stdout]   23:     0x60d197ace6d3 - test::run_test_in_process::{{closure}}::h7176fd18fc1feca0
[INFO] [stdout]                                at /rustc/6067b36314ab5eb2eb47cecc464545ba58e1ad24/library/test/src/lib.rs:655:60
[INFO] [stdout]   24:     0x60d197ace6d3 - <core::panic::unwind_safe::AssertUnwindSafe<F> as core::ops::function::FnOnce<()>>::call_once::hf79cff2a624d8cf7
[INFO] [stdout]                                at /rustc/6067b36314ab5eb2eb47cecc464545ba58e1ad24/library/core/src/panic/unwind_safe.rs:272:9
[INFO] [stdout]   25:     0x60d197ace6d3 - std::panicking::try::do_call::h3da0561d9ab99c25
[INFO] [stdout]                                at /rustc/6067b36314ab5eb2eb47cecc464545ba58e1ad24/library/std/src/panicking.rs:587:40
[INFO] [stdout]   26:     0x60d197ace6d3 - std::panicking::try::h41c9fa508bc61df6
[INFO] [stdout]                                at /rustc/6067b36314ab5eb2eb47cecc464545ba58e1ad24/library/std/src/panicking.rs:550:19
[INFO] [stdout]   27:     0x60d197ace6d3 - std::panic::catch_unwind::h6b3ff07bb5afad93
[INFO] [stdout]                                at /rustc/6067b36314ab5eb2eb47cecc464545ba58e1ad24/library/std/src/panic.rs:358:14
[INFO] [stdout]   28:     0x60d197ace6d3 - test::run_test_in_process::hc7253dd11b39b9f4
[INFO] [stdout]                                at /rustc/6067b36314ab5eb2eb47cecc464545ba58e1ad24/library/test/src/lib.rs:655:27
[INFO] [stdout]   29:     0x60d197ace6d3 - test::run_test::{{closure}}::hfb2007f8649c30bb
[INFO] [stdout]                                at /rustc/6067b36314ab5eb2eb47cecc464545ba58e1ad24/library/test/src/lib.rs:576:43
[INFO] [stdout]   30:     0x60d197a917b5 - test::run_test::{{closure}}::h56a17aa7a282a9f4
[INFO] [stdout]                                at /rustc/6067b36314ab5eb2eb47cecc464545ba58e1ad24/library/test/src/lib.rs:606:41
[INFO] [stdout]   31:     0x60d197a917b5 - std::sys::backtrace::__rust_begin_short_backtrace::hd2d2d2fb8e8c6aac
[INFO] [stdout]                                at /rustc/6067b36314ab5eb2eb47cecc464545ba58e1ad24/library/std/src/sys/backtrace.rs:152:18
[INFO] [stdout]   32:     0x60d197a9509a - std::thread::Builder::spawn_unchecked_::{{closure}}::{{closure}}::h4faa3f9db6133423
[INFO] [stdout]                                at /rustc/6067b36314ab5eb2eb47cecc464545ba58e1ad24/library/std/src/thread/mod.rs:559:17
[INFO] [stdout]   33:     0x60d197a9509a - <core::panic::unwind_safe::AssertUnwindSafe<F> as core::ops::function::FnOnce<()>>::call_once::hf2e855a36a4ea846
[INFO] [stdout]                                at /rustc/6067b36314ab5eb2eb47cecc464545ba58e1ad24/library/core/src/panic/unwind_safe.rs:272:9
[INFO] [stdout]   34:     0x60d197a9509a - std::panicking::try::do_call::h2f73af3616c35465
[INFO] [stdout]                                at /rustc/6067b36314ab5eb2eb47cecc464545ba58e1ad24/library/std/src/panicking.rs:587:40
[INFO] [stdout]   35:     0x60d197a9509a - std::panicking::try::hd1660ce9efadef5a
[INFO] [stdout]                                at /rustc/6067b36314ab5eb2eb47cecc464545ba58e1ad24/library/std/src/panicking.rs:550:19
[INFO] [stdout]   36:     0x60d197a9509a - std::panic::catch_unwind::h5ee8d7823b8ca744
[INFO] [stdout]                                at /rustc/6067b36314ab5eb2eb47cecc464545ba58e1ad24/library/std/src/panic.rs:358:14
[INFO] [stdout]   37:     0x60d197a9509a - std::thread::Builder::spawn_unchecked_::{{closure}}::h53c3a1894dce8407
[INFO] [stdout]                                at /rustc/6067b36314ab5eb2eb47cecc464545ba58e1ad24/library/std/src/thread/mod.rs:557:30
[INFO] [stdout]   38:     0x60d197a9509a - core::ops::function::FnOnce::call_once{{vtable.shim}}::h048ce291ad4f62bf
[INFO] [stdout]                                at /rustc/6067b36314ab5eb2eb47cecc464545ba58e1ad24/library/core/src/ops/function.rs:250:5
[INFO] [stdout]   39:     0x60d197b05e3b - <alloc::boxed::Box<F,A> as core::ops::function::FnOnce<Args>>::call_once::ha52bedf99a3b4981
[INFO] [stdout]                                at /rustc/6067b36314ab5eb2eb47cecc464545ba58e1ad24/library/alloc/src/boxed.rs:2013:9
[INFO] [stdout]   40:     0x60d197b05e3b - <alloc::boxed::Box<F,A> as core::ops::function::FnOnce<Args>>::call_once::h567748934d80ccf8
[INFO] [stdout]                                at /rustc/6067b36314ab5eb2eb47cecc464545ba58e1ad24/library/alloc/src/boxed.rs:2013:9
[INFO] [stdout]   41:     0x60d197b05e3b - std::sys::pal::unix::thread::Thread::new::thread_start::h2d970728ae887adc
[INFO] [stdout]                                at /rustc/6067b36314ab5eb2eb47cecc464545ba58e1ad24/library/std/src/sys/pal/unix/thread.rs:106:17
[INFO] [stdout]   42:     0x71d8fc631ac3 - <unknown>
[INFO] [stdout]   43:     0x71d8fc6c2a04 - clone
[INFO] [stdout]   44:                0x0 - <unknown>
[INFO] [stdout] 
[INFO] [stdout] 
[INFO] [stdout] failures:
[INFO] [stdout]     example_1
[INFO] [stdout] 
[INFO] [stdout] test result: FAILED. 0 passed; 1 failed; 0 ignored; 0 measured; 0 filtered out; finished in 0.03s
[INFO] [stdout] 
[INFO] [stderr] error: test failed, to rerun pass `--bin template`
[INFO] running `Command { std: "docker" "inspect" "5caadd2c5b863132b596bec4709c9f2ee68fd3991c14a2aca0c574fcb70aa19e", kill_on_drop: false }`
[INFO] running `Command { std: "docker" "rm" "-f" "5caadd2c5b863132b596bec4709c9f2ee68fd3991c14a2aca0c574fcb70aa19e", kill_on_drop: false }`
[INFO] [stdout] 5caadd2c5b863132b596bec4709c9f2ee68fd3991c14a2aca0c574fcb70aa19e
