[INFO] cloning repository https://github.com/dminkovski/customer-support-assistant-rust
[INFO] running `Command { std: "git" "-c" "credential.helper=" "-c" "credential.helper=/workspace/cargo-home/bin/git-credential-null" "clone" "--bare" "https://github.com/dminkovski/customer-support-assistant-rust" "/workspace/cache/git-repos/https%3A%2F%2Fgithub.com%2Fdminkovski%2Fcustomer-support-assistant-rust", kill_on_drop: false }`
[INFO] [stderr] Cloning into bare repository '/workspace/cache/git-repos/https%3A%2F%2Fgithub.com%2Fdminkovski%2Fcustomer-support-assistant-rust'...
[INFO] running `Command { std: "git" "rev-parse" "HEAD", kill_on_drop: false }`
[INFO] [stdout] 3abe102cc9b33858e62da54bdc4320231fe9cd65
[INFO] testing dminkovski/customer-support-assistant-rust against nightly-2025-01-18+rustflags=-Zrandomize-layout for randomize-layout-2
[INFO] running `Command { std: "git" "clone" "/workspace/cache/git-repos/https%3A%2F%2Fgithub.com%2Fdminkovski%2Fcustomer-support-assistant-rust" "/workspace/builds/worker-0-tc2/source", kill_on_drop: false }`
[INFO] [stderr] Cloning into '/workspace/builds/worker-0-tc2/source'...
[INFO] [stderr] done.
[INFO] validating manifest of git repo https://github.com/dminkovski/customer-support-assistant-rust on toolchain nightly-2025-01-18
[INFO] running `Command { std: CARGO_HOME="/workspace/cargo-home" RUSTUP_HOME="/workspace/rustup-home" "/workspace/cargo-home/bin/cargo" "+nightly-2025-01-18" "metadata" "--manifest-path" "Cargo.toml" "--no-deps", kill_on_drop: false }`
[INFO] started tweaking git repo https://github.com/dminkovski/customer-support-assistant-rust
[INFO] finished tweaking git repo https://github.com/dminkovski/customer-support-assistant-rust
[INFO] tweaked toml for git repo https://github.com/dminkovski/customer-support-assistant-rust written to /workspace/builds/worker-0-tc2/source/Cargo.toml
[INFO] crate git repo https://github.com/dminkovski/customer-support-assistant-rust already has a lockfile, it will not be regenerated
[INFO] running `Command { std: CARGO_HOME="/workspace/cargo-home" RUSTUP_HOME="/workspace/rustup-home" "/workspace/cargo-home/bin/cargo" "+nightly-2025-01-18" "fetch" "--manifest-path" "Cargo.toml", kill_on_drop: false }`
[INFO] running `Command { std: "docker" "create" "-v" "/var/lib/crater-agent-workspace/builds/worker-0-tc2/target:/opt/rustwide/target:rw,Z" "-v" "/var/lib/crater-agent-workspace/builds/worker-0-tc2/source:/opt/rustwide/workdir:ro,Z" "-v" "/var/lib/crater-agent-workspace/cargo-home:/opt/rustwide/cargo-home:ro,Z" "-v" "/var/lib/crater-agent-workspace/rustup-home:/opt/rustwide/rustup-home:ro,Z" "-e" "SOURCE_DIR=/opt/rustwide/workdir" "-e" "CARGO_TARGET_DIR=/opt/rustwide/target" "-e" "CARGO_HOME=/opt/rustwide/cargo-home" "-e" "RUSTUP_HOME=/opt/rustwide/rustup-home" "-w" "/opt/rustwide/workdir" "-m" "1610612736" "--user" "0:0" "--network" "none" "ghcr.io/rust-lang/crates-build-env/linux@sha256:819108c5571ea2e421544af4d832f968d213c87fbe3707a016657f43d2f853bc" "/opt/rustwide/cargo-home/bin/cargo" "+nightly-2025-01-18" "metadata" "--no-deps" "--format-version=1", kill_on_drop: false }`
[INFO] [stdout] c5f4a3fdb098beb42aff8862704ae3b01110fcf3842e6f5adae6430f124a2df9
[INFO] running `Command { std: "docker" "start" "-a" "c5f4a3fdb098beb42aff8862704ae3b01110fcf3842e6f5adae6430f124a2df9", kill_on_drop: false }`
[INFO] running `Command { std: "docker" "inspect" "c5f4a3fdb098beb42aff8862704ae3b01110fcf3842e6f5adae6430f124a2df9", kill_on_drop: false }`
[INFO] running `Command { std: "docker" "rm" "-f" "c5f4a3fdb098beb42aff8862704ae3b01110fcf3842e6f5adae6430f124a2df9", kill_on_drop: false }`
[INFO] [stdout] c5f4a3fdb098beb42aff8862704ae3b01110fcf3842e6f5adae6430f124a2df9
[INFO] running `Command { std: "docker" "create" "-v" "/var/lib/crater-agent-workspace/builds/worker-0-tc2/target:/opt/rustwide/target:rw,Z" "-v" "/var/lib/crater-agent-workspace/builds/worker-0-tc2/source:/opt/rustwide/workdir:ro,Z" "-v" "/var/lib/crater-agent-workspace/cargo-home:/opt/rustwide/cargo-home:ro,Z" "-v" "/var/lib/crater-agent-workspace/rustup-home:/opt/rustwide/rustup-home:ro,Z" "-e" "SOURCE_DIR=/opt/rustwide/workdir" "-e" "CARGO_TARGET_DIR=/opt/rustwide/target" "-e" "CARGO_INCREMENTAL=0" "-e" "RUST_BACKTRACE=full" "-e" "RUSTFLAGS=--cap-lints=forbid -Zrandomize-layout" "-e" "RUSTDOCFLAGS=--cap-lints=forbid" "-e" "CARGO_HOME=/opt/rustwide/cargo-home" "-e" "RUSTUP_HOME=/opt/rustwide/rustup-home" "-w" "/opt/rustwide/workdir" "-m" "1610612736" "--user" "0:0" "--network" "none" "ghcr.io/rust-lang/crates-build-env/linux@sha256:819108c5571ea2e421544af4d832f968d213c87fbe3707a016657f43d2f853bc" "/opt/rustwide/cargo-home/bin/cargo" "+nightly-2025-01-18" "build" "--frozen" "--message-format=json", kill_on_drop: false }`
[INFO] [stdout] cf0d5e11491cb9a5dc2bf9d0779e75b7e2a7f831430c77c16c63ff5f313a3954
[INFO] running `Command { std: "docker" "start" "-a" "cf0d5e11491cb9a5dc2bf9d0779e75b7e2a7f831430c77c16c63ff5f313a3954", kill_on_drop: false }`
[INFO] [stderr]    Compiling libc v0.2.155
[INFO] [stderr]    Compiling proc-macro2 v1.0.86
[INFO] [stderr]    Compiling unicode-ident v1.0.12
[INFO] [stderr]    Compiling autocfg v1.3.0
[INFO] [stderr]    Compiling cfg-if v1.0.0
[INFO] [stderr]    Compiling parking_lot_core v0.9.10
[INFO] [stderr]    Compiling log v0.4.22
[INFO] [stderr]    Compiling bytes v1.6.0
[INFO] [stderr]    Compiling scopeguard v1.2.0
[INFO] [stderr]    Compiling pin-project-lite v0.2.14
[INFO] [stderr]    Compiling smallvec v1.13.2
[INFO] [stderr]    Compiling vcpkg v0.2.15
[INFO] [stderr]    Compiling itoa v1.0.11
[INFO] [stderr]    Compiling pkg-config v0.3.30
[INFO] [stderr]    Compiling cc v1.1.0
[INFO] [stderr]    Compiling once_cell v1.19.0
[INFO] [stderr]    Compiling futures-core v0.3.30
[INFO] [stderr]    Compiling fnv v1.0.7
[INFO] [stderr]    Compiling pin-utils v0.1.0
[INFO] [stderr]    Compiling futures-task v0.3.30
[INFO] [stderr]    Compiling futures-sink v0.3.30
[INFO] [stderr]    Compiling openssl v0.10.64
[INFO] [stderr]    Compiling futures-util v0.3.30
[INFO] [stderr]    Compiling foreign-types-shared v0.1.1
[INFO] [stderr]    Compiling httparse v1.9.4
[INFO] [stderr]    Compiling equivalent v1.0.1
[INFO] [stderr]    Compiling bitflags v2.6.0
[INFO] [stderr]    Compiling hashbrown v0.14.5
[INFO] [stderr]    Compiling foreign-types v0.3.2
[INFO] [stderr]    Compiling try-lock v0.2.5
[INFO] [stderr]    Compiling serde v1.0.204
[INFO] [stderr]    Compiling http v1.1.0
[INFO] [stderr]    Compiling tracing-core v0.1.32
[INFO] [stderr]    Compiling tinyvec_macros v0.1.1
[INFO] [stderr]    Compiling atomic-waker v1.1.2
[INFO] [stderr]    Compiling native-tls v0.2.12
[INFO] [stderr]    Compiling lock_api v0.4.12
[INFO] [stderr]    Compiling slab v0.4.9
[INFO] [stderr]    Compiling tinyvec v1.8.0
[INFO] [stderr]    Compiling tracing v0.1.40
[INFO] [stderr]    Compiling want v0.3.1
[INFO] [stderr]    Compiling futures-channel v0.3.30
[INFO] [stderr]    Compiling tower-service v0.3.2
[INFO] [stderr]    Compiling tower-layer v0.3.2
[INFO] [stderr]    Compiling openssl-probe v0.1.5
[INFO] [stderr]    Compiling signal-hook v0.3.17
[INFO] [stderr]    Compiling percent-encoding v2.3.1
[INFO] [stderr]    Compiling num-traits v0.2.19
[INFO] [stderr]    Compiling unicode-bidi v0.3.15
[INFO] [stderr]    Compiling form_urlencoded v1.2.1
[INFO] [stderr]    Compiling serde_json v1.0.120
[INFO] [stderr]    Compiling ryu v1.0.18
[INFO] [stderr]    Compiling signal-hook-registry v1.4.2
[INFO] [stderr]    Compiling mio v0.8.11
[INFO] [stderr]    Compiling num_cpus v1.16.0
[INFO] [stderr]    Compiling socket2 v0.5.7
[INFO] [stderr]    Compiling http-body v1.0.0
[INFO] [stderr]    Compiling quote v1.0.36
[INFO] [stderr]    Compiling parking_lot v0.12.3
[INFO] [stderr]    Compiling indexmap v2.2.6
[INFO] [stderr]    Compiling rustls-pki-types v1.7.0
[INFO] [stderr]    Compiling base64 v0.22.1
[INFO] [stderr]    Compiling syn v2.0.70
[INFO] [stderr]    Compiling http-body-util v0.1.2
[INFO] [stderr]    Compiling signal-hook-mio v0.2.3
[INFO] [stderr]    Compiling getrandom v0.2.15
[INFO] [stderr]    Compiling encoding_rs v0.8.34
[INFO] [stderr]    Compiling unicode-normalization v0.1.23
[INFO] [stderr]    Compiling rustls-pemfile v2.1.2
[INFO] [stderr]    Compiling sync_wrapper v1.0.1
[INFO] [stderr]    Compiling ipnet v2.9.0
[INFO] [stderr]    Compiling iana-time-zone v0.1.60
[INFO] [stderr]    Compiling mime v0.3.17
[INFO] [stderr]    Compiling crossterm v0.27.0
[INFO] [stderr]    Compiling uuid v1.10.0
[INFO] [stderr]    Compiling dotenv v0.15.0
[INFO] [stderr]    Compiling idna v0.5.0
[INFO] [stderr]    Compiling chrono v0.4.38
[INFO] [stderr]    Compiling openssl-sys v0.9.102
[INFO] [stderr]    Compiling url v2.5.2
[INFO] [stderr]    Compiling tokio-macros v2.3.0
[INFO] [stderr]    Compiling pin-project-internal v1.1.5
[INFO] [stderr]    Compiling openssl-macros v0.1.1
[INFO] [stderr]    Compiling serde_derive v1.0.204
[INFO] [stderr]    Compiling async-trait v0.1.81
[INFO] [stderr]    Compiling tokio v1.38.0
[INFO] [stderr]    Compiling pin-project v1.1.5
[INFO] [stderr]    Compiling tokio-util v0.7.11
[INFO] [stderr]    Compiling tower v0.4.13
[INFO] [stderr]    Compiling tokio-native-tls v0.3.1
[INFO] [stderr]    Compiling serde_urlencoded v0.7.1
[INFO] [stderr]    Compiling h2 v0.4.5
[INFO] [stderr]    Compiling hyper v1.4.1
[INFO] [stderr]    Compiling hyper-util v0.1.6
[INFO] [stderr]    Compiling hyper-tls v0.6.0
[INFO] [stderr]    Compiling reqwest v0.12.5
[INFO] [stderr]    Compiling customer-support-assistant-rust v0.1.0 (/opt/rustwide/workdir)
[INFO] [stdout] warning: unused import: `Command`
[INFO] [stdout]  --> src/helpers/command_line.rs:2:17
[INFO] [stdout]   |
[INFO] [stdout] 2 | use crossterm::{Command, ExecutableCommand};
[INFO] [stdout]   |                 ^^^^^^^
[INFO] [stdout]   |
[INFO] [stdout]   = note: `#[warn(unused_imports)]` on by default
[INFO] [stdout] 
[INFO] [stdout] 
[INFO] [stdout] warning: unused import: `SupportCase`
[INFO] [stdout]  --> src/helpers/request.rs:7:34
[INFO] [stdout]   |
[INFO] [stdout] 7 |         general::support_case::{ SupportCase},
[INFO] [stdout]   |                                  ^^^^^^^^^^^
[INFO] [stdout] 
[INFO] [stdout] 
[INFO] [stdout] warning: unused import: `serde::de::DeserializeOwned`
[INFO] [stdout]  --> src/helpers/backend.rs:4:5
[INFO] [stdout]   |
[INFO] [stdout] 4 | use serde::de::DeserializeOwned;
[INFO] [stdout]   |     ^^^^^^^^^^^^^^^^^^^^^^^^^^^
[INFO] [stdout] 
[INFO] [stdout] 
[INFO] [stdout] warning: unused import: `self`
[INFO] [stdout]  --> src/models/agents/agent_query.rs:8:44
[INFO] [stdout]   |
[INFO] [stdout] 8 | use crate::models::general::support_case::{self, SupportCase};
[INFO] [stdout]   |                                            ^^^^
[INFO] [stdout] 
[INFO] [stdout] 
[INFO] [stdout] warning: unused import: `self`
[INFO] [stdout]  --> src/models/agents/agent_sentiment.rs:8:44
[INFO] [stdout]   |
[INFO] [stdout] 8 | use crate::models::general::support_case::{self, SupportCase};
[INFO] [stdout]   |                                            ^^^^
[INFO] [stdout] 
[INFO] [stdout] 
[INFO] [stdout] warning: unused imports: `self`, `sleep`, `stdin`, and `stdout`
[INFO] [stdout]  --> src/models/agents/agent_backend.rs:2:10
[INFO] [stdout]   |
[INFO] [stdout] 2 |     io::{stdin, stdout},
[INFO] [stdout]   |          ^^^^^  ^^^^^^
[INFO] [stdout] 3 |     process::{Command, Stdio},
[INFO] [stdout] 4 |     thread::{self, sleep},
[INFO] [stdout]   |                    ^^^^^
[INFO] [stdout] 5 |     time::{self, Duration},
[INFO] [stdout]   |            ^^^^
[INFO] [stdout] 
[INFO] [stdout] 
[INFO] [stdout] warning: unused imports: `Color`, `ExecutableCommand`, `Print`, `ResetColor`, and `SetForegroundColor`
[INFO] [stdout]   --> src/models/agents/agent_backend.rs:10:13
[INFO] [stdout]    |
[INFO] [stdout] 10 |     style::{Color, Print, ResetColor, SetForegroundColor},
[INFO] [stdout]    |             ^^^^^  ^^^^^  ^^^^^^^^^^  ^^^^^^^^^^^^^^^^^^
[INFO] [stdout] 11 |     ExecutableCommand,
[INFO] [stdout]    |     ^^^^^^^^^^^^^^^^^
[INFO] [stdout] 
[INFO] [stdout] 
[INFO] [stdout] warning: unused import: `self`
[INFO] [stdout]   --> src/models/agents/agent_backend.rs:15:426
[INFO] [stdout]    |
[INFO] [stdout] 15 | ...t}, ai::chatgpt::Message, general::{route::Route, support_case::{self, SupportCase}}}};
[INFO] [stdout]    |                                                                     ^^^^
[INFO] [stdout] 
[INFO] [stdout] 
[INFO] [stdout] warning: unused import: `common_agent::CommonAgent`
[INFO] [stdout]  --> src/models/agents_coordinator/agent_coordinator.rs:5:5
[INFO] [stdout]   |
[INFO] [stdout] 5 |     common_agent::CommonAgent,
[INFO] [stdout]   |     ^^^^^^^^^^^^^^^^^^^^^^^^^
[INFO] [stdout] 
[INFO] [stdout] 
[INFO] [stdout] warning: unused variable: `e`
[INFO] [stdout]   --> src/models/agents/agent_escalation.rs:81:15
[INFO] [stdout]    |
[INFO] [stdout] 81 |           Err(e) => {
[INFO] [stdout]    |               ^ help: if this is intentional, prefix it with an underscore: `_e`
[INFO] [stdout]    |
[INFO] [stdout]    = note: `#[warn(unused_variables)]` on by default
[INFO] [stdout] 
[INFO] [stdout] 
[INFO] [stdout] warning: unused import: `CommonTrait`
[INFO] [stdout]  --> src/models/agents_coordinator/agent_coordinator.rs:6:41
[INFO] [stdout]   |
[INFO] [stdout] 6 |     common_traits::{AgentFunctionTrait, CommonTrait},
[INFO] [stdout]   |                                         ^^^^^^^^^^^
[INFO] [stdout] 
[INFO] [stdout] 
[INFO] [stdout] warning: function `extend_ai_function` is never used
[INFO] [stdout]   --> src/helpers/backend.rs:13:8
[INFO] [stdout]    |
[INFO] [stdout] 13 | pub fn extend_ai_function(ai_func: fn(&str) -> &'static str, func_input: &str) -> Message {
[INFO] [stdout]    |        ^^^^^^^^^^^^^^^^^^
[INFO] [stdout]    |
[INFO] [stdout]    = note: `#[warn(dead_code)]` on by default
[INFO] [stdout] 
[INFO] [stdout] 
[INFO] [stdout] warning: methods `get_state`, `get_role`, `get_objective`, and `get_memory` are never used
[INFO] [stdout]   --> src/models/agents_common/common_traits.rs:11:8
[INFO] [stdout]    |
[INFO] [stdout] 8  | pub trait CommonTrait {
[INFO] [stdout]    |           ----------- methods in this trait
[INFO] [stdout] ...
[INFO] [stdout] 11 |     fn get_state(&self) -> &AgentState;
[INFO] [stdout]    |        ^^^^^^^^^
[INFO] [stdout] 12 |     fn get_role(&self) -> &String;
[INFO] [stdout]    |        ^^^^^^^^
[INFO] [stdout] 13 |     fn get_objective(&self) -> &String;
[INFO] [stdout]    |        ^^^^^^^^^^^^^
[INFO] [stdout] 14 |     fn get_memory(&self) -> &Vec<Message>;
[INFO] [stdout]    |        ^^^^^^^^^^
[INFO] [stdout] 
[INFO] [stdout] 
[INFO] [stdout] warning: method `get_common_from_agent` is never used
[INFO] [stdout]   --> src/models/agents_common/common_traits.rs:23:8
[INFO] [stdout]    |
[INFO] [stdout] 18 | pub trait AgentFunctionTrait: Debug {
[INFO] [stdout]    |           ------------------ method in this trait
[INFO] [stdout] ...
[INFO] [stdout] 23 |     fn get_common_from_agent(&self) -> &CommonAgent;
[INFO] [stdout]    |        ^^^^^^^^^^^^^^^^^^^^^
[INFO] [stdout] 
[INFO] [stdout] 
[INFO] [stdout] warning: fields `case_id` and `created_at` are never read
[INFO] [stdout]   --> src/models/general/support_case.rs:8:9
[INFO] [stdout]    |
[INFO] [stdout] 7  | pub struct SupportCase {
[INFO] [stdout]    |            ----------- fields in this struct
[INFO] [stdout] 8  |     pub case_id: Uuid,
[INFO] [stdout]    |         ^^^^^^^
[INFO] [stdout] ...
[INFO] [stdout] 16 |     pub created_at: DateTime<Local>,
[INFO] [stdout]    |         ^^^^^^^^^^
[INFO] [stdout]    |
[INFO] [stdout]    = note: `SupportCase` has derived impls for the traits `Clone` and `Debug`, but these are intentionally ignored during dead code analysis
[INFO] [stdout] 
[INFO] [stdout] 
[INFO] [stdout] warning: unused `Result` that must be used
[INFO] [stdout]   --> src/helpers/command_line.rs:28:9
[INFO] [stdout]    |
[INFO] [stdout] 28 |         stdout.execute(SetForegroundColor(Color::Blue));
[INFO] [stdout]    |         ^^^^^^^^^^^^^^^^^^^^^^^^^^^^^^^^^^^^^^^^^^^^^^^
[INFO] [stdout]    |
[INFO] [stdout]    = note: this `Result` may be an `Err` variant, which should be handled
[INFO] [stdout]    = note: `#[warn(unused_must_use)]` on by default
[INFO] [stdout] help: use `let _ = ...` to ignore the resulting value
[INFO] [stdout]    |
[INFO] [stdout] 28 |         let _ = stdout.execute(SetForegroundColor(Color::Blue));
[INFO] [stdout]    |         +++++++
[INFO] [stdout] 
[INFO] [stdout] 
[INFO] [stdout] warning: unused `Result` that must be used
[INFO] [stdout]   --> src/helpers/command_line.rs:30:9
[INFO] [stdout]    |
[INFO] [stdout] 30 |         stdout.execute(SetForegroundColor(color));
[INFO] [stdout]    |         ^^^^^^^^^^^^^^^^^^^^^^^^^^^^^^^^^^^^^^^^^
[INFO] [stdout]    |
[INFO] [stdout]    = note: this `Result` may be an `Err` variant, which should be handled
[INFO] [stdout] help: use `let _ = ...` to ignore the resulting value
[INFO] [stdout]    |
[INFO] [stdout] 30 |         let _ = stdout.execute(SetForegroundColor(color));
[INFO] [stdout]    |         +++++++
[INFO] [stdout] 
[INFO] [stdout] 
[INFO] [stdout] warning: unused borrow that must be used
[INFO] [stdout]    --> src/models/agents/agent_backend.rs:375:21
[INFO] [stdout]     |
[INFO] [stdout] 375 |                     &AgentState::Finished;
[INFO] [stdout]     |                     ^^^^^^^^^^^^^^^^^^^^^ the borrow produces a value
[INFO] [stdout]     |
[INFO] [stdout] help: use `let _ = ...` to ignore the resulting value
[INFO] [stdout]     |
[INFO] [stdout] 375 |                     let _ = &AgentState::Finished;
[INFO] [stdout]     |                     +++++++
[INFO] [stdout] 
[INFO] [stdout] 
[INFO] [stderr]     Finished `dev` profile [unoptimized + debuginfo] target(s) in 37.90s
[INFO] running `Command { std: "docker" "inspect" "cf0d5e11491cb9a5dc2bf9d0779e75b7e2a7f831430c77c16c63ff5f313a3954", kill_on_drop: false }`
[INFO] running `Command { std: "docker" "rm" "-f" "cf0d5e11491cb9a5dc2bf9d0779e75b7e2a7f831430c77c16c63ff5f313a3954", kill_on_drop: false }`
[INFO] [stdout] cf0d5e11491cb9a5dc2bf9d0779e75b7e2a7f831430c77c16c63ff5f313a3954
[INFO] running `Command { std: "docker" "create" "-v" "/var/lib/crater-agent-workspace/builds/worker-0-tc2/target:/opt/rustwide/target:rw,Z" "-v" "/var/lib/crater-agent-workspace/builds/worker-0-tc2/source:/opt/rustwide/workdir:ro,Z" "-v" "/var/lib/crater-agent-workspace/cargo-home:/opt/rustwide/cargo-home:ro,Z" "-v" "/var/lib/crater-agent-workspace/rustup-home:/opt/rustwide/rustup-home:ro,Z" "-e" "SOURCE_DIR=/opt/rustwide/workdir" "-e" "CARGO_TARGET_DIR=/opt/rustwide/target" "-e" "CARGO_INCREMENTAL=0" "-e" "RUST_BACKTRACE=full" "-e" "RUSTFLAGS=--cap-lints=forbid -Zrandomize-layout" "-e" "RUSTDOCFLAGS=--cap-lints=forbid" "-e" "CARGO_HOME=/opt/rustwide/cargo-home" "-e" "RUSTUP_HOME=/opt/rustwide/rustup-home" "-w" "/opt/rustwide/workdir" "-m" "1610612736" "--user" "0:0" "--network" "none" "ghcr.io/rust-lang/crates-build-env/linux@sha256:819108c5571ea2e421544af4d832f968d213c87fbe3707a016657f43d2f853bc" "/opt/rustwide/cargo-home/bin/cargo" "+nightly-2025-01-18" "test" "--frozen" "--no-run" "--message-format=json", kill_on_drop: false }`
[INFO] [stdout] 40752d0a054fa159bd985e9d0dc53c8523d050cf2caa58d8749f87b421390020
[INFO] running `Command { std: "docker" "start" "-a" "40752d0a054fa159bd985e9d0dc53c8523d050cf2caa58d8749f87b421390020", kill_on_drop: false }`
[INFO] [stderr]    Compiling customer-support-assistant-rust v0.1.0 (/opt/rustwide/workdir)
[INFO] [stdout] warning: unused import: `Command`
[INFO] [stdout]  --> src/helpers/command_line.rs:2:17
[INFO] [stdout]   |
[INFO] [stdout] 2 | use crossterm::{Command, ExecutableCommand};
[INFO] [stdout]   |                 ^^^^^^^
[INFO] [stdout]   |
[INFO] [stdout]   = note: `#[warn(unused_imports)]` on by default
[INFO] [stdout] 
[INFO] [stdout] 
[INFO] [stdout] warning: unused import: `SupportCase`
[INFO] [stdout]  --> src/helpers/request.rs:7:34
[INFO] [stdout]   |
[INFO] [stdout] 7 |         general::support_case::{ SupportCase},
[INFO] [stdout]   |                                  ^^^^^^^^^^^
[INFO] [stdout] 
[INFO] [stdout] 
[INFO] [stdout] warning: unused import: `serde::de::DeserializeOwned`
[INFO] [stdout]  --> src/helpers/backend.rs:4:5
[INFO] [stdout]   |
[INFO] [stdout] 4 | use serde::de::DeserializeOwned;
[INFO] [stdout]   |     ^^^^^^^^^^^^^^^^^^^^^^^^^^^
[INFO] [stdout] 
[INFO] [stdout] 
[INFO] [stdout] warning: unused import: `self`
[INFO] [stdout]  --> src/models/agents/agent_query.rs:8:44
[INFO] [stdout]   |
[INFO] [stdout] 8 | use crate::models::general::support_case::{self, SupportCase};
[INFO] [stdout]   |                                            ^^^^
[INFO] [stdout] 
[INFO] [stdout] 
[INFO] [stdout] warning: unused import: `self`
[INFO] [stdout]  --> src/models/agents/agent_sentiment.rs:8:44
[INFO] [stdout]   |
[INFO] [stdout] 8 | use crate::models::general::support_case::{self, SupportCase};
[INFO] [stdout]   |                                            ^^^^
[INFO] [stdout] 
[INFO] [stdout] 
[INFO] [stdout] warning: unused import: `super::*`
[INFO] [stdout]   --> src/models/agents/agent_sentiment.rs:98:9
[INFO] [stdout]    |
[INFO] [stdout] 98 |     use super::*;
[INFO] [stdout]    |         ^^^^^^^^
[INFO] [stdout] 
[INFO] [stdout] 
[INFO] [stdout] warning: unused imports: `self`, `sleep`, `stdin`, and `stdout`
[INFO] [stdout]  --> src/models/agents/agent_backend.rs:2:10
[INFO] [stdout]   |
[INFO] [stdout] 2 |     io::{stdin, stdout},
[INFO] [stdout]   |          ^^^^^  ^^^^^^
[INFO] [stdout] 3 |     process::{Command, Stdio},
[INFO] [stdout] 4 |     thread::{self, sleep},
[INFO] [stdout]   |                    ^^^^^
[INFO] [stdout] 5 |     time::{self, Duration},
[INFO] [stdout]   |            ^^^^
[INFO] [stdout] 
[INFO] [stdout] 
[INFO] [stdout] warning: unused imports: `Color`, `ExecutableCommand`, `Print`, `ResetColor`, and `SetForegroundColor`
[INFO] [stdout]   --> src/models/agents/agent_backend.rs:10:13
[INFO] [stdout]    |
[INFO] [stdout] 10 |     style::{Color, Print, ResetColor, SetForegroundColor},
[INFO] [stdout]    |             ^^^^^  ^^^^^  ^^^^^^^^^^  ^^^^^^^^^^^^^^^^^^
[INFO] [stdout] 11 |     ExecutableCommand,
[INFO] [stdout]    |     ^^^^^^^^^^^^^^^^^
[INFO] [stdout] 
[INFO] [stdout] 
[INFO] [stdout] warning: unused import: `self`
[INFO] [stdout]   --> src/models/agents/agent_backend.rs:15:426
[INFO] [stdout]    |
[INFO] [stdout] 15 | ...t}, ai::chatgpt::Message, general::{route::Route, support_case::{self, SupportCase}}}};
[INFO] [stdout]    |                                                                     ^^^^
[INFO] [stdout] 
[INFO] [stdout] 
[INFO] [stdout] warning: unused import: `common_agent::CommonAgent`
[INFO] [stdout]  --> src/models/agents_coordinator/agent_coordinator.rs:5:5
[INFO] [stdout]   |
[INFO] [stdout] 5 |     common_agent::CommonAgent,
[INFO] [stdout]   |     ^^^^^^^^^^^^^^^^^^^^^^^^^
[INFO] [stdout] 
[INFO] [stdout] 
[INFO] [stdout] warning: unused variable: `e`
[INFO] [stdout]   --> src/models/agents/agent_escalation.rs:81:15
[INFO] [stdout]    |
[INFO] [stdout] 81 |           Err(e) => {
[INFO] [stdout]    |               ^ help: if this is intentional, prefix it with an underscore: `_e`
[INFO] [stdout]    |
[INFO] [stdout]    = note: `#[warn(unused_variables)]` on by default
[INFO] [stdout] 
[INFO] [stdout] 
[INFO] [stdout] warning: unused import: `CommonTrait`
[INFO] [stdout]  --> src/models/agents_coordinator/agent_coordinator.rs:6:41
[INFO] [stdout]   |
[INFO] [stdout] 6 |     common_traits::{AgentFunctionTrait, CommonTrait},
[INFO] [stdout]   |                                         ^^^^^^^^^^^
[INFO] [stdout] 
[INFO] [stdout] 
[INFO] [stdout] warning: function `extend_ai_function` is never used
[INFO] [stdout]   --> src/helpers/backend.rs:13:8
[INFO] [stdout]    |
[INFO] [stdout] 13 | pub fn extend_ai_function(ai_func: fn(&str) -> &'static str, func_input: &str) -> Message {
[INFO] [stdout]    |        ^^^^^^^^^^^^^^^^^^
[INFO] [stdout]    |
[INFO] [stdout]    = note: `#[warn(dead_code)]` on by default
[INFO] [stdout] 
[INFO] [stdout] 
[INFO] [stdout] warning: methods `get_state`, `get_role`, `get_objective`, and `get_memory` are never used
[INFO] [stdout]   --> src/models/agents_common/common_traits.rs:11:8
[INFO] [stdout]    |
[INFO] [stdout] 8  | pub trait CommonTrait {
[INFO] [stdout]    |           ----------- methods in this trait
[INFO] [stdout] ...
[INFO] [stdout] 11 |     fn get_state(&self) -> &AgentState;
[INFO] [stdout]    |        ^^^^^^^^^
[INFO] [stdout] 12 |     fn get_role(&self) -> &String;
[INFO] [stdout]    |        ^^^^^^^^
[INFO] [stdout] 13 |     fn get_objective(&self) -> &String;
[INFO] [stdout]    |        ^^^^^^^^^^^^^
[INFO] [stdout] 14 |     fn get_memory(&self) -> &Vec<Message>;
[INFO] [stdout]    |        ^^^^^^^^^^
[INFO] [stdout] 
[INFO] [stdout] 
[INFO] [stdout] warning: method `get_common_from_agent` is never used
[INFO] [stdout]   --> src/models/agents_common/common_traits.rs:23:8
[INFO] [stdout]    |
[INFO] [stdout] 18 | pub trait AgentFunctionTrait: Debug {
[INFO] [stdout]    |           ------------------ method in this trait
[INFO] [stdout] ...
[INFO] [stdout] 23 |     fn get_common_from_agent(&self) -> &CommonAgent;
[INFO] [stdout]    |        ^^^^^^^^^^^^^^^^^^^^^
[INFO] [stdout] 
[INFO] [stdout] 
[INFO] [stdout] warning: fields `case_id` and `created_at` are never read
[INFO] [stdout]   --> src/models/general/support_case.rs:8:9
[INFO] [stdout]    |
[INFO] [stdout] 7  | pub struct SupportCase {
[INFO] [stdout]    |            ----------- fields in this struct
[INFO] [stdout] 8  |     pub case_id: Uuid,
[INFO] [stdout]    |         ^^^^^^^
[INFO] [stdout] ...
[INFO] [stdout] 16 |     pub created_at: DateTime<Local>,
[INFO] [stdout]    |         ^^^^^^^^^^
[INFO] [stdout]    |
[INFO] [stdout]    = note: `SupportCase` has derived impls for the traits `Clone` and `Debug`, but these are intentionally ignored during dead code analysis
[INFO] [stdout] 
[INFO] [stdout] 
[INFO] [stdout] warning: unused `Result` that must be used
[INFO] [stdout]   --> src/helpers/command_line.rs:28:9
[INFO] [stdout]    |
[INFO] [stdout] 28 |         stdout.execute(SetForegroundColor(Color::Blue));
[INFO] [stdout]    |         ^^^^^^^^^^^^^^^^^^^^^^^^^^^^^^^^^^^^^^^^^^^^^^^
[INFO] [stdout]    |
[INFO] [stdout]    = note: this `Result` may be an `Err` variant, which should be handled
[INFO] [stdout]    = note: `#[warn(unused_must_use)]` on by default
[INFO] [stdout] help: use `let _ = ...` to ignore the resulting value
[INFO] [stdout]    |
[INFO] [stdout] 28 |         let _ = stdout.execute(SetForegroundColor(Color::Blue));
[INFO] [stdout]    |         +++++++
[INFO] [stdout] 
[INFO] [stdout] 
[INFO] [stdout] warning: unused `Result` that must be used
[INFO] [stdout]   --> src/helpers/command_line.rs:30:9
[INFO] [stdout]    |
[INFO] [stdout] 30 |         stdout.execute(SetForegroundColor(color));
[INFO] [stdout]    |         ^^^^^^^^^^^^^^^^^^^^^^^^^^^^^^^^^^^^^^^^^
[INFO] [stdout]    |
[INFO] [stdout]    = note: this `Result` may be an `Err` variant, which should be handled
[INFO] [stdout] help: use `let _ = ...` to ignore the resulting value
[INFO] [stdout]    |
[INFO] [stdout] 30 |         let _ = stdout.execute(SetForegroundColor(color));
[INFO] [stdout]    |         +++++++
[INFO] [stdout] 
[INFO] [stdout] 
[INFO] [stdout] warning: unused borrow that must be used
[INFO] [stdout]    --> src/models/agents/agent_backend.rs:375:21
[INFO] [stdout]     |
[INFO] [stdout] 375 |                     &AgentState::Finished;
[INFO] [stdout]     |                     ^^^^^^^^^^^^^^^^^^^^^ the borrow produces a value
[INFO] [stdout]     |
[INFO] [stdout] help: use `let _ = ...` to ignore the resulting value
[INFO] [stdout]     |
[INFO] [stdout] 375 |                     let _ = &AgentState::Finished;
[INFO] [stdout]     |                     +++++++
[INFO] [stdout] 
[INFO] [stdout] 
[INFO] [stderr]     Finished `test` profile [unoptimized + debuginfo] target(s) in 1.37s
[INFO] running `Command { std: "docker" "inspect" "40752d0a054fa159bd985e9d0dc53c8523d050cf2caa58d8749f87b421390020", kill_on_drop: false }`
[INFO] running `Command { std: "docker" "rm" "-f" "40752d0a054fa159bd985e9d0dc53c8523d050cf2caa58d8749f87b421390020", kill_on_drop: false }`
[INFO] [stdout] 40752d0a054fa159bd985e9d0dc53c8523d050cf2caa58d8749f87b421390020
[INFO] running `Command { std: "docker" "create" "-v" "/var/lib/crater-agent-workspace/builds/worker-0-tc2/target:/opt/rustwide/target:rw,Z" "-v" "/var/lib/crater-agent-workspace/builds/worker-0-tc2/source:/opt/rustwide/workdir:ro,Z" "-v" "/var/lib/crater-agent-workspace/cargo-home:/opt/rustwide/cargo-home:ro,Z" "-v" "/var/lib/crater-agent-workspace/rustup-home:/opt/rustwide/rustup-home:ro,Z" "-e" "SOURCE_DIR=/opt/rustwide/workdir" "-e" "CARGO_TARGET_DIR=/opt/rustwide/target" "-e" "CARGO_INCREMENTAL=0" "-e" "RUST_BACKTRACE=full" "-e" "RUSTFLAGS=--cap-lints=forbid -Zrandomize-layout" "-e" "RUSTDOCFLAGS=--cap-lints=forbid" "-e" "CARGO_HOME=/opt/rustwide/cargo-home" "-e" "RUSTUP_HOME=/opt/rustwide/rustup-home" "-w" "/opt/rustwide/workdir" "-m" "1610612736" "--user" "0:0" "--network" "none" "ghcr.io/rust-lang/crates-build-env/linux@sha256:819108c5571ea2e421544af4d832f968d213c87fbe3707a016657f43d2f853bc" "/opt/rustwide/cargo-home/bin/cargo" "+nightly-2025-01-18" "test" "--frozen", kill_on_drop: false }`
[INFO] [stdout] a78885c34012380dd586965e9549f0da26c3bf40f9056169dc85a157aceff3f2
[INFO] running `Command { std: "docker" "start" "-a" "a78885c34012380dd586965e9549f0da26c3bf40f9056169dc85a157aceff3f2", kill_on_drop: false }`
[INFO] [stderr] warning: unused import: `Command`
[INFO] [stderr]  --> src/helpers/command_line.rs:2:17
[INFO] [stderr]   |
[INFO] [stderr] 2 | use crossterm::{Command, ExecutableCommand};
[INFO] [stderr]   |                 ^^^^^^^
[INFO] [stderr]   |
[INFO] [stderr]   = note: `#[warn(unused_imports)]` on by default
[INFO] [stderr] 
[INFO] [stderr] warning: unused import: `SupportCase`
[INFO] [stderr]  --> src/helpers/request.rs:7:34
[INFO] [stderr]   |
[INFO] [stderr] 7 |         general::support_case::{ SupportCase},
[INFO] [stderr]   |                                  ^^^^^^^^^^^
[INFO] [stderr] 
[INFO] [stderr] warning: unused import: `serde::de::DeserializeOwned`
[INFO] [stderr]  --> src/helpers/backend.rs:4:5
[INFO] [stderr]   |
[INFO] [stderr] 4 | use serde::de::DeserializeOwned;
[INFO] [stderr]   |     ^^^^^^^^^^^^^^^^^^^^^^^^^^^
[INFO] [stderr] 
[INFO] [stderr] warning: unused import: `self`
[INFO] [stderr]  --> src/models/agents/agent_query.rs:8:44
[INFO] [stderr]   |
[INFO] [stderr] 8 | use crate::models::general::support_case::{self, SupportCase};
[INFO] [stderr]   |                                            ^^^^
[INFO] [stderr] 
[INFO] [stderr] warning: unused import: `self`
[INFO] [stderr]  --> src/models/agents/agent_sentiment.rs:8:44
[INFO] [stderr]   |
[INFO] [stderr] 8 | use crate::models::general::support_case::{self, SupportCase};
[INFO] [stderr]   |                                            ^^^^
[INFO] [stderr] 
[INFO] [stderr] warning: unused import: `super::*`
[INFO] [stderr]   --> src/models/agents/agent_sentiment.rs:98:9
[INFO] [stderr]    |
[INFO] [stderr] 98 |     use super::*;
[INFO] [stderr]    |         ^^^^^^^^
[INFO] [stderr] 
[INFO] [stderr] warning: unused imports: `self`, `sleep`, `stdin`, and `stdout`
[INFO] [stderr]  --> src/models/agents/agent_backend.rs:2:10
[INFO] [stderr]   |
[INFO] [stderr] 2 |     io::{stdin, stdout},
[INFO] [stderr]   |          ^^^^^  ^^^^^^
[INFO] [stderr] 3 |     process::{Command, Stdio},
[INFO] [stderr] 4 |     thread::{self, sleep},
[INFO] [stderr]   |                    ^^^^^
[INFO] [stderr] 5 |     time::{self, Duration},
[INFO] [stderr]   |            ^^^^
[INFO] [stderr] 
[INFO] [stderr] warning: unused imports: `Color`, `ExecutableCommand`, `Print`, `ResetColor`, and `SetForegroundColor`
[INFO] [stderr]   --> src/models/agents/agent_backend.rs:10:13
[INFO] [stderr]    |
[INFO] [stderr] 10 |     style::{Color, Print, ResetColor, SetForegroundColor},
[INFO] [stderr]    |             ^^^^^  ^^^^^  ^^^^^^^^^^  ^^^^^^^^^^^^^^^^^^
[INFO] [stderr] 11 |     ExecutableCommand,
[INFO] [stderr]    |     ^^^^^^^^^^^^^^^^^
[INFO] [stderr] 
[INFO] [stderr] warning: unused import: `self`
[INFO] [stderr]   --> src/models/agents/agent_backend.rs:15:426
[INFO] [stderr]    |
[INFO] [stderr] 15 | ...t}, ai::chatgpt::Message, general::{route::Route, support_case::{self, SupportCase}}}};
[INFO] [stderr]    |                                                                     ^^^^
[INFO] [stderr] 
[INFO] [stderr] warning: unused import: `common_agent::CommonAgent`
[INFO] [stderr]  --> src/models/agents_coordinator/agent_coordinator.rs:5:5
[INFO] [stderr]   |
[INFO] [stderr] 5 |     common_agent::CommonAgent,
[INFO] [stderr]   |     ^^^^^^^^^^^^^^^^^^^^^^^^^
[INFO] [stderr] 
[INFO] [stderr] warning: unused variable: `e`
[INFO] [stderr]   --> src/models/agents/agent_escalation.rs:81:15
[INFO] [stderr]    |
[INFO] [stderr] 81 |           Err(e) => {
[INFO] [stderr]    |               ^ help: if this is intentional, prefix it with an underscore: `_e`
[INFO] [stderr]    |
[INFO] [stderr]    = note: `#[warn(unused_variables)]` on by default
[INFO] [stderr] 
[INFO] [stderr] warning: unused import: `CommonTrait`
[INFO] [stderr]  --> src/models/agents_coordinator/agent_coordinator.rs:6:41
[INFO] [stderr]   |
[INFO] [stderr] 6 |     common_traits::{AgentFunctionTrait, CommonTrait},
[INFO] [stderr]   |                                         ^^^^^^^^^^^
[INFO] [stderr] 
[INFO] [stderr] warning: function `extend_ai_function` is never used
[INFO] [stderr]   --> src/helpers/backend.rs:13:8
[INFO] [stderr]    |
[INFO] [stderr] 13 | pub fn extend_ai_function(ai_func: fn(&str) -> &'static str, func_input: &str) -> Message {
[INFO] [stderr]    |        ^^^^^^^^^^^^^^^^^^
[INFO] [stderr]    |
[INFO] [stderr]    = note: `#[warn(dead_code)]` on by default
[INFO] [stderr] 
[INFO] [stderr] warning: methods `get_state`, `get_role`, `get_objective`, and `get_memory` are never used
[INFO] [stderr]   --> src/models/agents_common/common_traits.rs:11:8
[INFO] [stderr]    |
[INFO] [stderr] 8  | pub trait CommonTrait {
[INFO] [stderr]    |           ----------- methods in this trait
[INFO] [stderr] ...
[INFO] [stderr] 11 |     fn get_state(&self) -> &AgentState;
[INFO] [stderr]    |        ^^^^^^^^^
[INFO] [stderr] 12 |     fn get_role(&self) -> &String;
[INFO] [stderr]    |        ^^^^^^^^
[INFO] [stderr] 13 |     fn get_objective(&self) -> &String;
[INFO] [stderr]    |        ^^^^^^^^^^^^^
[INFO] [stderr] 14 |     fn get_memory(&self) -> &Vec<Message>;
[INFO] [stderr]    |        ^^^^^^^^^^
[INFO] [stderr] 
[INFO] [stderr] warning: method `get_common_from_agent` is never used
[INFO] [stderr]   --> src/models/agents_common/common_traits.rs:23:8
[INFO] [stderr]    |
[INFO] [stderr] 18 | pub trait AgentFunctionTrait: Debug {
[INFO] [stderr]    |           ------------------ method in this trait
[INFO] [stderr] ...
[INFO] [stderr] 23 |     fn get_common_from_agent(&self) -> &CommonAgent;
[INFO] [stderr]    |        ^^^^^^^^^^^^^^^^^^^^^
[INFO] [stderr] 
[INFO] [stderr] warning: fields `case_id` and `created_at` are never read
[INFO] [stderr]   --> src/models/general/support_case.rs:8:9
[INFO] [stderr]    |
[INFO] [stderr] 7  | pub struct SupportCase {
[INFO] [stderr]    |            ----------- fields in this struct
[INFO] [stderr] 8  |     pub case_id: Uuid,
[INFO] [stderr]    |         ^^^^^^^
[INFO] [stderr] ...
[INFO] [stderr] 16 |     pub created_at: DateTime<Local>,
[INFO] [stderr]    |         ^^^^^^^^^^
[INFO] [stderr]    |
[INFO] [stderr]    = note: `SupportCase` has derived impls for the traits `Clone` and `Debug`, but these are intentionally ignored during dead code analysis
[INFO] [stderr] 
[INFO] [stderr] warning: unused `Result` that must be used
[INFO] [stderr]   --> src/helpers/command_line.rs:28:9
[INFO] [stderr]    |
[INFO] [stderr] 28 |         stdout.execute(SetForegroundColor(Color::Blue));
[INFO] [stderr]    |         ^^^^^^^^^^^^^^^^^^^^^^^^^^^^^^^^^^^^^^^^^^^^^^^
[INFO] [stderr]    |
[INFO] [stderr]    = note: this `Result` may be an `Err` variant, which should be handled
[INFO] [stderr]    = note: `#[warn(unused_must_use)]` on by default
[INFO] [stderr] help: use `let _ = ...` to ignore the resulting value
[INFO] [stderr]    |
[INFO] [stderr] 28 |         let _ = stdout.execute(SetForegroundColor(Color::Blue));
[INFO] [stderr]    |         +++++++
[INFO] [stderr] 
[INFO] [stderr] warning: unused `Result` that must be used
[INFO] [stderr]   --> src/helpers/command_line.rs:30:9
[INFO] [stderr]    |
[INFO] [stderr] 30 |         stdout.execute(SetForegroundColor(color));
[INFO] [stderr]    |         ^^^^^^^^^^^^^^^^^^^^^^^^^^^^^^^^^^^^^^^^^
[INFO] [stderr]    |
[INFO] [stderr]    = note: this `Result` may be an `Err` variant, which should be handled
[INFO] [stderr] help: use `let _ = ...` to ignore the resulting value
[INFO] [stderr]    |
[INFO] [stderr] 30 |         let _ = stdout.execute(SetForegroundColor(color));
[INFO] [stderr]    |         +++++++
[INFO] [stderr] 
[INFO] [stderr] warning: unused borrow that must be used
[INFO] [stderr]    --> src/models/agents/agent_backend.rs:375:21
[INFO] [stderr]     |
[INFO] [stderr] 375 |                     &AgentState::Finished;
[INFO] [stderr]     |                     ^^^^^^^^^^^^^^^^^^^^^ the borrow produces a value
[INFO] [stderr]     |
[INFO] [stderr] help: use `let _ = ...` to ignore the resulting value
[INFO] [stderr]     |
[INFO] [stderr] 375 |                     let _ = &AgentState::Finished;
[INFO] [stderr]     |                     +++++++
[INFO] [stderr] 
[INFO] [stderr] warning: `customer-support-assistant-rust` (bin "customer-support-assistant-rust" test) generated 19 warnings (run `cargo fix --bin "customer-support-assistant-rust" --tests` to apply 10 suggestions)
[INFO] [stderr]     Finished `test` profile [unoptimized + debuginfo] target(s) in 0.15s
[INFO] [stderr]      Running unittests src/main.rs (/opt/rustwide/target/debug/deps/customer_support_assistant_rust-a7a3be920fe3cc81)
[INFO] [stdout] 
[INFO] [stdout] running 3 tests
[INFO] [stdout] test models::agents::agent_sentiment::tests::tests_sentiment_agent ... ok
[INFO] [stdout] [38;5;12m[38;5;14m[0mtest api::gpt_request::tests::test_call_gpt ... FAILED
[INFO] [stdout] test models::agents::agent_query::tests::tests_query_agent ... FAILED
[INFO] [stdout] 
[INFO] [stdout] failures:
[INFO] [stdout] 
[INFO] [stdout] ---- api::gpt_request::tests::test_call_gpt stdout ----
[INFO] [stdout] 
[INFO] [stdout] thread 'api::gpt_request::tests::test_call_gpt' panicked at src/api/gpt_request.rs:13:47:
[INFO] [stdout] AZURE_OPEN_AI_ENDPOINT missing from .env: EnvVar(NotPresent)
[INFO] [stdout] stack backtrace:
[INFO] [stdout]    0:     0x58f4b7edcf0a - std::backtrace_rs::backtrace::libunwind::trace::hb059275cfc8d6126
[INFO] [stdout]                                at /rustc/6067b36314ab5eb2eb47cecc464545ba58e1ad24/library/std/src/../../backtrace/src/backtrace/libunwind.rs:116:5
[INFO] [stdout]    1:     0x58f4b7edcf0a - std::backtrace_rs::backtrace::trace_unsynchronized::h2da071e4327ce3ee
[INFO] [stdout]                                at /rustc/6067b36314ab5eb2eb47cecc464545ba58e1ad24/library/std/src/../../backtrace/src/backtrace/mod.rs:66:5
[INFO] [stdout]    2:     0x58f4b7edcf0a - std::sys::backtrace::_print_fmt::h842a1474e6f8d23f
[INFO] [stdout]                                at /rustc/6067b36314ab5eb2eb47cecc464545ba58e1ad24/library/std/src/sys/backtrace.rs:66:9
[INFO] [stdout]    3:     0x58f4b7edcf0a - <std::sys::backtrace::BacktraceLock::print::DisplayBacktrace as core::fmt::Display>::fmt::h71a62eb3b9696b12
[INFO] [stdout]                                at /rustc/6067b36314ab5eb2eb47cecc464545ba58e1ad24/library/std/src/sys/backtrace.rs:39:26
[INFO] [stdout]    4:     0x58f4b7f07f23 - core::fmt::rt::Argument::fmt::hdb6b616786b41dc1
[INFO] [stdout]                                at /rustc/6067b36314ab5eb2eb47cecc464545ba58e1ad24/library/core/src/fmt/rt.rs:177:76
[INFO] [stdout]    5:     0x58f4b7f07f23 - core::fmt::write::h2cc1698af7e2d686
[INFO] [stdout]                                at /rustc/6067b36314ab5eb2eb47cecc464545ba58e1ad24/library/core/src/fmt/mod.rs:1440:21
[INFO] [stdout]    6:     0x58f4b7ed8c43 - std::io::Write::write_fmt::hab1b4cd059a79022
[INFO] [stdout]                                at /rustc/6067b36314ab5eb2eb47cecc464545ba58e1ad24/library/std/src/io/mod.rs:1887:15
[INFO] [stdout]    7:     0x58f4b7edcd52 - std::sys::backtrace::BacktraceLock::print::h147fe35b4ea13b08
[INFO] [stdout]                                at /rustc/6067b36314ab5eb2eb47cecc464545ba58e1ad24/library/std/src/sys/backtrace.rs:42:9
[INFO] [stdout]    8:     0x58f4b7ede32f - std::panicking::default_hook::{{closure}}::hbd44223dbdc0d208
[INFO] [stdout]                                at /rustc/6067b36314ab5eb2eb47cecc464545ba58e1ad24/library/std/src/panicking.rs:298:22
[INFO] [stdout]    9:     0x58f4b7ede148 - std::panicking::default_hook::h20f81eb0576efcec
[INFO] [stdout]                                at /rustc/6067b36314ab5eb2eb47cecc464545ba58e1ad24/library/std/src/panicking.rs:322:9
[INFO] [stdout]   10:     0x58f4b7aeb8a3 - <alloc::boxed::Box<F,A> as core::ops::function::Fn<Args>>::call::hdb53814c496a4d34
[INFO] [stdout]                                at /rustc/6067b36314ab5eb2eb47cecc464545ba58e1ad24/library/alloc/src/boxed.rs:2027:9
[INFO] [stdout]   11:     0x58f4b7aeb8a3 - test::test_main::{{closure}}::hc0a4963c59427c24
[INFO] [stdout]                                at /rustc/6067b36314ab5eb2eb47cecc464545ba58e1ad24/library/test/src/lib.rs:134:21
[INFO] [stdout]   12:     0x58f4b7edee23 - <alloc::boxed::Box<F,A> as core::ops::function::Fn<Args>>::call::h591b2225413a77e9
[INFO] [stdout]                                at /rustc/6067b36314ab5eb2eb47cecc464545ba58e1ad24/library/alloc/src/boxed.rs:2027:9
[INFO] [stdout]   13:     0x58f4b7edee23 - std::panicking::rust_panic_with_hook::h625eea43051b2edc
[INFO] [stdout]                                at /rustc/6067b36314ab5eb2eb47cecc464545ba58e1ad24/library/std/src/panicking.rs:839:13
[INFO] [stdout]   14:     0x58f4b7edeada - std::panicking::begin_panic_handler::{{closure}}::h4f9159cfbc3f6bd3
[INFO] [stdout]                                at /rustc/6067b36314ab5eb2eb47cecc464545ba58e1ad24/library/std/src/panicking.rs:704:13
[INFO] [stdout]   15:     0x58f4b7edd409 - std::sys::backtrace::__rust_end_short_backtrace::h0390abce48353151
[INFO] [stdout]                                at /rustc/6067b36314ab5eb2eb47cecc464545ba58e1ad24/library/std/src/sys/backtrace.rs:168:18
[INFO] [stdout]   16:     0x58f4b7ede76d - rust_begin_unwind
[INFO] [stdout]                                at /rustc/6067b36314ab5eb2eb47cecc464545ba58e1ad24/library/std/src/panicking.rs:695:5
[INFO] [stdout]   17:     0x58f4b7f06440 - core::panicking::panic_fmt::h9e7c637e9e5f29c9
[INFO] [stdout]                                at /rustc/6067b36314ab5eb2eb47cecc464545ba58e1ad24/library/core/src/panicking.rs:75:14
[INFO] [stdout]   18:     0x58f4b7f06916 - core::result::unwrap_failed::h7979f09313fe1849
[INFO] [stdout]                                at /rustc/6067b36314ab5eb2eb47cecc464545ba58e1ad24/library/core/src/result.rs:1704:5
[INFO] [stdout]   19:     0x58f4b7aadffd - core::result::Result<T,E>::expect::h31639d01ced6854d
[INFO] [stdout]                                at /rustc/6067b36314ab5eb2eb47cecc464545ba58e1ad24/library/core/src/result.rs:1061:23
[INFO] [stdout]   20:     0x58f4b7a9fb96 - customer_support_assistant_rust::api::gpt_request::call_gpt::{{closure}}::hb3d6849b9f9f9703
[INFO] [stdout]                                at /opt/rustwide/workdir/src/api/gpt_request.rs:13:9
[INFO] [stdout]   21:     0x58f4b7aa2285 - customer_support_assistant_rust::api::gpt_request::tests::test_call_gpt::{{closure}}::hf6f6da08e3665c92
[INFO] [stdout]                                at /opt/rustwide/workdir/src/api/gpt_request.rs:68:41
[INFO] [stdout]   22:     0x58f4b7a98432 - <core::pin::Pin<P> as core::future::future::Future>::poll::h707fcafb002535ea
[INFO] [stdout]                                at /rustc/6067b36314ab5eb2eb47cecc464545ba58e1ad24/library/core/src/future/future.rs:124:9
[INFO] [stdout]   23:     0x58f4b7a9846d - <core::pin::Pin<P> as core::future::future::Future>::poll::h8795f78da5aaa805
[INFO] [stdout]                                at /rustc/6067b36314ab5eb2eb47cecc464545ba58e1ad24/library/core/src/future/future.rs:124:9
[INFO] [stdout]   24:     0x58f4b7a9ef2f - tokio::runtime::scheduler::current_thread::CoreGuard::block_on::{{closure}}::{{closure}}::{{closure}}::ha735b3a75c374ec2
[INFO] [stdout]                                at /opt/rustwide/cargo-home/registry/src/index.crates.io-1949cf8c6b5b557f/tokio-1.38.0/src/runtime/scheduler/current_thread/mod.rs:659:57
[INFO] [stdout]   25:     0x58f4b7a9ee75 - tokio::runtime::coop::with_budget::h1b1593403eedb1f1
[INFO] [stdout]                                at /opt/rustwide/cargo-home/registry/src/index.crates.io-1949cf8c6b5b557f/tokio-1.38.0/src/runtime/coop.rs:107:5
[INFO] [stdout]   26:     0x58f4b7a9ee75 - tokio::runtime::coop::budget::ha3786d2296e85c1c
[INFO] [stdout]                                at /opt/rustwide/cargo-home/registry/src/index.crates.io-1949cf8c6b5b557f/tokio-1.38.0/src/runtime/coop.rs:73:5
[INFO] [stdout]   27:     0x58f4b7a9ee75 - tokio::runtime::scheduler::current_thread::CoreGuard::block_on::{{closure}}::{{closure}}::ha4fbf3ef0234a55c
[INFO] [stdout]                                at /opt/rustwide/cargo-home/registry/src/index.crates.io-1949cf8c6b5b557f/tokio-1.38.0/src/runtime/scheduler/current_thread/mod.rs:659:25
[INFO] [stdout]   28:     0x58f4b7a9d920 - tokio::runtime::scheduler::current_thread::Context::enter::h255e6bbd2348f760
[INFO] [stdout]                                at /opt/rustwide/cargo-home/registry/src/index.crates.io-1949cf8c6b5b557f/tokio-1.38.0/src/runtime/scheduler/current_thread/mod.rs:404:19
[INFO] [stdout]   29:     0x58f4b7a9e6de - tokio::runtime::scheduler::current_thread::CoreGuard::block_on::{{closure}}::hd0c7c3c2e8c416d7
[INFO] [stdout]                                at /opt/rustwide/cargo-home/registry/src/index.crates.io-1949cf8c6b5b557f/tokio-1.38.0/src/runtime/scheduler/current_thread/mod.rs:658:36
[INFO] [stdout]   30:     0x58f4b7a9e444 - tokio::runtime::scheduler::current_thread::CoreGuard::enter::{{closure}}::h578081a0ac5bcd71
[INFO] [stdout]                                at /opt/rustwide/cargo-home/registry/src/index.crates.io-1949cf8c6b5b557f/tokio-1.38.0/src/runtime/scheduler/current_thread/mod.rs:737:68
[INFO] [stdout]   31:     0x58f4b7a976ab - tokio::runtime::context::scoped::Scoped<T>::set::h65e92dbb4d61ea94
[INFO] [stdout]                                at /opt/rustwide/cargo-home/registry/src/index.crates.io-1949cf8c6b5b557f/tokio-1.38.0/src/runtime/context/scoped.rs:40:9
[INFO] [stdout]   32:     0x58f4b7aafef9 - tokio::runtime::context::set_scheduler::{{closure}}::h76f321fcd7feadcf
[INFO] [stdout]                                at /opt/rustwide/cargo-home/registry/src/index.crates.io-1949cf8c6b5b557f/tokio-1.38.0/src/runtime/context.rs:180:26
[INFO] [stdout]   33:     0x58f4b7a9c562 - std::thread::local::LocalKey<T>::try_with::h9a81a960ac2aa189
[INFO] [stdout]                                at /rustc/6067b36314ab5eb2eb47cecc464545ba58e1ad24/library/std/src/thread/local.rs:308:12
[INFO] [stdout]   34:     0x58f4b7a9bf5a - std::thread::local::LocalKey<T>::with::h35b2ce1c0214a68f
[INFO] [stdout]                                at /rustc/6067b36314ab5eb2eb47cecc464545ba58e1ad24/library/std/src/thread/local.rs:272:9
[INFO] [stdout]   35:     0x58f4b7aafead - tokio::runtime::context::set_scheduler::hb29b7b1c11a7064a
[INFO] [stdout]                                at /opt/rustwide/cargo-home/registry/src/index.crates.io-1949cf8c6b5b557f/tokio-1.38.0/src/runtime/context.rs:180:9
[INFO] [stdout]   36:     0x58f4b7a9e1f8 - tokio::runtime::scheduler::current_thread::CoreGuard::enter::h87576c58cab51892
[INFO] [stdout]                                at /opt/rustwide/cargo-home/registry/src/index.crates.io-1949cf8c6b5b557f/tokio-1.38.0/src/runtime/scheduler/current_thread/mod.rs:737:27
[INFO] [stdout]   37:     0x58f4b7a9e463 - tokio::runtime::scheduler::current_thread::CoreGuard::block_on::hec436a3918de3e54
[INFO] [stdout]                                at /opt/rustwide/cargo-home/registry/src/index.crates.io-1949cf8c6b5b557f/tokio-1.38.0/src/runtime/scheduler/current_thread/mod.rs:646:19
[INFO] [stdout]   38:     0x58f4b7a9d45d - tokio::runtime::scheduler::current_thread::CurrentThread::block_on::{{closure}}::h8228d6908ead0fa4
[INFO] [stdout]                                at /opt/rustwide/cargo-home/registry/src/index.crates.io-1949cf8c6b5b557f/tokio-1.38.0/src/runtime/scheduler/current_thread/mod.rs:175:28
[INFO] [stdout]   39:     0x58f4b7a979f6 - tokio::runtime::context::runtime::enter_runtime::had221a735738e7e0
[INFO] [stdout]                                at /opt/rustwide/cargo-home/registry/src/index.crates.io-1949cf8c6b5b557f/tokio-1.38.0/src/runtime/context/runtime.rs:65:16
[INFO] [stdout]   40:     0x58f4b7a9d371 - tokio::runtime::scheduler::current_thread::CurrentThread::block_on::he38249cd308094d8
[INFO] [stdout]                                at /opt/rustwide/cargo-home/registry/src/index.crates.io-1949cf8c6b5b557f/tokio-1.38.0/src/runtime/scheduler/current_thread/mod.rs:167:9
[INFO] [stdout]   41:     0x58f4b7ab009d - tokio::runtime::runtime::Runtime::block_on::hf43b2255cf23d0d9
[INFO] [stdout]                                at /opt/rustwide/cargo-home/registry/src/index.crates.io-1949cf8c6b5b557f/tokio-1.38.0/src/runtime/runtime.rs:347:47
[INFO] [stdout]   42:     0x58f4b7aa1fa1 - customer_support_assistant_rust::api::gpt_request::tests::test_call_gpt::h9131c4915f7a2174
[INFO] [stdout]                                at /opt/rustwide/workdir/src/api/gpt_request.rs:69:9
[INFO] [stdout]   43:     0x58f4b7aa1e47 - customer_support_assistant_rust::api::gpt_request::tests::test_call_gpt::{{closure}}::hd2b6546ffb2c9924
[INFO] [stdout]                                at /opt/rustwide/workdir/src/api/gpt_request.rs:62:29
[INFO] [stdout]   44:     0x58f4b7a8f806 - core::ops::function::FnOnce::call_once::h1828d5281375be14
[INFO] [stdout]                                at /rustc/6067b36314ab5eb2eb47cecc464545ba58e1ad24/library/core/src/ops/function.rs:250:5
[INFO] [stdout]   45:     0x58f4b7af0ffb - core::ops::function::FnOnce::call_once::he27718dfdd183f43
[INFO] [stdout]                                at /rustc/6067b36314ab5eb2eb47cecc464545ba58e1ad24/library/core/src/ops/function.rs:250:5
[INFO] [stdout]   46:     0x58f4b7af0ffb - test::__rust_begin_short_backtrace::h4e84902998457a5d
[INFO] [stdout]                                at /rustc/6067b36314ab5eb2eb47cecc464545ba58e1ad24/library/test/src/lib.rs:632:18
[INFO] [stdout]   47:     0x58f4b7aeff33 - test::run_test_in_process::{{closure}}::h7176fd18fc1feca0
[INFO] [stdout]                                at /rustc/6067b36314ab5eb2eb47cecc464545ba58e1ad24/library/test/src/lib.rs:655:60
[INFO] [stdout]   48:     0x58f4b7aeff33 - <core::panic::unwind_safe::AssertUnwindSafe<F> as core::ops::function::FnOnce<()>>::call_once::hf79cff2a624d8cf7
[INFO] [stdout]                                at /rustc/6067b36314ab5eb2eb47cecc464545ba58e1ad24/library/core/src/panic/unwind_safe.rs:272:9
[INFO] [stdout]   49:     0x58f4b7aeff33 - std::panicking::try::do_call::h3da0561d9ab99c25
[INFO] [stdout]                                at /rustc/6067b36314ab5eb2eb47cecc464545ba58e1ad24/library/std/src/panicking.rs:587:40
[INFO] [stdout]   50:     0x58f4b7aeff33 - std::panicking::try::h41c9fa508bc61df6
[INFO] [stdout]                                at /rustc/6067b36314ab5eb2eb47cecc464545ba58e1ad24/library/std/src/panicking.rs:550:19
[INFO] [stdout]   51:     0x58f4b7aeff33 - std::panic::catch_unwind::h6b3ff07bb5afad93
[INFO] [stdout]                                at /rustc/6067b36314ab5eb2eb47cecc464545ba58e1ad24/library/std/src/panic.rs:358:14
[INFO] [stdout]   52:     0x58f4b7aeff33 - test::run_test_in_process::hc7253dd11b39b9f4
[INFO] [stdout]                                at /rustc/6067b36314ab5eb2eb47cecc464545ba58e1ad24/library/test/src/lib.rs:655:27
[INFO] [stdout]   53:     0x58f4b7aeff33 - test::run_test::{{closure}}::hfb2007f8649c30bb
[INFO] [stdout]                                at /rustc/6067b36314ab5eb2eb47cecc464545ba58e1ad24/library/test/src/lib.rs:576:43
[INFO] [stdout]   54:     0x58f4b7ab3015 - test::run_test::{{closure}}::h56a17aa7a282a9f4
[INFO] [stdout]                                at /rustc/6067b36314ab5eb2eb47cecc464545ba58e1ad24/library/test/src/lib.rs:606:41
[INFO] [stdout]   55:     0x58f4b7ab3015 - std::sys::backtrace::__rust_begin_short_backtrace::hd2d2d2fb8e8c6aac
[INFO] [stdout]                                at /rustc/6067b36314ab5eb2eb47cecc464545ba58e1ad24/library/std/src/sys/backtrace.rs:152:18
[INFO] [stdout]   56:     0x58f4b7ab68fa - std::thread::Builder::spawn_unchecked_::{{closure}}::{{closure}}::h4faa3f9db6133423
[INFO] [stdout]                                at /rustc/6067b36314ab5eb2eb47cecc464545ba58e1ad24/library/std/src/thread/mod.rs:559:17
[INFO] [stdout]   57:     0x58f4b7ab68fa - <core::panic::unwind_safe::AssertUnwindSafe<F> as core::ops::function::FnOnce<()>>::call_once::hf2e855a36a4ea846
[INFO] [stdout]                                at /rustc/6067b36314ab5eb2eb47cecc464545ba58e1ad24/library/core/src/panic/unwind_safe.rs:272:9
[INFO] [stdout]   58:     0x58f4b7ab68fa - std::panicking::try::do_call::h2f73af3616c35465
[INFO] [stdout]                                at /rustc/6067b36314ab5eb2eb47cecc464545ba58e1ad24/library/std/src/panicking.rs:587:40
[INFO] [stdout]   59:     0x58f4b7ab68fa - std::panicking::try::hd1660ce9efadef5a
[INFO] [stdout]                                at /rustc/6067b36314ab5eb2eb47cecc464545ba58e1ad24/library/std/src/panicking.rs:550:19
[INFO] [stdout]   60:     0x58f4b7ab68fa - std::panic::catch_unwind::h5ee8d7823b8ca744
[INFO] [stdout]                                at /rustc/6067b36314ab5eb2eb47cecc464545ba58e1ad24/library/std/src/panic.rs:358:14
[INFO] [stdout]   61:     0x58f4b7ab68fa - std::thread::Builder::spawn_unchecked_::{{closure}}::h53c3a1894dce8407
[INFO] [stdout]                                at /rustc/6067b36314ab5eb2eb47cecc464545ba58e1ad24/library/std/src/thread/mod.rs:557:30
[INFO] [stdout]   62:     0x58f4b7ab68fa - core::ops::function::FnOnce::call_once{{vtable.shim}}::h048ce291ad4f62bf
[INFO] [stdout]                                at /rustc/6067b36314ab5eb2eb47cecc464545ba58e1ad24/library/core/src/ops/function.rs:250:5
[INFO] [stdout]   63:     0x58f4b7ee359b - <alloc::boxed::Box<F,A> as core::ops::function::FnOnce<Args>>::call_once::ha52bedf99a3b4981
[INFO] [stdout]                                at /rustc/6067b36314ab5eb2eb47cecc464545ba58e1ad24/library/alloc/src/boxed.rs:2013:9
[INFO] [stdout]   64:     0x58f4b7ee359b - <alloc::boxed::Box<F,A> as core::ops::function::FnOnce<Args>>::call_once::h567748934d80ccf8
[INFO] [stdout]                                at /rustc/6067b36314ab5eb2eb47cecc464545ba58e1ad24/library/alloc/src/boxed.rs:2013:9
[INFO] [stdout]   65:     0x58f4b7ee359b - std::sys::pal::unix::thread::Thread::new::thread_start::h2d970728ae887adc
[INFO] [stdout]                                at /rustc/6067b36314ab5eb2eb47cecc464545ba58e1ad24/library/std/src/sys/pal/unix/thread.rs:106:17
[INFO] [stdout]   66:     0x728b891a1ac3 - <unknown>
[INFO] [stdout]   67:     0x728b89232a04 - clone
[INFO] [stdout]   68:                0x0 - <unknown>
[INFO] [stdout] 
[INFO] [stdout] ---- models::agents::agent_query::tests::tests_query_agent stdout ----
[INFO] [stdout] |Customer Support|INFO: Handling initial query: I don't like this room you gave me.
[INFO] [stdout] 
[INFO] [stdout] thread 'models::agents::agent_query::tests::tests_query_agent' panicked at src/api/gpt_request.rs:13:47:
[INFO] [stdout] AZURE_OPEN_AI_ENDPOINT missing from .env: EnvVar(NotPresent)
[INFO] [stdout] stack backtrace:
[INFO] [stdout]    0:     0x58f4b7edcf0a - std::backtrace_rs::backtrace::libunwind::trace::hb059275cfc8d6126
[INFO] [stdout]                                at /rustc/6067b36314ab5eb2eb47cecc464545ba58e1ad24/library/std/src/../../backtrace/src/backtrace/libunwind.rs:116:5
[INFO] [stdout]    1:     0x58f4b7edcf0a - std::backtrace_rs::backtrace::trace_unsynchronized::h2da071e4327ce3ee
[INFO] [stdout]                                at /rustc/6067b36314ab5eb2eb47cecc464545ba58e1ad24/library/std/src/../../backtrace/src/backtrace/mod.rs:66:5
[INFO] [stdout]    2:     0x58f4b7edcf0a - std::sys::backtrace::_print_fmt::h842a1474e6f8d23f
[INFO] [stdout]                                at /rustc/6067b36314ab5eb2eb47cecc464545ba58e1ad24/library/std/src/sys/backtrace.rs:66:9
[INFO] [stdout]    3:     0x58f4b7edcf0a - <std::sys::backtrace::BacktraceLock::print::DisplayBacktrace as core::fmt::Display>::fmt::h71a62eb3b9696b12
[INFO] [stdout]                                at /rustc/6067b36314ab5eb2eb47cecc464545ba58e1ad24/library/std/src/sys/backtrace.rs:39:26
[INFO] [stdout]    4:     0x58f4b7f07f23 - core::fmt::rt::Argument::fmt::hdb6b616786b41dc1
[INFO] [stdout]                                at /rustc/6067b36314ab5eb2eb47cecc464545ba58e1ad24/library/core/src/fmt/rt.rs:177:76
[INFO] [stdout]    5:     0x58f4b7f07f23 - core::fmt::write::h2cc1698af7e2d686
[INFO] [stdout]                                at /rustc/6067b36314ab5eb2eb47cecc464545ba58e1ad24/library/core/src/fmt/mod.rs:1440:21
[INFO] [stdout]    6:     0x58f4b7ed8c43 - std::io::Write::write_fmt::hab1b4cd059a79022
[INFO] [stdout]                                at /rustc/6067b36314ab5eb2eb47cecc464545ba58e1ad24/library/std/src/io/mod.rs:1887:15
[INFO] [stdout]    7:     0x58f4b7edcd52 - std::sys::backtrace::BacktraceLock::print::h147fe35b4ea13b08
[INFO] [stdout]                                at /rustc/6067b36314ab5eb2eb47cecc464545ba58e1ad24/library/std/src/sys/backtrace.rs:42:9
[INFO] [stdout]    8:     0x58f4b7ede32f - std::panicking::default_hook::{{closure}}::hbd44223dbdc0d208
[INFO] [stdout]                                at /rustc/6067b36314ab5eb2eb47cecc464545ba58e1ad24/library/std/src/panicking.rs:298:22
[INFO] [stdout]    9:     0x58f4b7ede148 - std::panicking::default_hook::h20f81eb0576efcec
[INFO] [stdout]                                at /rustc/6067b36314ab5eb2eb47cecc464545ba58e1ad24/library/std/src/panicking.rs:322:9
[INFO] [stdout]   10:     0x58f4b7aeb8a3 - <alloc::boxed::Box<F,A> as core::ops::function::Fn<Args>>::call::hdb53814c496a4d34
[INFO] [stdout]                                at /rustc/6067b36314ab5eb2eb47cecc464545ba58e1ad24/library/alloc/src/boxed.rs:2027:9
[INFO] [stdout]   11:     0x58f4b7aeb8a3 - test::test_main::{{closure}}::hc0a4963c59427c24
[INFO] [stdout]                                at /rustc/6067b36314ab5eb2eb47cecc464545ba58e1ad24/library/test/src/lib.rs:134:21
[INFO] [stdout]   12:     0x58f4b7edee23 - <alloc::boxed::Box<F,A> as core::ops::function::Fn<Args>>::call::h591b2225413a77e9
[INFO] [stdout]                                at /rustc/6067b36314ab5eb2eb47cecc464545ba58e1ad24/library/alloc/src/boxed.rs:2027:9
[INFO] [stdout]   13:     0x58f4b7edee23 - std::panicking::rust_panic_with_hook::h625eea43051b2edc
[INFO] [stdout]                                at /rustc/6067b36314ab5eb2eb47cecc464545ba58e1ad24/library/std/src/panicking.rs:839:13
[INFO] [stdout]   14:     0x58f4b7edeada - std::panicking::begin_panic_handler::{{closure}}::h4f9159cfbc3f6bd3
[INFO] [stdout]                                at /rustc/6067b36314ab5eb2eb47cecc464545ba58e1ad24/library/std/src/panicking.rs:704:13
[INFO] [stdout]   15:     0x58f4b7edd409 - std::sys::backtrace::__rust_end_short_backtrace::h0390abce48353151
[INFO] [stdout]                                at /rustc/6067b36314ab5eb2eb47cecc464545ba58e1ad24/library/std/src/sys/backtrace.rs:168:18
[INFO] [stdout]   16:     0x58f4b7ede76d - rust_begin_unwind
[INFO] [stdout]                                at /rustc/6067b36314ab5eb2eb47cecc464545ba58e1ad24/library/std/src/panicking.rs:695:5
[INFO] [stdout]   17:     0x58f4b7f06440 - core::panicking::panic_fmt::h9e7c637e9e5f29c9
[INFO] [stdout]                                at /rustc/6067b36314ab5eb2eb47cecc464545ba58e1ad24/library/core/src/panicking.rs:75:14
[INFO] [stdout]   18:     0x58f4b7f06916 - core::result::unwrap_failed::h7979f09313fe1849
[INFO] [stdout]                                at /rustc/6067b36314ab5eb2eb47cecc464545ba58e1ad24/library/core/src/result.rs:1704:5
[INFO] [stdout]   19:     0x58f4b7aadffd - core::result::Result<T,E>::expect::h31639d01ced6854d
[INFO] [stdout]                                at /rustc/6067b36314ab5eb2eb47cecc464545ba58e1ad24/library/core/src/result.rs:1061:23
[INFO] [stdout]   20:     0x58f4b7a9fb96 - customer_support_assistant_rust::api::gpt_request::call_gpt::{{closure}}::hb3d6849b9f9f9703
[INFO] [stdout]                                at /opt/rustwide/workdir/src/api/gpt_request.rs:13:9
[INFO] [stdout]   21:     0x58f4b7aa157c - customer_support_assistant_rust::helpers::request::ai_request::{{closure}}::h20cd0a26d8edd5f4
[INFO] [stdout]                                at /opt/rustwide/workdir/src/helpers/request.rs:30:95
[INFO] [stdout]   22:     0x58f4b7a99d0a - customer_support_assistant_rust::models::agents::agent_query::AgentCustomerQuery::handle_initial_query::{{closure}}::hcf865d7f19b17283
[INFO] [stdout]                                at /opt/rustwide/workdir/src/models/agents/agent_query.rs:33:77
[INFO] [stdout]   23:     0x58f4b7a9a5bb - <customer_support_assistant_rust::models::agents::agent_query::AgentCustomerQuery as customer_support_assistant_rust::models::agents_common::common_traits::AgentFunctionTrait>::execute::{{closure}}::h9f64352a29117690
[INFO] [stdout]                                at /opt/rustwide/workdir/src/models/agents/agent_query.rs:55:61
[INFO] [stdout]   24:     0x58f4b7a983ef - <core::pin::Pin<P> as core::future::future::Future>::poll::h2d1427492bb674de
[INFO] [stdout]                                at /rustc/6067b36314ab5eb2eb47cecc464545ba58e1ad24/library/core/src/future/future.rs:124:9
[INFO] [stdout]   25:     0x58f4b7a9b05f - customer_support_assistant_rust::models::agents::agent_query::tests::tests_query_agent::{{closure}}::he0fffc8c93dd94fd
[INFO] [stdout]                                at /opt/rustwide/workdir/src/models/agents/agent_query.rs:99:50
[INFO] [stdout]   26:     0x58f4b7a98432 - <core::pin::Pin<P> as core::future::future::Future>::poll::h707fcafb002535ea
[INFO] [stdout]                                at /rustc/6067b36314ab5eb2eb47cecc464545ba58e1ad24/library/core/src/future/future.rs:124:9
[INFO] [stdout]   27:     0x58f4b7a9846d - <core::pin::Pin<P> as core::future::future::Future>::poll::h8795f78da5aaa805
[INFO] [stdout]                                at /rustc/6067b36314ab5eb2eb47cecc464545ba58e1ad24/library/core/src/future/future.rs:124:9
[INFO] [stdout]   28:     0x58f4b7a9ef2f - tokio::runtime::scheduler::current_thread::CoreGuard::block_on::{{closure}}::{{closure}}::{{closure}}::ha735b3a75c374ec2
[INFO] [stdout]                                at /opt/rustwide/cargo-home/registry/src/index.crates.io-1949cf8c6b5b557f/tokio-1.38.0/src/runtime/scheduler/current_thread/mod.rs:659:57
[INFO] [stdout]   29:     0x58f4b7a9ee75 - tokio::runtime::coop::with_budget::h1b1593403eedb1f1
[INFO] [stdout]                                at /opt/rustwide/cargo-home/registry/src/index.crates.io-1949cf8c6b5b557f/tokio-1.38.0/src/runtime/coop.rs:107:5
[INFO] [stdout]   30:     0x58f4b7a9ee75 - tokio::runtime::coop::budget::ha3786d2296e85c1c
[INFO] [stdout]                                at /opt/rustwide/cargo-home/registry/src/index.crates.io-1949cf8c6b5b557f/tokio-1.38.0/src/runtime/coop.rs:73:5
[INFO] [stdout]   31:     0x58f4b7a9ee75 - tokio::runtime::scheduler::current_thread::CoreGuard::block_on::{{closure}}::{{closure}}::ha4fbf3ef0234a55c
[INFO] [stdout]                                at /opt/rustwide/cargo-home/registry/src/index.crates.io-1949cf8c6b5b557f/tokio-1.38.0/src/runtime/scheduler/current_thread/mod.rs:659:25
[INFO] [stdout]   32:     0x58f4b7a9d920 - tokio::runtime::scheduler::current_thread::Context::enter::h255e6bbd2348f760
[INFO] [stdout]                                at /opt/rustwide/cargo-home/registry/src/index.crates.io-1949cf8c6b5b557f/tokio-1.38.0/src/runtime/scheduler/current_thread/mod.rs:404:19
[INFO] [stdout]   33:     0x58f4b7a9e6de - tokio::runtime::scheduler::current_thread::CoreGuard::block_on::{{closure}}::hd0c7c3c2e8c416d7
[INFO] [stdout]                                at /opt/rustwide/cargo-home/registry/src/index.crates.io-1949cf8c6b5b557f/tokio-1.38.0/src/runtime/scheduler/current_thread/mod.rs:658:36
[INFO] [stdout]   34:     0x58f4b7a9e444 - tokio::runtime::scheduler::current_thread::CoreGuard::enter::{{closure}}::h578081a0ac5bcd71
[INFO] [stdout]                                at /opt/rustwide/cargo-home/registry/src/index.crates.io-1949cf8c6b5b557f/tokio-1.38.0/src/runtime/scheduler/current_thread/mod.rs:737:68
[INFO] [stdout]   35:     0x58f4b7a976ab - tokio::runtime::context::scoped::Scoped<T>::set::h65e92dbb4d61ea94
[INFO] [stdout]                                at /opt/rustwide/cargo-home/registry/src/index.crates.io-1949cf8c6b5b557f/tokio-1.38.0/src/runtime/context/scoped.rs:40:9
[INFO] [stdout]   36:     0x58f4b7aafef9 - tokio::runtime::context::set_scheduler::{{closure}}::h76f321fcd7feadcf
[INFO] [stdout]                                at /opt/rustwide/cargo-home/registry/src/index.crates.io-1949cf8c6b5b557f/tokio-1.38.0/src/runtime/context.rs:180:26
[INFO] [stdout]   37:     0x58f4b7a9c562 - std::thread::local::LocalKey<T>::try_with::h9a81a960ac2aa189
[INFO] [stdout]                                at /rustc/6067b36314ab5eb2eb47cecc464545ba58e1ad24/library/std/src/thread/local.rs:308:12
[INFO] [stdout]   38:     0x58f4b7a9bf5a - std::thread::local::LocalKey<T>::with::h35b2ce1c0214a68f
[INFO] [stdout]                                at /rustc/6067b36314ab5eb2eb47cecc464545ba58e1ad24/library/std/src/thread/local.rs:272:9
[INFO] [stdout]   39:     0x58f4b7aafead - tokio::runtime::context::set_scheduler::hb29b7b1c11a7064a
[INFO] [stdout]                                at /opt/rustwide/cargo-home/registry/src/index.crates.io-1949cf8c6b5b557f/tokio-1.38.0/src/runtime/context.rs:180:9
[INFO] [stdout]   40:     0x58f4b7a9e1f8 - tokio::runtime::scheduler::current_thread::CoreGuard::enter::h87576c58cab51892
[INFO] [stdout]                                at /opt/rustwide/cargo-home/registry/src/index.crates.io-1949cf8c6b5b557f/tokio-1.38.0/src/runtime/scheduler/current_thread/mod.rs:737:27
[INFO] [stdout]   41:     0x58f4b7a9e463 - tokio::runtime::scheduler::current_thread::CoreGuard::block_on::hec436a3918de3e54
[INFO] [stdout]                                at /opt/rustwide/cargo-home/registry/src/index.crates.io-1949cf8c6b5b557f/tokio-1.38.0/src/runtime/scheduler/current_thread/mod.rs:646:19
[INFO] [stdout]   42:     0x58f4b7a9d45d - tokio::runtime::scheduler::current_thread::CurrentThread::block_on::{{closure}}::h8228d6908ead0fa4
[INFO] [stdout]                                at /opt/rustwide/cargo-home/registry/src/index.crates.io-1949cf8c6b5b557f/tokio-1.38.0/src/runtime/scheduler/current_thread/mod.rs:175:28
[INFO] [stdout]   43:     0x58f4b7a979f6 - tokio::runtime::context::runtime::enter_runtime::had221a735738e7e0
[INFO] [stdout]                                at /opt/rustwide/cargo-home/registry/src/index.crates.io-1949cf8c6b5b557f/tokio-1.38.0/src/runtime/context/runtime.rs:65:16
[INFO] [stdout]   44:     0x58f4b7a9d371 - tokio::runtime::scheduler::current_thread::CurrentThread::block_on::he38249cd308094d8
[INFO] [stdout]                                at /opt/rustwide/cargo-home/registry/src/index.crates.io-1949cf8c6b5b557f/tokio-1.38.0/src/runtime/scheduler/current_thread/mod.rs:167:9
[INFO] [stdout]   45:     0x58f4b7ab009d - tokio::runtime::runtime::Runtime::block_on::hf43b2255cf23d0d9
[INFO] [stdout]                                at /opt/rustwide/cargo-home/registry/src/index.crates.io-1949cf8c6b5b557f/tokio-1.38.0/src/runtime/runtime.rs:347:47
[INFO] [stdout]   46:     0x58f4b7a9ad41 - customer_support_assistant_rust::models::agents::agent_query::tests::tests_query_agent::h3b1d1b0036ff2e85
[INFO] [stdout]                                at /opt/rustwide/workdir/src/models/agents/agent_query.rs:100:9
[INFO] [stdout]   47:     0x58f4b7a9abe7 - customer_support_assistant_rust::models::agents::agent_query::tests::tests_query_agent::{{closure}}::hefdc2f404ddc2841
[INFO] [stdout]                                at /opt/rustwide/workdir/src/models/agents/agent_query.rs:92:33
[INFO] [stdout]   48:     0x58f4b7a8f986 - core::ops::function::FnOnce::call_once::h8646ae8f9123e20e
[INFO] [stdout]                                at /rustc/6067b36314ab5eb2eb47cecc464545ba58e1ad24/library/core/src/ops/function.rs:250:5
[INFO] [stdout]   49:     0x58f4b7af0ffb - core::ops::function::FnOnce::call_once::he27718dfdd183f43
[INFO] [stdout]                                at /rustc/6067b36314ab5eb2eb47cecc464545ba58e1ad24/library/core/src/ops/function.rs:250:5
[INFO] [stdout]   50:     0x58f4b7af0ffb - test::__rust_begin_short_backtrace::h4e84902998457a5d
[INFO] [stdout]                                at /rustc/6067b36314ab5eb2eb47cecc464545ba58e1ad24/library/test/src/lib.rs:632:18
[INFO] [stdout]   51:     0x58f4b7aeff33 - test::run_test_in_process::{{closure}}::h7176fd18fc1feca0
[INFO] [stdout]                                at /rustc/6067b36314ab5eb2eb47cecc464545ba58e1ad24/library/test/src/lib.rs:655:60
[INFO] [stdout]   52:     0x58f4b7aeff33 - <core::panic::unwind_safe::AssertUnwindSafe<F> as core::ops::function::FnOnce<()>>::call_once::hf79cff2a624d8cf7
[INFO] [stdout]                                at /rustc/6067b36314ab5eb2eb47cecc464545ba58e1ad24/library/core/src/panic/unwind_safe.rs:272:9
[INFO] [stdout]   53:     0x58f4b7aeff33 - std::panicking::try::do_call::h3da0561d9ab99c25
[INFO] [stdout]                                at /rustc/6067b36314ab5eb2eb47cecc464545ba58e1ad24/library/std/src/panicking.rs:587:40
[INFO] [stdout]   54:     0x58f4b7aeff33 - std::panicking::try::h41c9fa508bc61df6
[INFO] [stdout]                                at /rustc/6067b36314ab5eb2eb47cecc464545ba58e1ad24/library/std/src/panicking.rs:550:19
[INFO] [stdout]   55:     0x58f4b7aeff33 - std::panic::catch_unwind::h6b3ff07bb5afad93
[INFO] [stdout]                                at /rustc/6067b36314ab5eb2eb47cecc464545ba58e1ad24/library/std/src/panic.rs:358:14
[INFO] [stdout]   56:     0x58f4b7aeff33 - test::run_test_in_process::hc7253dd11b39b9f4
[INFO] [stdout]                                at /rustc/6067b36314ab5eb2eb47cecc464545ba58e1ad24/library/test/src/lib.rs:655:27
[INFO] [stdout]   57:     0x58f4b7aeff33 - test::run_test::{{closure}}::hfb2007f8649c30bb
[INFO] [stdout]                                at /rustc/6067b36314ab5eb2eb47cecc464545ba58e1ad24/library/test/src/lib.rs:576:43
[INFO] [stdout]   58:     0x58f4b7ab3015 - test::run_test::{{closure}}::h56a17aa7a282a9f4
[INFO] [stdout]                                at /rustc/6067b36314ab5eb2eb47cecc464545ba58e1ad24/library/test/src/lib.rs:606:41
[INFO] [stdout]   59:     0x58f4b7ab3015 - std::sys::backtrace::__rust_begin_short_backtrace::hd2d2d2fb8e8c6aac
[INFO] [stdout]                                at /rustc/6067b36314ab5eb2eb47cecc464545ba58e1ad24/library/std/src/sys/backtrace.rs:152:18
[INFO] [stdout]   60:     0x58f4b7ab68fa - std::thread::Builder::spawn_unchecked_::{{closure}}::{{closure}}::h4faa3f9db6133423
[INFO] [stdout]                                at /rustc/6067b36314ab5eb2eb47cecc464545ba58e1ad24/library/std/src/thread/mod.rs:559:17
[INFO] [stdout]   61:     0x58f4b7ab68fa - <core::panic::unwind_safe::AssertUnwindSafe<F> as core::ops::function::FnOnce<()>>::call_once::hf2e855a36a4ea846
[INFO] [stdout]                                at /rustc/6067b36314ab5eb2eb47cecc464545ba58e1ad24/library/core/src/panic/unwind_safe.rs:272:9
[INFO] [stdout]   62:     0x58f4b7ab68fa - std::panicking::try::do_call::h2f73af3616c35465
[INFO] [stdout]                                at /rustc/6067b36314ab5eb2eb47cecc464545ba58e1ad24/library/std/src/panicking.rs:587:40
[INFO] [stdout]   63:     0x58f4b7ab68fa - std::panicking::try::hd1660ce9efadef5a
[INFO] [stdout]                                at /rustc/6067b36314ab5eb2eb47cecc464545ba58e1ad24/library/std/src/panicking.rs:550:19
[INFO] [stdout]   64:     0x58f4b7ab68fa - std::panic::catch_unwind::h5ee8d7823b8ca744
[INFO] [stdout]                                at /rustc/6067b36314ab5eb2eb47cecc464545ba58e1ad24/library/std/src/panic.rs:358:14
[INFO] [stdout]   65:     0x58f4b7ab68fa - std::thread::Builder::spawn_unchecked_::{{closure}}::h53c3a1894dce8407
[INFO] [stdout]                                at /rustc/6067b36314ab5eb2eb47cecc464545ba58e1ad24/library/std/src/thread/mod.rs:557:30
[INFO] [stdout]   66:     0x58f4b7ab68fa - core::ops::function::FnOnce::call_once{{vtable.shim}}::h048ce291ad4f62bf
[INFO] [stdout]                                at /rustc/6067b36314ab5eb2eb47cecc464545ba58e1ad24/library/core/src/ops/function.rs:250:5
[INFO] [stdout]   67:     0x58f4b7ee359b - <alloc::boxed::Box<F,A> as core::ops::function::FnOnce<Args>>::call_once::ha52bedf99a3b4981
[INFO] [stdout]                                at /rustc/6067b36314ab5eb2eb47cecc464545ba58e1ad24/library/alloc/src/boxed.rs:2013:9
[INFO] [stdout]   68:     0x58f4b7ee359b - <alloc::boxed::Box<F,A> as core::ops::function::FnOnce<Args>>::call_once::h567748934d80ccf8
[INFO] [stdout]                                at /rustc/6067b36314ab5eb2eb47cecc464545ba58e1ad24/library/alloc/src/boxed.rs:2013:9
[INFO] [stdout]   69:     0x58f4b7ee359b - std::sys::pal::unix::thread::Thread::new::thread_start::h2d970728ae887adc
[INFO] [stdout]                                at /rustc/6067b36314ab5eb2eb47cecc464545ba58e1ad24/library/std/src/sys/pal/unix/thread.rs:106:17
[INFO] [stdout]   70:     0x728b891a1ac3 - <unknown>
[INFO] [stdout]   71:     0x728b89232a04 - clone
[INFO] [stdout]   72:                0x0 - <unknown>
[INFO] [stdout] 
[INFO] [stdout] 
[INFO] [stdout] failures:
[INFO] [stdout]     api::gpt_request::tests::test_call_gpt
[INFO] [stdout]     models::agents::agent_query::tests::tests_query_agent
[INFO] [stdout] 
[INFO] [stdout] test result: FAILED. 1 passed; 2 failed; 0 ignored; 0 measured; 0 filtered out; finished in 0.04s
[INFO] [stdout] 
[INFO] [stderr] error: test failed, to rerun pass `--bin customer-support-assistant-rust`
[INFO] running `Command { std: "docker" "inspect" "a78885c34012380dd586965e9549f0da26c3bf40f9056169dc85a157aceff3f2", kill_on_drop: false }`
[INFO] running `Command { std: "docker" "rm" "-f" "a78885c34012380dd586965e9549f0da26c3bf40f9056169dc85a157aceff3f2", kill_on_drop: false }`
[INFO] [stdout] a78885c34012380dd586965e9549f0da26c3bf40f9056169dc85a157aceff3f2
