[INFO] cloning repository https://github.com/dmeklund/advent-of-code-2021-deklund
[INFO] running `Command { std: "git" "-c" "credential.helper=" "-c" "credential.helper=/workspace/cargo-home/bin/git-credential-null" "clone" "--bare" "https://github.com/dmeklund/advent-of-code-2021-deklund" "/workspace/cache/git-repos/https%3A%2F%2Fgithub.com%2Fdmeklund%2Fadvent-of-code-2021-deklund", kill_on_drop: false }`
[INFO] [stderr] Cloning into bare repository '/workspace/cache/git-repos/https%3A%2F%2Fgithub.com%2Fdmeklund%2Fadvent-of-code-2021-deklund'...
[INFO] running `Command { std: "git" "rev-parse" "HEAD", kill_on_drop: false }`
[INFO] [stdout] a26e0f9d7b03885508c283f6298740ce3ac7c2d6
[INFO] testing dmeklund/advent-of-code-2021-deklund against nightly-2025-01-18 for randomize-layout-2
[INFO] running `Command { std: "git" "clone" "/workspace/cache/git-repos/https%3A%2F%2Fgithub.com%2Fdmeklund%2Fadvent-of-code-2021-deklund" "/workspace/builds/worker-3-tc1/source", kill_on_drop: false }`
[INFO] [stderr] Cloning into '/workspace/builds/worker-3-tc1/source'...
[INFO] [stderr] done.
[INFO] validating manifest of git repo https://github.com/dmeklund/advent-of-code-2021-deklund on toolchain nightly-2025-01-18
[INFO] running `Command { std: CARGO_HOME="/workspace/cargo-home" RUSTUP_HOME="/workspace/rustup-home" "/workspace/cargo-home/bin/cargo" "+nightly-2025-01-18" "metadata" "--manifest-path" "Cargo.toml" "--no-deps", kill_on_drop: false }`
[INFO] started tweaking git repo https://github.com/dmeklund/advent-of-code-2021-deklund
[INFO] finished tweaking git repo https://github.com/dmeklund/advent-of-code-2021-deklund
[INFO] tweaked toml for git repo https://github.com/dmeklund/advent-of-code-2021-deklund written to /workspace/builds/worker-3-tc1/source/Cargo.toml
[INFO] crate git repo https://github.com/dmeklund/advent-of-code-2021-deklund already has a lockfile, it will not be regenerated
[INFO] running `Command { std: CARGO_HOME="/workspace/cargo-home" RUSTUP_HOME="/workspace/rustup-home" "/workspace/cargo-home/bin/cargo" "+nightly-2025-01-18" "fetch" "--manifest-path" "Cargo.toml", kill_on_drop: false }`
[INFO] [stderr]     Blocking waiting for file lock on package cache
[INFO] [stderr]     Blocking waiting for file lock on package cache
[INFO] running `Command { std: "docker" "create" "-v" "/var/lib/crater-agent-workspace/builds/worker-3-tc1/target:/opt/rustwide/target:rw,Z" "-v" "/var/lib/crater-agent-workspace/builds/worker-3-tc1/source:/opt/rustwide/workdir:ro,Z" "-v" "/var/lib/crater-agent-workspace/cargo-home:/opt/rustwide/cargo-home:ro,Z" "-v" "/var/lib/crater-agent-workspace/rustup-home:/opt/rustwide/rustup-home:ro,Z" "-e" "SOURCE_DIR=/opt/rustwide/workdir" "-e" "CARGO_TARGET_DIR=/opt/rustwide/target" "-e" "CARGO_HOME=/opt/rustwide/cargo-home" "-e" "RUSTUP_HOME=/opt/rustwide/rustup-home" "-w" "/opt/rustwide/workdir" "-m" "1610612736" "--user" "0:0" "--network" "none" "ghcr.io/rust-lang/crates-build-env/linux@sha256:819108c5571ea2e421544af4d832f968d213c87fbe3707a016657f43d2f853bc" "/opt/rustwide/cargo-home/bin/cargo" "+nightly-2025-01-18" "metadata" "--no-deps" "--format-version=1", kill_on_drop: false }`
[INFO] [stdout] 071b3c8c228aec5cfa1e33cdda62f02fda357edaba1d34edf1de779f345cbbae
[INFO] running `Command { std: "docker" "start" "-a" "071b3c8c228aec5cfa1e33cdda62f02fda357edaba1d34edf1de779f345cbbae", kill_on_drop: false }`
[INFO] running `Command { std: "docker" "inspect" "071b3c8c228aec5cfa1e33cdda62f02fda357edaba1d34edf1de779f345cbbae", kill_on_drop: false }`
[INFO] running `Command { std: "docker" "rm" "-f" "071b3c8c228aec5cfa1e33cdda62f02fda357edaba1d34edf1de779f345cbbae", kill_on_drop: false }`
[INFO] [stdout] 071b3c8c228aec5cfa1e33cdda62f02fda357edaba1d34edf1de779f345cbbae
[INFO] running `Command { std: "docker" "create" "-v" "/var/lib/crater-agent-workspace/builds/worker-3-tc1/target:/opt/rustwide/target:rw,Z" "-v" "/var/lib/crater-agent-workspace/builds/worker-3-tc1/source:/opt/rustwide/workdir:ro,Z" "-v" "/var/lib/crater-agent-workspace/cargo-home:/opt/rustwide/cargo-home:ro,Z" "-v" "/var/lib/crater-agent-workspace/rustup-home:/opt/rustwide/rustup-home:ro,Z" "-e" "SOURCE_DIR=/opt/rustwide/workdir" "-e" "CARGO_TARGET_DIR=/opt/rustwide/target" "-e" "CARGO_INCREMENTAL=0" "-e" "RUST_BACKTRACE=full" "-e" "RUSTFLAGS=--cap-lints=forbid" "-e" "RUSTDOCFLAGS=--cap-lints=forbid" "-e" "CARGO_HOME=/opt/rustwide/cargo-home" "-e" "RUSTUP_HOME=/opt/rustwide/rustup-home" "-w" "/opt/rustwide/workdir" "-m" "1610612736" "--user" "0:0" "--network" "none" "ghcr.io/rust-lang/crates-build-env/linux@sha256:819108c5571ea2e421544af4d832f968d213c87fbe3707a016657f43d2f853bc" "/opt/rustwide/cargo-home/bin/cargo" "+nightly-2025-01-18" "build" "--frozen" "--message-format=json", kill_on_drop: false }`
[INFO] [stdout] b3179069c5a706092a32a799e0dc0d21fd8e1b7561fe2d45534a42c5700c0cba
[INFO] running `Command { std: "docker" "start" "-a" "b3179069c5a706092a32a799e0dc0d21fd8e1b7561fe2d45534a42c5700c0cba", kill_on_drop: false }`
[INFO] [stderr]    Compiling autocfg v1.0.1
[INFO] [stderr]    Compiling rawpointer v0.2.1
[INFO] [stderr]    Compiling matrixmultiply v0.3.2
[INFO] [stderr]    Compiling num-traits v0.2.14
[INFO] [stderr]    Compiling num-integer v0.1.44
[INFO] [stderr]    Compiling num-complex v0.4.0
[INFO] [stderr]    Compiling ndarray v0.15.4
[INFO] [stderr]    Compiling advent-of-code-2021-deklund v0.1.0 (/opt/rustwide/workdir)
[INFO] [stdout] warning: unused variable: `digit`
[INFO] [stdout]   --> src/bin/day8.rs:80:14
[INFO] [stdout]    |
[INFO] [stdout] 80 |         for (digit, segments) in &digitmap {
[INFO] [stdout]    |              ^^^^^ help: if this is intentional, prefix it with an underscore: `_digit`
[INFO] [stdout]    |
[INFO] [stdout]    = note: `#[warn(unused_variables)]` on by default
[INFO] [stdout] 
[INFO] [stdout] 
[INFO] [stdout] warning: method `simulate_day` is never used
[INFO] [stdout]  --> src/bin/day6.rs:9:8
[INFO] [stdout]   |
[INFO] [stdout] 8 | impl LanternFish {
[INFO] [stdout]   | ---------------- method in this implementation
[INFO] [stdout] 9 |     fn simulate_day(&mut self) -> Option<LanternFish> {
[INFO] [stdout]   |        ^^^^^^^^^^^^
[INFO] [stdout]   |
[INFO] [stdout]   = note: `#[warn(dead_code)]` on by default
[INFO] [stdout] 
[INFO] [stdout] 
[INFO] [stdout] warning: methods `simulate_day` and `count` are never used
[INFO] [stdout]   --> src/bin/day6.rs:39:8
[INFO] [stdout]    |
[INFO] [stdout] 24 | impl LanternFishSet {
[INFO] [stdout]    | ------------------- methods in this implementation
[INFO] [stdout] ...
[INFO] [stdout] 39 |     fn simulate_day(&mut self) {
[INFO] [stdout]    |        ^^^^^^^^^^^^
[INFO] [stdout] ...
[INFO] [stdout] 50 |     fn count(&self) -> usize {
[INFO] [stdout]    |        ^^^^^
[INFO] [stdout] 
[INFO] [stdout] 
[INFO] [stdout] warning: unused import: `NdIndex`
[INFO] [stdout]  --> src/bin/day9.rs:5:23
[INFO] [stdout]   |
[INFO] [stdout] 5 | use ndarray::{Array2, NdIndex};
[INFO] [stdout]   |                       ^^^^^^^
[INFO] [stdout]   |
[INFO] [stdout]   = note: `#[warn(unused_imports)]` on by default
[INFO] [stdout] 
[INFO] [stdout] 
[INFO] [stdout] warning: unused variable: `mappings`
[INFO] [stdout]    --> src/bin/day8.rs:126:13
[INFO] [stdout]     |
[INFO] [stdout] 126 |         let mappings = find_mapping(&display);
[INFO] [stdout]     |             ^^^^^^^^ help: if this is intentional, prefix it with an underscore: `_mappings`
[INFO] [stdout] 
[INFO] [stdout] 
[INFO] [stdout] warning: unused variable: `ind`
[INFO] [stdout]   --> src/bin/day4.rs:19:13
[INFO] [stdout]    |
[INFO] [stdout] 19 |         for ind in 0..bingo.boards.len() {
[INFO] [stdout]    |             ^^^ help: if this is intentional, prefix it with an underscore: `_ind`
[INFO] [stdout]    |
[INFO] [stdout]    = note: `#[warn(unused_variables)]` on by default
[INFO] [stdout] 
[INFO] [stdout] 
[INFO] [stdout] warning: unused variable: `anum`
[INFO] [stdout]    --> src/bin/day9.rs:162:22
[INFO] [stdout]     |
[INFO] [stdout] 162 |     sizes.sort_by(|&(anum, asize), &(bnum, bsize)| asize.cmp(&bsize));
[INFO] [stdout]     |                      ^^^^ help: if this is intentional, prefix it with an underscore: `_anum`
[INFO] [stdout]     |
[INFO] [stdout]     = note: `#[warn(unused_variables)]` on by default
[INFO] [stdout] 
[INFO] [stdout] 
[INFO] [stdout] warning: unused variable: `bnum`
[INFO] [stdout]    --> src/bin/day9.rs:162:38
[INFO] [stdout]     |
[INFO] [stdout] 162 |     sizes.sort_by(|&(anum, asize), &(bnum, bsize)| asize.cmp(&bsize));
[INFO] [stdout]     |                                      ^^^^ help: if this is intentional, prefix it with an underscore: `_bnum`
[INFO] [stdout] 
[INFO] [stdout] 
[INFO] [stderr]     Finished `dev` profile [unoptimized + debuginfo] target(s) in 8.81s
[INFO] running `Command { std: "docker" "inspect" "b3179069c5a706092a32a799e0dc0d21fd8e1b7561fe2d45534a42c5700c0cba", kill_on_drop: false }`
[INFO] running `Command { std: "docker" "rm" "-f" "b3179069c5a706092a32a799e0dc0d21fd8e1b7561fe2d45534a42c5700c0cba", kill_on_drop: false }`
[INFO] [stdout] b3179069c5a706092a32a799e0dc0d21fd8e1b7561fe2d45534a42c5700c0cba
[INFO] running `Command { std: "docker" "create" "-v" "/var/lib/crater-agent-workspace/builds/worker-3-tc1/target:/opt/rustwide/target:rw,Z" "-v" "/var/lib/crater-agent-workspace/builds/worker-3-tc1/source:/opt/rustwide/workdir:ro,Z" "-v" "/var/lib/crater-agent-workspace/cargo-home:/opt/rustwide/cargo-home:ro,Z" "-v" "/var/lib/crater-agent-workspace/rustup-home:/opt/rustwide/rustup-home:ro,Z" "-e" "SOURCE_DIR=/opt/rustwide/workdir" "-e" "CARGO_TARGET_DIR=/opt/rustwide/target" "-e" "CARGO_INCREMENTAL=0" "-e" "RUST_BACKTRACE=full" "-e" "RUSTFLAGS=--cap-lints=forbid" "-e" "RUSTDOCFLAGS=--cap-lints=forbid" "-e" "CARGO_HOME=/opt/rustwide/cargo-home" "-e" "RUSTUP_HOME=/opt/rustwide/rustup-home" "-w" "/opt/rustwide/workdir" "-m" "1610612736" "--user" "0:0" "--network" "none" "ghcr.io/rust-lang/crates-build-env/linux@sha256:819108c5571ea2e421544af4d832f968d213c87fbe3707a016657f43d2f853bc" "/opt/rustwide/cargo-home/bin/cargo" "+nightly-2025-01-18" "test" "--frozen" "--no-run" "--message-format=json", kill_on_drop: false }`
[INFO] [stdout] 48802140667d6938170fc5c404dcace4921cd0a8323e31814aa4db2678ad3f36
[INFO] running `Command { std: "docker" "start" "-a" "48802140667d6938170fc5c404dcace4921cd0a8323e31814aa4db2678ad3f36", kill_on_drop: false }`
[INFO] [stderr]    Compiling advent-of-code-2021-deklund v0.1.0 (/opt/rustwide/workdir)
[INFO] [stdout] warning: unused import: `NdIndex`
[INFO] [stdout]  --> src/bin/day9.rs:5:23
[INFO] [stdout]   |
[INFO] [stdout] 5 | use ndarray::{Array2, NdIndex};
[INFO] [stdout]   |                       ^^^^^^^
[INFO] [stdout]   |
[INFO] [stdout]   = note: `#[warn(unused_imports)]` on by default
[INFO] [stdout] 
[INFO] [stdout] 
[INFO] [stdout] warning: method `simulate_day` is never used
[INFO] [stdout]  --> src/bin/day6.rs:9:8
[INFO] [stdout]   |
[INFO] [stdout] 8 | impl LanternFish {
[INFO] [stdout]   | ---------------- method in this implementation
[INFO] [stdout] 9 |     fn simulate_day(&mut self) -> Option<LanternFish> {
[INFO] [stdout]   |        ^^^^^^^^^^^^
[INFO] [stdout]   |
[INFO] [stdout]   = note: `#[warn(dead_code)]` on by default
[INFO] [stdout] 
[INFO] [stdout] 
[INFO] [stdout] warning: methods `simulate_day` and `count` are never used
[INFO] [stdout]   --> src/bin/day6.rs:39:8
[INFO] [stdout]    |
[INFO] [stdout] 24 | impl LanternFishSet {
[INFO] [stdout]    | ------------------- methods in this implementation
[INFO] [stdout] ...
[INFO] [stdout] 39 |     fn simulate_day(&mut self) {
[INFO] [stdout]    |        ^^^^^^^^^^^^
[INFO] [stdout] ...
[INFO] [stdout] 50 |     fn count(&self) -> usize {
[INFO] [stdout]    |        ^^^^^
[INFO] [stdout] 
[INFO] [stdout] 
[INFO] [stdout] warning: unused variable: `ind`
[INFO] [stdout]   --> src/bin/day4.rs:19:13
[INFO] [stdout]    |
[INFO] [stdout] 19 |         for ind in 0..bingo.boards.len() {
[INFO] [stdout]    |             ^^^ help: if this is intentional, prefix it with an underscore: `_ind`
[INFO] [stdout]    |
[INFO] [stdout]    = note: `#[warn(unused_variables)]` on by default
[INFO] [stdout] 
[INFO] [stdout] 
[INFO] [stdout] warning: unused variable: `anum`
[INFO] [stdout]    --> src/bin/day9.rs:162:22
[INFO] [stdout]     |
[INFO] [stdout] 162 |     sizes.sort_by(|&(anum, asize), &(bnum, bsize)| asize.cmp(&bsize));
[INFO] [stdout]     |                      ^^^^ help: if this is intentional, prefix it with an underscore: `_anum`
[INFO] [stdout]     |
[INFO] [stdout]     = note: `#[warn(unused_variables)]` on by default
[INFO] [stdout] 
[INFO] [stdout] 
[INFO] [stdout] warning: unused variable: `bnum`
[INFO] [stdout]    --> src/bin/day9.rs:162:38
[INFO] [stdout]     |
[INFO] [stdout] 162 |     sizes.sort_by(|&(anum, asize), &(bnum, bsize)| asize.cmp(&bsize));
[INFO] [stdout]     |                                      ^^^^ help: if this is intentional, prefix it with an underscore: `_bnum`
[INFO] [stdout] 
[INFO] [stdout] 
[INFO] [stdout] warning: unused variable: `digit`
[INFO] [stdout]   --> src/bin/day8.rs:80:14
[INFO] [stdout]    |
[INFO] [stdout] 80 |         for (digit, segments) in &digitmap {
[INFO] [stdout]    |              ^^^^^ help: if this is intentional, prefix it with an underscore: `_digit`
[INFO] [stdout]    |
[INFO] [stdout]    = note: `#[warn(unused_variables)]` on by default
[INFO] [stdout] 
[INFO] [stdout] 
[INFO] [stdout] warning: unused variable: `mappings`
[INFO] [stdout]    --> src/bin/day8.rs:126:13
[INFO] [stdout]     |
[INFO] [stdout] 126 |         let mappings = find_mapping(&display);
[INFO] [stdout]     |             ^^^^^^^^ help: if this is intentional, prefix it with an underscore: `_mappings`
[INFO] [stdout] 
[INFO] [stdout] 
[INFO] [stderr]     Finished `test` profile [unoptimized + debuginfo] target(s) in 1.12s
[INFO] running `Command { std: "docker" "inspect" "48802140667d6938170fc5c404dcace4921cd0a8323e31814aa4db2678ad3f36", kill_on_drop: false }`
[INFO] running `Command { std: "docker" "rm" "-f" "48802140667d6938170fc5c404dcace4921cd0a8323e31814aa4db2678ad3f36", kill_on_drop: false }`
[INFO] [stdout] 48802140667d6938170fc5c404dcace4921cd0a8323e31814aa4db2678ad3f36
[INFO] running `Command { std: "docker" "create" "-v" "/var/lib/crater-agent-workspace/builds/worker-3-tc1/target:/opt/rustwide/target:rw,Z" "-v" "/var/lib/crater-agent-workspace/builds/worker-3-tc1/source:/opt/rustwide/workdir:ro,Z" "-v" "/var/lib/crater-agent-workspace/cargo-home:/opt/rustwide/cargo-home:ro,Z" "-v" "/var/lib/crater-agent-workspace/rustup-home:/opt/rustwide/rustup-home:ro,Z" "-e" "SOURCE_DIR=/opt/rustwide/workdir" "-e" "CARGO_TARGET_DIR=/opt/rustwide/target" "-e" "CARGO_INCREMENTAL=0" "-e" "RUST_BACKTRACE=full" "-e" "RUSTFLAGS=--cap-lints=forbid" "-e" "RUSTDOCFLAGS=--cap-lints=forbid" "-e" "CARGO_HOME=/opt/rustwide/cargo-home" "-e" "RUSTUP_HOME=/opt/rustwide/rustup-home" "-w" "/opt/rustwide/workdir" "-m" "1610612736" "--user" "0:0" "--network" "none" "ghcr.io/rust-lang/crates-build-env/linux@sha256:819108c5571ea2e421544af4d832f968d213c87fbe3707a016657f43d2f853bc" "/opt/rustwide/cargo-home/bin/cargo" "+nightly-2025-01-18" "test" "--frozen", kill_on_drop: false }`
[INFO] [stdout] 08d2e594f5de6b5bf235ed7a4d2681d39e1a68136f9e1d54ccb89ee9c255f080
[INFO] running `Command { std: "docker" "start" "-a" "08d2e594f5de6b5bf235ed7a4d2681d39e1a68136f9e1d54ccb89ee9c255f080", kill_on_drop: false }`
[INFO] [stderr] warning: unused import: `NdIndex`
[INFO] [stderr]  --> src/bin/day9.rs:5:23
[INFO] [stderr]   |
[INFO] [stderr] 5 | use ndarray::{Array2, NdIndex};
[INFO] [stderr]   |                       ^^^^^^^
[INFO] [stderr]   |
[INFO] [stderr]   = note: `#[warn(unused_imports)]` on by default
[INFO] [stderr] 
[INFO] [stderr] warning: unused variable: `anum`
[INFO] [stderr]    --> src/bin/day9.rs:162:22
[INFO] [stderr]     |
[INFO] [stderr] 162 |     sizes.sort_by(|&(anum, asize), &(bnum, bsize)| asize.cmp(&bsize));
[INFO] [stderr]     |                      ^^^^ help: if this is intentional, prefix it with an underscore: `_anum`
[INFO] [stderr]     |
[INFO] [stderr]     = note: `#[warn(unused_variables)]` on by default
[INFO] [stderr] 
[INFO] [stderr] warning: unused variable: `bnum`
[INFO] [stderr]    --> src/bin/day9.rs:162:38
[INFO] [stderr]     |
[INFO] [stderr] 162 |     sizes.sort_by(|&(anum, asize), &(bnum, bsize)| asize.cmp(&bsize));
[INFO] [stderr]     |                                      ^^^^ help: if this is intentional, prefix it with an underscore: `_bnum`
[INFO] [stderr] 
[INFO] [stderr] warning: method `simulate_day` is never used
[INFO] [stderr]  --> src/bin/day6.rs:9:8
[INFO] [stderr]   |
[INFO] [stderr] 8 | impl LanternFish {
[INFO] [stderr]   | ---------------- method in this implementation
[INFO] [stderr] 9 |     fn simulate_day(&mut self) -> Option<LanternFish> {
[INFO] [stderr]   |        ^^^^^^^^^^^^
[INFO] [stderr]   |
[INFO] [stderr]   = note: `#[warn(dead_code)]` on by default
[INFO] [stderr] 
[INFO] [stderr] warning: methods `simulate_day` and `count` are never used
[INFO] [stderr]   --> src/bin/day6.rs:39:8
[INFO] [stderr]    |
[INFO] [stderr] 24 | impl LanternFishSet {
[INFO] [stderr]    | ------------------- methods in this implementation
[INFO] [stderr] ...
[INFO] [stderr] 39 |     fn simulate_day(&mut self) {
[INFO] [stderr]    |        ^^^^^^^^^^^^
[INFO] [stderr] ...
[INFO] [stderr] 50 |     fn count(&self) -> usize {
[INFO] [stderr]    |        ^^^^^
[INFO] [stderr] 
[INFO] [stderr] warning: unused variable: `digit`
[INFO] [stderr]   --> src/bin/day8.rs:80:14
[INFO] [stderr]    |
[INFO] [stderr] 80 |         for (digit, segments) in &digitmap {
[INFO] [stderr]    |              ^^^^^ help: if this is intentional, prefix it with an underscore: `_digit`
[INFO] [stderr]    |
[INFO] [stderr]    = note: `#[warn(unused_variables)]` on by default
[INFO] [stderr] 
[INFO] [stderr] warning: unused variable: `mappings`
[INFO] [stderr]    --> src/bin/day8.rs:126:13
[INFO] [stderr]     |
[INFO] [stderr] 126 |         let mappings = find_mapping(&display);
[INFO] [stderr]     |             ^^^^^^^^ help: if this is intentional, prefix it with an underscore: `_mappings`
[INFO] [stderr] 
[INFO] [stderr] warning: `advent-of-code-2021-deklund` (bin "day9" test) generated 3 warnings (run `cargo fix --bin "day9" --tests` to apply 1 suggestion)
[INFO] [stderr] warning: `advent-of-code-2021-deklund` (bin "day6" test) generated 2 warnings
[INFO] [stderr] warning: `advent-of-code-2021-deklund` (bin "day8" test) generated 2 warnings
[INFO] [stderr] warning: unused variable: `ind`
[INFO] [stderr]   --> src/bin/day4.rs:19:13
[INFO] [stderr]    |
[INFO] [stderr] 19 |         for ind in 0..bingo.boards.len() {
[INFO] [stderr]    |             ^^^ help: if this is intentional, prefix it with an underscore: `_ind`
[INFO] [stderr]    |
[INFO] [stderr]    = note: `#[warn(unused_variables)]` on by default
[INFO] [stderr] 
[INFO] [stderr] warning: `advent-of-code-2021-deklund` (bin "day4" test) generated 1 warning
[INFO] [stderr]     Finished `test` profile [unoptimized + debuginfo] target(s) in 0.05s
[INFO] [stderr]      Running unittests src/bin/day1.rs (/opt/rustwide/target/debug/deps/day1-ec3c59c7bf82f9d2)
[INFO] [stdout] 
[INFO] [stdout] running 0 tests
[INFO] [stdout] 
[INFO] [stdout] test result: ok. 0 passed; 0 failed; 0 ignored; 0 measured; 0 filtered out; finished in 0.00s
[INFO] [stdout] 
[INFO] [stderr]      Running unittests src/bin/day10.rs (/opt/rustwide/target/debug/deps/day10-e6d633d392977e02)
[INFO] [stdout] 
[INFO] [stdout] running 1 test
[INFO] [stderr] error: test failed, to rerun pass `--bin day10`
[INFO] [stdout] test tests::test_line_score ... FAILED
[INFO] [stdout] 
[INFO] [stdout] failures:
[INFO] [stdout] 
[INFO] [stdout] ---- tests::test_line_score stdout ----
[INFO] [stdout] Calculating score for []
[INFO] [stdout] Score is 0
[INFO] [stdout] 
[INFO] [stdout] thread 'tests::test_line_score' panicked at src/bin/day10.rs:138:9:
[INFO] [stdout] assertion `left == right` failed
[INFO] [stdout]   left: 0
[INFO] [stdout]  right: 57
[INFO] [stdout] stack backtrace:
[INFO] [stdout]    0:     0x5e2b232b601a - std::backtrace_rs::backtrace::libunwind::trace::hb059275cfc8d6126
[INFO] [stdout]                                at /rustc/6067b36314ab5eb2eb47cecc464545ba58e1ad24/library/std/src/../../backtrace/src/backtrace/libunwind.rs:116:5
[INFO] [stdout]    1:     0x5e2b232b601a - std::backtrace_rs::backtrace::trace_unsynchronized::h2da071e4327ce3ee
[INFO] [stdout]                                at /rustc/6067b36314ab5eb2eb47cecc464545ba58e1ad24/library/std/src/../../backtrace/src/backtrace/mod.rs:66:5
[INFO] [stdout]    2:     0x5e2b232b601a - std::sys::backtrace::_print_fmt::h842a1474e6f8d23f
[INFO] [stdout]                                at /rustc/6067b36314ab5eb2eb47cecc464545ba58e1ad24/library/std/src/sys/backtrace.rs:66:9
[INFO] [stdout]    3:     0x5e2b232b601a - <std::sys::backtrace::BacktraceLock::print::DisplayBacktrace as core::fmt::Display>::fmt::h71a62eb3b9696b12
[INFO] [stdout]                                at /rustc/6067b36314ab5eb2eb47cecc464545ba58e1ad24/library/std/src/sys/backtrace.rs:39:26
[INFO] [stdout]    4:     0x5e2b232dd5a3 - core::fmt::rt::Argument::fmt::hdb6b616786b41dc1
[INFO] [stdout]                                at /rustc/6067b36314ab5eb2eb47cecc464545ba58e1ad24/library/core/src/fmt/rt.rs:177:76
[INFO] [stdout]    5:     0x5e2b232dd5a3 - core::fmt::write::h2cc1698af7e2d686
[INFO] [stdout]                                at /rustc/6067b36314ab5eb2eb47cecc464545ba58e1ad24/library/core/src/fmt/mod.rs:1440:21
[INFO] [stdout]    6:     0x5e2b232b2b73 - std::io::Write::write_fmt::hab1b4cd059a79022
[INFO] [stdout]                                at /rustc/6067b36314ab5eb2eb47cecc464545ba58e1ad24/library/std/src/io/mod.rs:1887:15
[INFO] [stdout]    7:     0x5e2b232b5e62 - std::sys::backtrace::BacktraceLock::print::h147fe35b4ea13b08
[INFO] [stdout]                                at /rustc/6067b36314ab5eb2eb47cecc464545ba58e1ad24/library/std/src/sys/backtrace.rs:42:9
[INFO] [stdout]    8:     0x5e2b232b743f - std::panicking::default_hook::{{closure}}::hbd44223dbdc0d208
[INFO] [stdout]                                at /rustc/6067b36314ab5eb2eb47cecc464545ba58e1ad24/library/std/src/panicking.rs:298:22
[INFO] [stdout]    9:     0x5e2b232b7258 - std::panicking::default_hook::h20f81eb0576efcec
[INFO] [stdout]                                at /rustc/6067b36314ab5eb2eb47cecc464545ba58e1ad24/library/std/src/panicking.rs:322:9
[INFO] [stdout]   10:     0x5e2b23280073 - <alloc::boxed::Box<F,A> as core::ops::function::Fn<Args>>::call::hdb53814c496a4d34
[INFO] [stdout]                                at /rustc/6067b36314ab5eb2eb47cecc464545ba58e1ad24/library/alloc/src/boxed.rs:2027:9
[INFO] [stdout]   11:     0x5e2b23280073 - test::test_main::{{closure}}::hc0a4963c59427c24
[INFO] [stdout]                                at /rustc/6067b36314ab5eb2eb47cecc464545ba58e1ad24/library/test/src/lib.rs:134:21
[INFO] [stdout]   12:     0x5e2b232b7f33 - <alloc::boxed::Box<F,A> as core::ops::function::Fn<Args>>::call::h591b2225413a77e9
[INFO] [stdout]                                at /rustc/6067b36314ab5eb2eb47cecc464545ba58e1ad24/library/alloc/src/boxed.rs:2027:9
[INFO] [stdout]   13:     0x5e2b232b7f33 - std::panicking::rust_panic_with_hook::h625eea43051b2edc
[INFO] [stdout]                                at /rustc/6067b36314ab5eb2eb47cecc464545ba58e1ad24/library/std/src/panicking.rs:839:13
[INFO] [stdout]   14:     0x5e2b232b7bea - std::panicking::begin_panic_handler::{{closure}}::h4f9159cfbc3f6bd3
[INFO] [stdout]                                at /rustc/6067b36314ab5eb2eb47cecc464545ba58e1ad24/library/std/src/panicking.rs:704:13
[INFO] [stdout]   15:     0x5e2b232b6519 - std::sys::backtrace::__rust_end_short_backtrace::h0390abce48353151
[INFO] [stdout]                                at /rustc/6067b36314ab5eb2eb47cecc464545ba58e1ad24/library/std/src/sys/backtrace.rs:168:18
[INFO] [stdout]   16:     0x5e2b232b787d - rust_begin_unwind
[INFO] [stdout]                                at /rustc/6067b36314ab5eb2eb47cecc464545ba58e1ad24/library/std/src/panicking.rs:695:5
[INFO] [stdout]   17:     0x5e2b232dc050 - core::panicking::panic_fmt::h9e7c637e9e5f29c9
[INFO] [stdout]                                at /rustc/6067b36314ab5eb2eb47cecc464545ba58e1ad24/library/core/src/panicking.rs:75:14
[INFO] [stdout]   18:     0x5e2b232dc372 - core::panicking::assert_failed_inner::h538bec7c1374cd9c
[INFO] [stdout]   19:     0x5e2b23244274 - core::panicking::assert_failed::h81a3a06e30934f23
[INFO] [stdout]                                at /rustc/6067b36314ab5eb2eb47cecc464545ba58e1ad24/library/core/src/panicking.rs:364:5
[INFO] [stdout]   20:     0x5e2b23245ed7 - day10::tests::test_line_score::h09f24b74ec934b84
[INFO] [stdout]                                at /opt/rustwide/workdir/src/bin/day10.rs:138:9
[INFO] [stdout]   21:     0x5e2b23245dd7 - day10::tests::test_line_score::{{closure}}::haa16bc1c6b558945
[INFO] [stdout]                                at /opt/rustwide/workdir/src/bin/day10.rs:136:25
[INFO] [stdout]   22:     0x5e2b23243a46 - core::ops::function::FnOnce::call_once::h7825ea92f92d1009
[INFO] [stdout]                                at /rustc/6067b36314ab5eb2eb47cecc464545ba58e1ad24/library/core/src/ops/function.rs:250:5
[INFO] [stdout]   23:     0x5e2b232857cb - core::ops::function::FnOnce::call_once::he27718dfdd183f43
[INFO] [stdout]                                at /rustc/6067b36314ab5eb2eb47cecc464545ba58e1ad24/library/core/src/ops/function.rs:250:5
[INFO] [stdout]   24:     0x5e2b232857cb - test::__rust_begin_short_backtrace::h4e84902998457a5d
[INFO] [stdout]                                at /rustc/6067b36314ab5eb2eb47cecc464545ba58e1ad24/library/test/src/lib.rs:632:18
[INFO] [stdout]   25:     0x5e2b23284703 - test::run_test_in_process::{{closure}}::h7176fd18fc1feca0
[INFO] [stdout]                                at /rustc/6067b36314ab5eb2eb47cecc464545ba58e1ad24/library/test/src/lib.rs:655:60
[INFO] [stdout]   26:     0x5e2b23284703 - <core::panic::unwind_safe::AssertUnwindSafe<F> as core::ops::function::FnOnce<()>>::call_once::hf79cff2a624d8cf7
[INFO] [stdout]                                at /rustc/6067b36314ab5eb2eb47cecc464545ba58e1ad24/library/core/src/panic/unwind_safe.rs:272:9
[INFO] [stdout]   27:     0x5e2b23284703 - std::panicking::try::do_call::h3da0561d9ab99c25
[INFO] [stdout]                                at /rustc/6067b36314ab5eb2eb47cecc464545ba58e1ad24/library/std/src/panicking.rs:587:40
[INFO] [stdout]   28:     0x5e2b23284703 - std::panicking::try::h41c9fa508bc61df6
[INFO] [stdout]                                at /rustc/6067b36314ab5eb2eb47cecc464545ba58e1ad24/library/std/src/panicking.rs:550:19
[INFO] [stdout]   29:     0x5e2b23284703 - std::panic::catch_unwind::h6b3ff07bb5afad93
[INFO] [stdout]                                at /rustc/6067b36314ab5eb2eb47cecc464545ba58e1ad24/library/std/src/panic.rs:358:14
[INFO] [stdout]   30:     0x5e2b23284703 - test::run_test_in_process::hc7253dd11b39b9f4
[INFO] [stdout]                                at /rustc/6067b36314ab5eb2eb47cecc464545ba58e1ad24/library/test/src/lib.rs:655:27
[INFO] [stdout]   31:     0x5e2b23284703 - test::run_test::{{closure}}::hfb2007f8649c30bb
[INFO] [stdout]                                at /rustc/6067b36314ab5eb2eb47cecc464545ba58e1ad24/library/test/src/lib.rs:576:43
[INFO] [stdout]   32:     0x5e2b232477e5 - test::run_test::{{closure}}::h56a17aa7a282a9f4
[INFO] [stdout]                                at /rustc/6067b36314ab5eb2eb47cecc464545ba58e1ad24/library/test/src/lib.rs:606:41
[INFO] [stdout]   33:     0x5e2b232477e5 - std::sys::backtrace::__rust_begin_short_backtrace::hd2d2d2fb8e8c6aac
[INFO] [stdout]                                at /rustc/6067b36314ab5eb2eb47cecc464545ba58e1ad24/library/std/src/sys/backtrace.rs:152:18
[INFO] [stdout]   34:     0x5e2b2324b0ca - std::thread::Builder::spawn_unchecked_::{{closure}}::{{closure}}::h4faa3f9db6133423
[INFO] [stdout]                                at /rustc/6067b36314ab5eb2eb47cecc464545ba58e1ad24/library/std/src/thread/mod.rs:559:17
[INFO] [stdout]   35:     0x5e2b2324b0ca - <core::panic::unwind_safe::AssertUnwindSafe<F> as core::ops::function::FnOnce<()>>::call_once::hf2e855a36a4ea846
[INFO] [stdout]                                at /rustc/6067b36314ab5eb2eb47cecc464545ba58e1ad24/library/core/src/panic/unwind_safe.rs:272:9
[INFO] [stdout]   36:     0x5e2b2324b0ca - std::panicking::try::do_call::h2f73af3616c35465
[INFO] [stdout]                                at /rustc/6067b36314ab5eb2eb47cecc464545ba58e1ad24/library/std/src/panicking.rs:587:40
[INFO] [stdout]   37:     0x5e2b2324b0ca - std::panicking::try::hd1660ce9efadef5a
[INFO] [stdout]                                at /rustc/6067b36314ab5eb2eb47cecc464545ba58e1ad24/library/std/src/panicking.rs:550:19
[INFO] [stdout]   38:     0x5e2b2324b0ca - std::panic::catch_unwind::h5ee8d7823b8ca744
[INFO] [stdout]                                at /rustc/6067b36314ab5eb2eb47cecc464545ba58e1ad24/library/std/src/panic.rs:358:14
[INFO] [stdout]   39:     0x5e2b2324b0ca - std::thread::Builder::spawn_unchecked_::{{closure}}::h53c3a1894dce8407
[INFO] [stdout]                                at /rustc/6067b36314ab5eb2eb47cecc464545ba58e1ad24/library/std/src/thread/mod.rs:557:30
[INFO] [stdout]   40:     0x5e2b2324b0ca - core::ops::function::FnOnce::call_once{{vtable.shim}}::h048ce291ad4f62bf
[INFO] [stdout]                                at /rustc/6067b36314ab5eb2eb47cecc464545ba58e1ad24/library/core/src/ops/function.rs:250:5
[INFO] [stdout]   41:     0x5e2b232bbe6b - <alloc::boxed::Box<F,A> as core::ops::function::FnOnce<Args>>::call_once::ha52bedf99a3b4981
[INFO] [stdout]                                at /rustc/6067b36314ab5eb2eb47cecc464545ba58e1ad24/library/alloc/src/boxed.rs:2013:9
[INFO] [stdout]   42:     0x5e2b232bbe6b - <alloc::boxed::Box<F,A> as core::ops::function::FnOnce<Args>>::call_once::h567748934d80ccf8
[INFO] [stdout]                                at /rustc/6067b36314ab5eb2eb47cecc464545ba58e1ad24/library/alloc/src/boxed.rs:2013:9
[INFO] [stdout]   43:     0x5e2b232bbe6b - std::sys::pal::unix::thread::Thread::new::thread_start::h2d970728ae887adc
[INFO] [stdout]                                at /rustc/6067b36314ab5eb2eb47cecc464545ba58e1ad24/library/std/src/sys/pal/unix/thread.rs:106:17
[INFO] [stdout]   44:     0x7e88bf610ac3 - <unknown>
[INFO] [stdout]   45:     0x7e88bf6a1a04 - clone
[INFO] [stdout]   46:                0x0 - <unknown>
[INFO] [stdout] 
[INFO] [stdout] 
[INFO] [stdout] failures:
[INFO] [stdout]     tests::test_line_score
[INFO] [stdout] 
[INFO] [stdout] test result: FAILED. 0 passed; 1 failed; 0 ignored; 0 measured; 0 filtered out; finished in 0.03s
[INFO] [stdout] 
[INFO] running `Command { std: "docker" "inspect" "08d2e594f5de6b5bf235ed7a4d2681d39e1a68136f9e1d54ccb89ee9c255f080", kill_on_drop: false }`
[INFO] running `Command { std: "docker" "rm" "-f" "08d2e594f5de6b5bf235ed7a4d2681d39e1a68136f9e1d54ccb89ee9c255f080", kill_on_drop: false }`
[INFO] [stdout] 08d2e594f5de6b5bf235ed7a4d2681d39e1a68136f9e1d54ccb89ee9c255f080
