[INFO] cloning repository https://github.com/dmcshared/rust-raytracer-learning
[INFO] running `Command { std: "git" "-c" "credential.helper=" "-c" "credential.helper=/workspace/cargo-home/bin/git-credential-null" "clone" "--bare" "https://github.com/dmcshared/rust-raytracer-learning" "/workspace/cache/git-repos/https%3A%2F%2Fgithub.com%2Fdmcshared%2Frust-raytracer-learning", kill_on_drop: false }`
[INFO] [stderr] Cloning into bare repository '/workspace/cache/git-repos/https%3A%2F%2Fgithub.com%2Fdmcshared%2Frust-raytracer-learning'...
[INFO] running `Command { std: "git" "rev-parse" "HEAD", kill_on_drop: false }`
[INFO] [stdout] acbef1a40498df394da1937852477528e8d14250
[INFO] testing dmcshared/rust-raytracer-learning against nightly-2025-01-18 for randomize-layout-2
[INFO] running `Command { std: "git" "clone" "/workspace/cache/git-repos/https%3A%2F%2Fgithub.com%2Fdmcshared%2Frust-raytracer-learning" "/workspace/builds/worker-2-tc1/source", kill_on_drop: false }`
[INFO] [stderr] Cloning into '/workspace/builds/worker-2-tc1/source'...
[INFO] [stderr] done.
[INFO] validating manifest of git repo https://github.com/dmcshared/rust-raytracer-learning on toolchain nightly-2025-01-18
[INFO] running `Command { std: CARGO_HOME="/workspace/cargo-home" RUSTUP_HOME="/workspace/rustup-home" "/workspace/cargo-home/bin/cargo" "+nightly-2025-01-18" "metadata" "--manifest-path" "Cargo.toml" "--no-deps", kill_on_drop: false }`
[INFO] started tweaking git repo https://github.com/dmcshared/rust-raytracer-learning
[INFO] finished tweaking git repo https://github.com/dmcshared/rust-raytracer-learning
[INFO] tweaked toml for git repo https://github.com/dmcshared/rust-raytracer-learning written to /workspace/builds/worker-2-tc1/source/Cargo.toml
[INFO] crate git repo https://github.com/dmcshared/rust-raytracer-learning already has a lockfile, it will not be regenerated
[INFO] running `Command { std: CARGO_HOME="/workspace/cargo-home" RUSTUP_HOME="/workspace/rustup-home" "/workspace/cargo-home/bin/cargo" "+nightly-2025-01-18" "fetch" "--manifest-path" "Cargo.toml", kill_on_drop: false }`
[INFO] running `Command { std: "docker" "create" "-v" "/var/lib/crater-agent-workspace/builds/worker-2-tc1/target:/opt/rustwide/target:rw,Z" "-v" "/var/lib/crater-agent-workspace/builds/worker-2-tc1/source:/opt/rustwide/workdir:ro,Z" "-v" "/var/lib/crater-agent-workspace/cargo-home:/opt/rustwide/cargo-home:ro,Z" "-v" "/var/lib/crater-agent-workspace/rustup-home:/opt/rustwide/rustup-home:ro,Z" "-e" "SOURCE_DIR=/opt/rustwide/workdir" "-e" "CARGO_TARGET_DIR=/opt/rustwide/target" "-e" "CARGO_HOME=/opt/rustwide/cargo-home" "-e" "RUSTUP_HOME=/opt/rustwide/rustup-home" "-w" "/opt/rustwide/workdir" "-m" "1610612736" "--user" "0:0" "--network" "none" "ghcr.io/rust-lang/crates-build-env/linux@sha256:819108c5571ea2e421544af4d832f968d213c87fbe3707a016657f43d2f853bc" "/opt/rustwide/cargo-home/bin/cargo" "+nightly-2025-01-18" "metadata" "--no-deps" "--format-version=1", kill_on_drop: false }`
[INFO] [stdout] 6904e5f71f01402ac16a29661a03518c74d038112b6e14dbfa298874760ba60b
[INFO] running `Command { std: "docker" "start" "-a" "6904e5f71f01402ac16a29661a03518c74d038112b6e14dbfa298874760ba60b", kill_on_drop: false }`
[INFO] running `Command { std: "docker" "inspect" "6904e5f71f01402ac16a29661a03518c74d038112b6e14dbfa298874760ba60b", kill_on_drop: false }`
[INFO] running `Command { std: "docker" "rm" "-f" "6904e5f71f01402ac16a29661a03518c74d038112b6e14dbfa298874760ba60b", kill_on_drop: false }`
[INFO] [stdout] 6904e5f71f01402ac16a29661a03518c74d038112b6e14dbfa298874760ba60b
[INFO] running `Command { std: "docker" "create" "-v" "/var/lib/crater-agent-workspace/builds/worker-2-tc1/target:/opt/rustwide/target:rw,Z" "-v" "/var/lib/crater-agent-workspace/builds/worker-2-tc1/source:/opt/rustwide/workdir:ro,Z" "-v" "/var/lib/crater-agent-workspace/cargo-home:/opt/rustwide/cargo-home:ro,Z" "-v" "/var/lib/crater-agent-workspace/rustup-home:/opt/rustwide/rustup-home:ro,Z" "-e" "SOURCE_DIR=/opt/rustwide/workdir" "-e" "CARGO_TARGET_DIR=/opt/rustwide/target" "-e" "CARGO_INCREMENTAL=0" "-e" "RUST_BACKTRACE=full" "-e" "RUSTFLAGS=--cap-lints=forbid" "-e" "RUSTDOCFLAGS=--cap-lints=forbid" "-e" "CARGO_HOME=/opt/rustwide/cargo-home" "-e" "RUSTUP_HOME=/opt/rustwide/rustup-home" "-w" "/opt/rustwide/workdir" "-m" "1610612736" "--user" "0:0" "--network" "none" "ghcr.io/rust-lang/crates-build-env/linux@sha256:819108c5571ea2e421544af4d832f968d213c87fbe3707a016657f43d2f853bc" "/opt/rustwide/cargo-home/bin/cargo" "+nightly-2025-01-18" "build" "--frozen" "--message-format=json", kill_on_drop: false }`
[INFO] [stdout] 41f7a4a8f3de00c285987a18c8bb53f7895ef34b74f817811cd6d6afd604e4ec
[INFO] running `Command { std: "docker" "start" "-a" "41f7a4a8f3de00c285987a18c8bb53f7895ef34b74f817811cd6d6afd604e4ec", kill_on_drop: false }`
[INFO] [stderr]    Compiling autocfg v1.1.0
[INFO] [stderr]    Compiling cfg-if v1.0.0
[INFO] [stderr]    Compiling libc v0.2.123
[INFO] [stderr]    Compiling crossbeam-utils v0.8.8
[INFO] [stderr]    Compiling lazy_static v1.4.0
[INFO] [stderr]    Compiling rayon-core v1.9.2
[INFO] [stderr]    Compiling scopeguard v1.1.0
[INFO] [stderr]    Compiling crc32fast v1.3.2
[INFO] [stderr]    Compiling regex-syntax v0.6.25
[INFO] [stderr]    Compiling once_cell v1.10.0
[INFO] [stderr]    Compiling adler32 v1.2.0
[INFO] [stderr]    Compiling either v1.6.1
[INFO] [stderr]    Compiling adler v1.0.2
[INFO] [stderr]    Compiling deflate v1.0.0
[INFO] [stderr]    Compiling bitflags v1.3.2
[INFO] [stderr]    Compiling miniz_oxide v0.5.1
[INFO] [stderr]    Compiling number_prefix v0.4.0
[INFO] [stderr]    Compiling itertools v0.10.3
[INFO] [stderr]    Compiling memoffset v0.6.5
[INFO] [stderr]    Compiling crossbeam-epoch v0.9.8
[INFO] [stderr]    Compiling terminal_size v0.1.17
[INFO] [stderr]    Compiling num_cpus v1.13.1
[INFO] [stderr]    Compiling rayon v1.5.2
[INFO] [stderr]    Compiling crossbeam-channel v0.5.4
[INFO] [stderr]    Compiling console v0.15.0
[INFO] [stderr]    Compiling png v0.17.5
[INFO] [stderr]    Compiling crossbeam-deque v0.8.1
[INFO] [stderr]    Compiling regex v1.5.5
[INFO] [stderr]    Compiling indicatif v0.16.2
[INFO] [stderr]    Compiling raytracer v0.1.0 (/opt/rustwide/workdir)
[INFO] [stderr]     Finished `dev` profile [unoptimized + debuginfo] target(s) in 18.26s
[INFO] running `Command { std: "docker" "inspect" "41f7a4a8f3de00c285987a18c8bb53f7895ef34b74f817811cd6d6afd604e4ec", kill_on_drop: false }`
[INFO] running `Command { std: "docker" "rm" "-f" "41f7a4a8f3de00c285987a18c8bb53f7895ef34b74f817811cd6d6afd604e4ec", kill_on_drop: false }`
[INFO] [stdout] 41f7a4a8f3de00c285987a18c8bb53f7895ef34b74f817811cd6d6afd604e4ec
[INFO] running `Command { std: "docker" "create" "-v" "/var/lib/crater-agent-workspace/builds/worker-2-tc1/target:/opt/rustwide/target:rw,Z" "-v" "/var/lib/crater-agent-workspace/builds/worker-2-tc1/source:/opt/rustwide/workdir:ro,Z" "-v" "/var/lib/crater-agent-workspace/cargo-home:/opt/rustwide/cargo-home:ro,Z" "-v" "/var/lib/crater-agent-workspace/rustup-home:/opt/rustwide/rustup-home:ro,Z" "-e" "SOURCE_DIR=/opt/rustwide/workdir" "-e" "CARGO_TARGET_DIR=/opt/rustwide/target" "-e" "CARGO_INCREMENTAL=0" "-e" "RUST_BACKTRACE=full" "-e" "RUSTFLAGS=--cap-lints=forbid" "-e" "RUSTDOCFLAGS=--cap-lints=forbid" "-e" "CARGO_HOME=/opt/rustwide/cargo-home" "-e" "RUSTUP_HOME=/opt/rustwide/rustup-home" "-w" "/opt/rustwide/workdir" "-m" "1610612736" "--user" "0:0" "--network" "none" "ghcr.io/rust-lang/crates-build-env/linux@sha256:819108c5571ea2e421544af4d832f968d213c87fbe3707a016657f43d2f853bc" "/opt/rustwide/cargo-home/bin/cargo" "+nightly-2025-01-18" "test" "--frozen" "--no-run" "--message-format=json", kill_on_drop: false }`
[INFO] [stdout] 0e213b14361c285ee0274808c5b5f2bc19344bea67e37795f06d5e819eb6dfd2
[INFO] running `Command { std: "docker" "start" "-a" "0e213b14361c285ee0274808c5b5f2bc19344bea67e37795f06d5e819eb6dfd2", kill_on_drop: false }`
[INFO] [stderr]    Compiling raytracer v0.1.0 (/opt/rustwide/workdir)
[INFO] [stderr]     Finished `test` profile [unoptimized + debuginfo] target(s) in 2.33s
[INFO] running `Command { std: "docker" "inspect" "0e213b14361c285ee0274808c5b5f2bc19344bea67e37795f06d5e819eb6dfd2", kill_on_drop: false }`
[INFO] running `Command { std: "docker" "rm" "-f" "0e213b14361c285ee0274808c5b5f2bc19344bea67e37795f06d5e819eb6dfd2", kill_on_drop: false }`
[INFO] [stdout] 0e213b14361c285ee0274808c5b5f2bc19344bea67e37795f06d5e819eb6dfd2
[INFO] running `Command { std: "docker" "create" "-v" "/var/lib/crater-agent-workspace/builds/worker-2-tc1/target:/opt/rustwide/target:rw,Z" "-v" "/var/lib/crater-agent-workspace/builds/worker-2-tc1/source:/opt/rustwide/workdir:ro,Z" "-v" "/var/lib/crater-agent-workspace/cargo-home:/opt/rustwide/cargo-home:ro,Z" "-v" "/var/lib/crater-agent-workspace/rustup-home:/opt/rustwide/rustup-home:ro,Z" "-e" "SOURCE_DIR=/opt/rustwide/workdir" "-e" "CARGO_TARGET_DIR=/opt/rustwide/target" "-e" "CARGO_INCREMENTAL=0" "-e" "RUST_BACKTRACE=full" "-e" "RUSTFLAGS=--cap-lints=forbid" "-e" "RUSTDOCFLAGS=--cap-lints=forbid" "-e" "CARGO_HOME=/opt/rustwide/cargo-home" "-e" "RUSTUP_HOME=/opt/rustwide/rustup-home" "-w" "/opt/rustwide/workdir" "-m" "1610612736" "--user" "0:0" "--network" "none" "ghcr.io/rust-lang/crates-build-env/linux@sha256:819108c5571ea2e421544af4d832f968d213c87fbe3707a016657f43d2f853bc" "/opt/rustwide/cargo-home/bin/cargo" "+nightly-2025-01-18" "test" "--frozen", kill_on_drop: false }`
[INFO] [stdout] cd81ef2d163840e5080dbfd3bfba06558dc97e852f7d24724c6a2068f62a0e2c
[INFO] running `Command { std: "docker" "start" "-a" "cd81ef2d163840e5080dbfd3bfba06558dc97e852f7d24724c6a2068f62a0e2c", kill_on_drop: false }`
[INFO] [stderr]     Finished `test` profile [unoptimized + debuginfo] target(s) in 0.05s
[INFO] [stderr]      Running unittests src/lib.rs (/opt/rustwide/target/debug/deps/raytracer-592c2c8617a9606d)
[INFO] [stdout] 
[INFO] [stdout] running 120 tests
[INFO] [stdout] test gfx::canvas::tests::constructing_ppm_header ... ok
[INFO] [stdout] test gfx::canvas::tests::constructing_pam_image ... ok
[INFO] [stdout] test gfx::canvas::tests::create_a_canvas_and_check_empty_initialized ... ok
[INFO] [stdout] test gfx::canvas::tests::set_a_color_and_check_it_is_set ... ok
[INFO] [stdout] test gfx::canvas::tests::constructing_ppm_image ... ok
[INFO] [stdout] test gfx::primitives::color::tests::can_convert_rgba_to_hsla ... ok
[INFO] [stdout] test gfx::primitives::color::tests::can_div_color_and_f64 ... ok
[INFO] [stdout] test gfx::primitives::color::tests::can_add_color_and_color ... ok
[INFO] [stdout] test gfx::primitives::color::tests::can_convert_hsla_to_rgba ... ok
[INFO] [stdout] test gfx::canvas::tests::constructing_pam_header ... ok
[INFO] [stdout] test gfx::primitives::color::tests::can_invert_color ... ok
[INFO] [stdout] test gfx::primitives::color::tests::can_mul_color_and_f64 ... ok
[INFO] [stdout] test gfx::primitives::color::tests::can_sub_color_and_color ... ok
[INFO] [stdout] test gfx::primitives::color::tests::mix_modes::can_mix_colors_add ... ok
[INFO] [stdout] test gfx::primitives::color::tests::mix_modes::can_mix_colors_alpha ... ok
[INFO] [stdout] test gfx::primitives::color::tests::mix_modes::can_mix_colors_avg ... ok
[INFO] [stdout] test gfx::primitives::color::tests::mix_modes::can_mix_colors_sub ... ok
[INFO] [stdout] test gfx::primitives::color::tests::mix_modes::can_mix_colors_max ... ok
[INFO] [stdout] test gfx::primitives::color::tests::test_color_new ... ok
[INFO] [stdout] test gfx::primitives::color::tests::mix_modes::can_mix_colors_div ... ok
[INFO] [stdout] test gfx::primitives::color::tests::mix_modes::can_mix_colors_max_all ... ok
[INFO] [stdout] test gfx::primitives::color::tests::mix_modes::can_mix_colors_min ... ok
[INFO] [stdout] test gfx::primitives::color::tests::mix_modes::can_mix_colors_min_all ... ok
[INFO] [stdout] test primitives::body::sphere::tests::normal_on_sphere_at_point_on_x_axis ... ok
[INFO] [stdout] test primitives::body::sphere::tests::test_sphere_behind ... ok
[INFO] [stdout] test primitives::body::sphere::tests::test_sphere_hits_negative ... ok
[INFO] [stdout] test primitives::body::sphere::tests::test_diagonal_should_miss ... ok
[INFO] [stdout] test primitives::body::sphere::tests::test_sphere_inside ... ok
[INFO] [stdout] test primitives::body::sphere::tests::normal_on_scaled_and_rotated_sphere ... ok
[INFO] [stdout] test primitives::body::sphere::tests::normal_should_be_normalized ... ok
[INFO] [stdout] test primitives::body::sphere::tests::test_sphere_intersect ... ok
[INFO] [stdout] test primitives::light::directional_light::tests::directional_light_45deg ... ok
[INFO] [stdout] test primitives::body::sphere::tests::test_hit_method ... ok
[INFO] [stdout] test primitives::body::sphere::tests::test_sphere_misses ... ok
[INFO] [stdout] test primitives::body::sphere::tests::test_sphere_tangent ... ok
[INFO] [stdout] test primitives::body::sphere::tests::test_translated_sphere ... ok
[INFO] [stdout] test gfx::primitives::color::tests::mix_modes::can_mix_colors_mul ... ok
[INFO] [stdout] test primitives::camera::tests::test_camera_ray_for_pos ... ok
[INFO] [stdout] test primitives::light::directional_light::tests::directional_light_new ... ok
[INFO] [stdout] test primitives::light::point_light::tests::point_light_light_effectiveness ... ok
[INFO] [stdout] test primitives::light::point_light::tests::point_light_new ... ok
[INFO] [stdout] test primitives::light::directional_light::tests::directional_light_should_not_care_about_origin ... ok
[INFO] [stdout] test primitives::matrix::tests::calculate_the_determinant_of_a_3x3_matrix ... ok
[INFO] [stdout] test primitives::matrix::tests::calculating_a_cofactor_of_a_3x3_matrix ... ok
[INFO] [stdout] test primitives::matrix::tests::calculating_the_determinant_of_a_4x4_matrix ... ok
[INFO] [stdout] test primitives::matrix::tests::check_index_works ... ok
[INFO] [stdout] test primitives::matrix::tests::calculate_the_minor_of_a_3x3_matrix ... ok
[INFO] [stdout] test primitives::matrix::tests::check_index_works_for_writing ... ok
[INFO] [stdout] test primitives::material::phong::tests::default_phong_material ... ok
[INFO] [stdout] test primitives::material::phong::tests::phong_material_can_be_constructed_with_builder ... ok
[INFO] [stdout] test primitives::matrix::tests::calculate_minor_of_3x3 ... ok
[INFO] [stdout] test primitives::matrix::tests::create_a_matrix_with_data ... ok
[INFO] [stdout] test primitives::matrix::tests::compare_two_fuzzy_nonsimilar_matrices ... ok
[INFO] [stdout] test primitives::matrix::tests::compare_two_fuzzy_similar_matrices ... ok
[INFO] [stdout] test primitives::matrix::tests::create_an_identity_matrix ... ok
[INFO] [stdout] test primitives::matrix::tests::compare_two_matrices ... ok
[INFO] [stdout] test primitives::matrix::tests::create_a_matrix_and_check_empty_initialized ... ok
[INFO] [stdout] test primitives::matrix::tests::determinant_of_2x2_matrix ... ok
[INFO] [stdout] test primitives::matrix::tests::get_3x3_submatrix_of_4x4 ... ok
[INFO] [stdout] test primitives::matrix::tests::matrix_times_inverted_matrix_should_be_identity ... ok
[INFO] [stdout] test primitives::matrix::tests::multiply_matrix_and_point_directly ... ok
[INFO] [stdout] test primitives::matrix::tests::multiply_two_4x4_matrices ... ok
[INFO] [stdout] test primitives::matrix::tests::get_2x2_submatrix_of_3x3 ... ok
[INFO] [stdout] test primitives::matrix::tests::inverse_matrix ... ok
[INFO] [stdout] test primitives::matrix::tests::multiply_2x3_matrix_with_3x1_matrix ... ok
[INFO] [stdout] test primitives::matrix::tests::multiply_identity_and_matrix ... ok
[INFO] [stdout] test primitives::matrix::tests::multiply_matrix_and_point_indirectly ... ok
[INFO] [stdout] test primitives::matrix::tests::testing_an_invertible_matrix_for_invertibility ... ok
[INFO] [stdout] test primitives::matrix::tests::transpose_4x4_matrix ... ok
[INFO] [stdout] test primitives::matrix::tests::try_translate_point_indirect ... ok
[INFO] [stdout] test primitives::matrix::tests::testing_an_noninvertible_matrix_for_invertibility ... ok
[INFO] [stdout] test primitives::matrix::transform::tests::a_shearing_transformation_moves_x_in_proportion_to_y ... ok
[INFO] [stdout] test primitives::matrix::tests::try_translate_vector_indirect ... ok
[INFO] [stdout] test primitives::matrix::transform::tests::a_shearing_transformation_moves_x_in_proportion_to_z ... ok
[INFO] [stdout] test primitives::matrix::transform::tests::a_shearing_transformation_moves_y_in_proportion_to_x ... ok
[INFO] [stdout] test primitives::matrix::transform::tests::a_shearing_transformation_moves_y_in_proportion_to_z ... ok
[INFO] [stdout] test primitives::matrix::transform::tests::a_shearing_transformation_moves_z_in_proportion_to_x ... ok
[INFO] [stdout] test primitives::matrix::transform::tests::a_shearing_transformation_moves_z_in_proportion_to_y ... ok
[INFO] [stdout] test primitives::matrix::transform::tests::create_and_apply_general_rotate_x_to_vector ... ok
[INFO] [stdout] test primitives::matrix::transform::tests::create_and_apply_general_rotate_y_to_vector ... ok
[INFO] [stdout] test primitives::matrix::transform::tests::create_and_apply_general_rotate_z_to_vector ... ok
[INFO] [stdout] test primitives::matrix::transform::tests::create_and_apply_inverse_translate_to_point ... ok
[INFO] [stdout] test primitives::matrix::transform::tests::create_and_apply_raw_translate_matrix_to_point ... ok
[INFO] [stdout] test primitives::matrix::transform::tests::chained_transformations_must_be_applied_in_reverse_order ... ok
[INFO] [stdout] test primitives::matrix::transform::tests::create_and_apply_rotate_x_to_vector ... ok
[INFO] [stdout] test primitives::matrix::transform::tests::create_and_apply_rotate_z_to_vector ... ok
[INFO] [stdout] test primitives::matrix::transform::tests::create_and_apply_rotate_y_to_vector ... ok
[INFO] [stdout] test primitives::matrix::transform::tests::create_and_apply_translate_to_point ... ok
[INFO] [stdout] test primitives::matrix::transform::tests::ensure_transforms_are_invertable ... ok
[INFO] [stdout] test primitives::ray::tests::ray_position ... ok
[INFO] [stdout] test primitives::ray::tests::ray_new ... ok
[INFO] [stdout] test primitives::matrix::transform::tests::create_and_try_apply_raw_translate_matrix_to_vector ... ok
[INFO] [stdout] test primitives::matrix::transform::tests::individual_transformation_are_applied_in_sequence ... ok
[INFO] [stdout] test primitives::ray::tests::translating_a_ray ... ok
[INFO] [stdout] test primitives::ray::tests::scaling_a_ray ... ok
[INFO] [stdout] test primitives::three_part::point::tests::can_add_point_and_point ... ok
[INFO] [stdout] test primitives::three_part::point::tests::can_be_created_default ... ok
[INFO] [stdout] test primitives::three_part::point::tests::can_be_created_values ... ok
[INFO] [stdout] test primitives::three_part::point::tests::can_be_created_direct ... ok
[INFO] [stdout] test primitives::three_part::point::tests::can_add_point_and_vector ... ok
[INFO] [stdout] test primitives::three_part::point::tests::can_sub_point_and_point ... ok
[INFO] [stdout] test primitives::three_part::point::tests::can_sub_point_and_vector ... ok
[INFO] [stdout] test primitives::three_part::vector::special_ops::tests::reflect_across ... ok
[INFO] [stdout] test primitives::three_part::vector::special_ops::tests::reflect_across_slant ... ok
[INFO] [stdout] test primitives::three_part::vector::tests::can_be_created_direct ... ok
[INFO] [stdout] test primitives::three_part::vector::tests::can_be_created_values ... ok
[INFO] [stdout] test primitives::three_part::vector::tests::can_be_divided_by_a_scalar ... ok
[INFO] [stdout] test primitives::three_part::vector::tests::can_be_negated ... ok
[INFO] [stdout] test primitives::three_part::vector::tests::can_be_created_default ... ok
[INFO] [stdout] test primitives::three_part::vector::tests::can_be_subtracted ... ok
[INFO] [stdout] test primitives::three_part::vector::tests::cross_product_of_two_vectors ... ok
[INFO] [stdout] test primitives::three_part::vector::tests::dot_product_of_two_vectors ... ok
[INFO] [stdout] test primitives::three_part::vector::tests::get_magnitude_of_1_2_3_vector ... ok
[INFO] [stdout] test primitives::three_part::vector::tests::get_magnitude_of_negative_1_2_3_vector ... ok
[INFO] [stdout] test primitives::three_part::vector::tests::get_magnitude_of_unit_vector ... ok
[INFO] [stdout] test primitives::three_part::vector::tests::normalize_1_2_3_vector ... ok
[INFO] [stdout] test primitives::three_part::vector::tests::normalize_simple_vector ... ok
[INFO] [stdout] test primitives::three_part::vector::tests::can_be_added ... ok
[INFO] [stdout] test primitives::three_part::vector::tests::can_be_multiplied_by_a_scalar ... ok
[INFO] [stderr] error: test failed, to rerun pass `--lib`
[INFO] [stdout] test primitives::camera::tests::test_camera_new ... FAILED
[INFO] [stdout] 
[INFO] [stdout] failures:
[INFO] [stdout] 
[INFO] [stdout] ---- primitives::camera::tests::test_camera_new stdout ----
[INFO] [stdout] 
[INFO] [stdout] thread 'primitives::camera::tests::test_camera_new' panicked at src/primitives/camera.rs:78:9:
[INFO] [stdout] assertion `left == right` failed
[INFO] [stdout]   left: 0.5000000000000001
[INFO] [stdout]  right: 0.5
[INFO] [stdout] stack backtrace:
[INFO] [stdout]    0:     0x5823b908e0ea - std::backtrace_rs::backtrace::libunwind::trace::hb059275cfc8d6126
[INFO] [stdout]                                at /rustc/6067b36314ab5eb2eb47cecc464545ba58e1ad24/library/std/src/../../backtrace/src/backtrace/libunwind.rs:116:5
[INFO] [stdout]    1:     0x5823b908e0ea - std::backtrace_rs::backtrace::trace_unsynchronized::h2da071e4327ce3ee
[INFO] [stdout]                                at /rustc/6067b36314ab5eb2eb47cecc464545ba58e1ad24/library/std/src/../../backtrace/src/backtrace/mod.rs:66:5
[INFO] [stdout]    2:     0x5823b908e0ea - std::sys::backtrace::_print_fmt::h842a1474e6f8d23f
[INFO] [stdout]                                at /rustc/6067b36314ab5eb2eb47cecc464545ba58e1ad24/library/std/src/sys/backtrace.rs:66:9
[INFO] [stdout]    3:     0x5823b908e0ea - <std::sys::backtrace::BacktraceLock::print::DisplayBacktrace as core::fmt::Display>::fmt::h71a62eb3b9696b12
[INFO] [stdout]                                at /rustc/6067b36314ab5eb2eb47cecc464545ba58e1ad24/library/std/src/sys/backtrace.rs:39:26
[INFO] [stdout]    4:     0x5823b90b5bb3 - core::fmt::rt::Argument::fmt::hdb6b616786b41dc1
[INFO] [stdout]                                at /rustc/6067b36314ab5eb2eb47cecc464545ba58e1ad24/library/core/src/fmt/rt.rs:177:76
[INFO] [stdout]    5:     0x5823b90b5bb3 - core::fmt::write::h2cc1698af7e2d686
[INFO] [stdout]                                at /rustc/6067b36314ab5eb2eb47cecc464545ba58e1ad24/library/core/src/fmt/mod.rs:1440:21
[INFO] [stdout]    6:     0x5823b908ac43 - std::io::Write::write_fmt::hab1b4cd059a79022
[INFO] [stdout]                                at /rustc/6067b36314ab5eb2eb47cecc464545ba58e1ad24/library/std/src/io/mod.rs:1887:15
[INFO] [stdout]    7:     0x5823b908df32 - std::sys::backtrace::BacktraceLock::print::h147fe35b4ea13b08
[INFO] [stdout]                                at /rustc/6067b36314ab5eb2eb47cecc464545ba58e1ad24/library/std/src/sys/backtrace.rs:42:9
[INFO] [stdout]    8:     0x5823b908f50f - std::panicking::default_hook::{{closure}}::hbd44223dbdc0d208
[INFO] [stdout]                                at /rustc/6067b36314ab5eb2eb47cecc464545ba58e1ad24/library/std/src/panicking.rs:298:22
[INFO] [stdout]    9:     0x5823b908f328 - std::panicking::default_hook::h20f81eb0576efcec
[INFO] [stdout]                                at /rustc/6067b36314ab5eb2eb47cecc464545ba58e1ad24/library/std/src/panicking.rs:322:9
[INFO] [stdout]   10:     0x5823b90561d3 - <alloc::boxed::Box<F,A> as core::ops::function::Fn<Args>>::call::hdb53814c496a4d34
[INFO] [stdout]                                at /rustc/6067b36314ab5eb2eb47cecc464545ba58e1ad24/library/alloc/src/boxed.rs:2027:9
[INFO] [stdout]   11:     0x5823b90561d3 - test::test_main::{{closure}}::hc0a4963c59427c24
[INFO] [stdout]                                at /rustc/6067b36314ab5eb2eb47cecc464545ba58e1ad24/library/test/src/lib.rs:134:21
[INFO] [stdout]   12:     0x5823b9090003 - <alloc::boxed::Box<F,A> as core::ops::function::Fn<Args>>::call::h591b2225413a77e9
[INFO] [stdout]                                at /rustc/6067b36314ab5eb2eb47cecc464545ba58e1ad24/library/alloc/src/boxed.rs:2027:9
[INFO] [stdout]   13:     0x5823b9090003 - std::panicking::rust_panic_with_hook::h625eea43051b2edc
[INFO] [stdout]                                at /rustc/6067b36314ab5eb2eb47cecc464545ba58e1ad24/library/std/src/panicking.rs:839:13
[INFO] [stdout]   14:     0x5823b908fcba - std::panicking::begin_panic_handler::{{closure}}::h4f9159cfbc3f6bd3
[INFO] [stdout]                                at /rustc/6067b36314ab5eb2eb47cecc464545ba58e1ad24/library/std/src/panicking.rs:704:13
[INFO] [stdout]   15:     0x5823b908e5e9 - std::sys::backtrace::__rust_end_short_backtrace::h0390abce48353151
[INFO] [stdout]                                at /rustc/6067b36314ab5eb2eb47cecc464545ba58e1ad24/library/std/src/sys/backtrace.rs:168:18
[INFO] [stdout]   16:     0x5823b908f94d - rust_begin_unwind
[INFO] [stdout]                                at /rustc/6067b36314ab5eb2eb47cecc464545ba58e1ad24/library/std/src/panicking.rs:695:5
[INFO] [stdout]   17:     0x5823b90b41e0 - core::panicking::panic_fmt::h9e7c637e9e5f29c9
[INFO] [stdout]                                at /rustc/6067b36314ab5eb2eb47cecc464545ba58e1ad24/library/core/src/panicking.rs:75:14
[INFO] [stdout]   18:     0x5823b90b45d2 - core::panicking::assert_failed_inner::h538bec7c1374cd9c
[INFO] [stdout]   19:     0x5823b900bf15 - core::panicking::assert_failed::hcd8c41417e2d2c3e
[INFO] [stdout]                                at /rustc/6067b36314ab5eb2eb47cecc464545ba58e1ad24/library/core/src/panicking.rs:364:5
[INFO] [stdout]   20:     0x5823b900ec2d - raytracer::primitives::camera::tests::test_camera_new::he3876fb73b7d3078
[INFO] [stdout]                                at /opt/rustwide/workdir/src/primitives/camera.rs:78:9
[INFO] [stdout]   21:     0x5823b900e867 - raytracer::primitives::camera::tests::test_camera_new::{{closure}}::h46fe9caeba48881f
[INFO] [stdout]                                at /opt/rustwide/workdir/src/primitives/camera.rs:63:25
[INFO] [stdout]   22:     0x5823b9009b46 - core::ops::function::FnOnce::call_once::h365014afe71a0382
[INFO] [stdout]                                at /rustc/6067b36314ab5eb2eb47cecc464545ba58e1ad24/library/core/src/ops/function.rs:250:5
[INFO] [stdout]   23:     0x5823b905b92b - core::ops::function::FnOnce::call_once::he27718dfdd183f43
[INFO] [stdout]                                at /rustc/6067b36314ab5eb2eb47cecc464545ba58e1ad24/library/core/src/ops/function.rs:250:5
[INFO] [stdout]   24:     0x5823b905b92b - test::__rust_begin_short_backtrace::h4e84902998457a5d
[INFO] [stdout]                                at /rustc/6067b36314ab5eb2eb47cecc464545ba58e1ad24/library/test/src/lib.rs:632:18
[INFO] [stdout]   25:     0x5823b905a863 - test::run_test_in_process::{{closure}}::h7176fd18fc1feca0
[INFO] [stdout]                                at /rustc/6067b36314ab5eb2eb47cecc464545ba58e1ad24/library/test/src/lib.rs:655:60
[INFO] [stdout]   26:     0x5823b905a863 - <core::panic::unwind_safe::AssertUnwindSafe<F> as core::ops::function::FnOnce<()>>::call_once::hf79cff2a624d8cf7
[INFO] [stdout]                                at /rustc/6067b36314ab5eb2eb47cecc464545ba58e1ad24/library/core/src/panic/unwind_safe.rs:272:9
[INFO] [stdout]   27:     0x5823b905a863 - std::panicking::try::do_call::h3da0561d9ab99c25
[INFO] [stdout]                                at /rustc/6067b36314ab5eb2eb47cecc464545ba58e1ad24/library/std/src/panicking.rs:587:40
[INFO] [stdout]   28:     0x5823b905a863 - std::panicking::try::h41c9fa508bc61df6
[INFO] [stdout]                                at /rustc/6067b36314ab5eb2eb47cecc464545ba58e1ad24/library/std/src/panicking.rs:550:19
[INFO] [stdout]   29:     0x5823b905a863 - std::panic::catch_unwind::h6b3ff07bb5afad93
[INFO] [stdout]                                at /rustc/6067b36314ab5eb2eb47cecc464545ba58e1ad24/library/std/src/panic.rs:358:14
[INFO] [stdout]   30:     0x5823b905a863 - test::run_test_in_process::hc7253dd11b39b9f4
[INFO] [stdout]                                at /rustc/6067b36314ab5eb2eb47cecc464545ba58e1ad24/library/test/src/lib.rs:655:27
[INFO] [stdout]   31:     0x5823b905a863 - test::run_test::{{closure}}::hfb2007f8649c30bb
[INFO] [stdout]                                at /rustc/6067b36314ab5eb2eb47cecc464545ba58e1ad24/library/test/src/lib.rs:576:43
[INFO] [stdout]   32:     0x5823b901d945 - test::run_test::{{closure}}::h56a17aa7a282a9f4
[INFO] [stdout]                                at /rustc/6067b36314ab5eb2eb47cecc464545ba58e1ad24/library/test/src/lib.rs:606:41
[INFO] [stdout]   33:     0x5823b901d945 - std::sys::backtrace::__rust_begin_short_backtrace::hd2d2d2fb8e8c6aac
[INFO] [stdout]                                at /rustc/6067b36314ab5eb2eb47cecc464545ba58e1ad24/library/std/src/sys/backtrace.rs:152:18
[INFO] [stdout]   34:     0x5823b902122a - std::thread::Builder::spawn_unchecked_::{{closure}}::{{closure}}::h4faa3f9db6133423
[INFO] [stdout]                                at /rustc/6067b36314ab5eb2eb47cecc464545ba58e1ad24/library/std/src/thread/mod.rs:559:17
[INFO] [stdout]   35:     0x5823b902122a - <core::panic::unwind_safe::AssertUnwindSafe<F> as core::ops::function::FnOnce<()>>::call_once::hf2e855a36a4ea846
[INFO] [stdout]                                at /rustc/6067b36314ab5eb2eb47cecc464545ba58e1ad24/library/core/src/panic/unwind_safe.rs:272:9
[INFO] [stdout]   36:     0x5823b902122a - std::panicking::try::do_call::h2f73af3616c35465
[INFO] [stdout]                                at /rustc/6067b36314ab5eb2eb47cecc464545ba58e1ad24/library/std/src/panicking.rs:587:40
[INFO] [stdout]   37:     0x5823b902122a - std::panicking::try::hd1660ce9efadef5a
[INFO] [stdout]                                at /rustc/6067b36314ab5eb2eb47cecc464545ba58e1ad24/library/std/src/panicking.rs:550:19
[INFO] [stdout]   38:     0x5823b902122a - std::panic::catch_unwind::h5ee8d7823b8ca744
[INFO] [stdout]                                at /rustc/6067b36314ab5eb2eb47cecc464545ba58e1ad24/library/std/src/panic.rs:358:14
[INFO] [stdout]   39:     0x5823b902122a - std::thread::Builder::spawn_unchecked_::{{closure}}::h53c3a1894dce8407
[INFO] [stdout]                                at /rustc/6067b36314ab5eb2eb47cecc464545ba58e1ad24/library/std/src/thread/mod.rs:557:30
[INFO] [stdout]   40:     0x5823b902122a - core::ops::function::FnOnce::call_once{{vtable.shim}}::h048ce291ad4f62bf
[INFO] [stdout]                                at /rustc/6067b36314ab5eb2eb47cecc464545ba58e1ad24/library/core/src/ops/function.rs:250:5
[INFO] [stdout]   41:     0x5823b9093f3b - <alloc::boxed::Box<F,A> as core::ops::function::FnOnce<Args>>::call_once::ha52bedf99a3b4981
[INFO] [stdout]                                at /rustc/6067b36314ab5eb2eb47cecc464545ba58e1ad24/library/alloc/src/boxed.rs:2013:9
[INFO] [stdout]   42:     0x5823b9093f3b - <alloc::boxed::Box<F,A> as core::ops::function::FnOnce<Args>>::call_once::h567748934d80ccf8
[INFO] [stdout]                                at /rustc/6067b36314ab5eb2eb47cecc464545ba58e1ad24/library/alloc/src/boxed.rs:2013:9
[INFO] [stdout]   43:     0x5823b9093f3b - std::sys::pal::unix::thread::Thread::new::thread_start::h2d970728ae887adc
[INFO] [stdout]                                at /rustc/6067b36314ab5eb2eb47cecc464545ba58e1ad24/library/std/src/sys/pal/unix/thread.rs:106:17
[INFO] [stdout]   44:     0x752763714ac3 - <unknown>
[INFO] [stdout]   45:     0x7527637a5a04 - clone
[INFO] [stdout]   46:                0x0 - <unknown>
[INFO] [stdout] 
[INFO] [stdout] 
[INFO] [stdout] failures:
[INFO] [stdout]     primitives::camera::tests::test_camera_new
[INFO] [stdout] 
[INFO] [stdout] test result: FAILED. 119 passed; 1 failed; 0 ignored; 0 measured; 0 filtered out; finished in 0.10s
[INFO] [stdout] 
[INFO] running `Command { std: "docker" "inspect" "cd81ef2d163840e5080dbfd3bfba06558dc97e852f7d24724c6a2068f62a0e2c", kill_on_drop: false }`
[INFO] running `Command { std: "docker" "rm" "-f" "cd81ef2d163840e5080dbfd3bfba06558dc97e852f7d24724c6a2068f62a0e2c", kill_on_drop: false }`
[INFO] [stdout] cd81ef2d163840e5080dbfd3bfba06558dc97e852f7d24724c6a2068f62a0e2c
