[INFO] cloning repository https://github.com/dkvz/dkvz-blog-backend
[INFO] running `Command { std: "git" "-c" "credential.helper=" "-c" "credential.helper=/workspace/cargo-home/bin/git-credential-null" "clone" "--bare" "https://github.com/dkvz/dkvz-blog-backend" "/workspace/cache/git-repos/https%3A%2F%2Fgithub.com%2Fdkvz%2Fdkvz-blog-backend", kill_on_drop: false }`
[INFO] [stderr] Cloning into bare repository '/workspace/cache/git-repos/https%3A%2F%2Fgithub.com%2Fdkvz%2Fdkvz-blog-backend'...
[INFO] running `Command { std: "git" "rev-parse" "HEAD", kill_on_drop: false }`
[INFO] [stdout] 00fb53627eb810c4f6737710577cc984eec91ea4
[INFO] testing dkvz/dkvz-blog-backend against nightly-2025-01-18 for randomize-layout-2
[INFO] running `Command { std: "git" "clone" "/workspace/cache/git-repos/https%3A%2F%2Fgithub.com%2Fdkvz%2Fdkvz-blog-backend" "/workspace/builds/worker-1-tc1/source", kill_on_drop: false }`
[INFO] [stderr] Cloning into '/workspace/builds/worker-1-tc1/source'...
[INFO] [stderr] done.
[INFO] validating manifest of git repo https://github.com/dkvz/dkvz-blog-backend on toolchain nightly-2025-01-18
[INFO] running `Command { std: CARGO_HOME="/workspace/cargo-home" RUSTUP_HOME="/workspace/rustup-home" "/workspace/cargo-home/bin/cargo" "+nightly-2025-01-18" "metadata" "--manifest-path" "Cargo.toml" "--no-deps", kill_on_drop: false }`
[INFO] started tweaking git repo https://github.com/dkvz/dkvz-blog-backend
[INFO] finished tweaking git repo https://github.com/dkvz/dkvz-blog-backend
[INFO] tweaked toml for git repo https://github.com/dkvz/dkvz-blog-backend written to /workspace/builds/worker-1-tc1/source/Cargo.toml
[INFO] crate git repo https://github.com/dkvz/dkvz-blog-backend already has a lockfile, it will not be regenerated
[INFO] running `Command { std: CARGO_HOME="/workspace/cargo-home" RUSTUP_HOME="/workspace/rustup-home" "/workspace/cargo-home/bin/cargo" "+nightly-2025-01-18" "fetch" "--manifest-path" "Cargo.toml", kill_on_drop: false }`
[INFO] [stderr]     Updating crates.io index
[INFO] [stderr]  Downloading crates ...
[INFO] [stderr]   Downloaded r2d2_sqlite v0.14.0
[INFO] [stderr]   Downloaded html2text v0.2.1
[INFO] [stderr]   Downloaded ip2location v0.1.5
[INFO] [stderr]   Downloaded eyre v0.4.3
[INFO] [stderr]   Downloaded actix-cors v0.5.4
[INFO] [stderr]   Downloaded color-backtrace v0.4.2
[INFO] [stderr]   Downloaded serde_with v1.13.0
[INFO] [stderr]   Downloaded actix-web v3.3.3
[INFO] [stderr]   Downloaded rusqlite v0.21.0
[INFO] [stderr]   Downloaded color-eyre v0.3.4
[INFO] [stderr]   Downloaded libsqlite3-sys v0.17.3
[INFO] [stderr]   Downloaded linecount v0.1.0
[INFO] running `Command { std: "docker" "create" "-v" "/var/lib/crater-agent-workspace/builds/worker-1-tc1/target:/opt/rustwide/target:rw,Z" "-v" "/var/lib/crater-agent-workspace/builds/worker-1-tc1/source:/opt/rustwide/workdir:ro,Z" "-v" "/var/lib/crater-agent-workspace/cargo-home:/opt/rustwide/cargo-home:ro,Z" "-v" "/var/lib/crater-agent-workspace/rustup-home:/opt/rustwide/rustup-home:ro,Z" "-e" "SOURCE_DIR=/opt/rustwide/workdir" "-e" "CARGO_TARGET_DIR=/opt/rustwide/target" "-e" "CARGO_HOME=/opt/rustwide/cargo-home" "-e" "RUSTUP_HOME=/opt/rustwide/rustup-home" "-w" "/opt/rustwide/workdir" "-m" "1610612736" "--user" "0:0" "--network" "none" "ghcr.io/rust-lang/crates-build-env/linux@sha256:819108c5571ea2e421544af4d832f968d213c87fbe3707a016657f43d2f853bc" "/opt/rustwide/cargo-home/bin/cargo" "+nightly-2025-01-18" "metadata" "--no-deps" "--format-version=1", kill_on_drop: false }`
[INFO] [stdout] d16988d48764194ffd84f996251377bc46f943fddbf69e11c9a8f96e168b663d
[INFO] running `Command { std: "docker" "start" "-a" "d16988d48764194ffd84f996251377bc46f943fddbf69e11c9a8f96e168b663d", kill_on_drop: false }`
[INFO] running `Command { std: "docker" "inspect" "d16988d48764194ffd84f996251377bc46f943fddbf69e11c9a8f96e168b663d", kill_on_drop: false }`
[INFO] running `Command { std: "docker" "rm" "-f" "d16988d48764194ffd84f996251377bc46f943fddbf69e11c9a8f96e168b663d", kill_on_drop: false }`
[INFO] [stdout] d16988d48764194ffd84f996251377bc46f943fddbf69e11c9a8f96e168b663d
[INFO] running `Command { std: "docker" "create" "-v" "/var/lib/crater-agent-workspace/builds/worker-1-tc1/target:/opt/rustwide/target:rw,Z" "-v" "/var/lib/crater-agent-workspace/builds/worker-1-tc1/source:/opt/rustwide/workdir:ro,Z" "-v" "/var/lib/crater-agent-workspace/cargo-home:/opt/rustwide/cargo-home:ro,Z" "-v" "/var/lib/crater-agent-workspace/rustup-home:/opt/rustwide/rustup-home:ro,Z" "-e" "SOURCE_DIR=/opt/rustwide/workdir" "-e" "CARGO_TARGET_DIR=/opt/rustwide/target" "-e" "CARGO_INCREMENTAL=0" "-e" "RUST_BACKTRACE=full" "-e" "RUSTFLAGS=--cap-lints=forbid" "-e" "RUSTDOCFLAGS=--cap-lints=forbid" "-e" "CARGO_HOME=/opt/rustwide/cargo-home" "-e" "RUSTUP_HOME=/opt/rustwide/rustup-home" "-w" "/opt/rustwide/workdir" "-m" "1610612736" "--user" "0:0" "--network" "none" "ghcr.io/rust-lang/crates-build-env/linux@sha256:819108c5571ea2e421544af4d832f968d213c87fbe3707a016657f43d2f853bc" "/opt/rustwide/cargo-home/bin/cargo" "+nightly-2025-01-18" "build" "--frozen" "--message-format=json", kill_on_drop: false }`
[INFO] [stdout] f6e143ff5381aed59478899b5cd551c77969a5bbe164d87a711cbf013901708f
[INFO] running `Command { std: "docker" "start" "-a" "f6e143ff5381aed59478899b5cd551c77969a5bbe164d87a711cbf013901708f", kill_on_drop: false }`
[INFO] [stderr]    Compiling proc-macro2 v1.0.37
[INFO] [stderr]    Compiling unicode-xid v0.2.2
[INFO] [stderr]    Compiling libc v0.2.124
[INFO] [stderr]    Compiling syn v1.0.91
[INFO] [stderr]    Compiling cfg-if v1.0.0
[INFO] [stderr]    Compiling autocfg v1.1.0
[INFO] [stderr]    Compiling memchr v2.7.2
[INFO] [stderr]    Compiling log v0.4.16
[INFO] [stderr]    Compiling lazy_static v1.4.0
[INFO] [stderr]    Compiling smallvec v1.8.0
[INFO] [stderr]    Compiling version_check v0.9.4
[INFO] [stderr]    Compiling futures-core v0.3.21
[INFO] [stderr]    Compiling fnv v1.0.7
[INFO] [stderr]    Compiling scopeguard v1.1.0
[INFO] [stderr]    Compiling pin-project-lite v0.2.8
[INFO] [stderr]    Compiling getrandom v0.1.16
[INFO] [stderr]    Compiling lock_api v0.4.7
[INFO] [stderr]    Compiling ppv-lite86 v0.2.16
[INFO] [stderr]    Compiling slab v0.4.6
[INFO] [stderr]    Compiling futures-sink v0.3.21
[INFO] [stderr]    Compiling serde_derive v1.0.136
[INFO] [stderr]    Compiling futures-channel v0.3.21
[INFO] [stderr]    Compiling serde v1.0.136
[INFO] [stderr]    Compiling futures-task v0.3.21
[INFO] [stderr]    Compiling cfg-if v0.1.10
[INFO] [stderr]    Compiling num_cpus v1.13.1
[INFO] [stderr]    Compiling net2 v0.2.37
[INFO] [stderr]    Compiling iovec v0.1.4
[INFO] [stderr]    Compiling futures-util v0.3.21
[INFO] [stderr]    Compiling quote v1.0.18
[INFO] [stderr]    Compiling rand_core v0.5.1
[INFO] [stderr]    Compiling parking_lot_core v0.8.5
[INFO] [stderr]    Compiling pin-utils v0.1.0
[INFO] [stderr]    Compiling mio v0.6.23
[INFO] [stderr]    Compiling rand_chacha v0.2.2
[INFO] [stderr]    Compiling rand_pcg v0.2.1
[INFO] [stderr]    Compiling futures-io v0.3.21
[INFO] [stderr]    Compiling signal-hook-registry v1.4.0
[INFO] [stderr]    Compiling instant v0.1.12
[INFO] [stderr]    Compiling bytes v0.5.6
[INFO] [stderr]    Compiling pin-project-lite v0.1.12
[INFO] [stderr]    Compiling rand v0.7.3
[INFO] [stderr]    Compiling siphasher v0.3.10
[INFO] [stderr]    Compiling bitflags v1.3.2
[INFO] [stderr]    Compiling parking_lot v0.11.2
[INFO] [stderr]    Compiling pin-project-internal v0.4.29
[INFO] [stderr]    Compiling itoa v1.0.1
[INFO] [stderr]    Compiling getrandom v0.2.6
[INFO] [stderr]    Compiling once_cell v1.10.0
[INFO] [stderr]    Compiling convert_case v0.4.0
[INFO] [stderr]    Compiling threadpool v1.8.1
[INFO] [stderr]    Compiling rand_core v0.6.3
[INFO] [stderr]    Compiling tracing-core v0.1.26
[INFO] [stderr]    Compiling linked-hash-map v0.5.4
[INFO] [stderr]    Compiling mio-uds v0.6.8
[INFO] [stderr]    Compiling percent-encoding v2.1.0
[INFO] [stderr]    Compiling ryu v1.0.9
[INFO] [stderr]    Compiling tinyvec_macros v0.1.0
[INFO] [stderr]    Compiling matches v0.1.9
[INFO] [stderr]    Compiling tinyvec v1.5.1
[INFO] [stderr]    Compiling rand_chacha v0.3.1
[INFO] [stderr]    Compiling phf_shared v0.8.0
[INFO] [stderr]    Compiling phf_shared v0.10.0
[INFO] [stderr]    Compiling standback v0.2.17
[INFO] [stderr]    Compiling copyless v0.1.5
[INFO] [stderr]    Compiling proc-macro-hack v0.5.19
[INFO] [stderr]    Compiling typenum v1.15.0
[INFO] [stderr]    Compiling rand v0.8.5
[INFO] [stderr]    Compiling form_urlencoded v1.0.1
[INFO] [stderr]    Compiling generic-array v0.14.5
[INFO] [stderr]    Compiling aho-corasick v0.7.18
[INFO] [stderr]    Compiling async-trait v0.1.53
[INFO] [stderr]    Compiling unicode-bidi v0.3.7
[INFO] [stderr]    Compiling adler v1.0.2
[INFO] [stderr]    Compiling either v1.6.1
[INFO] [stderr]    Compiling serde_json v1.0.79
[INFO] [stderr]    Compiling parking_lot_core v0.9.2
[INFO] [stderr]    Compiling regex-syntax v0.6.25
[INFO] [stderr]    Compiling bytes v1.1.0
[INFO] [stderr]    Compiling miniz_oxide v0.5.1
[INFO] [stderr]    Compiling unicode-normalization v0.1.19
[INFO] [stderr]    Compiling phf_generator v0.10.0
[INFO] [stderr]    Compiling phf_generator v0.8.0
[INFO] [stderr]    Compiling lru-cache v0.1.2
[INFO] [stderr]    Compiling const_fn v0.4.9
[INFO] [stderr]    Compiling idna v0.2.3
[INFO] [stderr]    Compiling new_debug_unreachable v1.0.4
[INFO] [stderr]    Compiling match_cfg v0.1.0
[INFO] [stderr]    Compiling heck v0.4.0
[INFO] [stderr]    Compiling hostname v0.3.1
[INFO] [stderr]    Compiling phf_codegen v0.8.0
[INFO] [stderr]    Compiling http v0.2.6
[INFO] [stderr]    Compiling string_cache_codegen v0.5.2
[INFO] [stderr]    Compiling url v2.2.2
[INFO] [stderr]    Compiling time v0.2.27
[INFO] [stderr]    Compiling regex v1.5.5
[INFO] [stderr]    Compiling indexmap v1.8.1
[INFO] [stderr]    Compiling num-traits v0.2.14
[INFO] [stderr]    Compiling mac v0.1.1
[INFO] [stderr]    Compiling crc32fast v1.3.2
[INFO] [stderr]    Compiling alloc-no-stdlib v2.0.3
[INFO] [stderr]    Compiling quick-error v1.2.3
[INFO] [stderr]    Compiling resolv-conf v0.7.0
[INFO] [stderr]    Compiling alloc-stdlib v0.2.1
[INFO] [stderr]    Compiling futf v0.1.5
[INFO] [stderr]    Compiling parking_lot v0.12.0
[INFO] [stderr]    Compiling markup5ever v0.10.1
[INFO] [stderr]    Compiling time v0.1.43
[INFO] [stderr]    Compiling cookie v0.14.4
[INFO] [stderr]    Compiling hashbrown v0.11.2
[INFO] [stderr]    Compiling utf-8 v0.7.6
[INFO] [stderr]    Compiling ident_case v1.0.1
[INFO] [stderr]    Compiling encoding_rs v0.8.31
[INFO] [stderr]    Compiling precomputed-hash v0.1.1
[INFO] [stderr]    Compiling strsim v0.10.0
[INFO] [stderr]    Compiling httparse v1.7.0
[INFO] [stderr]    Compiling tendril v0.4.3
[INFO] [stderr]    Compiling brotli-decompressor v2.3.2
[INFO] [stderr]    Compiling digest v0.9.0
[INFO] [stderr]    Compiling block-buffer v0.9.0
[INFO] [stderr]    Compiling phf v0.8.0
[INFO] [stderr]    Compiling opaque-debug v0.3.0
[INFO] [stderr]    Compiling pkg-config v0.3.25
[INFO] [stderr]    Compiling cpufeatures v0.2.2
[INFO] [stderr]    Compiling byteorder v1.4.3
[INFO] [stderr]    Compiling ucd-trie v0.1.3
[INFO] [stderr]    Compiling cc v1.0.73
[INFO] [stderr]    Compiling darling_core v0.13.4
[INFO] [stderr]    Compiling pest v2.1.3
[INFO] [stderr]    Compiling libsqlite3-sys v0.17.3
[INFO] [stderr]    Compiling fxhash v0.2.1
[INFO] [stderr]    Compiling sha-1 v0.9.8
[INFO] [stderr]    Compiling flate2 v1.0.23
[INFO] [stderr]    Compiling brotli v3.3.4
[INFO] [stderr]    Compiling backtrace v0.3.65
[INFO] [stderr]    Compiling thread_local v1.1.4
[INFO] [stderr]    Compiling socket2 v0.3.19
[INFO] [stderr]    Compiling sharded-slab v0.1.4
[INFO] [stderr]    Compiling gimli v0.26.1
[INFO] [stderr]    Compiling base64 v0.13.0
[INFO] [stderr]    Compiling serde v0.8.23
[INFO] [stderr]    Compiling maplit v1.0.2
[INFO] [stderr]    Compiling language-tags v0.2.2
[INFO] [stderr]    Compiling itoa v0.4.8
[INFO] [stderr]    Compiling lexical-core v0.7.6
[INFO] [stderr]    Compiling futures-macro v0.3.21
[INFO] [stderr]    Compiling tokio-macros v0.2.6
[INFO] [stderr]    Compiling tokio v0.2.25
[INFO] [stderr]    Compiling derive_more v0.99.17
[INFO] [stderr]    Compiling actix-macros v0.1.3
[INFO] [stderr]    Compiling pin-project v0.4.29
[INFO] [stderr]    Compiling tracing-attributes v0.1.20
[INFO] [stderr]    Compiling thiserror-impl v1.0.30
[INFO] [stderr]    Compiling time-macros-impl v0.1.2
[INFO] [stderr]    Compiling thiserror v1.0.30
[INFO] [stderr]    Compiling pin-project-internal v1.0.10
[INFO] [stderr]    Compiling enum-as-inner v0.3.4
[INFO] [stderr]    Compiling tracing v0.1.34
[INFO] [stderr]    Compiling time-macros v0.1.1
[INFO] [stderr]    Compiling pin-project v1.0.10
[INFO] [stderr]    Compiling tracing-futures v0.2.5
[INFO] [stderr]    Compiling darling_macro v0.13.4
[INFO] [stderr]    Compiling html5ever v0.25.2
[INFO] [stderr]    Compiling tokio-util v0.3.1
[INFO] [stderr]    Compiling actix-threadpool v0.3.3
[INFO] [stderr]    Compiling actix-service v1.0.6
[INFO] [stderr]    Compiling actix-rt v1.1.1
[INFO] [stderr]    Compiling futures-executor v0.3.21
[INFO] [stderr]    Compiling actix-codec v0.3.0
[INFO] [stderr]    Compiling futures v0.3.21
[INFO] [stderr]    Compiling trust-dns-proto v0.19.7
[INFO] [stderr]    Compiling h2 v0.2.7
[INFO] [stderr]    Compiling actix-utils v2.0.0
[INFO] [stderr]    Compiling mime v0.3.16
[INFO] [stderr]    Compiling rustversion v1.0.6
[INFO] [stderr]    Compiling actix-server v1.0.4
[INFO] [stderr]    Compiling darling v0.13.4
[INFO] [stderr]    Compiling addr2line v0.17.0
[INFO] [stderr]    Compiling serde_test v0.8.23
[INFO] [stderr]    Compiling tracing-subscriber v0.2.25
[INFO] [stderr]    Compiling pest_meta v2.1.3
[INFO] [stderr]    Compiling bytestring v1.0.0
[INFO] [stderr]    Compiling atty v0.2.14
[INFO] [stderr]    Compiling nom v5.1.2
[INFO] [stderr]    Compiling object v0.28.3
[INFO] [stderr]    Compiling trust-dns-resolver v0.19.7
[INFO] [stderr]    Compiling string_cache v0.8.4
[INFO] [stderr]    Compiling serde_urlencoded v0.7.1
[INFO] [stderr]    Compiling num-integer v0.1.44
[INFO] [stderr]    Compiling rustc-demangle v0.1.21
[INFO] [stderr]    Compiling termcolor v1.1.3
[INFO] [stderr]    Compiling arrayvec v0.5.2
[INFO] [stderr]    Compiling eyre v0.4.3
[INFO] [stderr]    Compiling actix-connect v2.0.0
[INFO] [stderr]    Compiling static_assertions v1.1.0
[INFO] [stderr]    Compiling xml5ever v0.16.2
[INFO] [stderr]    Compiling actix-router v0.2.7
[INFO] [stderr]    Compiling tracing-error v0.1.2
[INFO] [stderr]    Compiling pest_generator v2.1.3
[INFO] [stderr]    Compiling actix-http v2.2.2
[INFO] [stderr]    Compiling actix-testing v1.0.1
[INFO] [stderr]    Compiling linked-hash-map v0.3.0
[INFO] [stderr]    Compiling serde_with_macros v1.5.2
[INFO] [stderr]    Compiling actix-tls v2.0.0
[INFO] [stderr]    Compiling actix-web-codegen v0.4.0
[INFO] [stderr]    Compiling num-traits v0.1.43
[INFO] [stderr]    Compiling scheduled-thread-pool v0.2.5
[INFO] [stderr]    Compiling aho-corasick v1.1.3
[INFO] [stderr]    Compiling unicode-width v0.1.9
[INFO] [stderr]    Compiling bit-vec v0.6.3
[INFO] [stderr]    Compiling owo-colors v1.3.0
[INFO] [stderr]    Compiling regex-syntax v0.8.3
[INFO] [stderr]    Compiling fallible-streaming-iterator v0.1.9
[INFO] [stderr]    Compiling same-file v1.0.6
[INFO] [stderr]    Compiling indenter v0.3.3
[INFO] [stderr]    Compiling fallible-iterator v0.2.0
[INFO] [stderr]    Compiling walkdir v2.3.2
[INFO] [stderr]    Compiling rusqlite v0.21.0
[INFO] [stderr]    Compiling color-spantrace v0.1.6
[INFO] [stderr]    Compiling bit-set v0.5.3
[INFO] [stderr]    Compiling serde_with v1.13.0
[INFO] [stderr]    Compiling r2d2 v0.8.9
[INFO] [stderr]    Compiling serde-hjson v0.9.1
[INFO] [stderr]    Compiling color-backtrace v0.4.2
[INFO] [stderr]    Compiling awc v2.0.3
[INFO] [stderr]    Compiling pest_derive v2.1.0
[INFO] [stderr]    Compiling markup5ever_rcdom v0.1.0
[INFO] [stderr]    Compiling regex-automata v0.4.6
[INFO] [stderr]    Compiling actix-web v3.3.3
[INFO] [stderr]    Compiling toml v0.5.9
[INFO] [stderr]    Compiling yaml-rust v0.4.5
[INFO] [stderr]    Compiling memmap v0.7.0
[INFO] [stderr]    Compiling quick-error v2.0.1
[INFO] [stderr]    Compiling rust-ini v0.13.0
[INFO] [stderr]    Compiling humantime v2.1.0
[INFO] [stderr]    Compiling ansi_term v0.11.0
[INFO] [stderr]    Compiling env_logger v0.8.4
[INFO] [stderr]    Compiling color-eyre v0.3.4
[INFO] [stderr]    Compiling config v0.10.1
[INFO] [stderr]    Compiling handlebars v3.5.5
[INFO] [stderr]    Compiling ip2location v0.1.5
[INFO] [stderr]    Compiling actix-cors v0.5.4
[INFO] [stderr]    Compiling chrono v0.4.19
[INFO] [stderr]    Compiling html2text v0.2.1
[INFO] [stderr]    Compiling r2d2_sqlite v0.14.0
[INFO] [stderr]    Compiling getopts v0.2.21
[INFO] [stderr]    Compiling dotenv v0.15.0
[INFO] [stderr]    Compiling linecount v0.1.0
[INFO] [stderr]    Compiling fancy-regex v0.13.0
[INFO] [stderr]    Compiling dkvz-blog-backend v1.1.0 (/opt/rustwide/workdir)
[INFO] [stdout] warning: unused import: `TryInto`
[INFO] [stdout]  --> src/db/mod.rs:9:29
[INFO] [stdout]   |
[INFO] [stdout] 9 | use std::convert::{TryFrom, TryInto};
[INFO] [stdout]   |                             ^^^^^^^
[INFO] [stdout]   |
[INFO] [stdout]   = note: `#[warn(unused_imports)]` on by default
[INFO] [stdout] 
[INFO] [stdout] 
[INFO] [stdout] warning: unused import: `log::info`
[INFO] [stdout]   --> src/db/mod.rs:16:5
[INFO] [stdout]    |
[INFO] [stdout] 16 | use log::info;
[INFO] [stdout]    |     ^^^^^^^^^
[INFO] [stdout] 
[INFO] [stdout] 
[INFO] [stdout] warning: unused imports: `debug` and `error`
[INFO] [stdout]   --> src/data-transform.rs:11:11
[INFO] [stdout]    |
[INFO] [stdout] 11 | use log::{debug, error, info};
[INFO] [stdout]    |           ^^^^^  ^^^^^
[INFO] [stdout] 
[INFO] [stdout] 
[INFO] [stdout] warning: unused import: `TryInto`
[INFO] [stdout]  --> src/db/mod.rs:9:29
[INFO] [stdout]   |
[INFO] [stdout] 9 | use std::convert::{TryFrom, TryInto};
[INFO] [stdout]   |                             ^^^^^^^
[INFO] [stdout]   |
[INFO] [stdout]   = note: `#[warn(unused_imports)]` on by default
[INFO] [stdout] 
[INFO] [stdout] 
[INFO] [stdout] warning: unused import: `log::info`
[INFO] [stdout]   --> src/db/mod.rs:16:5
[INFO] [stdout]    |
[INFO] [stdout] 16 | use log::info;
[INFO] [stdout]    |     ^^^^^^^^^
[INFO] [stdout] 
[INFO] [stdout] 
[INFO] [stdout] warning: unused import: `HttpResponse`
[INFO] [stdout]  --> src/app/mod.rs:2:39
[INFO] [stdout]   |
[INFO] [stdout] 2 | use actix_web::{middleware, web, App, HttpResponse, HttpServer};
[INFO] [stdout]   |                                       ^^^^^^^^^^^^
[INFO] [stdout] 
[INFO] [stdout] 
[INFO] [stdout] warning: associated function `update_content` is never used
[INFO] [stdout]   --> src/db/entities.rs:49:10
[INFO] [stdout]    |
[INFO] [stdout] 48 | impl ArticleUpdate {
[INFO] [stdout]    | ------------------ associated function in this implementation
[INFO] [stdout] 49 |   pub fn update_content(
[INFO] [stdout]    |          ^^^^^^^^^^^^^^
[INFO] [stdout]    |
[INFO] [stdout]    = note: `#[warn(dead_code)]` on by default
[INFO] [stdout] 
[INFO] [stdout] 
[INFO] [stdout] warning: variant `Or` is never constructed
[INFO] [stdout]   --> src/db/queries.rs:49:3
[INFO] [stdout]    |
[INFO] [stdout] 47 | enum WhereClauseGlue {
[INFO] [stdout]    |      --------------- variant in this enum
[INFO] [stdout] 48 |   And,
[INFO] [stdout] 49 |   Or
[INFO] [stdout]    |   ^^
[INFO] [stdout] 
[INFO] [stdout] 
[INFO] [stdout] warning: method `where_or` is never used
[INFO] [stdout]    --> src/db/queries.rs:110:10
[INFO] [stdout]     |
[INFO] [stdout] 86  | impl<'a> Query<'a> {
[INFO] [stdout]     | ------------------ method in this implementation
[INFO] [stdout] ...
[INFO] [stdout] 110 |   pub fn where_or(mut self, q_where: &'a[&'a str]) -> Self {
[INFO] [stdout]     |          ^^^^^^^^
[INFO] [stdout] 
[INFO] [stdout] 
[INFO] [stdout] warning: method `geo_info_from_ip_addr` is never used
[INFO] [stdout]   --> src/stats/ip_location.rs:51:10
[INFO] [stdout]    |
[INFO] [stdout] 19 | impl IpLocator {
[INFO] [stdout]    | -------------- method in this implementation
[INFO] [stdout] ...
[INFO] [stdout] 51 |   pub fn geo_info_from_ip_addr(&mut self, ip: IpAddr) -> Result<GeoInfo> {
[INFO] [stdout]    |          ^^^^^^^^^^^^^^^^^^^^^
[INFO] [stdout] 
[INFO] [stdout] 
[INFO] [stdout] warning: variant `Forbidden` is never constructed
[INFO] [stdout]   --> src/app/error.rs:25:3
[INFO] [stdout]    |
[INFO] [stdout] 19 | pub enum Error {
[INFO] [stdout]    |          ----- variant in this enum
[INFO] [stdout] ...
[INFO] [stdout] 25 |   Forbidden(String),
[INFO] [stdout]    |   ^^^^^^^^^
[INFO] [stdout]    |
[INFO] [stdout]    = note: `Error` has a derived impl for the trait `Debug`, but this is intentionally ignored during dead code analysis
[INFO] [stdout] 
[INFO] [stdout] 
[INFO] [stderr]     Finished `dev` profile [unoptimized + debuginfo] target(s) in 3m 06s
[INFO] [stderr] warning: the following packages contain code that will be rejected by a future version of Rust: nom v5.1.2, xml5ever v0.16.2
[INFO] [stderr] note: to see what the problems were, use the option `--future-incompat-report`, or run `cargo report future-incompatibilities --id 1`
[INFO] running `Command { std: "docker" "inspect" "f6e143ff5381aed59478899b5cd551c77969a5bbe164d87a711cbf013901708f", kill_on_drop: false }`
[INFO] running `Command { std: "docker" "rm" "-f" "f6e143ff5381aed59478899b5cd551c77969a5bbe164d87a711cbf013901708f", kill_on_drop: false }`
[INFO] [stdout] f6e143ff5381aed59478899b5cd551c77969a5bbe164d87a711cbf013901708f
[INFO] running `Command { std: "docker" "create" "-v" "/var/lib/crater-agent-workspace/builds/worker-1-tc1/target:/opt/rustwide/target:rw,Z" "-v" "/var/lib/crater-agent-workspace/builds/worker-1-tc1/source:/opt/rustwide/workdir:ro,Z" "-v" "/var/lib/crater-agent-workspace/cargo-home:/opt/rustwide/cargo-home:ro,Z" "-v" "/var/lib/crater-agent-workspace/rustup-home:/opt/rustwide/rustup-home:ro,Z" "-e" "SOURCE_DIR=/opt/rustwide/workdir" "-e" "CARGO_TARGET_DIR=/opt/rustwide/target" "-e" "CARGO_INCREMENTAL=0" "-e" "RUST_BACKTRACE=full" "-e" "RUSTFLAGS=--cap-lints=forbid" "-e" "RUSTDOCFLAGS=--cap-lints=forbid" "-e" "CARGO_HOME=/opt/rustwide/cargo-home" "-e" "RUSTUP_HOME=/opt/rustwide/rustup-home" "-w" "/opt/rustwide/workdir" "-m" "1610612736" "--user" "0:0" "--network" "none" "ghcr.io/rust-lang/crates-build-env/linux@sha256:819108c5571ea2e421544af4d832f968d213c87fbe3707a016657f43d2f853bc" "/opt/rustwide/cargo-home/bin/cargo" "+nightly-2025-01-18" "test" "--frozen" "--no-run" "--message-format=json", kill_on_drop: false }`
[INFO] [stdout] a5065ffd496f78b59d8bc6e2b2714b0cccc7f3132bf7d03a32f61da6a3900591
[INFO] running `Command { std: "docker" "start" "-a" "a5065ffd496f78b59d8bc6e2b2714b0cccc7f3132bf7d03a32f61da6a3900591", kill_on_drop: false }`
[INFO] [stderr]    Compiling dkvz-blog-backend v1.1.0 (/opt/rustwide/workdir)
[INFO] [stdout] warning: unused import: `TryInto`
[INFO] [stdout]  --> src/db/mod.rs:9:29
[INFO] [stdout]   |
[INFO] [stdout] 9 | use std::convert::{TryFrom, TryInto};
[INFO] [stdout]   |                             ^^^^^^^
[INFO] [stdout]   |
[INFO] [stdout]   = note: `#[warn(unused_imports)]` on by default
[INFO] [stdout] 
[INFO] [stdout] 
[INFO] [stdout] warning: unused import: `log::info`
[INFO] [stdout]   --> src/db/mod.rs:16:5
[INFO] [stdout]    |
[INFO] [stdout] 16 | use log::info;
[INFO] [stdout]    |     ^^^^^^^^^
[INFO] [stdout] 
[INFO] [stdout] 
[INFO] [stdout] warning: unused imports: `debug` and `error`
[INFO] [stdout]   --> src/data-transform.rs:11:11
[INFO] [stdout]    |
[INFO] [stdout] 11 | use log::{debug, error, info};
[INFO] [stdout]    |           ^^^^^  ^^^^^
[INFO] [stdout] 
[INFO] [stdout] 
[INFO] [stdout] warning: unused import: `TryInto`
[INFO] [stdout]  --> src/db/mod.rs:9:29
[INFO] [stdout]   |
[INFO] [stdout] 9 | use std::convert::{TryFrom, TryInto};
[INFO] [stdout]   |                             ^^^^^^^
[INFO] [stdout]   |
[INFO] [stdout]   = note: `#[warn(unused_imports)]` on by default
[INFO] [stdout] 
[INFO] [stdout] 
[INFO] [stdout] warning: unused import: `log::info`
[INFO] [stdout]   --> src/db/mod.rs:16:5
[INFO] [stdout]    |
[INFO] [stdout] 16 | use log::info;
[INFO] [stdout]    |     ^^^^^^^^^
[INFO] [stdout] 
[INFO] [stdout] 
[INFO] [stdout] warning: unused import: `HttpResponse`
[INFO] [stdout]  --> src/app/mod.rs:2:39
[INFO] [stdout]   |
[INFO] [stdout] 2 | use actix_web::{middleware, web, App, HttpResponse, HttpServer};
[INFO] [stdout]   |                                       ^^^^^^^^^^^^
[INFO] [stdout] 
[INFO] [stdout] 
[INFO] [stdout] warning: associated function `update_content` is never used
[INFO] [stdout]   --> src/db/entities.rs:49:10
[INFO] [stdout]    |
[INFO] [stdout] 48 | impl ArticleUpdate {
[INFO] [stdout]    | ------------------ associated function in this implementation
[INFO] [stdout] 49 |   pub fn update_content(
[INFO] [stdout]    |          ^^^^^^^^^^^^^^
[INFO] [stdout]    |
[INFO] [stdout]    = note: `#[warn(dead_code)]` on by default
[INFO] [stdout] 
[INFO] [stdout] 
[INFO] [stdout] warning: variant `Or` is never constructed
[INFO] [stdout]   --> src/db/queries.rs:49:3
[INFO] [stdout]    |
[INFO] [stdout] 47 | enum WhereClauseGlue {
[INFO] [stdout]    |      --------------- variant in this enum
[INFO] [stdout] 48 |   And,
[INFO] [stdout] 49 |   Or
[INFO] [stdout]    |   ^^
[INFO] [stdout] 
[INFO] [stdout] 
[INFO] [stdout] warning: method `where_or` is never used
[INFO] [stdout]    --> src/db/queries.rs:110:10
[INFO] [stdout]     |
[INFO] [stdout] 86  | impl<'a> Query<'a> {
[INFO] [stdout]     | ------------------ method in this implementation
[INFO] [stdout] ...
[INFO] [stdout] 110 |   pub fn where_or(mut self, q_where: &'a[&'a str]) -> Self {
[INFO] [stdout]     |          ^^^^^^^^
[INFO] [stdout] 
[INFO] [stdout] 
[INFO] [stdout] warning: method `geo_info_from_ip_addr` is never used
[INFO] [stdout]   --> src/stats/ip_location.rs:51:10
[INFO] [stdout]    |
[INFO] [stdout] 19 | impl IpLocator {
[INFO] [stdout]    | -------------- method in this implementation
[INFO] [stdout] ...
[INFO] [stdout] 51 |   pub fn geo_info_from_ip_addr(&mut self, ip: IpAddr) -> Result<GeoInfo> {
[INFO] [stdout]    |          ^^^^^^^^^^^^^^^^^^^^^
[INFO] [stdout] 
[INFO] [stdout] 
[INFO] [stdout] warning: variant `Forbidden` is never constructed
[INFO] [stdout]   --> src/app/error.rs:25:3
[INFO] [stdout]    |
[INFO] [stdout] 19 | pub enum Error {
[INFO] [stdout]    |          ----- variant in this enum
[INFO] [stdout] ...
[INFO] [stdout] 25 |   Forbidden(String),
[INFO] [stdout]    |   ^^^^^^^^^
[INFO] [stdout]    |
[INFO] [stdout]    = note: `Error` has a derived impl for the trait `Debug`, but this is intentionally ignored during dead code analysis
[INFO] [stdout] 
[INFO] [stdout] 
[INFO] [stderr]     Finished `test` profile [unoptimized + debuginfo] target(s) in 5.29s
[INFO] [stderr] warning: the following packages contain code that will be rejected by a future version of Rust: nom v5.1.2, xml5ever v0.16.2
[INFO] [stderr] note: to see what the problems were, use the option `--future-incompat-report`, or run `cargo report future-incompatibilities --id 1`
[INFO] running `Command { std: "docker" "inspect" "a5065ffd496f78b59d8bc6e2b2714b0cccc7f3132bf7d03a32f61da6a3900591", kill_on_drop: false }`
[INFO] running `Command { std: "docker" "rm" "-f" "a5065ffd496f78b59d8bc6e2b2714b0cccc7f3132bf7d03a32f61da6a3900591", kill_on_drop: false }`
[INFO] [stdout] a5065ffd496f78b59d8bc6e2b2714b0cccc7f3132bf7d03a32f61da6a3900591
[INFO] running `Command { std: "docker" "create" "-v" "/var/lib/crater-agent-workspace/builds/worker-1-tc1/target:/opt/rustwide/target:rw,Z" "-v" "/var/lib/crater-agent-workspace/builds/worker-1-tc1/source:/opt/rustwide/workdir:ro,Z" "-v" "/var/lib/crater-agent-workspace/cargo-home:/opt/rustwide/cargo-home:ro,Z" "-v" "/var/lib/crater-agent-workspace/rustup-home:/opt/rustwide/rustup-home:ro,Z" "-e" "SOURCE_DIR=/opt/rustwide/workdir" "-e" "CARGO_TARGET_DIR=/opt/rustwide/target" "-e" "CARGO_INCREMENTAL=0" "-e" "RUST_BACKTRACE=full" "-e" "RUSTFLAGS=--cap-lints=forbid" "-e" "RUSTDOCFLAGS=--cap-lints=forbid" "-e" "CARGO_HOME=/opt/rustwide/cargo-home" "-e" "RUSTUP_HOME=/opt/rustwide/rustup-home" "-w" "/opt/rustwide/workdir" "-m" "1610612736" "--user" "0:0" "--network" "none" "ghcr.io/rust-lang/crates-build-env/linux@sha256:819108c5571ea2e421544af4d832f968d213c87fbe3707a016657f43d2f853bc" "/opt/rustwide/cargo-home/bin/cargo" "+nightly-2025-01-18" "test" "--frozen", kill_on_drop: false }`
[INFO] [stdout] 3e6c34df0ee90255cd28b1a07c3ba0fd3aee0ab2b7a20a858f2c8740a2f897aa
[INFO] running `Command { std: "docker" "start" "-a" "3e6c34df0ee90255cd28b1a07c3ba0fd3aee0ab2b7a20a858f2c8740a2f897aa", kill_on_drop: false }`
[INFO] [stderr] warning: unused import: `TryInto`
[INFO] [stderr]  --> src/db/mod.rs:9:29
[INFO] [stderr]   |
[INFO] [stderr] 9 | use std::convert::{TryFrom, TryInto};
[INFO] [stderr]   |                             ^^^^^^^
[INFO] [stderr]   |
[INFO] [stderr]   = note: `#[warn(unused_imports)]` on by default
[INFO] [stderr] 
[INFO] [stderr] warning: unused import: `log::info`
[INFO] [stderr]   --> src/db/mod.rs:16:5
[INFO] [stderr]    |
[INFO] [stderr] 16 | use log::info;
[INFO] [stderr]    |     ^^^^^^^^^
[INFO] [stderr] 
[INFO] [stderr] warning: unused imports: `debug` and `error`
[INFO] [stderr]   --> src/data-transform.rs:11:11
[INFO] [stderr]    |
[INFO] [stderr] 11 | use log::{debug, error, info};
[INFO] [stderr]    |           ^^^^^  ^^^^^
[INFO] [stderr] 
[INFO] [stderr] warning: unused import: `HttpResponse`
[INFO] [stderr]  --> src/app/mod.rs:2:39
[INFO] [stderr]   |
[INFO] [stderr] 2 | use actix_web::{middleware, web, App, HttpResponse, HttpServer};
[INFO] [stderr]   |                                       ^^^^^^^^^^^^
[INFO] [stderr] 
[INFO] [stderr] warning: associated function `update_content` is never used
[INFO] [stderr]   --> src/db/entities.rs:49:10
[INFO] [stderr]    |
[INFO] [stderr] 48 | impl ArticleUpdate {
[INFO] [stderr]    | ------------------ associated function in this implementation
[INFO] [stderr] 49 |   pub fn update_content(
[INFO] [stderr]    |          ^^^^^^^^^^^^^^
[INFO] [stderr]    |
[INFO] [stderr]    = note: `#[warn(dead_code)]` on by default
[INFO] [stderr] 
[INFO] [stderr] warning: variant `Or` is never constructed
[INFO] [stderr]   --> src/db/queries.rs:49:3
[INFO] [stderr]    |
[INFO] [stderr] 47 | enum WhereClauseGlue {
[INFO] [stderr]    |      --------------- variant in this enum
[INFO] [stderr] 48 |   And,
[INFO] [stderr] 49 |   Or
[INFO] [stderr]    |   ^^
[INFO] [stderr] 
[INFO] [stderr] warning: method `where_or` is never used
[INFO] [stderr]    --> src/db/queries.rs:110:10
[INFO] [stderr]     |
[INFO] [stderr] 86  | impl<'a> Query<'a> {
[INFO] [stderr]     | ------------------ method in this implementation
[INFO] [stderr] ...
[INFO] [stderr] 110 |   pub fn where_or(mut self, q_where: &'a[&'a str]) -> Self {
[INFO] [stderr]     |          ^^^^^^^^
[INFO] [stderr] 
[INFO] [stderr] warning: method `geo_info_from_ip_addr` is never used
[INFO] [stderr]   --> src/stats/ip_location.rs:51:10
[INFO] [stderr]    |
[INFO] [stderr] 19 | impl IpLocator {
[INFO] [stderr]    | -------------- method in this implementation
[INFO] [stderr] ...
[INFO] [stderr] 51 |   pub fn geo_info_from_ip_addr(&mut self, ip: IpAddr) -> Result<GeoInfo> {
[INFO] [stderr]    |          ^^^^^^^^^^^^^^^^^^^^^
[INFO] [stderr] 
[INFO] [stderr] warning: variant `Forbidden` is never constructed
[INFO] [stderr]   --> src/app/error.rs:25:3
[INFO] [stderr]    |
[INFO] [stderr] 19 | pub enum Error {
[INFO] [stderr]    |          ----- variant in this enum
[INFO] [stderr] ...
[INFO] [stderr] 25 |   Forbidden(String),
[INFO] [stderr]    |   ^^^^^^^^^
[INFO] [stderr]    |
[INFO] [stderr]    = note: `Error` has a derived impl for the trait `Debug`, but this is intentionally ignored during dead code analysis
[INFO] [stderr] 
[INFO] [stderr] warning: `dkvz-blog-backend` (bin "dkvz-data-transform" test) generated 3 warnings (run `cargo fix --bin "dkvz-data-transform" --tests` to apply 3 suggestions)
[INFO] [stderr] warning: `dkvz-blog-backend` (bin "dkvz-blog-backend" test) generated 8 warnings (2 duplicates) (run `cargo fix --bin "dkvz-blog-backend" --tests` to apply 1 suggestion)
[INFO] [stderr]     Finished `test` profile [unoptimized + debuginfo] target(s) in 0.42s
[INFO] [stderr] warning: the following packages contain code that will be rejected by a future version of Rust: nom v5.1.2, xml5ever v0.16.2
[INFO] [stderr] note: to see what the problems were, use the option `--future-incompat-report`, or run `cargo report future-incompatibilities --id 1`
[INFO] [stderr]      Running unittests src/main.rs (/opt/rustwide/target/debug/deps/dkvz_blog_backend-c548fef13c374859)
[INFO] [stdout] 
[INFO] [stdout] running 37 tests
[INFO] [stdout] test app::dtos::tests::vec_tag_to_vec_dto ... ok
[INFO] [stdout] test db::helpers::tests::generate_4_query_placeholders ... ok
[INFO] [stdout] test app::dtos::tests::tag_to_dto ... ok
[INFO] [stdout] test db::queries::tests::generate_full_select ... ok
[INFO] [stdout] test db::queries::tests::generate_delete ... ok
[INFO] [stdout] test app::rate_limiter::tests::basic_rate_limiter_can_unlock ... ok
[INFO] [stdout] test db::queries::tests::generate_simple_select ... ok
[INFO] [stdout] test stats::pseudonymizer::tests::cache_hit_and_miss ... ok
[INFO] [stdout] test stats::pseudonymizer::tests::can_clone_cache_entry ... ok
[INFO] [stdout] test app::rate_limiter::tests::basic_rate_limiter_initial_state ... ok
[INFO] [stdout] test db::queries::tests::generate_insert_w_placeholders ... ok
[INFO] [stdout] test app::dtos::tests::empty_string_is_none_for_article_thumb_image ... ok
[INFO] [stdout] test app::article_import::tests::article_import_delete ... ok
[INFO] [stdout] test app::article_import::tests::article_import_valid ... ok
[INFO] [stdout] test stats::pseudonymizer::tests::find_line_in_fixture ... ok
[INFO] [stdout] test stats::pseudonymizer::tests::hash_to_u64 ... ok
[INFO] [stdout] test stats::pseudonymizer::tests::pseudonymize_string_1 ... ok
[INFO] [stdout] test stats::pseudonymizer::tests::sha1_extract_first_8_bytes ... ok
[INFO] [stdout] test stats::pseudonymizer::tests::pseudonymize_string_2 ... ok
[INFO] [stdout] test utils::ip_utils::tests::invalid_ipv4_gives_same_value ... ok
[INFO] [stdout] test utils::ip_utils::tests::ipv4_extract_first_bytes ... ok
[INFO] [stdout] test stats::pseudonymizer::tests::cache_miss_on_empty_cache ... ok
[INFO] [stdout] test utils::ip_utils::tests::invalid_address_gives_same_value ... ok
[INFO] [stdout] test utils::ip_utils::tests::ipv6_extract_first_bytes ... ok
[INFO] [stdout] test utils::text_utils::tests::first_letter_to_upper_on_two_words ... ok
[INFO] [stdout] test utils::text_utils::tests::sanitize_search_removes_empty_strings ... ok
[INFO] [stdout] test utils::text_utils::tests::sanitize_search_enforces_max_terms ... ok
[INFO] [stdout] test utils::serde_utils::tests::can_desizeralize_optional_field_as_null ... ok
[INFO] [stdout] test utils::text_utils::tests::escape_html_fits_my_xml_needs ... ok
[INFO] [stdout] test utils::text_utils::tests::single_link_to_absolute_returns_none ... ok
[INFO] [stdout] test utils::text_utils::tests::sanitize_search_replaces_illegal_chars ... ok
[INFO] [stdout] test utils::serde_utils::tests::can_deserialize_absent_optional_field ... ok
[INFO] [stdout] test utils::text_utils::tests::relative_links_to_absolute_converted ... ok
[INFO] [stdout] test utils::text_utils::tests::truncate_utf8_simple ... ok
[INFO] [stdout] test utils::text_utils::tests::relative_links_to_absolute_does_not_convert_absolute ... ok
[INFO] [stdout] test stats::pseudonymizer::tests::count_lines_in_wordlist ... ok
[INFO] [stdout] test utils::time_utils::tests::local_time_formats_as_expected ... FAILED
[INFO] [stdout] 
[INFO] [stdout] failures:
[INFO] [stdout] 
[INFO] [stdout] ---- utils::time_utils::tests::local_time_formats_as_expected stdout ----
[INFO] [stdout] 
[INFO] [stdout] thread 'utils::time_utils::tests::local_time_formats_as_expected' panicked at src/utils/time_utils.rs:39:5:
[INFO] [stdout] assertion `left == right` failed
[INFO] [stdout]   left: "07/03/2021 21:59:00+01:00"
[INFO] [stdout]  right: "07/03/2021 20:59:00+00:00"
[INFO] [stdout] stack backtrace:
[INFO] [stdout]    0:     0x5b6c3e3cb5ba - std::backtrace_rs::backtrace::libunwind::trace::hb059275cfc8d6126
[INFO] [stdout]                                at /rustc/6067b36314ab5eb2eb47cecc464545ba58e1ad24/library/std/src/../../backtrace/src/backtrace/libunwind.rs:116:5
[INFO] [stdout]    1:     0x5b6c3e3cb5ba - std::backtrace_rs::backtrace::trace_unsynchronized::h2da071e4327ce3ee
[INFO] [stdout]                                at /rustc/6067b36314ab5eb2eb47cecc464545ba58e1ad24/library/std/src/../../backtrace/src/backtrace/mod.rs:66:5
[INFO] [stdout]    2:     0x5b6c3e3cb5ba - std::sys::backtrace::_print_fmt::h842a1474e6f8d23f
[INFO] [stdout]                                at /rustc/6067b36314ab5eb2eb47cecc464545ba58e1ad24/library/std/src/sys/backtrace.rs:66:9
[INFO] [stdout]    3:     0x5b6c3e3cb5ba - <std::sys::backtrace::BacktraceLock::print::DisplayBacktrace as core::fmt::Display>::fmt::h71a62eb3b9696b12
[INFO] [stdout]                                at /rustc/6067b36314ab5eb2eb47cecc464545ba58e1ad24/library/std/src/sys/backtrace.rs:39:26
[INFO] [stdout]    4:     0x5b6c3e3f3983 - core::fmt::rt::Argument::fmt::hdb6b616786b41dc1
[INFO] [stdout]                                at /rustc/6067b36314ab5eb2eb47cecc464545ba58e1ad24/library/core/src/fmt/rt.rs:177:76
[INFO] [stdout]    5:     0x5b6c3e3f3983 - core::fmt::write::h2cc1698af7e2d686
[INFO] [stdout]                                at /rustc/6067b36314ab5eb2eb47cecc464545ba58e1ad24/library/core/src/fmt/mod.rs:1440:21
[INFO] [stdout]    6:     0x5b6c3e3c7e43 - std::io::Write::write_fmt::hab1b4cd059a79022
[INFO] [stdout]                                at /rustc/6067b36314ab5eb2eb47cecc464545ba58e1ad24/library/std/src/io/mod.rs:1887:15
[INFO] [stdout]    7:     0x5b6c3e3cb402 - std::sys::backtrace::BacktraceLock::print::h147fe35b4ea13b08
[INFO] [stdout]                                at /rustc/6067b36314ab5eb2eb47cecc464545ba58e1ad24/library/std/src/sys/backtrace.rs:42:9
[INFO] [stdout]    8:     0x5b6c3e3cc9df - std::panicking::default_hook::{{closure}}::hbd44223dbdc0d208
[INFO] [stdout]                                at /rustc/6067b36314ab5eb2eb47cecc464545ba58e1ad24/library/std/src/panicking.rs:298:22
[INFO] [stdout]    9:     0x5b6c3e3cc7f8 - std::panicking::default_hook::h20f81eb0576efcec
[INFO] [stdout]                                at /rustc/6067b36314ab5eb2eb47cecc464545ba58e1ad24/library/std/src/panicking.rs:322:9
[INFO] [stdout]   10:     0x5b6c3e09de83 - <alloc::boxed::Box<F,A> as core::ops::function::Fn<Args>>::call::hdb53814c496a4d34
[INFO] [stdout]                                at /rustc/6067b36314ab5eb2eb47cecc464545ba58e1ad24/library/alloc/src/boxed.rs:2027:9
[INFO] [stdout]   11:     0x5b6c3e09de83 - test::test_main::{{closure}}::hc0a4963c59427c24
[INFO] [stdout]                                at /rustc/6067b36314ab5eb2eb47cecc464545ba58e1ad24/library/test/src/lib.rs:134:21
[INFO] [stdout]   12:     0x5b6c3e3cd4d3 - <alloc::boxed::Box<F,A> as core::ops::function::Fn<Args>>::call::h591b2225413a77e9
[INFO] [stdout]                                at /rustc/6067b36314ab5eb2eb47cecc464545ba58e1ad24/library/alloc/src/boxed.rs:2027:9
[INFO] [stdout]   13:     0x5b6c3e3cd4d3 - std::panicking::rust_panic_with_hook::h625eea43051b2edc
[INFO] [stdout]                                at /rustc/6067b36314ab5eb2eb47cecc464545ba58e1ad24/library/std/src/panicking.rs:839:13
[INFO] [stdout]   14:     0x5b6c3e3cd18a - std::panicking::begin_panic_handler::{{closure}}::h4f9159cfbc3f6bd3
[INFO] [stdout]                                at /rustc/6067b36314ab5eb2eb47cecc464545ba58e1ad24/library/std/src/panicking.rs:704:13
[INFO] [stdout]   15:     0x5b6c3e3cbab9 - std::sys::backtrace::__rust_end_short_backtrace::h0390abce48353151
[INFO] [stdout]                                at /rustc/6067b36314ab5eb2eb47cecc464545ba58e1ad24/library/std/src/sys/backtrace.rs:168:18
[INFO] [stdout]   16:     0x5b6c3e3cce1d - rust_begin_unwind
[INFO] [stdout]                                at /rustc/6067b36314ab5eb2eb47cecc464545ba58e1ad24/library/std/src/panicking.rs:695:5
[INFO] [stdout]   17:     0x5b6c3e3f2360 - core::panicking::panic_fmt::h9e7c637e9e5f29c9
[INFO] [stdout]                                at /rustc/6067b36314ab5eb2eb47cecc464545ba58e1ad24/library/core/src/panicking.rs:75:14
[INFO] [stdout]   18:     0x5b6c3e3f2752 - core::panicking::assert_failed_inner::h538bec7c1374cd9c
[INFO] [stdout]   19:     0x5b6c3e054731 - core::panicking::assert_failed::hb1d84a6ad6138cff
[INFO] [stdout]                                at /rustc/6067b36314ab5eb2eb47cecc464545ba58e1ad24/library/core/src/panicking.rs:364:5
[INFO] [stdout]   20:     0x5b6c3e0453bd - dkvz_blog_backend::utils::time_utils::tests::local_time_formats_as_expected::h00d4792a819640c0
[INFO] [stdout]                                at /opt/rustwide/workdir/src/utils/time_utils.rs:39:5
[INFO] [stdout]   21:     0x5b6c3e0452f7 - dkvz_blog_backend::utils::time_utils::tests::local_time_formats_as_expected::{{closure}}::h2be25b34b13a3ef8
[INFO] [stdout]                                at /opt/rustwide/workdir/src/utils/time_utils.rs:36:38
[INFO] [stdout]   22:     0x5b6c3e046806 - core::ops::function::FnOnce::call_once::h399f06bb3184a962
[INFO] [stdout]                                at /rustc/6067b36314ab5eb2eb47cecc464545ba58e1ad24/library/core/src/ops/function.rs:250:5
[INFO] [stdout]   23:     0x5b6c3e0a35db - core::ops::function::FnOnce::call_once::he27718dfdd183f43
[INFO] [stdout]                                at /rustc/6067b36314ab5eb2eb47cecc464545ba58e1ad24/library/core/src/ops/function.rs:250:5
[INFO] [stdout]   24:     0x5b6c3e0a35db - test::__rust_begin_short_backtrace::h4e84902998457a5d
[INFO] [stdout]                                at /rustc/6067b36314ab5eb2eb47cecc464545ba58e1ad24/library/test/src/lib.rs:632:18
[INFO] [stdout]   25:     0x5b6c3e0a2513 - test::run_test_in_process::{{closure}}::h7176fd18fc1feca0
[INFO] [stdout]                                at /rustc/6067b36314ab5eb2eb47cecc464545ba58e1ad24/library/test/src/lib.rs:655:60
[INFO] [stdout]   26:     0x5b6c3e0a2513 - <core::panic::unwind_safe::AssertUnwindSafe<F> as core::ops::function::FnOnce<()>>::call_once::hf79cff2a624d8cf7
[INFO] [stdout]                                at /rustc/6067b36314ab5eb2eb47cecc464545ba58e1ad24/library/core/src/panic/unwind_safe.rs:272:9
[INFO] [stdout]   27:     0x5b6c3e0a2513 - std::panicking::try::do_call::h3da0561d9ab99c25
[INFO] [stdout]                                at /rustc/6067b36314ab5eb2eb47cecc464545ba58e1ad24/library/std/src/panicking.rs:587:40
[INFO] [stdout]   28:     0x5b6c3e0a2513 - std::panicking::try::h41c9fa508bc61df6
[INFO] [stdout]                                at /rustc/6067b36314ab5eb2eb47cecc464545ba58e1ad24/library/std/src/panicking.rs:550:19
[INFO] [stdout]   29:     0x5b6c3e0a2513 - std::panic::catch_unwind::h6b3ff07bb5afad93
[INFO] [stdout]                                at /rustc/6067b36314ab5eb2eb47cecc464545ba58e1ad24/library/std/src/panic.rs:358:14
[INFO] [stdout]   30:     0x5b6c3e0a2513 - test::run_test_in_process::hc7253dd11b39b9f4
[INFO] [stdout]                                at /rustc/6067b36314ab5eb2eb47cecc464545ba58e1ad24/library/test/src/lib.rs:655:27
[INFO] [stdout]   31:     0x5b6c3e0a2513 - test::run_test::{{closure}}::hfb2007f8649c30bb
[INFO] [stdout]                                at /rustc/6067b36314ab5eb2eb47cecc464545ba58e1ad24/library/test/src/lib.rs:576:43
[INFO] [stdout]   32:     0x5b6c3e0655f5 - test::run_test::{{closure}}::h56a17aa7a282a9f4
[INFO] [stdout]                                at /rustc/6067b36314ab5eb2eb47cecc464545ba58e1ad24/library/test/src/lib.rs:606:41
[INFO] [stdout]   33:     0x5b6c3e0655f5 - std::sys::backtrace::__rust_begin_short_backtrace::hd2d2d2fb8e8c6aac
[INFO] [stdout]                                at /rustc/6067b36314ab5eb2eb47cecc464545ba58e1ad24/library/std/src/sys/backtrace.rs:152:18
[INFO] [stdout]   34:     0x5b6c3e068eda - std::thread::Builder::spawn_unchecked_::{{closure}}::{{closure}}::h4faa3f9db6133423
[INFO] [stdout]                                at /rustc/6067b36314ab5eb2eb47cecc464545ba58e1ad24/library/std/src/thread/mod.rs:559:17
[INFO] [stdout]   35:     0x5b6c3e068eda - <core::panic::unwind_safe::AssertUnwindSafe<F> as core::ops::function::FnOnce<()>>::call_once::hf2e855a36a4ea846
[INFO] [stdout]                                at /rustc/6067b36314ab5eb2eb47cecc464545ba58e1ad24/library/core/src/panic/unwind_safe.rs:272:9
[INFO] [stdout]   36:     0x5b6c3e068eda - std::panicking::try::do_call::h2f73af3616c35465
[INFO] [stdout]                                at /rustc/6067b36314ab5eb2eb47cecc464545ba58e1ad24/library/std/src/panicking.rs:587:40
[INFO] [stdout]   37:     0x5b6c3e068eda - std::panicking::try::hd1660ce9efadef5a
[INFO] [stdout]                                at /rustc/6067b36314ab5eb2eb47cecc464545ba58e1ad24/library/std/src/panicking.rs:550:19
[INFO] [stdout]   38:     0x5b6c3e068eda - std::panic::catch_unwind::h5ee8d7823b8ca744
[INFO] [stdout]                                at /rustc/6067b36314ab5eb2eb47cecc464545ba58e1ad24/library/std/src/panic.rs:358:14
[INFO] [stdout]   39:     0x5b6c3e068eda - std::thread::Builder::spawn_unchecked_::{{closure}}::h53c3a1894dce8407
[INFO] [stdout]                                at /rustc/6067b36314ab5eb2eb47cecc464545ba58e1ad24/library/std/src/thread/mod.rs:557:30
[INFO] [stdout]   40:     0x5b6c3e068eda - core::ops::function::FnOnce::call_once{{vtable.shim}}::h048ce291ad4f62bf
[INFO] [stdout]                                at /rustc/6067b36314ab5eb2eb47cecc464545ba58e1ad24/library/core/src/ops/function.rs:250:5
[INFO] [stdout]   41:     0x5b6c3e3d156b - <alloc::boxed::Box<F,A> as core::ops::function::FnOnce<Args>>::call_once::ha52bedf99a3b4981
[INFO] [stdout]                                at /rustc/6067b36314ab5eb2eb47cecc464545ba58e1ad24/library/alloc/src/boxed.rs:2013:9
[INFO] [stdout]   42:     0x5b6c3e3d156b - <alloc::boxed::Box<F,A> as core::ops::function::FnOnce<Args>>::call_once::h567748934d80ccf8
[INFO] [stdout]                                at /rustc/6067b36314ab5eb2eb47cecc464545ba58e1ad24/library/alloc/src/boxed.rs:2013:9
[INFO] [stdout]   43:     0x5b6c3e3d156b - std::sys::pal::unix::thread::Thread::new::thread_start::h2d970728ae887adc
[INFO] [stdout]                                at /rustc/6067b36314ab5eb2eb47cecc464545ba58e1ad24/library/std/src/sys/pal/unix/thread.rs:106:17
[INFO] [stdout]   44:     0x727d01d6cac3 - <unknown>
[INFO] [stdout]   45:     0x727d01dfda04 - clone
[INFO] [stdout]   46:                0x0 - <unknown>
[INFO] [stdout] 
[INFO] [stdout] 
[INFO] [stdout] failures:
[INFO] [stdout]     utils::time_utils::tests::local_time_formats_as_expected
[INFO] [stdout] 
[INFO] [stdout] test result: FAILED. 36 passed; 1 failed; 0 ignored; 0 measured; 0 filtered out; finished in 0.31s
[INFO] [stdout] 
[INFO] [stderr] error: test failed, to rerun pass `--bin dkvz-blog-backend`
[INFO] running `Command { std: "docker" "inspect" "3e6c34df0ee90255cd28b1a07c3ba0fd3aee0ab2b7a20a858f2c8740a2f897aa", kill_on_drop: false }`
[INFO] running `Command { std: "docker" "rm" "-f" "3e6c34df0ee90255cd28b1a07c3ba0fd3aee0ab2b7a20a858f2c8740a2f897aa", kill_on_drop: false }`
[INFO] [stdout] 3e6c34df0ee90255cd28b1a07c3ba0fd3aee0ab2b7a20a858f2c8740a2f897aa
