[INFO] cloning repository https://github.com/diegode/linear_map_vector_commitments
[INFO] running `Command { std: "git" "-c" "credential.helper=" "-c" "credential.helper=/workspace/cargo-home/bin/git-credential-null" "clone" "--bare" "https://github.com/diegode/linear_map_vector_commitments" "/workspace/cache/git-repos/https%3A%2F%2Fgithub.com%2Fdiegode%2Flinear_map_vector_commitments", kill_on_drop: false }`
[INFO] [stderr] Cloning into bare repository '/workspace/cache/git-repos/https%3A%2F%2Fgithub.com%2Fdiegode%2Flinear_map_vector_commitments'...
[INFO] running `Command { std: "git" "rev-parse" "HEAD", kill_on_drop: false }`
[INFO] [stdout] 700fcec05411363989fd779c22e608bbe0fbfc77
[INFO] testing diegode/linear_map_vector_commitments against nightly-2025-01-18 for randomize-layout-2
[INFO] running `Command { std: "git" "clone" "/workspace/cache/git-repos/https%3A%2F%2Fgithub.com%2Fdiegode%2Flinear_map_vector_commitments" "/workspace/builds/worker-2-tc1/source", kill_on_drop: false }`
[INFO] [stderr] Cloning into '/workspace/builds/worker-2-tc1/source'...
[INFO] [stderr] done.
[INFO] validating manifest of git repo https://github.com/diegode/linear_map_vector_commitments on toolchain nightly-2025-01-18
[INFO] running `Command { std: CARGO_HOME="/workspace/cargo-home" RUSTUP_HOME="/workspace/rustup-home" "/workspace/cargo-home/bin/cargo" "+nightly-2025-01-18" "metadata" "--manifest-path" "Cargo.toml" "--no-deps", kill_on_drop: false }`
[INFO] started tweaking git repo https://github.com/diegode/linear_map_vector_commitments
[INFO] finished tweaking git repo https://github.com/diegode/linear_map_vector_commitments
[INFO] tweaked toml for git repo https://github.com/diegode/linear_map_vector_commitments written to /workspace/builds/worker-2-tc1/source/Cargo.toml
[INFO] crate git repo https://github.com/diegode/linear_map_vector_commitments already has a lockfile, it will not be regenerated
[INFO] running `Command { std: CARGO_HOME="/workspace/cargo-home" RUSTUP_HOME="/workspace/rustup-home" "/workspace/cargo-home/bin/cargo" "+nightly-2025-01-18" "fetch" "--manifest-path" "Cargo.toml", kill_on_drop: false }`
[INFO] [stderr]     Blocking waiting for file lock on package cache
[INFO] running `Command { std: "docker" "create" "-v" "/var/lib/crater-agent-workspace/builds/worker-2-tc1/target:/opt/rustwide/target:rw,Z" "-v" "/var/lib/crater-agent-workspace/builds/worker-2-tc1/source:/opt/rustwide/workdir:ro,Z" "-v" "/var/lib/crater-agent-workspace/cargo-home:/opt/rustwide/cargo-home:ro,Z" "-v" "/var/lib/crater-agent-workspace/rustup-home:/opt/rustwide/rustup-home:ro,Z" "-e" "SOURCE_DIR=/opt/rustwide/workdir" "-e" "CARGO_TARGET_DIR=/opt/rustwide/target" "-e" "CARGO_HOME=/opt/rustwide/cargo-home" "-e" "RUSTUP_HOME=/opt/rustwide/rustup-home" "-w" "/opt/rustwide/workdir" "-m" "1610612736" "--user" "0:0" "--network" "none" "ghcr.io/rust-lang/crates-build-env/linux@sha256:819108c5571ea2e421544af4d832f968d213c87fbe3707a016657f43d2f853bc" "/opt/rustwide/cargo-home/bin/cargo" "+nightly-2025-01-18" "metadata" "--no-deps" "--format-version=1", kill_on_drop: false }`
[INFO] [stdout] 64ed1c031d91f37882e4ed9ea039c083ff93784bbd63f1b6c57bf654e316184c
[INFO] running `Command { std: "docker" "start" "-a" "64ed1c031d91f37882e4ed9ea039c083ff93784bbd63f1b6c57bf654e316184c", kill_on_drop: false }`
[INFO] running `Command { std: "docker" "inspect" "64ed1c031d91f37882e4ed9ea039c083ff93784bbd63f1b6c57bf654e316184c", kill_on_drop: false }`
[INFO] running `Command { std: "docker" "rm" "-f" "64ed1c031d91f37882e4ed9ea039c083ff93784bbd63f1b6c57bf654e316184c", kill_on_drop: false }`
[INFO] [stdout] 64ed1c031d91f37882e4ed9ea039c083ff93784bbd63f1b6c57bf654e316184c
[INFO] running `Command { std: "docker" "create" "-v" "/var/lib/crater-agent-workspace/builds/worker-2-tc1/target:/opt/rustwide/target:rw,Z" "-v" "/var/lib/crater-agent-workspace/builds/worker-2-tc1/source:/opt/rustwide/workdir:ro,Z" "-v" "/var/lib/crater-agent-workspace/cargo-home:/opt/rustwide/cargo-home:ro,Z" "-v" "/var/lib/crater-agent-workspace/rustup-home:/opt/rustwide/rustup-home:ro,Z" "-e" "SOURCE_DIR=/opt/rustwide/workdir" "-e" "CARGO_TARGET_DIR=/opt/rustwide/target" "-e" "CARGO_INCREMENTAL=0" "-e" "RUST_BACKTRACE=full" "-e" "RUSTFLAGS=--cap-lints=forbid" "-e" "RUSTDOCFLAGS=--cap-lints=forbid" "-e" "CARGO_HOME=/opt/rustwide/cargo-home" "-e" "RUSTUP_HOME=/opt/rustwide/rustup-home" "-w" "/opt/rustwide/workdir" "-m" "1610612736" "--user" "0:0" "--network" "none" "ghcr.io/rust-lang/crates-build-env/linux@sha256:819108c5571ea2e421544af4d832f968d213c87fbe3707a016657f43d2f853bc" "/opt/rustwide/cargo-home/bin/cargo" "+nightly-2025-01-18" "build" "--frozen" "--message-format=json", kill_on_drop: false }`
[INFO] [stdout] 62a983d34387da70fa0da0c880beb032d298c82d04a752894717fb11904fb016
[INFO] running `Command { std: "docker" "start" "-a" "62a983d34387da70fa0da0c880beb032d298c82d04a752894717fb11904fb016", kill_on_drop: false }`
[INFO] [stderr]    Compiling proc-macro2 v1.0.79
[INFO] [stderr]    Compiling unicode-ident v1.0.12
[INFO] [stderr]    Compiling version_check v0.9.4
[INFO] [stderr]    Compiling autocfg v1.2.0
[INFO] [stderr]    Compiling cfg-if v1.0.0
[INFO] [stderr]    Compiling libc v0.2.153
[INFO] [stderr]    Compiling syn v1.0.109
[INFO] [stderr]    Compiling typenum v1.17.0
[INFO] [stderr]    Compiling ppv-lite86 v0.2.17
[INFO] [stderr]    Compiling paste v1.0.14
[INFO] [stderr]    Compiling zerocopy v0.7.32
[INFO] [stderr]    Compiling either v1.10.0
[INFO] [stderr]    Compiling once_cell v1.19.0
[INFO] [stderr]    Compiling itertools v0.10.5
[INFO] [stderr]    Compiling generic-array v0.14.7
[INFO] [stderr]    Compiling ahash v0.8.11
[INFO] [stderr]    Compiling num-traits v0.2.18
[INFO] [stderr]    Compiling num-bigint v0.4.4
[INFO] [stderr]    Compiling hashbrown v0.13.2
[INFO] [stderr]    Compiling quote v1.0.35
[INFO] [stderr]    Compiling getrandom v0.2.12
[INFO] [stderr]    Compiling syn v2.0.58
[INFO] [stderr]    Compiling rand_core v0.6.4
[INFO] [stderr]    Compiling rand_chacha v0.3.1
[INFO] [stderr]    Compiling rand v0.8.5
[INFO] [stderr]    Compiling num-integer v0.1.46
[INFO] [stderr]    Compiling crypto-common v0.1.6
[INFO] [stderr]    Compiling digest v0.10.7
[INFO] [stderr]    Compiling ark-std v0.4.0
[INFO] [stderr]    Compiling zeroize_derive v1.4.2
[INFO] [stderr]    Compiling ark-serialize-derive v0.4.2
[INFO] [stderr]    Compiling ark-ff-asm v0.4.2
[INFO] [stderr]    Compiling ark-ff-macros v0.4.2
[INFO] [stderr]    Compiling derivative v2.2.0
[INFO] [stderr]    Compiling ark-serialize v0.4.2
[INFO] [stderr]    Compiling zeroize v1.7.0
[INFO] [stderr]    Compiling ark-ff v0.4.2
[INFO] [stderr]    Compiling ark-poly v0.4.2
[INFO] [stderr]    Compiling ark-ec v0.4.2
[INFO] [stderr]    Compiling ark-bls12-381 v0.4.0
[INFO] [stderr]    Compiling linear_map_vector_commitments v0.1.0 (/opt/rustwide/workdir)
[INFO] [stdout] warning: unused variable: `lagrange_polynomials`
[INFO] [stdout]    --> src/vc.rs:193:59
[INFO] [stdout]     |
[INFO] [stdout] 193 | pub fn calculate_interpolation_polynomial(v: &Vec<Field>, lagrange_polynomials: &Vec<DensePolynomial<Field>>,
[INFO] [stdout]     |                                                           ^^^^^^^^^^^^^^^^^^^^ help: if this is intentional, prefix it with an underscore: `_lagrange_polynomials`
[INFO] [stdout]     |
[INFO] [stdout]     = note: `#[warn(unused_variables)]` on by default
[INFO] [stdout] 
[INFO] [stdout] 
[INFO] [stdout] warning: variable does not need to be mutable
[INFO] [stdout]    --> src/vc.rs:196:9
[INFO] [stdout]     |
[INFO] [stdout] 196 |     let mut polynomial = SparsePolynomial::from_coefficients_slice(
[INFO] [stdout]     |         ----^^^^^^^^^^
[INFO] [stdout]     |         |
[INFO] [stdout]     |         help: remove this `mut`
[INFO] [stdout]     |
[INFO] [stdout]     = note: `#[warn(unused_mut)]` on by default
[INFO] [stdout] 
[INFO] [stdout] 
[INFO] [stdout] warning: struct `PublicParameters` is never constructed
[INFO] [stdout]  --> src/lvc.rs:8:12
[INFO] [stdout]   |
[INFO] [stdout] 8 | pub struct PublicParameters {
[INFO] [stdout]   |            ^^^^^^^^^^^^^^^^
[INFO] [stdout]   |
[INFO] [stdout]   = note: `#[warn(dead_code)]` on by default
[INFO] [stdout] 
[INFO] [stdout] 
[INFO] [stdout] warning: struct `Commitment` is never constructed
[INFO] [stdout]   --> src/lvc.rs:15:12
[INFO] [stdout]    |
[INFO] [stdout] 15 | pub struct Commitment {
[INFO] [stdout]    |            ^^^^^^^^^^
[INFO] [stdout] 
[INFO] [stdout] 
[INFO] [stdout] warning: struct `Proof` is never constructed
[INFO] [stdout]   --> src/lvc.rs:20:12
[INFO] [stdout]    |
[INFO] [stdout] 20 | pub struct Proof {
[INFO] [stdout]    |            ^^^^^
[INFO] [stdout] 
[INFO] [stdout] 
[INFO] [stdout] warning: struct `LinearMapVectorCommitment` is never constructed
[INFO] [stdout]   --> src/lvc.rs:26:12
[INFO] [stdout]    |
[INFO] [stdout] 26 | pub struct LinearMapVectorCommitment {
[INFO] [stdout]    |            ^^^^^^^^^^^^^^^^^^^^^^^^^
[INFO] [stdout] 
[INFO] [stdout] 
[INFO] [stdout] warning: multiple associated items are never used
[INFO] [stdout]    --> src/lvc.rs:36:12
[INFO] [stdout]     |
[INFO] [stdout] 34  | impl LinearMapVectorCommitment {
[INFO] [stdout]     | ------------------------------ associated items in this implementation
[INFO] [stdout] 35  |
[INFO] [stdout] 36  |     pub fn new(m: u32) -> Self {
[INFO] [stdout]     |            ^^^
[INFO] [stdout] ...
[INFO] [stdout] 58  |     pub fn commit(&self, a: &Vec<Field>) -> Commitment {
[INFO] [stdout]     |            ^^^^^^
[INFO] [stdout] ...
[INFO] [stdout] 67  |     pub fn open(&self, c: &Commitment, b: &Vec<Field>, y: Field) -> Proof {
[INFO] [stdout]     |            ^^^^
[INFO] [stdout] ...
[INFO] [stdout] 83  |     pub fn verify_opening(&self, c: &Commitment, b: &Vec<Field>, y: Field, pi: &Proof) -> bool {
[INFO] [stdout]     |            ^^^^^^^^^^^^^^
[INFO] [stdout] ...
[INFO] [stdout] 95  |     fn commit_in_g1(&self, a: &Vec<Field>) -> G1 {
[INFO] [stdout]     |        ^^^^^^^^^^^^
[INFO] [stdout] ...
[INFO] [stdout] 104 |     fn commit_in_g2(&self, a: &Vec<Field>) -> G2 {
[INFO] [stdout]     |        ^^^^^^^^^^^^
[INFO] [stdout] ...
[INFO] [stdout] 113 |     fn evaluate_at_g1_tau(&self, p: &DensePolynomial<Field>) -> G1 {
[INFO] [stdout]     |        ^^^^^^^^^^^^^^^^^^
[INFO] [stdout] ...
[INFO] [stdout] 123 |     fn evaluate_at_g2_tau(&self, p: &DensePolynomial<Field>) -> G2 {
[INFO] [stdout]     |        ^^^^^^^^^^^^^^^^^^
[INFO] [stdout] 
[INFO] [stdout] 
[INFO] [stdout] warning: struct `PublicParameters` is never constructed
[INFO] [stdout]   --> src/uvtree.rs:12:12
[INFO] [stdout]    |
[INFO] [stdout] 12 | pub struct PublicParameters {
[INFO] [stdout]    |            ^^^^^^^^^^^^^^^^
[INFO] [stdout] 
[INFO] [stdout] 
[INFO] [stdout] warning: struct `TreeNode` is never constructed
[INFO] [stdout]   --> src/uvtree.rs:18:12
[INFO] [stdout]    |
[INFO] [stdout] 18 | pub struct TreeNode {
[INFO] [stdout]    |            ^^^^^^^^
[INFO] [stdout] 
[INFO] [stdout] 
[INFO] [stdout] warning: struct `Commitment` is never constructed
[INFO] [stdout]   --> src/uvtree.rs:24:12
[INFO] [stdout]    |
[INFO] [stdout] 24 | pub struct Commitment {
[INFO] [stdout]    |            ^^^^^^^^^^
[INFO] [stdout] 
[INFO] [stdout] 
[INFO] [stdout] warning: struct `Function` is never constructed
[INFO] [stdout]   --> src/uvtree.rs:28:12
[INFO] [stdout]    |
[INFO] [stdout] 28 | pub struct Function {
[INFO] [stdout]    |            ^^^^^^^^
[INFO] [stdout] 
[INFO] [stdout] 
[INFO] [stdout] warning: struct `Proof` is never constructed
[INFO] [stdout]   --> src/uvtree.rs:35:12
[INFO] [stdout]    |
[INFO] [stdout] 35 | pub struct Proof {
[INFO] [stdout]    |            ^^^^^
[INFO] [stdout] 
[INFO] [stdout] 
[INFO] [stdout] warning: struct `UnvariateVectorTreeCommitment` is never constructed
[INFO] [stdout]   --> src/uvtree.rs:44:12
[INFO] [stdout]    |
[INFO] [stdout] 44 | pub struct UnvariateVectorTreeCommitment {
[INFO] [stdout]    |            ^^^^^^^^^^^^^^^^^^^^^^^^^^^^^
[INFO] [stdout] 
[INFO] [stdout] 
[INFO] [stdout] warning: multiple associated items are never used
[INFO] [stdout]    --> src/uvtree.rs:54:12
[INFO] [stdout]     |
[INFO] [stdout] 52  | impl UnvariateVectorTreeCommitment {
[INFO] [stdout]     | ---------------------------------- associated items in this implementation
[INFO] [stdout] 53  |
[INFO] [stdout] 54  |     pub fn new(m: u32) -> Self {
[INFO] [stdout]     |            ^^^
[INFO] [stdout] ...
[INFO] [stdout] 74  |     pub fn commit(&self, v: Vec<Field>, kappa: u32, nu: u32) -> Commitment {
[INFO] [stdout]     |            ^^^^^^
[INFO] [stdout] ...
[INFO] [stdout] 83  |     pub fn open(&self, c: &Commitment, f: &Function, y: Field) -> Proof {
[INFO] [stdout]     |            ^^^^
[INFO] [stdout] ...
[INFO] [stdout] 119 |     pub fn verify_opening(&self, c: &Commitment, f: &Function, y: Field, pi: &Proof) -> bool {
[INFO] [stdout]     |            ^^^^^^^^^^^^^^
[INFO] [stdout] ...
[INFO] [stdout] 155 |     fn commit_in_g1(&self, a: &Vec<Field>) -> G1 {
[INFO] [stdout]     |        ^^^^^^^^^^^^
[INFO] [stdout] ...
[INFO] [stdout] 164 |     fn evaluate_at_g1_tau(&self, p: &DensePolynomial<Field>) -> G1 {
[INFO] [stdout]     |        ^^^^^^^^^^^^^^^^^^
[INFO] [stdout] ...
[INFO] [stdout] 174 |     fn evaluate_at_g2_tau(&self, p: &DensePolynomial<Field>) -> G2 {
[INFO] [stdout]     |        ^^^^^^^^^^^^^^^^^^
[INFO] [stdout] ...
[INFO] [stdout] 184 |     fn build_vector_tree(&self, v: &Vec<Field>, nu: u32) -> HashMap<Vec<bool>, TreeNode> {
[INFO] [stdout]     |        ^^^^^^^^^^^^^^^^^
[INFO] [stdout] ...
[INFO] [stdout] 218 |     fn calculate_omega_sr(&self, c: &Commitment, vector: &Vec<bool>, j: u32) -> Field {
[INFO] [stdout]     |        ^^^^^^^^^^^^^^^^^^
[INFO] [stdout] 
[INFO] [stdout] 
[INFO] [stdout] warning: function `generate_tau` is never used
[INFO] [stdout]   --> src/vc.rs:11:8
[INFO] [stdout]    |
[INFO] [stdout] 11 | pub fn generate_tau() -> Field {
[INFO] [stdout]    |        ^^^^^^^^^^^^
[INFO] [stdout] 
[INFO] [stdout] 
[INFO] [stdout] warning: function `calculate_roots_of_unity` is never used
[INFO] [stdout]   --> src/vc.rs:16:8
[INFO] [stdout]    |
[INFO] [stdout] 16 | pub fn calculate_roots_of_unity(m: u32) -> Vec<Field> {
[INFO] [stdout]    |        ^^^^^^^^^^^^^^^^^^^^^^^^
[INFO] [stdout] 
[INFO] [stdout] 
[INFO] [stdout] warning: function `calculate_g1_tau_powers` is never used
[INFO] [stdout]   --> src/vc.rs:28:8
[INFO] [stdout]    |
[INFO] [stdout] 28 | pub fn calculate_g1_tau_powers(tau: Field, m: u32) -> Vec<G1> {
[INFO] [stdout]    |        ^^^^^^^^^^^^^^^^^^^^^^^
[INFO] [stdout] 
[INFO] [stdout] 
[INFO] [stdout] warning: function `calculate_g2_tau_powers` is never used
[INFO] [stdout]   --> src/vc.rs:38:8
[INFO] [stdout]    |
[INFO] [stdout] 38 | pub fn calculate_g2_tau_powers(tau: Field, m: u32) -> Vec<G2> {
[INFO] [stdout]    |        ^^^^^^^^^^^^^^^^^^^^^^^
[INFO] [stdout] 
[INFO] [stdout] 
[INFO] [stdout] warning: function `calculate_lagrange_polynomials` is never used
[INFO] [stdout]   --> src/vc.rs:48:8
[INFO] [stdout]    |
[INFO] [stdout] 48 | pub fn calculate_lagrange_polynomials(roots_of_unity: &Vec<Field>) -> Vec<DensePolynomial<Field>> {
[INFO] [stdout]    |        ^^^^^^^^^^^^^^^^^^^^^^^^^^^^^^
[INFO] [stdout] 
[INFO] [stdout] 
[INFO] [stdout] warning: function `calculate_lambdas` is never used
[INFO] [stdout]   --> src/vc.rs:66:8
[INFO] [stdout]    |
[INFO] [stdout] 66 | pub fn calculate_lambdas(lagrange_polynomials: &Vec<DensePolynomial<Field>>, tau: Field) -> Vec<Field> {
[INFO] [stdout]    |        ^^^^^^^^^^^^^^^^^
[INFO] [stdout] 
[INFO] [stdout] 
[INFO] [stdout] warning: function `calculate_g1_lambdas` is never used
[INFO] [stdout]   --> src/vc.rs:75:8
[INFO] [stdout]    |
[INFO] [stdout] 75 | pub fn calculate_g1_lambdas(lagrange_polynomials: &Vec<DensePolynomial<Field>>, tau: Field) -> Vec<G1> {
[INFO] [stdout]    |        ^^^^^^^^^^^^^^^^^^^^
[INFO] [stdout] 
[INFO] [stdout] 
[INFO] [stdout] warning: function `calculate_g2_lambdas` is never used
[INFO] [stdout]   --> src/vc.rs:84:8
[INFO] [stdout]    |
[INFO] [stdout] 84 | pub fn calculate_g2_lambdas(lagrange_polynomials: &Vec<DensePolynomial<Field>>, tau: Field) -> Vec<G2> {
[INFO] [stdout]    |        ^^^^^^^^^^^^^^^^^^^^
[INFO] [stdout] 
[INFO] [stdout] 
[INFO] [stdout] warning: function `inner_product_with_polynomial` is never used
[INFO] [stdout]   --> src/vc.rs:93:8
[INFO] [stdout]    |
[INFO] [stdout] 93 | pub fn inner_product_with_polynomial(a: &Vec<Field>, polynomials: &Vec<DensePolynomial<Field>>) -> DensePolynomial<Field> {
[INFO] [stdout]    |        ^^^^^^^^^^^^^^^^^^^^^^^^^^^^^
[INFO] [stdout] 
[INFO] [stdout] 
[INFO] [stdout] warning: function `inner_product` is never used
[INFO] [stdout]    --> src/vc.rs:102:8
[INFO] [stdout]     |
[INFO] [stdout] 102 | pub fn inner_product(a: &Vec<Field>, b: &Vec<Field>) -> Field {
[INFO] [stdout]     |        ^^^^^^^^^^^^^
[INFO] [stdout] 
[INFO] [stdout] 
[INFO] [stdout] warning: function `inner_product_g1` is never used
[INFO] [stdout]    --> src/vc.rs:107:8
[INFO] [stdout]     |
[INFO] [stdout] 107 | pub fn inner_product_g1(a: &Vec<G1>, b: &Vec<Field>) -> G1 {
[INFO] [stdout]     |        ^^^^^^^^^^^^^^^^
[INFO] [stdout] 
[INFO] [stdout] 
[INFO] [stdout] warning: function `calculate_vanishing_polynomial` is never used
[INFO] [stdout]    --> src/vc.rs:112:8
[INFO] [stdout]     |
[INFO] [stdout] 112 | pub fn calculate_vanishing_polynomial(roots_of_unity: &Vec<Field>) -> DensePolynomial<Field> {
[INFO] [stdout]     |        ^^^^^^^^^^^^^^^^^^^^^^^^^^^^^^
[INFO] [stdout] 
[INFO] [stdout] 
[INFO] [stdout] warning: function `multiply_polynomials` is never used
[INFO] [stdout]    --> src/vc.rs:120:8
[INFO] [stdout]     |
[INFO] [stdout] 120 | pub fn multiply_polynomials(p: &DensePolynomial<Field>, q: &DensePolynomial<Field>) -> DensePolynomial<Field> {
[INFO] [stdout]     |        ^^^^^^^^^^^^^^^^^^^^
[INFO] [stdout] 
[INFO] [stdout] 
[INFO] [stdout] warning: function `calculate_h_and_r` is never used
[INFO] [stdout]    --> src/vc.rs:130:8
[INFO] [stdout]     |
[INFO] [stdout] 130 | pub fn calculate_h_and_r(a: &Vec<Field>, b: &Vec<Field>, lagrange_polynomials: &Vec<DensePolynomial<Field>>, y: Field,
[INFO] [stdout]     |        ^^^^^^^^^^^^^^^^^
[INFO] [stdout] 
[INFO] [stdout] 
[INFO] [stdout] warning: function `multiply_by_x_power` is never used
[INFO] [stdout]    --> src/vc.rs:146:8
[INFO] [stdout]     |
[INFO] [stdout] 146 | pub fn multiply_by_x_power(p: &DensePolynomial<Field>, power: usize) -> DensePolynomial<Field> {
[INFO] [stdout]     |        ^^^^^^^^^^^^^^^^^^^
[INFO] [stdout] 
[INFO] [stdout] 
[INFO] [stdout] warning: function `number_to_bin_vector` is never used
[INFO] [stdout]    --> src/vc.rs:152:8
[INFO] [stdout]     |
[INFO] [stdout] 152 | pub fn number_to_bin_vector(s: usize, j: u32) -> Vec<bool> {
[INFO] [stdout]     |        ^^^^^^^^^^^^^^^^^^^^
[INFO] [stdout] 
[INFO] [stdout] 
[INFO] [stdout] warning: function `number_to_digits_vector` is never used
[INFO] [stdout]    --> src/vc.rs:158:8
[INFO] [stdout]     |
[INFO] [stdout] 158 | pub fn number_to_digits_vector(s: u32, j: u32, base: u32) -> Vec<u32> {
[INFO] [stdout]     |        ^^^^^^^^^^^^^^^^^^^^^^^
[INFO] [stdout] 
[INFO] [stdout] 
[INFO] [stdout] warning: function `map_uv_to_mv_polynomial` is never used
[INFO] [stdout]    --> src/vc.rs:173:4
[INFO] [stdout]     |
[INFO] [stdout] 173 | fn map_uv_to_mv_polynomial(uv_poly: &DensePolynomial<Field>, num_vars: usize, var_index: usize) -> SparsePolynomial<Field, SparseTerm> {
[INFO] [stdout]     |    ^^^^^^^^^^^^^^^^^^^^^^^
[INFO] [stdout] 
[INFO] [stdout] 
[INFO] [stdout] warning: function `calculate_interpolation_vector` is never used
[INFO] [stdout]    --> src/vc.rs:182:4
[INFO] [stdout]     |
[INFO] [stdout] 182 | fn calculate_interpolation_vector(lagrange_polynomials: &Vec<DensePolynomial<Field>>, nu: u32, k: u32) -> Vec<SparsePolynomial<Field, Spa...
[INFO] [stdout]     |    ^^^^^^^^^^^^^^^^^^^^^^^^^^^^^^
[INFO] [stdout] 
[INFO] [stdout] 
[INFO] [stdout] warning: function `calculate_interpolation_polynomial` is never used
[INFO] [stdout]    --> src/vc.rs:193:8
[INFO] [stdout]     |
[INFO] [stdout] 193 | pub fn calculate_interpolation_polynomial(v: &Vec<Field>, lagrange_polynomials: &Vec<DensePolynomial<Field>>,
[INFO] [stdout]     |        ^^^^^^^^^^^^^^^^^^^^^^^^^^^^^^^^^^
[INFO] [stdout] 
[INFO] [stdout] 
[INFO] [stdout] warning: function `multiply_mv_polynomials` is never used
[INFO] [stdout]    --> src/vc.rs:202:8
[INFO] [stdout]     |
[INFO] [stdout] 202 | pub fn multiply_mv_polynomials(cur: &SparsePolynomial<Field, SparseTerm>,
[INFO] [stdout]     |        ^^^^^^^^^^^^^^^^^^^^^^^
[INFO] [stdout] 
[INFO] [stdout] 
[INFO] [stdout] warning: struct `PublicParameters` is never constructed
[INFO] [stdout]   --> src/mvtree.rs:13:12
[INFO] [stdout]    |
[INFO] [stdout] 13 | pub struct PublicParameters {
[INFO] [stdout]    |            ^^^^^^^^^^^^^^^^
[INFO] [stdout] 
[INFO] [stdout] 
[INFO] [stdout] warning: struct `Commitment` is never constructed
[INFO] [stdout]   --> src/mvtree.rs:20:12
[INFO] [stdout]    |
[INFO] [stdout] 20 | pub struct Commitment {
[INFO] [stdout]    |            ^^^^^^^^^^
[INFO] [stdout] 
[INFO] [stdout] 
[INFO] [stdout] warning: struct `Function` is never constructed
[INFO] [stdout]   --> src/mvtree.rs:24:12
[INFO] [stdout]    |
[INFO] [stdout] 24 | pub struct Function {
[INFO] [stdout]    |            ^^^^^^^^
[INFO] [stdout] 
[INFO] [stdout] 
[INFO] [stdout] warning: struct `Proof` is never constructed
[INFO] [stdout]   --> src/mvtree.rs:29:12
[INFO] [stdout]    |
[INFO] [stdout] 29 | pub struct Proof {
[INFO] [stdout]    |            ^^^^^
[INFO] [stdout] 
[INFO] [stdout] 
[INFO] [stdout] warning: struct `TreeNode` is never constructed
[INFO] [stdout]   --> src/mvtree.rs:35:12
[INFO] [stdout]    |
[INFO] [stdout] 35 | pub struct TreeNode {
[INFO] [stdout]    |            ^^^^^^^^
[INFO] [stdout] 
[INFO] [stdout] 
[INFO] [stdout] warning: struct `MultivariateVectorTreeCommitment` is never constructed
[INFO] [stdout]   --> src/mvtree.rs:40:12
[INFO] [stdout]    |
[INFO] [stdout] 40 | pub struct MultivariateVectorTreeCommitment {
[INFO] [stdout]    |            ^^^^^^^^^^^^^^^^^^^^^^^^^^^^^^^^
[INFO] [stdout] 
[INFO] [stdout] 
[INFO] [stdout] warning: multiple associated items are never used
[INFO] [stdout]    --> src/mvtree.rs:52:12
[INFO] [stdout]     |
[INFO] [stdout] 51  | impl MultivariateVectorTreeCommitment {
[INFO] [stdout]     | ------------------------------------- associated items in this implementation
[INFO] [stdout] 52  |     pub fn new(k: u32, alphabet_size: u32, nu: u32) -> Self {
[INFO] [stdout]     |            ^^^
[INFO] [stdout] ...
[INFO] [stdout] 91  |     pub fn commit(&self, v: &Vec<Field>) -> Commitment {
[INFO] [stdout]     |            ^^^^^^
[INFO] [stdout] ...
[INFO] [stdout] 99  |     pub fn open(&self, c: &Commitment, f: &Function, y: Field) -> Proof {
[INFO] [stdout]     |            ^^^^
[INFO] [stdout] ...
[INFO] [stdout] 119 |     pub fn verify_opening(&self, c: &Commitment, f: &Function, y: Field, pi: &Proof) -> bool {
[INFO] [stdout]     |            ^^^^^^^^^^^^^^
[INFO] [stdout] ...
[INFO] [stdout] 144 |     fn build_vector_tree(&self, v: &Vec<Field>) -> HashMap<Vec<u32>, TreeNode> {
[INFO] [stdout]     |        ^^^^^^^^^^^^^^^^^
[INFO] [stdout] ...
[INFO] [stdout] 177 |     fn tensor_product(a: &Vec<Field>, b: &Vec<Field>) -> Vec<Field> {
[INFO] [stdout]     |        ^^^^^^^^^^^^^^
[INFO] [stdout] ...
[INFO] [stdout] 187 |     fn tensor_product_g1(a: &Vec<G1>, b: &Vec<Field>) -> Vec<G1> {
[INFO] [stdout]     |        ^^^^^^^^^^^^^^^^^
[INFO] [stdout] 
[INFO] [stdout] 
[INFO] [stderr]     Finished `dev` profile [unoptimized + debuginfo] target(s) in 26.99s
[INFO] running `Command { std: "docker" "inspect" "62a983d34387da70fa0da0c880beb032d298c82d04a752894717fb11904fb016", kill_on_drop: false }`
[INFO] running `Command { std: "docker" "rm" "-f" "62a983d34387da70fa0da0c880beb032d298c82d04a752894717fb11904fb016", kill_on_drop: false }`
[INFO] [stdout] 62a983d34387da70fa0da0c880beb032d298c82d04a752894717fb11904fb016
[INFO] running `Command { std: "docker" "create" "-v" "/var/lib/crater-agent-workspace/builds/worker-2-tc1/target:/opt/rustwide/target:rw,Z" "-v" "/var/lib/crater-agent-workspace/builds/worker-2-tc1/source:/opt/rustwide/workdir:ro,Z" "-v" "/var/lib/crater-agent-workspace/cargo-home:/opt/rustwide/cargo-home:ro,Z" "-v" "/var/lib/crater-agent-workspace/rustup-home:/opt/rustwide/rustup-home:ro,Z" "-e" "SOURCE_DIR=/opt/rustwide/workdir" "-e" "CARGO_TARGET_DIR=/opt/rustwide/target" "-e" "CARGO_INCREMENTAL=0" "-e" "RUST_BACKTRACE=full" "-e" "RUSTFLAGS=--cap-lints=forbid" "-e" "RUSTDOCFLAGS=--cap-lints=forbid" "-e" "CARGO_HOME=/opt/rustwide/cargo-home" "-e" "RUSTUP_HOME=/opt/rustwide/rustup-home" "-w" "/opt/rustwide/workdir" "-m" "1610612736" "--user" "0:0" "--network" "none" "ghcr.io/rust-lang/crates-build-env/linux@sha256:819108c5571ea2e421544af4d832f968d213c87fbe3707a016657f43d2f853bc" "/opt/rustwide/cargo-home/bin/cargo" "+nightly-2025-01-18" "test" "--frozen" "--no-run" "--message-format=json", kill_on_drop: false }`
[INFO] [stdout] 729d3517e60b17292ce12d0d85e728906b5f81b6ce237b6094a2ef3afe4de4ff
[INFO] running `Command { std: "docker" "start" "-a" "729d3517e60b17292ce12d0d85e728906b5f81b6ce237b6094a2ef3afe4de4ff", kill_on_drop: false }`
[INFO] [stdout] warning: unused variable: `lagrange_polynomials`
[INFO] [stdout]    --> src/vc.rs:193:59
[INFO] [stdout]     |
[INFO] [stdout] 193 | pub fn calculate_interpolation_polynomial(v: &Vec<Field>, lagrange_polynomials: &Vec<DensePolynomial<Field>>,
[INFO] [stdout]     |                                                           ^^^^^^^^^^^^^^^^^^^^ help: if this is intentional, prefix it with an underscore: `_lagrange_polynomials`
[INFO] [stdout]     |
[INFO] [stdout]     = note: `#[warn(unused_variables)]` on by default
[INFO] [stdout] 
[INFO] [stdout] 
[INFO] [stdout] warning: variable does not need to be mutable
[INFO] [stdout]    --> src/vc.rs:196:9
[INFO] [stdout]     |
[INFO] [stdout] 196 |     let mut polynomial = SparsePolynomial::from_coefficients_slice(
[INFO] [stdout]     |         ----^^^^^^^^^^
[INFO] [stdout]     |         |
[INFO] [stdout]     |         help: remove this `mut`
[INFO] [stdout]     |
[INFO] [stdout]     = note: `#[warn(unused_mut)]` on by default
[INFO] [stdout] 
[INFO] [stdout] 
[INFO] [stdout] warning: struct `PublicParameters` is never constructed
[INFO] [stdout]  --> src/lvc.rs:8:12
[INFO] [stdout]   |
[INFO] [stdout] 8 | pub struct PublicParameters {
[INFO] [stdout]   |            ^^^^^^^^^^^^^^^^
[INFO] [stdout]   |
[INFO] [stdout]   = note: `#[warn(dead_code)]` on by default
[INFO] [stdout] 
[INFO] [stdout] 
[INFO] [stderr]    Compiling linear_map_vector_commitments v0.1.0 (/opt/rustwide/workdir)
[INFO] [stdout] warning: struct `Commitment` is never constructed
[INFO] [stdout]   --> src/lvc.rs:15:12
[INFO] [stdout]    |
[INFO] [stdout] 15 | pub struct Commitment {
[INFO] [stdout]    |            ^^^^^^^^^^
[INFO] [stdout] 
[INFO] [stdout] 
[INFO] [stdout] warning: struct `Proof` is never constructed
[INFO] [stdout]   --> src/lvc.rs:20:12
[INFO] [stdout]    |
[INFO] [stdout] 20 | pub struct Proof {
[INFO] [stdout]    |            ^^^^^
[INFO] [stdout] 
[INFO] [stdout] 
[INFO] [stdout] warning: struct `LinearMapVectorCommitment` is never constructed
[INFO] [stdout]   --> src/lvc.rs:26:12
[INFO] [stdout]    |
[INFO] [stdout] 26 | pub struct LinearMapVectorCommitment {
[INFO] [stdout]    |            ^^^^^^^^^^^^^^^^^^^^^^^^^
[INFO] [stdout] 
[INFO] [stdout] 
[INFO] [stdout] warning: multiple associated items are never used
[INFO] [stdout]    --> src/lvc.rs:36:12
[INFO] [stdout]     |
[INFO] [stdout] 34  | impl LinearMapVectorCommitment {
[INFO] [stdout]     | ------------------------------ associated items in this implementation
[INFO] [stdout] 35  |
[INFO] [stdout] 36  |     pub fn new(m: u32) -> Self {
[INFO] [stdout]     |            ^^^
[INFO] [stdout] ...
[INFO] [stdout] 58  |     pub fn commit(&self, a: &Vec<Field>) -> Commitment {
[INFO] [stdout]     |            ^^^^^^
[INFO] [stdout] ...
[INFO] [stdout] 67  |     pub fn open(&self, c: &Commitment, b: &Vec<Field>, y: Field) -> Proof {
[INFO] [stdout]     |            ^^^^
[INFO] [stdout] ...
[INFO] [stdout] 83  |     pub fn verify_opening(&self, c: &Commitment, b: &Vec<Field>, y: Field, pi: &Proof) -> bool {
[INFO] [stdout]     |            ^^^^^^^^^^^^^^
[INFO] [stdout] ...
[INFO] [stdout] 95  |     fn commit_in_g1(&self, a: &Vec<Field>) -> G1 {
[INFO] [stdout]     |        ^^^^^^^^^^^^
[INFO] [stdout] ...
[INFO] [stdout] 104 |     fn commit_in_g2(&self, a: &Vec<Field>) -> G2 {
[INFO] [stdout]     |        ^^^^^^^^^^^^
[INFO] [stdout] ...
[INFO] [stdout] 113 |     fn evaluate_at_g1_tau(&self, p: &DensePolynomial<Field>) -> G1 {
[INFO] [stdout]     |        ^^^^^^^^^^^^^^^^^^
[INFO] [stdout] ...
[INFO] [stdout] 123 |     fn evaluate_at_g2_tau(&self, p: &DensePolynomial<Field>) -> G2 {
[INFO] [stdout]     |        ^^^^^^^^^^^^^^^^^^
[INFO] [stdout] 
[INFO] [stdout] 
[INFO] [stdout] warning: struct `PublicParameters` is never constructed
[INFO] [stdout]   --> src/uvtree.rs:12:12
[INFO] [stdout]    |
[INFO] [stdout] 12 | pub struct PublicParameters {
[INFO] [stdout]    |            ^^^^^^^^^^^^^^^^
[INFO] [stdout] 
[INFO] [stdout] 
[INFO] [stdout] warning: struct `TreeNode` is never constructed
[INFO] [stdout]   --> src/uvtree.rs:18:12
[INFO] [stdout]    |
[INFO] [stdout] 18 | pub struct TreeNode {
[INFO] [stdout]    |            ^^^^^^^^
[INFO] [stdout] 
[INFO] [stdout] 
[INFO] [stdout] warning: struct `Commitment` is never constructed
[INFO] [stdout]   --> src/uvtree.rs:24:12
[INFO] [stdout]    |
[INFO] [stdout] 24 | pub struct Commitment {
[INFO] [stdout]    |            ^^^^^^^^^^
[INFO] [stdout] 
[INFO] [stdout] 
[INFO] [stdout] warning: struct `Function` is never constructed
[INFO] [stdout]   --> src/uvtree.rs:28:12
[INFO] [stdout]    |
[INFO] [stdout] 28 | pub struct Function {
[INFO] [stdout]    |            ^^^^^^^^
[INFO] [stdout] 
[INFO] [stdout] 
[INFO] [stdout] warning: struct `Proof` is never constructed
[INFO] [stdout]   --> src/uvtree.rs:35:12
[INFO] [stdout]    |
[INFO] [stdout] 35 | pub struct Proof {
[INFO] [stdout]    |            ^^^^^
[INFO] [stdout] 
[INFO] [stdout] 
[INFO] [stdout] warning: struct `UnvariateVectorTreeCommitment` is never constructed
[INFO] [stdout]   --> src/uvtree.rs:44:12
[INFO] [stdout]    |
[INFO] [stdout] 44 | pub struct UnvariateVectorTreeCommitment {
[INFO] [stdout]    |            ^^^^^^^^^^^^^^^^^^^^^^^^^^^^^
[INFO] [stdout] 
[INFO] [stdout] 
[INFO] [stdout] warning: multiple associated items are never used
[INFO] [stdout]    --> src/uvtree.rs:54:12
[INFO] [stdout]     |
[INFO] [stdout] 52  | impl UnvariateVectorTreeCommitment {
[INFO] [stdout]     | ---------------------------------- associated items in this implementation
[INFO] [stdout] 53  |
[INFO] [stdout] 54  |     pub fn new(m: u32) -> Self {
[INFO] [stdout]     |            ^^^
[INFO] [stdout] ...
[INFO] [stdout] 74  |     pub fn commit(&self, v: Vec<Field>, kappa: u32, nu: u32) -> Commitment {
[INFO] [stdout]     |            ^^^^^^
[INFO] [stdout] ...
[INFO] [stdout] 83  |     pub fn open(&self, c: &Commitment, f: &Function, y: Field) -> Proof {
[INFO] [stdout]     |            ^^^^
[INFO] [stdout] ...
[INFO] [stdout] 119 |     pub fn verify_opening(&self, c: &Commitment, f: &Function, y: Field, pi: &Proof) -> bool {
[INFO] [stdout]     |            ^^^^^^^^^^^^^^
[INFO] [stdout] ...
[INFO] [stdout] 155 |     fn commit_in_g1(&self, a: &Vec<Field>) -> G1 {
[INFO] [stdout]     |        ^^^^^^^^^^^^
[INFO] [stdout] ...
[INFO] [stdout] 164 |     fn evaluate_at_g1_tau(&self, p: &DensePolynomial<Field>) -> G1 {
[INFO] [stdout]     |        ^^^^^^^^^^^^^^^^^^
[INFO] [stdout] ...
[INFO] [stdout] 174 |     fn evaluate_at_g2_tau(&self, p: &DensePolynomial<Field>) -> G2 {
[INFO] [stdout]     |        ^^^^^^^^^^^^^^^^^^
[INFO] [stdout] ...
[INFO] [stdout] 184 |     fn build_vector_tree(&self, v: &Vec<Field>, nu: u32) -> HashMap<Vec<bool>, TreeNode> {
[INFO] [stdout]     |        ^^^^^^^^^^^^^^^^^
[INFO] [stdout] ...
[INFO] [stdout] 218 |     fn calculate_omega_sr(&self, c: &Commitment, vector: &Vec<bool>, j: u32) -> Field {
[INFO] [stdout]     |        ^^^^^^^^^^^^^^^^^^
[INFO] [stdout] 
[INFO] [stdout] 
[INFO] [stdout] warning: function `generate_tau` is never used
[INFO] [stdout]   --> src/vc.rs:11:8
[INFO] [stdout]    |
[INFO] [stdout] 11 | pub fn generate_tau() -> Field {
[INFO] [stdout]    |        ^^^^^^^^^^^^
[INFO] [stdout] 
[INFO] [stdout] 
[INFO] [stdout] warning: function `calculate_roots_of_unity` is never used
[INFO] [stdout]   --> src/vc.rs:16:8
[INFO] [stdout]    |
[INFO] [stdout] 16 | pub fn calculate_roots_of_unity(m: u32) -> Vec<Field> {
[INFO] [stdout]    |        ^^^^^^^^^^^^^^^^^^^^^^^^
[INFO] [stdout] 
[INFO] [stdout] 
[INFO] [stdout] warning: function `calculate_g1_tau_powers` is never used
[INFO] [stdout]   --> src/vc.rs:28:8
[INFO] [stdout]    |
[INFO] [stdout] 28 | pub fn calculate_g1_tau_powers(tau: Field, m: u32) -> Vec<G1> {
[INFO] [stdout]    |        ^^^^^^^^^^^^^^^^^^^^^^^
[INFO] [stdout] 
[INFO] [stdout] 
[INFO] [stdout] warning: function `calculate_g2_tau_powers` is never used
[INFO] [stdout]   --> src/vc.rs:38:8
[INFO] [stdout]    |
[INFO] [stdout] 38 | pub fn calculate_g2_tau_powers(tau: Field, m: u32) -> Vec<G2> {
[INFO] [stdout]    |        ^^^^^^^^^^^^^^^^^^^^^^^
[INFO] [stdout] 
[INFO] [stdout] 
[INFO] [stdout] warning: function `calculate_lagrange_polynomials` is never used
[INFO] [stdout]   --> src/vc.rs:48:8
[INFO] [stdout]    |
[INFO] [stdout] 48 | pub fn calculate_lagrange_polynomials(roots_of_unity: &Vec<Field>) -> Vec<DensePolynomial<Field>> {
[INFO] [stdout]    |        ^^^^^^^^^^^^^^^^^^^^^^^^^^^^^^
[INFO] [stdout] 
[INFO] [stdout] 
[INFO] [stdout] warning: function `calculate_lambdas` is never used
[INFO] [stdout]   --> src/vc.rs:66:8
[INFO] [stdout]    |
[INFO] [stdout] 66 | pub fn calculate_lambdas(lagrange_polynomials: &Vec<DensePolynomial<Field>>, tau: Field) -> Vec<Field> {
[INFO] [stdout]    |        ^^^^^^^^^^^^^^^^^
[INFO] [stdout] 
[INFO] [stdout] 
[INFO] [stdout] warning: function `calculate_g1_lambdas` is never used
[INFO] [stdout]   --> src/vc.rs:75:8
[INFO] [stdout]    |
[INFO] [stdout] 75 | pub fn calculate_g1_lambdas(lagrange_polynomials: &Vec<DensePolynomial<Field>>, tau: Field) -> Vec<G1> {
[INFO] [stdout]    |        ^^^^^^^^^^^^^^^^^^^^
[INFO] [stdout] 
[INFO] [stdout] 
[INFO] [stdout] warning: function `calculate_g2_lambdas` is never used
[INFO] [stdout]   --> src/vc.rs:84:8
[INFO] [stdout]    |
[INFO] [stdout] 84 | pub fn calculate_g2_lambdas(lagrange_polynomials: &Vec<DensePolynomial<Field>>, tau: Field) -> Vec<G2> {
[INFO] [stdout]    |        ^^^^^^^^^^^^^^^^^^^^
[INFO] [stdout] 
[INFO] [stdout] 
[INFO] [stdout] warning: function `inner_product_with_polynomial` is never used
[INFO] [stdout]   --> src/vc.rs:93:8
[INFO] [stdout]    |
[INFO] [stdout] 93 | pub fn inner_product_with_polynomial(a: &Vec<Field>, polynomials: &Vec<DensePolynomial<Field>>) -> DensePolynomial<Field> {
[INFO] [stdout]    |        ^^^^^^^^^^^^^^^^^^^^^^^^^^^^^
[INFO] [stdout] 
[INFO] [stdout] 
[INFO] [stdout] warning: function `inner_product` is never used
[INFO] [stdout]    --> src/vc.rs:102:8
[INFO] [stdout]     |
[INFO] [stdout] 102 | pub fn inner_product(a: &Vec<Field>, b: &Vec<Field>) -> Field {
[INFO] [stdout]     |        ^^^^^^^^^^^^^
[INFO] [stdout] 
[INFO] [stdout] 
[INFO] [stdout] warning: function `inner_product_g1` is never used
[INFO] [stdout]    --> src/vc.rs:107:8
[INFO] [stdout]     |
[INFO] [stdout] 107 | pub fn inner_product_g1(a: &Vec<G1>, b: &Vec<Field>) -> G1 {
[INFO] [stdout]     |        ^^^^^^^^^^^^^^^^
[INFO] [stdout] 
[INFO] [stdout] 
[INFO] [stdout] warning: function `calculate_vanishing_polynomial` is never used
[INFO] [stdout]    --> src/vc.rs:112:8
[INFO] [stdout]     |
[INFO] [stdout] 112 | pub fn calculate_vanishing_polynomial(roots_of_unity: &Vec<Field>) -> DensePolynomial<Field> {
[INFO] [stdout]     |        ^^^^^^^^^^^^^^^^^^^^^^^^^^^^^^
[INFO] [stdout] 
[INFO] [stdout] 
[INFO] [stdout] warning: function `multiply_polynomials` is never used
[INFO] [stdout]    --> src/vc.rs:120:8
[INFO] [stdout]     |
[INFO] [stdout] 120 | pub fn multiply_polynomials(p: &DensePolynomial<Field>, q: &DensePolynomial<Field>) -> DensePolynomial<Field> {
[INFO] [stdout]     |        ^^^^^^^^^^^^^^^^^^^^
[INFO] [stdout] 
[INFO] [stdout] 
[INFO] [stdout] warning: function `calculate_h_and_r` is never used
[INFO] [stdout]    --> src/vc.rs:130:8
[INFO] [stdout]     |
[INFO] [stdout] 130 | pub fn calculate_h_and_r(a: &Vec<Field>, b: &Vec<Field>, lagrange_polynomials: &Vec<DensePolynomial<Field>>, y: Field,
[INFO] [stdout]     |        ^^^^^^^^^^^^^^^^^
[INFO] [stdout] 
[INFO] [stdout] 
[INFO] [stdout] warning: function `multiply_by_x_power` is never used
[INFO] [stdout]    --> src/vc.rs:146:8
[INFO] [stdout]     |
[INFO] [stdout] 146 | pub fn multiply_by_x_power(p: &DensePolynomial<Field>, power: usize) -> DensePolynomial<Field> {
[INFO] [stdout]     |        ^^^^^^^^^^^^^^^^^^^
[INFO] [stdout] 
[INFO] [stdout] 
[INFO] [stdout] warning: function `number_to_bin_vector` is never used
[INFO] [stdout]    --> src/vc.rs:152:8
[INFO] [stdout]     |
[INFO] [stdout] 152 | pub fn number_to_bin_vector(s: usize, j: u32) -> Vec<bool> {
[INFO] [stdout]     |        ^^^^^^^^^^^^^^^^^^^^
[INFO] [stdout] 
[INFO] [stdout] 
[INFO] [stdout] warning: function `number_to_digits_vector` is never used
[INFO] [stdout]    --> src/vc.rs:158:8
[INFO] [stdout]     |
[INFO] [stdout] 158 | pub fn number_to_digits_vector(s: u32, j: u32, base: u32) -> Vec<u32> {
[INFO] [stdout]     |        ^^^^^^^^^^^^^^^^^^^^^^^
[INFO] [stdout] 
[INFO] [stdout] 
[INFO] [stdout] warning: function `map_uv_to_mv_polynomial` is never used
[INFO] [stdout]    --> src/vc.rs:173:4
[INFO] [stdout]     |
[INFO] [stdout] 173 | fn map_uv_to_mv_polynomial(uv_poly: &DensePolynomial<Field>, num_vars: usize, var_index: usize) -> SparsePolynomial<Field, SparseTerm> {
[INFO] [stdout]     |    ^^^^^^^^^^^^^^^^^^^^^^^
[INFO] [stdout] 
[INFO] [stdout] 
[INFO] [stdout] warning: function `calculate_interpolation_vector` is never used
[INFO] [stdout]    --> src/vc.rs:182:4
[INFO] [stdout]     |
[INFO] [stdout] 182 | fn calculate_interpolation_vector(lagrange_polynomials: &Vec<DensePolynomial<Field>>, nu: u32, k: u32) -> Vec<SparsePolynomial<Field, Spa...
[INFO] [stdout]     |    ^^^^^^^^^^^^^^^^^^^^^^^^^^^^^^
[INFO] [stdout] 
[INFO] [stdout] 
[INFO] [stdout] warning: function `calculate_interpolation_polynomial` is never used
[INFO] [stdout]    --> src/vc.rs:193:8
[INFO] [stdout]     |
[INFO] [stdout] 193 | pub fn calculate_interpolation_polynomial(v: &Vec<Field>, lagrange_polynomials: &Vec<DensePolynomial<Field>>,
[INFO] [stdout]     |        ^^^^^^^^^^^^^^^^^^^^^^^^^^^^^^^^^^
[INFO] [stdout] 
[INFO] [stdout] 
[INFO] [stdout] warning: function `multiply_mv_polynomials` is never used
[INFO] [stdout]    --> src/vc.rs:202:8
[INFO] [stdout]     |
[INFO] [stdout] 202 | pub fn multiply_mv_polynomials(cur: &SparsePolynomial<Field, SparseTerm>,
[INFO] [stdout]     |        ^^^^^^^^^^^^^^^^^^^^^^^
[INFO] [stdout] 
[INFO] [stdout] 
[INFO] [stdout] warning: struct `PublicParameters` is never constructed
[INFO] [stdout]   --> src/mvtree.rs:13:12
[INFO] [stdout]    |
[INFO] [stdout] 13 | pub struct PublicParameters {
[INFO] [stdout]    |            ^^^^^^^^^^^^^^^^
[INFO] [stdout] 
[INFO] [stdout] 
[INFO] [stdout] warning: struct `Commitment` is never constructed
[INFO] [stdout]   --> src/mvtree.rs:20:12
[INFO] [stdout]    |
[INFO] [stdout] 20 | pub struct Commitment {
[INFO] [stdout]    |            ^^^^^^^^^^
[INFO] [stdout] 
[INFO] [stdout] 
[INFO] [stdout] warning: struct `Function` is never constructed
[INFO] [stdout]   --> src/mvtree.rs:24:12
[INFO] [stdout]    |
[INFO] [stdout] 24 | pub struct Function {
[INFO] [stdout]    |            ^^^^^^^^
[INFO] [stdout] 
[INFO] [stdout] 
[INFO] [stdout] warning: struct `Proof` is never constructed
[INFO] [stdout]   --> src/mvtree.rs:29:12
[INFO] [stdout]    |
[INFO] [stdout] 29 | pub struct Proof {
[INFO] [stdout]    |            ^^^^^
[INFO] [stdout] 
[INFO] [stdout] 
[INFO] [stdout] warning: struct `TreeNode` is never constructed
[INFO] [stdout]   --> src/mvtree.rs:35:12
[INFO] [stdout]    |
[INFO] [stdout] 35 | pub struct TreeNode {
[INFO] [stdout]    |            ^^^^^^^^
[INFO] [stdout] 
[INFO] [stdout] 
[INFO] [stdout] warning: struct `MultivariateVectorTreeCommitment` is never constructed
[INFO] [stdout]   --> src/mvtree.rs:40:12
[INFO] [stdout]    |
[INFO] [stdout] 40 | pub struct MultivariateVectorTreeCommitment {
[INFO] [stdout]    |            ^^^^^^^^^^^^^^^^^^^^^^^^^^^^^^^^
[INFO] [stdout] 
[INFO] [stdout] 
[INFO] [stdout] warning: multiple associated items are never used
[INFO] [stdout]    --> src/mvtree.rs:52:12
[INFO] [stdout]     |
[INFO] [stdout] 51  | impl MultivariateVectorTreeCommitment {
[INFO] [stdout]     | ------------------------------------- associated items in this implementation
[INFO] [stdout] 52  |     pub fn new(k: u32, alphabet_size: u32, nu: u32) -> Self {
[INFO] [stdout]     |            ^^^
[INFO] [stdout] ...
[INFO] [stdout] 91  |     pub fn commit(&self, v: &Vec<Field>) -> Commitment {
[INFO] [stdout]     |            ^^^^^^
[INFO] [stdout] ...
[INFO] [stdout] 99  |     pub fn open(&self, c: &Commitment, f: &Function, y: Field) -> Proof {
[INFO] [stdout]     |            ^^^^
[INFO] [stdout] ...
[INFO] [stdout] 119 |     pub fn verify_opening(&self, c: &Commitment, f: &Function, y: Field, pi: &Proof) -> bool {
[INFO] [stdout]     |            ^^^^^^^^^^^^^^
[INFO] [stdout] ...
[INFO] [stdout] 144 |     fn build_vector_tree(&self, v: &Vec<Field>) -> HashMap<Vec<u32>, TreeNode> {
[INFO] [stdout]     |        ^^^^^^^^^^^^^^^^^
[INFO] [stdout] ...
[INFO] [stdout] 177 |     fn tensor_product(a: &Vec<Field>, b: &Vec<Field>) -> Vec<Field> {
[INFO] [stdout]     |        ^^^^^^^^^^^^^^
[INFO] [stdout] ...
[INFO] [stdout] 187 |     fn tensor_product_g1(a: &Vec<G1>, b: &Vec<Field>) -> Vec<G1> {
[INFO] [stdout]     |        ^^^^^^^^^^^^^^^^^
[INFO] [stdout] 
[INFO] [stdout] 
[INFO] [stdout] warning: unused variable: `lagrange_polynomials`
[INFO] [stdout]    --> src/vc.rs:193:59
[INFO] [stdout]     |
[INFO] [stdout] 193 | pub fn calculate_interpolation_polynomial(v: &Vec<Field>, lagrange_polynomials: &Vec<DensePolynomial<Field>>,
[INFO] [stdout]     |                                                           ^^^^^^^^^^^^^^^^^^^^ help: if this is intentional, prefix it with an underscore: `_lagrange_polynomials`
[INFO] [stdout]     |
[INFO] [stdout]     = note: `#[warn(unused_variables)]` on by default
[INFO] [stdout] 
[INFO] [stdout] 
[INFO] [stdout] warning: variable does not need to be mutable
[INFO] [stdout]    --> src/vc.rs:196:9
[INFO] [stdout]     |
[INFO] [stdout] 196 |     let mut polynomial = SparsePolynomial::from_coefficients_slice(
[INFO] [stdout]     |         ----^^^^^^^^^^
[INFO] [stdout]     |         |
[INFO] [stdout]     |         help: remove this `mut`
[INFO] [stdout]     |
[INFO] [stdout]     = note: `#[warn(unused_mut)]` on by default
[INFO] [stdout] 
[INFO] [stdout] 
[INFO] [stdout] warning: function `map_uv_to_mv_polynomial` is never used
[INFO] [stdout]    --> src/vc.rs:173:4
[INFO] [stdout]     |
[INFO] [stdout] 173 | fn map_uv_to_mv_polynomial(uv_poly: &DensePolynomial<Field>, num_vars: usize, var_index: usize) -> SparsePolynomial<Field, SparseTerm> {
[INFO] [stdout]     |    ^^^^^^^^^^^^^^^^^^^^^^^
[INFO] [stdout]     |
[INFO] [stdout]     = note: `#[warn(dead_code)]` on by default
[INFO] [stdout] 
[INFO] [stdout] 
[INFO] [stdout] warning: function `calculate_interpolation_vector` is never used
[INFO] [stdout]    --> src/vc.rs:182:4
[INFO] [stdout]     |
[INFO] [stdout] 182 | fn calculate_interpolation_vector(lagrange_polynomials: &Vec<DensePolynomial<Field>>, nu: u32, k: u32) -> Vec<SparsePolynomial<Field, Spa...
[INFO] [stdout]     |    ^^^^^^^^^^^^^^^^^^^^^^^^^^^^^^
[INFO] [stdout] 
[INFO] [stdout] 
[INFO] [stdout] warning: function `multiply_mv_polynomials` is never used
[INFO] [stdout]    --> src/vc.rs:202:8
[INFO] [stdout]     |
[INFO] [stdout] 202 | pub fn multiply_mv_polynomials(cur: &SparsePolynomial<Field, SparseTerm>,
[INFO] [stdout]     |        ^^^^^^^^^^^^^^^^^^^^^^^
[INFO] [stdout] 
[INFO] [stdout] 
[INFO] [stdout] warning: fields `tensored_tau_r` and `tensored_lambda_r` are never read
[INFO] [stdout]   --> src/mvtree.rs:14:5
[INFO] [stdout]    |
[INFO] [stdout] 13 | pub struct PublicParameters {
[INFO] [stdout]    |            ---------------- fields in this struct
[INFO] [stdout] 14 |     tensored_tau_r: Vec<G1>,
[INFO] [stdout]    |     ^^^^^^^^^^^^^^
[INFO] [stdout] 15 |     tau_product_power: Field,
[INFO] [stdout] 16 |     tensored_lambda_r: Vec<G1>,
[INFO] [stdout]    |     ^^^^^^^^^^^^^^^^^
[INFO] [stdout] 
[INFO] [stdout] 
[INFO] [stdout] warning: fields `tau` and `lagrange_polynomials` are never read
[INFO] [stdout]   --> src/mvtree.rs:46:5
[INFO] [stdout]    |
[INFO] [stdout] 40 | pub struct MultivariateVectorTreeCommitment {
[INFO] [stdout]    |            -------------------------------- fields in this struct
[INFO] [stdout] ...
[INFO] [stdout] 46 |     tau: Vec<Field>, // left for debugging purposes
[INFO] [stdout]    |     ^^^
[INFO] [stdout] 47 |     lambdas: Vec<Vec<Field>>, // g1_lambdas[i] is the vector of alphabet_size, with the evaluation of the lagrange polynomials at tau_i.
[INFO] [stdout] 48 |     lagrange_polynomials: Vec<DensePolynomial<Field>>,
[INFO] [stdout]    |     ^^^^^^^^^^^^^^^^^^^^
[INFO] [stdout] 
[INFO] [stdout] 
[INFO] [stderr]     Finished `test` profile [unoptimized + debuginfo] target(s) in 2.05s
[INFO] running `Command { std: "docker" "inspect" "729d3517e60b17292ce12d0d85e728906b5f81b6ce237b6094a2ef3afe4de4ff", kill_on_drop: false }`
[INFO] running `Command { std: "docker" "rm" "-f" "729d3517e60b17292ce12d0d85e728906b5f81b6ce237b6094a2ef3afe4de4ff", kill_on_drop: false }`
[INFO] [stdout] 729d3517e60b17292ce12d0d85e728906b5f81b6ce237b6094a2ef3afe4de4ff
[INFO] running `Command { std: "docker" "create" "-v" "/var/lib/crater-agent-workspace/builds/worker-2-tc1/target:/opt/rustwide/target:rw,Z" "-v" "/var/lib/crater-agent-workspace/builds/worker-2-tc1/source:/opt/rustwide/workdir:ro,Z" "-v" "/var/lib/crater-agent-workspace/cargo-home:/opt/rustwide/cargo-home:ro,Z" "-v" "/var/lib/crater-agent-workspace/rustup-home:/opt/rustwide/rustup-home:ro,Z" "-e" "SOURCE_DIR=/opt/rustwide/workdir" "-e" "CARGO_TARGET_DIR=/opt/rustwide/target" "-e" "CARGO_INCREMENTAL=0" "-e" "RUST_BACKTRACE=full" "-e" "RUSTFLAGS=--cap-lints=forbid" "-e" "RUSTDOCFLAGS=--cap-lints=forbid" "-e" "CARGO_HOME=/opt/rustwide/cargo-home" "-e" "RUSTUP_HOME=/opt/rustwide/rustup-home" "-w" "/opt/rustwide/workdir" "-m" "1610612736" "--user" "0:0" "--network" "none" "ghcr.io/rust-lang/crates-build-env/linux@sha256:819108c5571ea2e421544af4d832f968d213c87fbe3707a016657f43d2f853bc" "/opt/rustwide/cargo-home/bin/cargo" "+nightly-2025-01-18" "test" "--frozen", kill_on_drop: false }`
[INFO] [stdout] db29ec292fbe05503a66dd34a3843c5b993af43c6dd667efbf8eea30ffeec7a5
[INFO] running `Command { std: "docker" "start" "-a" "db29ec292fbe05503a66dd34a3843c5b993af43c6dd667efbf8eea30ffeec7a5", kill_on_drop: false }`
[INFO] [stderr] warning: unused variable: `lagrange_polynomials`
[INFO] [stderr]    --> src/vc.rs:193:59
[INFO] [stderr]     |
[INFO] [stderr] 193 | pub fn calculate_interpolation_polynomial(v: &Vec<Field>, lagrange_polynomials: &Vec<DensePolynomial<Field>>,
[INFO] [stderr]     |                                                           ^^^^^^^^^^^^^^^^^^^^ help: if this is intentional, prefix it with an underscore: `_lagrange_polynomials`
[INFO] [stderr]     |
[INFO] [stderr]     = note: `#[warn(unused_variables)]` on by default
[INFO] [stderr] 
[INFO] [stderr] warning: variable does not need to be mutable
[INFO] [stderr]    --> src/vc.rs:196:9
[INFO] [stderr]     |
[INFO] [stderr] 196 |     let mut polynomial = SparsePolynomial::from_coefficients_slice(
[INFO] [stderr]     |         ----^^^^^^^^^^
[INFO] [stderr]     |         |
[INFO] [stderr]     |         help: remove this `mut`
[INFO] [stderr]     |
[INFO] [stderr]     = note: `#[warn(unused_mut)]` on by default
[INFO] [stderr] 
[INFO] [stderr] warning: struct `PublicParameters` is never constructed
[INFO] [stderr]  --> src/lvc.rs:8:12
[INFO] [stderr]   |
[INFO] [stderr] 8 | pub struct PublicParameters {
[INFO] [stderr]   |            ^^^^^^^^^^^^^^^^
[INFO] [stderr]   |
[INFO] [stderr]   = note: `#[warn(dead_code)]` on by default
[INFO] [stderr] 
[INFO] [stderr] warning: struct `Commitment` is never constructed
[INFO] [stderr]   --> src/lvc.rs:15:12
[INFO] [stderr]    |
[INFO] [stderr] 15 | pub struct Commitment {
[INFO] [stderr]    |            ^^^^^^^^^^
[INFO] [stderr] 
[INFO] [stderr] warning: struct `Proof` is never constructed
[INFO] [stderr]   --> src/lvc.rs:20:12
[INFO] [stderr]    |
[INFO] [stderr] 20 | pub struct Proof {
[INFO] [stderr]    |            ^^^^^
[INFO] [stderr] 
[INFO] [stderr] warning: struct `LinearMapVectorCommitment` is never constructed
[INFO] [stderr]   --> src/lvc.rs:26:12
[INFO] [stderr]    |
[INFO] [stderr] 26 | pub struct LinearMapVectorCommitment {
[INFO] [stderr]    |            ^^^^^^^^^^^^^^^^^^^^^^^^^
[INFO] [stderr] 
[INFO] [stderr] warning: multiple associated items are never used
[INFO] [stderr]    --> src/lvc.rs:36:12
[INFO] [stderr]     |
[INFO] [stderr] 34  | impl LinearMapVectorCommitment {
[INFO] [stderr]     | ------------------------------ associated items in this implementation
[INFO] [stderr] 35  |
[INFO] [stderr] 36  |     pub fn new(m: u32) -> Self {
[INFO] [stderr]     |            ^^^
[INFO] [stderr] ...
[INFO] [stderr] 58  |     pub fn commit(&self, a: &Vec<Field>) -> Commitment {
[INFO] [stderr]     |            ^^^^^^
[INFO] [stderr] ...
[INFO] [stderr] 67  |     pub fn open(&self, c: &Commitment, b: &Vec<Field>, y: Field) -> Proof {
[INFO] [stderr]     |            ^^^^
[INFO] [stderr] ...
[INFO] [stderr] 83  |     pub fn verify_opening(&self, c: &Commitment, b: &Vec<Field>, y: Field, pi: &Proof) -> bool {
[INFO] [stderr]     |            ^^^^^^^^^^^^^^
[INFO] [stderr] ...
[INFO] [stderr] 95  |     fn commit_in_g1(&self, a: &Vec<Field>) -> G1 {
[INFO] [stderr]     |        ^^^^^^^^^^^^
[INFO] [stderr] ...
[INFO] [stderr] 104 |     fn commit_in_g2(&self, a: &Vec<Field>) -> G2 {
[INFO] [stderr]     |        ^^^^^^^^^^^^
[INFO] [stderr] ...
[INFO] [stderr] 113 |     fn evaluate_at_g1_tau(&self, p: &DensePolynomial<Field>) -> G1 {
[INFO] [stderr]     |        ^^^^^^^^^^^^^^^^^^
[INFO] [stderr] ...
[INFO] [stderr] 123 |     fn evaluate_at_g2_tau(&self, p: &DensePolynomial<Field>) -> G2 {
[INFO] [stderr]     |        ^^^^^^^^^^^^^^^^^^
[INFO] [stderr] 
[INFO] [stderr] warning: struct `PublicParameters` is never constructed
[INFO] [stderr]   --> src/uvtree.rs:12:12
[INFO] [stderr]    |
[INFO] [stderr] 12 | pub struct PublicParameters {
[INFO] [stderr]    |            ^^^^^^^^^^^^^^^^
[INFO] [stderr] 
[INFO] [stderr] warning: struct `TreeNode` is never constructed
[INFO] [stderr]   --> src/uvtree.rs:18:12
[INFO] [stderr]    |
[INFO] [stderr] 18 | pub struct TreeNode {
[INFO] [stderr]    |            ^^^^^^^^
[INFO] [stderr] 
[INFO] [stderr] warning: struct `Commitment` is never constructed
[INFO] [stderr]   --> src/uvtree.rs:24:12
[INFO] [stderr]    |
[INFO] [stderr] 24 | pub struct Commitment {
[INFO] [stderr]    |            ^^^^^^^^^^
[INFO] [stderr] 
[INFO] [stderr] warning: struct `Function` is never constructed
[INFO] [stderr]   --> src/uvtree.rs:28:12
[INFO] [stderr]    |
[INFO] [stderr] 28 | pub struct Function {
[INFO] [stderr]    |            ^^^^^^^^
[INFO] [stderr] 
[INFO] [stderr] warning: struct `Proof` is never constructed
[INFO] [stderr]   --> src/uvtree.rs:35:12
[INFO] [stderr]    |
[INFO] [stderr] 35 | pub struct Proof {
[INFO] [stderr]    |            ^^^^^
[INFO] [stderr] 
[INFO] [stderr] warning: struct `UnvariateVectorTreeCommitment` is never constructed
[INFO] [stderr]   --> src/uvtree.rs:44:12
[INFO] [stderr]    |
[INFO] [stderr] 44 | pub struct UnvariateVectorTreeCommitment {
[INFO] [stderr]    |            ^^^^^^^^^^^^^^^^^^^^^^^^^^^^^
[INFO] [stderr] 
[INFO] [stderr] warning: multiple associated items are never used
[INFO] [stderr]    --> src/uvtree.rs:54:12
[INFO] [stderr]     |
[INFO] [stderr] 52  | impl UnvariateVectorTreeCommitment {
[INFO] [stderr]     | ---------------------------------- associated items in this implementation
[INFO] [stderr] 53  |
[INFO] [stderr] 54  |     pub fn new(m: u32) -> Self {
[INFO] [stderr]     |            ^^^
[INFO] [stderr] ...
[INFO] [stderr] 74  |     pub fn commit(&self, v: Vec<Field>, kappa: u32, nu: u32) -> Commitment {
[INFO] [stderr]     |            ^^^^^^
[INFO] [stderr] ...
[INFO] [stderr] 83  |     pub fn open(&self, c: &Commitment, f: &Function, y: Field) -> Proof {
[INFO] [stderr]     |            ^^^^
[INFO] [stderr] ...
[INFO] [stderr] 119 |     pub fn verify_opening(&self, c: &Commitment, f: &Function, y: Field, pi: &Proof) -> bool {
[INFO] [stderr]     |            ^^^^^^^^^^^^^^
[INFO] [stderr] ...
[INFO] [stderr] 155 |     fn commit_in_g1(&self, a: &Vec<Field>) -> G1 {
[INFO] [stderr]     |        ^^^^^^^^^^^^
[INFO] [stderr] ...
[INFO] [stderr] 164 |     fn evaluate_at_g1_tau(&self, p: &DensePolynomial<Field>) -> G1 {
[INFO] [stderr]     |        ^^^^^^^^^^^^^^^^^^
[INFO] [stderr] ...
[INFO] [stderr] 174 |     fn evaluate_at_g2_tau(&self, p: &DensePolynomial<Field>) -> G2 {
[INFO] [stderr]     |        ^^^^^^^^^^^^^^^^^^
[INFO] [stderr] ...
[INFO] [stderr] 184 |     fn build_vector_tree(&self, v: &Vec<Field>, nu: u32) -> HashMap<Vec<bool>, TreeNode> {
[INFO] [stderr]     |        ^^^^^^^^^^^^^^^^^
[INFO] [stderr] ...
[INFO] [stderr] 218 |     fn calculate_omega_sr(&self, c: &Commitment, vector: &Vec<bool>, j: u32) -> Field {
[INFO] [stderr]     |        ^^^^^^^^^^^^^^^^^^
[INFO] [stderr] 
[INFO] [stderr] warning: function `generate_tau` is never used
[INFO] [stderr]   --> src/vc.rs:11:8
[INFO] [stderr]    |
[INFO] [stderr] 11 | pub fn generate_tau() -> Field {
[INFO] [stderr]    |        ^^^^^^^^^^^^
[INFO] [stderr] 
[INFO] [stderr] warning: function `calculate_roots_of_unity` is never used
[INFO] [stderr]   --> src/vc.rs:16:8
[INFO] [stderr]    |
[INFO] [stderr] 16 | pub fn calculate_roots_of_unity(m: u32) -> Vec<Field> {
[INFO] [stderr]    |        ^^^^^^^^^^^^^^^^^^^^^^^^
[INFO] [stderr] 
[INFO] [stderr] warning: function `calculate_g1_tau_powers` is never used
[INFO] [stderr]   --> src/vc.rs:28:8
[INFO] [stderr]    |
[INFO] [stderr] 28 | pub fn calculate_g1_tau_powers(tau: Field, m: u32) -> Vec<G1> {
[INFO] [stderr]    |        ^^^^^^^^^^^^^^^^^^^^^^^
[INFO] [stderr] 
[INFO] [stderr] warning: function `calculate_g2_tau_powers` is never used
[INFO] [stderr]   --> src/vc.rs:38:8
[INFO] [stderr]    |
[INFO] [stderr] 38 | pub fn calculate_g2_tau_powers(tau: Field, m: u32) -> Vec<G2> {
[INFO] [stderr]    |        ^^^^^^^^^^^^^^^^^^^^^^^
[INFO] [stderr] 
[INFO] [stderr] warning: function `calculate_lagrange_polynomials` is never used
[INFO] [stderr]   --> src/vc.rs:48:8
[INFO] [stderr]    |
[INFO] [stderr] 48 | pub fn calculate_lagrange_polynomials(roots_of_unity: &Vec<Field>) -> Vec<DensePolynomial<Field>> {
[INFO] [stderr]    |        ^^^^^^^^^^^^^^^^^^^^^^^^^^^^^^
[INFO] [stderr] 
[INFO] [stderr] warning: function `calculate_lambdas` is never used
[INFO] [stderr]   --> src/vc.rs:66:8
[INFO] [stderr]    |
[INFO] [stderr] 66 | pub fn calculate_lambdas(lagrange_polynomials: &Vec<DensePolynomial<Field>>, tau: Field) -> Vec<Field> {
[INFO] [stderr]    |        ^^^^^^^^^^^^^^^^^
[INFO] [stderr] 
[INFO] [stderr] warning: function `calculate_g1_lambdas` is never used
[INFO] [stderr]   --> src/vc.rs:75:8
[INFO] [stderr]    |
[INFO] [stderr] 75 | pub fn calculate_g1_lambdas(lagrange_polynomials: &Vec<DensePolynomial<Field>>, tau: Field) -> Vec<G1> {
[INFO] [stderr]    |        ^^^^^^^^^^^^^^^^^^^^
[INFO] [stderr] 
[INFO] [stderr] warning: function `calculate_g2_lambdas` is never used
[INFO] [stderr]   --> src/vc.rs:84:8
[INFO] [stderr]    |
[INFO] [stderr] 84 | pub fn calculate_g2_lambdas(lagrange_polynomials: &Vec<DensePolynomial<Field>>, tau: Field) -> Vec<G2> {
[INFO] [stderr]    |        ^^^^^^^^^^^^^^^^^^^^
[INFO] [stderr] 
[INFO] [stderr] warning: function `inner_product_with_polynomial` is never used
[INFO] [stderr]   --> src/vc.rs:93:8
[INFO] [stderr]    |
[INFO] [stderr] 93 | pub fn inner_product_with_polynomial(a: &Vec<Field>, polynomials: &Vec<DensePolynomial<Field>>) -> DensePolynomial<Field> {
[INFO] [stderr]    |        ^^^^^^^^^^^^^^^^^^^^^^^^^^^^^
[INFO] [stderr] 
[INFO] [stderr] warning: function `inner_product` is never used
[INFO] [stderr]    --> src/vc.rs:102:8
[INFO] [stderr]     |
[INFO] [stderr] 102 | pub fn inner_product(a: &Vec<Field>, b: &Vec<Field>) -> Field {
[INFO] [stderr]     |        ^^^^^^^^^^^^^
[INFO] [stderr] 
[INFO] [stderr] warning: function `inner_product_g1` is never used
[INFO] [stderr]    --> src/vc.rs:107:8
[INFO] [stderr]     |
[INFO] [stderr] 107 | pub fn inner_product_g1(a: &Vec<G1>, b: &Vec<Field>) -> G1 {
[INFO] [stderr]     |        ^^^^^^^^^^^^^^^^
[INFO] [stderr] 
[INFO] [stderr] warning: function `calculate_vanishing_polynomial` is never used
[INFO] [stderr]    --> src/vc.rs:112:8
[INFO] [stderr]     |
[INFO] [stderr] 112 | pub fn calculate_vanishing_polynomial(roots_of_unity: &Vec<Field>) -> DensePolynomial<Field> {
[INFO] [stderr]     |        ^^^^^^^^^^^^^^^^^^^^^^^^^^^^^^
[INFO] [stderr] 
[INFO] [stderr] warning: function `multiply_polynomials` is never used
[INFO] [stderr]    --> src/vc.rs:120:8
[INFO] [stderr]     |
[INFO] [stderr] 120 | pub fn multiply_polynomials(p: &DensePolynomial<Field>, q: &DensePolynomial<Field>) -> DensePolynomial<Field> {
[INFO] [stderr]     |        ^^^^^^^^^^^^^^^^^^^^
[INFO] [stderr] 
[INFO] [stderr] warning: function `calculate_h_and_r` is never used
[INFO] [stderr]    --> src/vc.rs:130:8
[INFO] [stderr]     |
[INFO] [stderr] 130 | pub fn calculate_h_and_r(a: &Vec<Field>, b: &Vec<Field>, lagrange_polynomials: &Vec<DensePolynomial<Field>>, y: Field,
[INFO] [stderr]     |        ^^^^^^^^^^^^^^^^^
[INFO] [stderr] 
[INFO] [stderr] warning: function `multiply_by_x_power` is never used
[INFO] [stderr]    --> src/vc.rs:146:8
[INFO] [stderr]     |
[INFO] [stderr] 146 | pub fn multiply_by_x_power(p: &DensePolynomial<Field>, power: usize) -> DensePolynomial<Field> {
[INFO] [stderr]     |        ^^^^^^^^^^^^^^^^^^^
[INFO] [stderr] 
[INFO] [stderr] warning: function `number_to_bin_vector` is never used
[INFO] [stderr]    --> src/vc.rs:152:8
[INFO] [stderr]     |
[INFO] [stderr] 152 | pub fn number_to_bin_vector(s: usize, j: u32) -> Vec<bool> {
[INFO] [stderr]     |        ^^^^^^^^^^^^^^^^^^^^
[INFO] [stderr] 
[INFO] [stderr] warning: function `number_to_digits_vector` is never used
[INFO] [stderr]    --> src/vc.rs:158:8
[INFO] [stderr]     |
[INFO] [stderr] 158 | pub fn number_to_digits_vector(s: u32, j: u32, base: u32) -> Vec<u32> {
[INFO] [stderr]     |        ^^^^^^^^^^^^^^^^^^^^^^^
[INFO] [stderr] 
[INFO] [stderr] warning: function `map_uv_to_mv_polynomial` is never used
[INFO] [stderr]    --> src/vc.rs:173:4
[INFO] [stderr]     |
[INFO] [stderr] 173 | fn map_uv_to_mv_polynomial(uv_poly: &DensePolynomial<Field>, num_vars: usize, var_index: usize) -> SparsePolynomial<Field, SparseTerm> {
[INFO] [stderr]     |    ^^^^^^^^^^^^^^^^^^^^^^^
[INFO] [stderr] 
[INFO] [stderr] warning: function `calculate_interpolation_vector` is never used
[INFO] [stderr]    --> src/vc.rs:182:4
[INFO] [stderr]     |
[INFO] [stderr] 182 | fn calculate_interpolation_vector(lagrange_polynomials: &Vec<DensePolynomial<Field>>, nu: u32, k: u32) -> Vec<SparsePolynomial<Field, Spa...
[INFO] [stderr]     |    ^^^^^^^^^^^^^^^^^^^^^^^^^^^^^^
[INFO] [stderr] 
[INFO] [stderr] warning: function `calculate_interpolation_polynomial` is never used
[INFO] [stderr]    --> src/vc.rs:193:8
[INFO] [stderr]     |
[INFO] [stderr] 193 | pub fn calculate_interpolation_polynomial(v: &Vec<Field>, lagrange_polynomials: &Vec<DensePolynomial<Field>>,
[INFO] [stderr]     |        ^^^^^^^^^^^^^^^^^^^^^^^^^^^^^^^^^^
[INFO] [stderr] 
[INFO] [stderr] warning: function `multiply_mv_polynomials` is never used
[INFO] [stderr]    --> src/vc.rs:202:8
[INFO] [stderr]     |
[INFO] [stderr] 202 | pub fn multiply_mv_polynomials(cur: &SparsePolynomial<Field, SparseTerm>,
[INFO] [stderr]     |        ^^^^^^^^^^^^^^^^^^^^^^^
[INFO] [stderr] 
[INFO] [stderr] warning: struct `PublicParameters` is never constructed
[INFO] [stderr]   --> src/mvtree.rs:13:12
[INFO] [stderr]    |
[INFO] [stderr] 13 | pub struct PublicParameters {
[INFO] [stderr]    |            ^^^^^^^^^^^^^^^^
[INFO] [stderr] 
[INFO] [stderr] warning: struct `Commitment` is never constructed
[INFO] [stderr]   --> src/mvtree.rs:20:12
[INFO] [stderr]    |
[INFO] [stderr] 20 | pub struct Commitment {
[INFO] [stderr]    |            ^^^^^^^^^^
[INFO] [stderr] 
[INFO] [stderr] warning: struct `Function` is never constructed
[INFO] [stderr]   --> src/mvtree.rs:24:12
[INFO] [stderr]    |
[INFO] [stderr] 24 | pub struct Function {
[INFO] [stderr]    |            ^^^^^^^^
[INFO] [stderr] 
[INFO] [stderr] warning: struct `Proof` is never constructed
[INFO] [stderr]   --> src/mvtree.rs:29:12
[INFO] [stderr]    |
[INFO] [stderr] 29 | pub struct Proof {
[INFO] [stderr]    |            ^^^^^
[INFO] [stderr] 
[INFO] [stderr] warning: struct `TreeNode` is never constructed
[INFO] [stderr]   --> src/mvtree.rs:35:12
[INFO] [stderr]    |
[INFO] [stderr] 35 | pub struct TreeNode {
[INFO] [stderr]    |            ^^^^^^^^
[INFO] [stderr] 
[INFO] [stderr] warning: struct `MultivariateVectorTreeCommitment` is never constructed
[INFO] [stderr]   --> src/mvtree.rs:40:12
[INFO] [stderr]    |
[INFO] [stderr] 40 | pub struct MultivariateVectorTreeCommitment {
[INFO] [stderr]    |            ^^^^^^^^^^^^^^^^^^^^^^^^^^^^^^^^
[INFO] [stderr] 
[INFO] [stderr] warning: multiple associated items are never used
[INFO] [stderr]    --> src/mvtree.rs:52:12
[INFO] [stderr]     |
[INFO] [stderr] 51  | impl MultivariateVectorTreeCommitment {
[INFO] [stderr]     | ------------------------------------- associated items in this implementation
[INFO] [stderr] 52  |     pub fn new(k: u32, alphabet_size: u32, nu: u32) -> Self {
[INFO] [stderr]     |            ^^^
[INFO] [stderr] ...
[INFO] [stderr] 91  |     pub fn commit(&self, v: &Vec<Field>) -> Commitment {
[INFO] [stderr]     |            ^^^^^^
[INFO] [stderr] ...
[INFO] [stderr] 99  |     pub fn open(&self, c: &Commitment, f: &Function, y: Field) -> Proof {
[INFO] [stderr]     |            ^^^^
[INFO] [stderr] ...
[INFO] [stderr] 119 |     pub fn verify_opening(&self, c: &Commitment, f: &Function, y: Field, pi: &Proof) -> bool {
[INFO] [stderr]     |            ^^^^^^^^^^^^^^
[INFO] [stderr] ...
[INFO] [stderr] 144 |     fn build_vector_tree(&self, v: &Vec<Field>) -> HashMap<Vec<u32>, TreeNode> {
[INFO] [stderr]     |        ^^^^^^^^^^^^^^^^^
[INFO] [stderr] ...
[INFO] [stderr] 177 |     fn tensor_product(a: &Vec<Field>, b: &Vec<Field>) -> Vec<Field> {
[INFO] [stderr]     |        ^^^^^^^^^^^^^^
[INFO] [stderr] ...
[INFO] [stderr] 187 |     fn tensor_product_g1(a: &Vec<G1>, b: &Vec<Field>) -> Vec<G1> {
[INFO] [stderr]     |        ^^^^^^^^^^^^^^^^^
[INFO] [stderr] 
[INFO] [stderr] warning: `linear_map_vector_commitments` (lib) generated 42 warnings (run `cargo fix --lib -p linear_map_vector_commitments` to apply 1 suggestion)
[INFO] [stderr] warning: function `map_uv_to_mv_polynomial` is never used
[INFO] [stderr]    --> src/vc.rs:173:4
[INFO] [stderr]     |
[INFO] [stderr] 173 | fn map_uv_to_mv_polynomial(uv_poly: &DensePolynomial<Field>, num_vars: usize, var_index: usize) -> SparsePolynomial<Field, SparseTerm> {
[INFO] [stderr]     |    ^^^^^^^^^^^^^^^^^^^^^^^
[INFO] [stderr]     |
[INFO] [stderr]     = note: `#[warn(dead_code)]` on by default
[INFO] [stderr] 
[INFO] [stderr] warning: fields `tensored_tau_r` and `tensored_lambda_r` are never read
[INFO] [stderr]   --> src/mvtree.rs:14:5
[INFO] [stderr]    |
[INFO] [stderr] 13 | pub struct PublicParameters {
[INFO] [stderr]    |            ---------------- fields in this struct
[INFO] [stderr] 14 |     tensored_tau_r: Vec<G1>,
[INFO] [stderr]    |     ^^^^^^^^^^^^^^
[INFO] [stderr] 15 |     tau_product_power: Field,
[INFO] [stderr] 16 |     tensored_lambda_r: Vec<G1>,
[INFO] [stderr]    |     ^^^^^^^^^^^^^^^^^
[INFO] [stderr] 
[INFO] [stderr] warning: fields `tau` and `lagrange_polynomials` are never read
[INFO] [stderr]   --> src/mvtree.rs:46:5
[INFO] [stderr]    |
[INFO] [stderr] 40 | pub struct MultivariateVectorTreeCommitment {
[INFO] [stderr]    |            -------------------------------- fields in this struct
[INFO] [stderr] ...
[INFO] [stderr] 46 |     tau: Vec<Field>, // left for debugging purposes
[INFO] [stderr]    |     ^^^
[INFO] [stderr] 47 |     lambdas: Vec<Vec<Field>>, // g1_lambdas[i] is the vector of alphabet_size, with the evaluation of the lagrange polynomials at tau_i.
[INFO] [stderr] 48 |     lagrange_polynomials: Vec<DensePolynomial<Field>>,
[INFO] [stderr]    |     ^^^^^^^^^^^^^^^^^^^^
[INFO] [stderr] 
[INFO] [stderr] warning: `linear_map_vector_commitments` (lib test) generated 7 warnings (4 duplicates)
[INFO] [stderr]     Finished `test` profile [unoptimized + debuginfo] target(s) in 0.08s
[INFO] [stderr]      Running unittests src/lib.rs (/opt/rustwide/target/debug/deps/linear_map_vector_commitments-29a029d1db39a64a)
[INFO] [stdout] 
[INFO] [stdout] running 5 tests
[INFO] [stdout] test tests::test_number_to_bin_vector ... ok
[INFO] [stdout] test tests::test_calculate_interpolation_polynomial ... FAILED
[INFO] [stdout] test tests::test_mvtree ... FAILED
[INFO] [stdout] test tests::test_uvtree ... FAILED
[INFO] [stdout] test tests::test_lvc ... ok
[INFO] [stdout] 
[INFO] [stdout] failures:
[INFO] [stdout] 
[INFO] [stdout] ---- tests::test_calculate_interpolation_polynomial stdout ----
[INFO] [stdout] 
[INFO] [stdout] thread 'tests::test_calculate_interpolation_polynomial' panicked at /opt/rustwide/cargo-home/registry/src/index.crates.io-1949cf8c6b5b557f/ark-poly-0.4.2/src/polynomial/multivariate/sparse.rs:82:9:
[INFO] [stdout] Invalid evaluation domain
[INFO] [stdout] stack backtrace:
[INFO] [stdout]    0:     0x653a8d3daeda - std::backtrace_rs::backtrace::libunwind::trace::hb059275cfc8d6126
[INFO] [stdout]                                at /rustc/6067b36314ab5eb2eb47cecc464545ba58e1ad24/library/std/src/../../backtrace/src/backtrace/libunwind.rs:116:5
[INFO] [stdout]    1:     0x653a8d3daeda - std::backtrace_rs::backtrace::trace_unsynchronized::h2da071e4327ce3ee
[INFO] [stdout]                                at /rustc/6067b36314ab5eb2eb47cecc464545ba58e1ad24/library/std/src/../../backtrace/src/backtrace/mod.rs:66:5
[INFO] [stdout]    2:     0x653a8d3daeda - std::sys::backtrace::_print_fmt::h842a1474e6f8d23f
[INFO] [stdout]                                at /rustc/6067b36314ab5eb2eb47cecc464545ba58e1ad24/library/std/src/sys/backtrace.rs:66:9
[INFO] [stdout]    3:     0x653a8d3daeda - <std::sys::backtrace::BacktraceLock::print::DisplayBacktrace as core::fmt::Display>::fmt::h71a62eb3b9696b12
[INFO] [stdout]                                at /rustc/6067b36314ab5eb2eb47cecc464545ba58e1ad24/library/std/src/sys/backtrace.rs:39:26
[INFO] [stdout]    4:     0x653a8d402bc3 - core::fmt::rt::Argument::fmt::hdb6b616786b41dc1
[INFO] [stdout]                                at /rustc/6067b36314ab5eb2eb47cecc464545ba58e1ad24/library/core/src/fmt/rt.rs:177:76
[INFO] [stdout]    5:     0x653a8d402bc3 - core::fmt::write::h2cc1698af7e2d686
[INFO] [stdout]                                at /rustc/6067b36314ab5eb2eb47cecc464545ba58e1ad24/library/core/src/fmt/mod.rs:1440:21
[INFO] [stdout]    6:     0x653a8d3d7a33 - std::io::Write::write_fmt::hab1b4cd059a79022
[INFO] [stdout]                                at /rustc/6067b36314ab5eb2eb47cecc464545ba58e1ad24/library/std/src/io/mod.rs:1887:15
[INFO] [stdout]    7:     0x653a8d3dad22 - std::sys::backtrace::BacktraceLock::print::h147fe35b4ea13b08
[INFO] [stdout]                                at /rustc/6067b36314ab5eb2eb47cecc464545ba58e1ad24/library/std/src/sys/backtrace.rs:42:9
[INFO] [stdout]    8:     0x653a8d3dc2ff - std::panicking::default_hook::{{closure}}::hbd44223dbdc0d208
[INFO] [stdout]                                at /rustc/6067b36314ab5eb2eb47cecc464545ba58e1ad24/library/std/src/panicking.rs:298:22
[INFO] [stdout]    9:     0x653a8d3dc118 - std::panicking::default_hook::h20f81eb0576efcec
[INFO] [stdout]                                at /rustc/6067b36314ab5eb2eb47cecc464545ba58e1ad24/library/std/src/panicking.rs:322:9
[INFO] [stdout]   10:     0x653a8d2b2d83 - <alloc::boxed::Box<F,A> as core::ops::function::Fn<Args>>::call::hdb53814c496a4d34
[INFO] [stdout]                                at /rustc/6067b36314ab5eb2eb47cecc464545ba58e1ad24/library/alloc/src/boxed.rs:2027:9
[INFO] [stdout]   11:     0x653a8d2b2d83 - test::test_main::{{closure}}::hc0a4963c59427c24
[INFO] [stdout]                                at /rustc/6067b36314ab5eb2eb47cecc464545ba58e1ad24/library/test/src/lib.rs:134:21
[INFO] [stdout]   12:     0x653a8d3dcdf3 - <alloc::boxed::Box<F,A> as core::ops::function::Fn<Args>>::call::h591b2225413a77e9
[INFO] [stdout]                                at /rustc/6067b36314ab5eb2eb47cecc464545ba58e1ad24/library/alloc/src/boxed.rs:2027:9
[INFO] [stdout]   13:     0x653a8d3dcdf3 - std::panicking::rust_panic_with_hook::h625eea43051b2edc
[INFO] [stdout]                                at /rustc/6067b36314ab5eb2eb47cecc464545ba58e1ad24/library/std/src/panicking.rs:839:13
[INFO] [stdout]   14:     0x653a8d3dca76 - std::panicking::begin_panic_handler::{{closure}}::h4f9159cfbc3f6bd3
[INFO] [stdout]                                at /rustc/6067b36314ab5eb2eb47cecc464545ba58e1ad24/library/std/src/panicking.rs:697:13
[INFO] [stdout]   15:     0x653a8d3db3d9 - std::sys::backtrace::__rust_end_short_backtrace::h0390abce48353151
[INFO] [stdout]                                at /rustc/6067b36314ab5eb2eb47cecc464545ba58e1ad24/library/std/src/sys/backtrace.rs:168:18
[INFO] [stdout]   16:     0x653a8d3dc73d - rust_begin_unwind
[INFO] [stdout]                                at /rustc/6067b36314ab5eb2eb47cecc464545ba58e1ad24/library/std/src/panicking.rs:695:5
[INFO] [stdout]   17:     0x653a8d4015a0 - core::panicking::panic_fmt::h9e7c637e9e5f29c9
[INFO] [stdout]                                at /rustc/6067b36314ab5eb2eb47cecc464545ba58e1ad24/library/core/src/panicking.rs:75:14
[INFO] [stdout]   18:     0x653a8d24eb9f - <ark_poly::polynomial::multivariate::sparse::SparsePolynomial<F,ark_poly::polynomial::multivariate::SparseTerm> as ark_poly::polynomial::Polynomial<F>>::evaluate::h1358500479126f3a
[INFO] [stdout]                                at /opt/rustwide/cargo-home/registry/src/index.crates.io-1949cf8c6b5b557f/ark-poly-0.4.2/src/polynomial/multivariate/sparse.rs:82:9
[INFO] [stdout]   19:     0x653a8d246c60 - linear_map_vector_commitments::tests::test_calculate_interpolation_polynomial::h132cb4f574f59851
[INFO] [stdout]                                at /opt/rustwide/workdir/src/lib.rs:71:20
[INFO] [stdout]   20:     0x653a8d246817 - linear_map_vector_commitments::tests::test_calculate_interpolation_polynomial::{{closure}}::hacfe26a83954a5cc
[INFO] [stdout]                                at /opt/rustwide/workdir/src/lib.rs:67:49
[INFO] [stdout]   21:     0x653a8d25ae86 - core::ops::function::FnOnce::call_once::h988401d83f9ec80e
[INFO] [stdout]                                at /rustc/6067b36314ab5eb2eb47cecc464545ba58e1ad24/library/core/src/ops/function.rs:250:5
[INFO] [stdout]   22:     0x653a8d2b84db - core::ops::function::FnOnce::call_once::he27718dfdd183f43
[INFO] [stdout]                                at /rustc/6067b36314ab5eb2eb47cecc464545ba58e1ad24/library/core/src/ops/function.rs:250:5
[INFO] [stdout]   23:     0x653a8d2b84db - test::__rust_begin_short_backtrace::h4e84902998457a5d
[INFO] [stdout]                                at /rustc/6067b36314ab5eb2eb47cecc464545ba58e1ad24/library/test/src/lib.rs:632:18
[INFO] [stdout]   24:     0x653a8d2b7413 - test::run_test_in_process::{{closure}}::h7176fd18fc1feca0
[INFO] [stdout]                                at /rustc/6067b36314ab5eb2eb47cecc464545ba58e1ad24/library/test/src/lib.rs:655:60
[INFO] [stdout]   25:     0x653a8d2b7413 - <core::panic::unwind_safe::AssertUnwindSafe<F> as core::ops::function::FnOnce<()>>::call_once::hf79cff2a624d8cf7
[INFO] [stdout]                                at /rustc/6067b36314ab5eb2eb47cecc464545ba58e1ad24/library/core/src/panic/unwind_safe.rs:272:9
[INFO] [stdout]   26:     0x653a8d2b7413 - std::panicking::try::do_call::h3da0561d9ab99c25
[INFO] [stdout]                                at /rustc/6067b36314ab5eb2eb47cecc464545ba58e1ad24/library/std/src/panicking.rs:587:40
[INFO] [stdout]   27:     0x653a8d2b7413 - std::panicking::try::h41c9fa508bc61df6
[INFO] [stdout]                                at /rustc/6067b36314ab5eb2eb47cecc464545ba58e1ad24/library/std/src/panicking.rs:550:19
[INFO] [stdout]   28:     0x653a8d2b7413 - std::panic::catch_unwind::h6b3ff07bb5afad93
[INFO] [stdout]                                at /rustc/6067b36314ab5eb2eb47cecc464545ba58e1ad24/library/std/src/panic.rs:358:14
[INFO] [stdout]   29:     0x653a8d2b7413 - test::run_test_in_process::hc7253dd11b39b9f4
[INFO] [stdout]                                at /rustc/6067b36314ab5eb2eb47cecc464545ba58e1ad24/library/test/src/lib.rs:655:27
[INFO] [stdout]   30:     0x653a8d2b7413 - test::run_test::{{closure}}::hfb2007f8649c30bb
[INFO] [stdout]                                at /rustc/6067b36314ab5eb2eb47cecc464545ba58e1ad24/library/test/src/lib.rs:576:43
[INFO] [stdout]   31:     0x653a8d27a4f5 - test::run_test::{{closure}}::h56a17aa7a282a9f4
[INFO] [stdout]                                at /rustc/6067b36314ab5eb2eb47cecc464545ba58e1ad24/library/test/src/lib.rs:606:41
[INFO] [stdout]   32:     0x653a8d27a4f5 - std::sys::backtrace::__rust_begin_short_backtrace::hd2d2d2fb8e8c6aac
[INFO] [stdout]                                at /rustc/6067b36314ab5eb2eb47cecc464545ba58e1ad24/library/std/src/sys/backtrace.rs:152:18
[INFO] [stdout]   33:     0x653a8d27ddda - std::thread::Builder::spawn_unchecked_::{{closure}}::{{closure}}::h4faa3f9db6133423
[INFO] [stdout]                                at /rustc/6067b36314ab5eb2eb47cecc464545ba58e1ad24/library/std/src/thread/mod.rs:559:17
[INFO] [stdout]   34:     0x653a8d27ddda - <core::panic::unwind_safe::AssertUnwindSafe<F> as core::ops::function::FnOnce<()>>::call_once::hf2e855a36a4ea846
[INFO] [stdout]                                at /rustc/6067b36314ab5eb2eb47cecc464545ba58e1ad24/library/core/src/panic/unwind_safe.rs:272:9
[INFO] [stdout]   35:     0x653a8d27ddda - std::panicking::try::do_call::h2f73af3616c35465
[INFO] [stdout]                                at /rustc/6067b36314ab5eb2eb47cecc464545ba58e1ad24/library/std/src/panicking.rs:587:40
[INFO] [stdout]   36:     0x653a8d27ddda - std::panicking::try::hd1660ce9efadef5a
[INFO] [stdout]                                at /rustc/6067b36314ab5eb2eb47cecc464545ba58e1ad24/library/std/src/panicking.rs:550:19
[INFO] [stdout]   37:     0x653a8d27ddda - std::panic::catch_unwind::h5ee8d7823b8ca744
[INFO] [stdout]                                at /rustc/6067b36314ab5eb2eb47cecc464545ba58e1ad24/library/std/src/panic.rs:358:14
[INFO] [stdout]   38:     0x653a8d27ddda - std::thread::Builder::spawn_unchecked_::{{closure}}::h53c3a1894dce8407
[INFO] [stdout]                                at /rustc/6067b36314ab5eb2eb47cecc464545ba58e1ad24/library/std/src/thread/mod.rs:557:30
[INFO] [stdout]   39:     0x653a8d27ddda - core::ops::function::FnOnce::call_once{{vtable.shim}}::h048ce291ad4f62bf
[INFO] [stdout]                                at /rustc/6067b36314ab5eb2eb47cecc464545ba58e1ad24/library/core/src/ops/function.rs:250:5
[INFO] [stdout]   40:     0x653a8d3e0d2b - <alloc::boxed::Box<F,A> as core::ops::function::FnOnce<Args>>::call_once::ha52bedf99a3b4981
[INFO] [stdout]                                at /rustc/6067b36314ab5eb2eb47cecc464545ba58e1ad24/library/alloc/src/boxed.rs:2013:9
[INFO] [stdout]   41:     0x653a8d3e0d2b - <alloc::boxed::Box<F,A> as core::ops::function::FnOnce<Args>>::call_once::h567748934d80ccf8
[INFO] [stdout]                                at /rustc/6067b36314ab5eb2eb47cecc464545ba58e1ad24/library/alloc/src/boxed.rs:2013:9
[INFO] [stdout]   42:     0x653a8d3e0d2b - std::sys::pal::unix::thread::Thread::new::thread_start::h2d970728ae887adc
[INFO] [stdout]                                at /rustc/6067b36314ab5eb2eb47cecc464545ba58e1ad24/library/std/src/sys/pal/unix/thread.rs:106:17
[INFO] [stdout]   43:     0x756795674ac3 - <unknown>
[INFO] [stdout]   44:     0x756795705a04 - clone
[INFO] [stdout]   45:                0x0 - <unknown>
[INFO] [stdout] 
[INFO] [stdout] ---- tests::test_mvtree stdout ----
[INFO] [stdout] 
[INFO] [stdout] thread 'tests::test_mvtree' panicked at src/mvtree.rs:139:9:
[INFO] [stdout] assertion `left == right` failed
[INFO] [stdout]   left: PairingOutput(QuadExtField { c0: CubicExtField { c0: QuadExtField { c0: BigInt([15700395912775306751, 4682597021618933957, 704672268031623401, 14101501057616522972, 4328227909439608378, 1700306773084478833]), c1: BigInt([7499272683932393592, 16841888004306996105, 9519108292658974566, 11439689241001421098, 2935762507613334527, 440843592622735465]) }, c1: QuadExtField { c0: BigInt([18135316223723085710, 15235814234368191225, 16960724109846985446, 16118108478700203297, 12555970159198640945, 881822858908707507]), c1: BigInt([17627134389593205613, 461830311526442446, 7582346790331573775, 97063351071904293, 17936409546325017137, 1063263712696097545]) }, c2: QuadExtField { c0: BigInt([171289535613859435, 17579236309724150156, 492259825664180661, 3639563352499358174, 11814442696944630241, 1241992247113348749]), c1: BigInt([16784950217617510441, 11986961783349598545, 16148611202653190044, 13522536171731877103, 17895483624312941918, 123195781642938285]) } }, c1: CubicExtField { c0: QuadExtField { c0: BigInt([10781757218683798037, 11006111858023675047, 10809048854484924672, 11806041260960748537, 11456990322847646710, 1094990593748351353]), c1: BigInt([14740781065534449359, 18337593266831973128, 17358381741948410457, 5702239481253763101, 1776586967454586931, 1510852630196409625]) }, c1: QuadExtField { c0: BigInt([4071943819603831778, 1034256300136358894, 6624783865499405176, 17793526201081900111, 12017490457564912794, 966047893395411598]), c1: BigInt([13706923560039530259, 16124013426461363361, 12864763260219103170, 261270738618803209, 4852031685284485032, 882892832426737247]) }, c2: QuadExtField { c0: BigInt([11692556738673235246, 6060299703336625218, 17163042698193976761, 7550989366493435738, 9137443833366166904, 883340586582601711]), c1: BigInt([3263286263664399126, 5856994725707907040, 9173261420516908105, 11962263039337323805, 14798656144100874007, 1205697731777354591]) } } })
[INFO] [stdout]  right: PairingOutput(QuadExtField { c0: CubicExtField { c0: QuadExtField { c0: BigInt([8986549893957467988, 3874200831922087655, 17533337271622549262, 5832181450875423958, 16318927426262599996, 946913505883577789]), c1: BigInt([16580593796743422026, 16000942089745202109, 12218977202665554863, 15247887275193202958, 15436844525494838139, 27908185088360434]) }, c1: QuadExtField { c0: BigInt([2510843394898366187, 6797688278377780407, 15406439002124613006, 12794515678680083772, 12390938074255452291, 1344528475047320962]), c1: BigInt([12269993003237841538, 16865597317801316405, 16369608032238888260, 1831043157149281945, 9176625752162618504, 938661690675636805]) }, c2: QuadExtField { c0: BigInt([2896957475577811962, 17151682960945203628, 7028592255071574195, 9277350954102648420, 4736145368723482018, 1792210658454334902]), c1: BigInt([5832233078316559200, 12572355871960928315, 14689613920636032382, 8642529479583999348, 8130385095916862855, 1710717183489026424]) } }, c1: CubicExtField { c0: QuadExtField { c0: BigInt([7938063760086774399, 16223686457928211981, 9856857348079040538, 10319914423238730696, 3309681785592583624, 1012890332362548428]), c1: BigInt([17787558948489157717, 9913980009818669464, 9915528292384910029, 7327230245767911770, 5813201689562407285, 1147144966847790004]) }, c1: QuadExtField { c0: BigInt([1658255345355924563, 11606726155921151601, 473633912240435123, 17157968274361323944, 4396074600738829560, 250434821081168323]), c1: BigInt([14869832573186471465, 689444885784224209, 12987308004810125693, 11679765709771232679, 15512123691884944438, 1456834296600061194]) }, c2: QuadExtField { c0: BigInt([13189261858213793326, 15524604789474586898, 27075458306525678, 632643721963113429, 10343244526545136119, 1211887324533383313]), c1: BigInt([480383186886685622, 5134692079690357925, 3500518411817506605, 3798870620538764718, 11334489848308263244, 1099721853448856413]) } } })
[INFO] [stdout] stack backtrace:
[INFO] [stdout]    0:     0x653a8d3daeda - std::backtrace_rs::backtrace::libunwind::trace::hb059275cfc8d6126
[INFO] [stdout]                                at /rustc/6067b36314ab5eb2eb47cecc464545ba58e1ad24/library/std/src/../../backtrace/src/backtrace/libunwind.rs:116:5
[INFO] [stdout]    1:     0x653a8d3daeda - std::backtrace_rs::backtrace::trace_unsynchronized::h2da071e4327ce3ee
[INFO] [stdout]                                at /rustc/6067b36314ab5eb2eb47cecc464545ba58e1ad24/library/std/src/../../backtrace/src/backtrace/mod.rs:66:5
[INFO] [stdout]    2:     0x653a8d3daeda - std::sys::backtrace::_print_fmt::h842a1474e6f8d23f
[INFO] [stdout]                                at /rustc/6067b36314ab5eb2eb47cecc464545ba58e1ad24/library/std/src/sys/backtrace.rs:66:9
[INFO] [stdout]    3:     0x653a8d3daeda - <std::sys::backtrace::BacktraceLock::print::DisplayBacktrace as core::fmt::Display>::fmt::h71a62eb3b9696b12
[INFO] [stdout]                                at /rustc/6067b36314ab5eb2eb47cecc464545ba58e1ad24/library/std/src/sys/backtrace.rs:39:26
[INFO] [stdout]    4:     0x653a8d402bc3 - core::fmt::rt::Argument::fmt::hdb6b616786b41dc1
[INFO] [stdout]                                at /rustc/6067b36314ab5eb2eb47cecc464545ba58e1ad24/library/core/src/fmt/rt.rs:177:76
[INFO] [stdout]    5:     0x653a8d402bc3 - core::fmt::write::h2cc1698af7e2d686
[INFO] [stdout]                                at /rustc/6067b36314ab5eb2eb47cecc464545ba58e1ad24/library/core/src/fmt/mod.rs:1440:21
[INFO] [stdout]    6:     0x653a8d3d7a33 - std::io::Write::write_fmt::hab1b4cd059a79022
[INFO] [stdout]                                at /rustc/6067b36314ab5eb2eb47cecc464545ba58e1ad24/library/std/src/io/mod.rs:1887:15
[INFO] [stdout]    7:     0x653a8d3dad22 - std::sys::backtrace::BacktraceLock::print::h147fe35b4ea13b08
[INFO] [stdout]                                at /rustc/6067b36314ab5eb2eb47cecc464545ba58e1ad24/library/std/src/sys/backtrace.rs:42:9
[INFO] [stdout]    8:     0x653a8d3dc2ff - std::panicking::default_hook::{{closure}}::hbd44223dbdc0d208
[INFO] [stdout]                                at /rustc/6067b36314ab5eb2eb47cecc464545ba58e1ad24/library/std/src/panicking.rs:298:22
[INFO] [stdout]    9:     0x653a8d3dc118 - std::panicking::default_hook::h20f81eb0576efcec
[INFO] [stdout]                                at /rustc/6067b36314ab5eb2eb47cecc464545ba58e1ad24/library/std/src/panicking.rs:322:9
[INFO] [stdout]   10:     0x653a8d2b2d83 - <alloc::boxed::Box<F,A> as core::ops::function::Fn<Args>>::call::hdb53814c496a4d34
[INFO] [stdout]                                at /rustc/6067b36314ab5eb2eb47cecc464545ba58e1ad24/library/alloc/src/boxed.rs:2027:9
[INFO] [stdout]   11:     0x653a8d2b2d83 - test::test_main::{{closure}}::hc0a4963c59427c24
[INFO] [stdout]                                at /rustc/6067b36314ab5eb2eb47cecc464545ba58e1ad24/library/test/src/lib.rs:134:21
[INFO] [stdout]   12:     0x653a8d3dcdf3 - <alloc::boxed::Box<F,A> as core::ops::function::Fn<Args>>::call::h591b2225413a77e9
[INFO] [stdout]                                at /rustc/6067b36314ab5eb2eb47cecc464545ba58e1ad24/library/alloc/src/boxed.rs:2027:9
[INFO] [stdout]   13:     0x653a8d3dcdf3 - std::panicking::rust_panic_with_hook::h625eea43051b2edc
[INFO] [stdout]                                at /rustc/6067b36314ab5eb2eb47cecc464545ba58e1ad24/library/std/src/panicking.rs:839:13
[INFO] [stdout]   14:     0x653a8d3dcaaa - std::panicking::begin_panic_handler::{{closure}}::h4f9159cfbc3f6bd3
[INFO] [stdout]                                at /rustc/6067b36314ab5eb2eb47cecc464545ba58e1ad24/library/std/src/panicking.rs:704:13
[INFO] [stdout]   15:     0x653a8d3db3d9 - std::sys::backtrace::__rust_end_short_backtrace::h0390abce48353151
[INFO] [stdout]                                at /rustc/6067b36314ab5eb2eb47cecc464545ba58e1ad24/library/std/src/sys/backtrace.rs:168:18
[INFO] [stdout]   16:     0x653a8d3dc73d - rust_begin_unwind
[INFO] [stdout]                                at /rustc/6067b36314ab5eb2eb47cecc464545ba58e1ad24/library/std/src/panicking.rs:695:5
[INFO] [stdout]   17:     0x653a8d4015a0 - core::panicking::panic_fmt::h9e7c637e9e5f29c9
[INFO] [stdout]                                at /rustc/6067b36314ab5eb2eb47cecc464545ba58e1ad24/library/core/src/panicking.rs:75:14
[INFO] [stdout]   18:     0x653a8d401992 - core::panicking::assert_failed_inner::h538bec7c1374cd9c
[INFO] [stdout]   19:     0x653a8d27589e - core::panicking::assert_failed::ha1b5c8feeb34ed49
[INFO] [stdout]                                at /rustc/6067b36314ab5eb2eb47cecc464545ba58e1ad24/library/core/src/panicking.rs:364:5
[INFO] [stdout]   20:     0x653a8d2594f7 - linear_map_vector_commitments::mvtree::MultivariateVectorTreeCommitment::verify_opening::h9b1b85bf4301784c
[INFO] [stdout]                                at /opt/rustwide/workdir/src/mvtree.rs:139:9
[INFO] [stdout]   21:     0x653a8d2460b4 - linear_map_vector_commitments::tests::test_mvtree::h292fa96a028e100b
[INFO] [stdout]                                at /opt/rustwide/workdir/src/lib.rs:39:17
[INFO] [stdout]   22:     0x653a8d245be7 - linear_map_vector_commitments::tests::test_mvtree::{{closure}}::h73aa9763ad35272e
[INFO] [stdout]                                at /opt/rustwide/workdir/src/lib.rs:29:21
[INFO] [stdout]   23:     0x653a8d25b0b6 - core::ops::function::FnOnce::call_once::heca01533dcd6dc55
[INFO] [stdout]                                at /rustc/6067b36314ab5eb2eb47cecc464545ba58e1ad24/library/core/src/ops/function.rs:250:5
[INFO] [stdout]   24:     0x653a8d2b84db - core::ops::function::FnOnce::call_once::he27718dfdd183f43
[INFO] [stdout]                                at /rustc/6067b36314ab5eb2eb47cecc464545ba58e1ad24/library/core/src/ops/function.rs:250:5
[INFO] [stdout]   25:     0x653a8d2b84db - test::__rust_begin_short_backtrace::h4e84902998457a5d
[INFO] [stdout]                                at /rustc/6067b36314ab5eb2eb47cecc464545ba58e1ad24/library/test/src/lib.rs:632:18
[INFO] [stdout]   26:     0x653a8d2b7413 - test::run_test_in_process::{{closure}}::h7176fd18fc1feca0
[INFO] [stdout]                                at /rustc/6067b36314ab5eb2eb47cecc464545ba58e1ad24/library/test/src/lib.rs:655:60
[INFO] [stdout]   27:     0x653a8d2b7413 - <core::panic::unwind_safe::AssertUnwindSafe<F> as core::ops::function::FnOnce<()>>::call_once::hf79cff2a624d8cf7
[INFO] [stdout]                                at /rustc/6067b36314ab5eb2eb47cecc464545ba58e1ad24/library/core/src/panic/unwind_safe.rs:272:9
[INFO] [stdout]   28:     0x653a8d2b7413 - std::panicking::try::do_call::h3da0561d9ab99c25
[INFO] [stdout]                                at /rustc/6067b36314ab5eb2eb47cecc464545ba58e1ad24/library/std/src/panicking.rs:587:40
[INFO] [stdout]   29:     0x653a8d2b7413 - std::panicking::try::h41c9fa508bc61df6
[INFO] [stdout]                                at /rustc/6067b36314ab5eb2eb47cecc464545ba58e1ad24/library/std/src/panicking.rs:550:19
[INFO] [stdout]   30:     0x653a8d2b7413 - std::panic::catch_unwind::h6b3ff07bb5afad93
[INFO] [stdout]                                at /rustc/6067b36314ab5eb2eb47cecc464545ba58e1ad24/library/std/src/panic.rs:358:14
[INFO] [stdout]   31:     0x653a8d2b7413 - test::run_test_in_process::hc7253dd11b39b9f4
[INFO] [stdout]                                at /rustc/6067b36314ab5eb2eb47cecc464545ba58e1ad24/library/test/src/lib.rs:655:27
[INFO] [stdout]   32:     0x653a8d2b7413 - test::run_test::{{closure}}::hfb2007f8649c30bb
[INFO] [stdout]                                at /rustc/6067b36314ab5eb2eb47cecc464545ba58e1ad24/library/test/src/lib.rs:576:43
[INFO] [stdout]   33:     0x653a8d27a4f5 - test::run_test::{{closure}}::h56a17aa7a282a9f4
[INFO] [stdout]                                at /rustc/6067b36314ab5eb2eb47cecc464545ba58e1ad24/library/test/src/lib.rs:606:41
[INFO] [stdout]   34:     0x653a8d27a4f5 - std::sys::backtrace::__rust_begin_short_backtrace::hd2d2d2fb8e8c6aac
[INFO] [stdout]                                at /rustc/6067b36314ab5eb2eb47cecc464545ba58e1ad24/library/std/src/sys/backtrace.rs:152:18
[INFO] [stdout]   35:     0x653a8d27ddda - std::thread::Builder::spawn_unchecked_::{{closure}}::{{closure}}::h4faa3f9db6133423
[INFO] [stdout]                                at /rustc/6067b36314ab5eb2eb47cecc464545ba58e1ad24/library/std/src/thread/mod.rs:559:17
[INFO] [stdout]   36:     0x653a8d27ddda - <core::panic::unwind_safe::AssertUnwindSafe<F> as core::ops::function::FnOnce<()>>::call_once::hf2e855a36a4ea846
[INFO] [stdout]                                at /rustc/6067b36314ab5eb2eb47cecc464545ba58e1ad24/library/core/src/panic/unwind_safe.rs:272:9
[INFO] [stdout]   37:     0x653a8d27ddda - std::panicking::try::do_call::h2f73af3616c35465
[INFO] [stdout]                                at /rustc/6067b36314ab5eb2eb47cecc464545ba58e1ad24/library/std/src/panicking.rs:587:40
[INFO] [stdout]   38:     0x653a8d27ddda - std::panicking::try::hd1660ce9efadef5a
[INFO] [stdout]                                at /rustc/6067b36314ab5eb2eb47cecc464545ba58e1ad24/library/std/src/panicking.rs:550:19
[INFO] [stdout]   39:     0x653a8d27ddda - std::panic::catch_unwind::h5ee8d7823b8ca744
[INFO] [stdout]                                at /rustc/6067b36314ab5eb2eb47cecc464545ba58e1ad24/library/std/src/panic.rs:358:14
[INFO] [stdout]   40:     0x653a8d27ddda - std::thread::Builder::spawn_unchecked_::{{closure}}::h53c3a1894dce8407
[INFO] [stdout]                                at /rustc/6067b36314ab5eb2eb47cecc464545ba58e1ad24/library/std/src/thread/mod.rs:557:30
[INFO] [stdout]   41:     0x653a8d27ddda - core::ops::function::FnOnce::call_once{{vtable.shim}}::h048ce291ad4f62bf
[INFO] [stdout]                                at /rustc/6067b36314ab5eb2eb47cecc464545ba58e1ad24/library/core/src/ops/function.rs:250:5
[INFO] [stdout]   42:     0x653a8d3e0d2b - <alloc::boxed::Box<F,A> as core::ops::function::FnOnce<Args>>::call_once::ha52bedf99a3b4981
[INFO] [stdout]                                at /rustc/6067b36314ab5eb2eb47cecc464545ba58e1ad24/library/alloc/src/boxed.rs:2013:9
[INFO] [stdout]   43:     0x653a8d3e0d2b - <alloc::boxed::Box<F,A> as core::ops::function::FnOnce<Args>>::call_once::h567748934d80ccf8
[INFO] [stdout]                                at /rustc/6067b36314ab5eb2eb47cecc464545ba58e1ad24/library/alloc/src/boxed.rs:2013:9
[INFO] [stdout]   44:     0x653a8d3e0d2b - std::sys::pal::unix::thread::Thread::new::thread_start::h2d970728ae887adc
[INFO] [stdout]                                at /rustc/6067b36314ab5eb2eb47cecc464545ba58e1ad24/library/std/src/sys/pal/unix/thread.rs:106:17
[INFO] [stdout]   45:     0x756795674ac3 - <unknown>
[INFO] [stdout]   46:     0x756795705a04 - clone
[INFO] [stdout]   47:                0x0 - <unknown>
[INFO] [stdout] 
[INFO] [stdout] ---- tests::test_uvtree stdout ----
[INFO] [stdout] 
[INFO] [stdout] thread 'tests::test_uvtree' panicked at src/uvtree.rs:150:9:
[INFO] [stdout] assertion `left == right` failed
[INFO] [stdout]   left: PairingOutput(QuadExtField { c0: CubicExtField { c0: QuadExtField { c0: BigInt([2712050054964315440, 6512117009893572001, 8470009453655839181, 3872997636110250272, 17515826263162854584, 1170644461027314271]), c1: BigInt([2674041303854184293, 8652007953536037082, 7995171516963887667, 8756823789425576991, 3384586486623166268, 235745103168958025]) }, c1: QuadExtField { c0: BigInt([8631156155056918152, 1838563342141305792, 12106639155544795423, 17978352484556791628, 12864311076584061470, 795930855954436911]), c1: BigInt([16505340347365413087, 4106528083502359028, 2953416241733007123, 5445342517469642602, 10492778413702977680, 223606037716440642]) }, c2: QuadExtField { c0: BigInt([5505031496392995264, 733673705950558032, 9969762682646839989, 13166914033807554378, 17897499284608761273, 244308225936971154]), c1: BigInt([5968391469754562282, 11787721422903055181, 5155343706962630167, 9475714141662687507, 14135079101038276903, 807075791020611447]) } }, c1: CubicExtField { c0: QuadExtField { c0: BigInt([17244577150072938747, 17997577689299428571, 807589909936536063, 7731392257551010353, 12119646206136674503, 1707953880191900025]), c1: BigInt([13358470395469018677, 4233773055036777152, 1636762225723459326, 12038407064960481052, 14071680132083439582, 548787020906907634]) }, c1: QuadExtField { c0: BigInt([7743222291690078591, 15916952040643102243, 13513787219575038948, 1582246227199610066, 713682339770995793, 1296457856954648754]), c1: BigInt([7354751933838453967, 6006859787356149321, 1999313812734915438, 8656904620801736027, 7773713626064710178, 1330420016612496541]) }, c2: QuadExtField { c0: BigInt([10598277349922972920, 1697462242982935137, 9945651215203970037, 11146665844930146896, 12821006575581382880, 1580007683738888324]), c1: BigInt([4296642212114513815, 14499587813978839864, 5629918186260588960, 13443853386128717190, 16953783596426356608, 266179059621639744]) } } })
[INFO] [stdout]  right: PairingOutput(QuadExtField { c0: CubicExtField { c0: QuadExtField { c0: BigInt([4768877481755962045, 11117562693988329676, 15122377483350927879, 9410277509071800001, 2899264033035819637, 1677744619397794791]), c1: BigInt([8670352216236963061, 3339284235551427934, 1023092335971274051, 10055034216972607664, 7089395376608886824, 1846118187853161033]) }, c1: QuadExtField { c0: BigInt([1515354062691403799, 4816127686670676831, 13541569995477163968, 5816352405722201673, 4409207808818729275, 544065557161169901]), c1: BigInt([14554581389490734916, 3866830236974898861, 8031361189493150905, 17248869505323405517, 16243818465392833213, 1139370237145235130]) }, c2: QuadExtField { c0: BigInt([15260974894716821179, 11059779729574776938, 14892464705417954003, 16911649318595862184, 10237277555302555628, 923317316055384708]), c1: BigInt([10284933742468956044, 18163226106591489022, 11912539734077695283, 12248437812902870653, 11632876582728477966, 89143083403499747]) } }, c1: CubicExtField { c0: QuadExtField { c0: BigInt([14395311910540083519, 6770650829120075804, 14555128525747477846, 3975518418871192571, 15627259577486785249, 1714796130594393945]), c1: BigInt([3851606968364055570, 1373987264183428596, 14284619265366104962, 2969801665540096699, 3300576370791588154, 1233914181686401205]) }, c1: QuadExtField { c0: BigInt([9286947605842569448, 15726698400317957908, 4999107549858221914, 16654637405805356607, 5429733008226892514, 1278449010400740674]), c1: BigInt([7173521995874907318, 9307927804603333419, 5837931074976185135, 14050318495801941980, 11125370823814372728, 1047850233342110441]) }, c2: QuadExtField { c0: BigInt([6290419622768290287, 5620407585073297114, 17922083041038143054, 11821348994259212922, 6508182378371902822, 1252352731063264715]), c1: BigInt([14606904900188575906, 6249419219660158360, 3453787938661949628, 15095298974573759883, 10909550376089382198, 128362329402818432]) } } })
[INFO] [stdout] stack backtrace:
[INFO] [stdout]    0:     0x653a8d3daeda - std::backtrace_rs::backtrace::libunwind::trace::hb059275cfc8d6126
[INFO] [stdout]                                at /rustc/6067b36314ab5eb2eb47cecc464545ba58e1ad24/library/std/src/../../backtrace/src/backtrace/libunwind.rs:116:5
[INFO] [stdout]    1:     0x653a8d3daeda - std::backtrace_rs::backtrace::trace_unsynchronized::h2da071e4327ce3ee
[INFO] [stdout]                                at /rustc/6067b36314ab5eb2eb47cecc464545ba58e1ad24/library/std/src/../../backtrace/src/backtrace/mod.rs:66:5
[INFO] [stdout]    2:     0x653a8d3daeda - std::sys::backtrace::_print_fmt::h842a1474e6f8d23f
[INFO] [stdout]                                at /rustc/6067b36314ab5eb2eb47cecc464545ba58e1ad24/library/std/src/sys/backtrace.rs:66:9
[INFO] [stdout]    3:     0x653a8d3daeda - <std::sys::backtrace::BacktraceLock::print::DisplayBacktrace as core::fmt::Display>::fmt::h71a62eb3b9696b12
[INFO] [stdout]                                at /rustc/6067b36314ab5eb2eb47cecc464545ba58e1ad24/library/std/src/sys/backtrace.rs:39:26
[INFO] [stdout]    4:     0x653a8d402bc3 - core::fmt::rt::Argument::fmt::hdb6b616786b41dc1
[INFO] [stdout]                                at /rustc/6067b36314ab5eb2eb47cecc464545ba58e1ad24/library/core/src/fmt/rt.rs:177:76
[INFO] [stdout]    5:     0x653a8d402bc3 - core::fmt::write::h2cc1698af7e2d686
[INFO] [stdout]                                at /rustc/6067b36314ab5eb2eb47cecc464545ba58e1ad24/library/core/src/fmt/mod.rs:1440:21
[INFO] [stdout]    6:     0x653a8d3d7a33 - std::io::Write::write_fmt::hab1b4cd059a79022
[INFO] [stdout]                                at /rustc/6067b36314ab5eb2eb47cecc464545ba58e1ad24/library/std/src/io/mod.rs:1887:15
[INFO] [stdout]    7:     0x653a8d3dad22 - std::sys::backtrace::BacktraceLock::print::h147fe35b4ea13b08
[INFO] [stdout]                                at /rustc/6067b36314ab5eb2eb47cecc464545ba58e1ad24/library/std/src/sys/backtrace.rs:42:9
[INFO] [stdout]    8:     0x653a8d3dc2ff - std::panicking::default_hook::{{closure}}::hbd44223dbdc0d208
[INFO] [stdout]                                at /rustc/6067b36314ab5eb2eb47cecc464545ba58e1ad24/library/std/src/panicking.rs:298:22
[INFO] [stdout]    9:     0x653a8d3dc118 - std::panicking::default_hook::h20f81eb0576efcec
[INFO] [stdout]                                at /rustc/6067b36314ab5eb2eb47cecc464545ba58e1ad24/library/std/src/panicking.rs:322:9
[INFO] [stdout]   10:     0x653a8d2b2d83 - <alloc::boxed::Box<F,A> as core::ops::function::Fn<Args>>::call::hdb53814c496a4d34
[INFO] [stdout]                                at /rustc/6067b36314ab5eb2eb47cecc464545ba58e1ad24/library/alloc/src/boxed.rs:2027:9
[INFO] [stdout]   11:     0x653a8d2b2d83 - test::test_main::{{closure}}::hc0a4963c59427c24
[INFO] [stdout]                                at /rustc/6067b36314ab5eb2eb47cecc464545ba58e1ad24/library/test/src/lib.rs:134:21
[INFO] [stdout]   12:     0x653a8d3dcdf3 - <alloc::boxed::Box<F,A> as core::ops::function::Fn<Args>>::call::h591b2225413a77e9
[INFO] [stdout]                                at /rustc/6067b36314ab5eb2eb47cecc464545ba58e1ad24/library/alloc/src/boxed.rs:2027:9
[INFO] [stdout]   13:     0x653a8d3dcdf3 - std::panicking::rust_panic_with_hook::h625eea43051b2edc
[INFO] [stdout]                                at /rustc/6067b36314ab5eb2eb47cecc464545ba58e1ad24/library/std/src/panicking.rs:839:13
[INFO] [stdout]   14:     0x653a8d3dcaaa - std::panicking::begin_panic_handler::{{closure}}::h4f9159cfbc3f6bd3
[INFO] [stdout]                                at /rustc/6067b36314ab5eb2eb47cecc464545ba58e1ad24/library/std/src/panicking.rs:704:13
[INFO] [stdout]   15:     0x653a8d3db3d9 - std::sys::backtrace::__rust_end_short_backtrace::h0390abce48353151
[INFO] [stdout]                                at /rustc/6067b36314ab5eb2eb47cecc464545ba58e1ad24/library/std/src/sys/backtrace.rs:168:18
[INFO] [stdout]   16:     0x653a8d3dc73d - rust_begin_unwind
[INFO] [stdout]                                at /rustc/6067b36314ab5eb2eb47cecc464545ba58e1ad24/library/std/src/panicking.rs:695:5
[INFO] [stdout]   17:     0x653a8d4015a0 - core::panicking::panic_fmt::h9e7c637e9e5f29c9
[INFO] [stdout]                                at /rustc/6067b36314ab5eb2eb47cecc464545ba58e1ad24/library/core/src/panicking.rs:75:14
[INFO] [stdout]   18:     0x653a8d401992 - core::panicking::assert_failed_inner::h538bec7c1374cd9c
[INFO] [stdout]   19:     0x653a8d27589e - core::panicking::assert_failed::ha1b5c8feeb34ed49
[INFO] [stdout]                                at /rustc/6067b36314ab5eb2eb47cecc464545ba58e1ad24/library/core/src/panicking.rs:364:5
[INFO] [stdout]   20:     0x653a8d254480 - linear_map_vector_commitments::uvtree::UnvariateVectorTreeCommitment::verify_opening::h2e047365f6f7e664
[INFO] [stdout]                                at /opt/rustwide/workdir/src/uvtree.rs:150:9
[INFO] [stdout]   21:     0x653a8d246609 - linear_map_vector_commitments::tests::test_uvtree::h3524df74ae32eec2
[INFO] [stdout]                                at /opt/rustwide/workdir/src/lib.rs:56:17
[INFO] [stdout]   22:     0x653a8d246157 - linear_map_vector_commitments::tests::test_uvtree::{{closure}}::h8b20af6383e0b85b
[INFO] [stdout]                                at /opt/rustwide/workdir/src/lib.rs:43:21
[INFO] [stdout]   23:     0x653a8d25b006 - core::ops::function::FnOnce::call_once::hdb22cabf85e3d886
[INFO] [stdout]                                at /rustc/6067b36314ab5eb2eb47cecc464545ba58e1ad24/library/core/src/ops/function.rs:250:5
[INFO] [stdout]   24:     0x653a8d2b84db - core::ops::function::FnOnce::call_once::he27718dfdd183f43
[INFO] [stdout]                                at /rustc/6067b36314ab5eb2eb47cecc464545ba58e1ad24/library/core/src/ops/function.rs:250:5
[INFO] [stdout]   25:     0x653a8d2b84db - test::__rust_begin_short_backtrace::h4e84902998457a5d
[INFO] [stdout]                                at /rustc/6067b36314ab5eb2eb47cecc464545ba58e1ad24/library/test/src/lib.rs:632:18
[INFO] [stdout]   26:     0x653a8d2b7413 - test::run_test_in_process::{{closure}}::h7176fd18fc1feca0
[INFO] [stdout]                                at /rustc/6067b36314ab5eb2eb47cecc464545ba58e1ad24/library/test/src/lib.rs:655:60
[INFO] [stdout]   27:     0x653a8d2b7413 - <core::panic::unwind_safe::AssertUnwindSafe<F> as core::ops::function::FnOnce<()>>::call_once::hf79cff2a624d8cf7
[INFO] [stdout]                                at /rustc/6067b36314ab5eb2eb47cecc464545ba58e1ad24/library/core/src/panic/unwind_safe.rs:272:9
[INFO] [stdout]   28:     0x653a8d2b7413 - std::panicking::try::do_call::h3da0561d9ab99c25
[INFO] [stdout]                                at /rustc/6067b36314ab5eb2eb47cecc464545ba58e1ad24/library/std/src/panicking.rs:587:40
[INFO] [stdout]   29:     0x653a8d2b7413 - std::panicking::try::h41c9fa508bc61df6
[INFO] [stdout]                                at /rustc/6067b36314ab5eb2eb47cecc464545ba58e1ad24/library/std/src/panicking.rs:550:19
[INFO] [stdout]   30:     0x653a8d2b7413 - std::panic::catch_unwind::h6b3ff07bb5afad93
[INFO] [stdout]                                at /rustc/6067b36314ab5eb2eb47cecc464545ba58e1ad24/library/std/src/panic.rs:358:14
[INFO] [stdout]   31:     0x653a8d2b7413 - test::run_test_in_process::hc7253dd11b39b9f4
[INFO] [stdout]                                at /rustc/6067b36314ab5eb2eb47cecc464545ba58e1ad24/library/test/src/lib.rs:655:27
[INFO] [stdout]   32:     0x653a8d2b7413 - test::run_test::{{closure}}::hfb2007f8649c30bb
[INFO] [stdout]                                at /rustc/6067b36314ab5eb2eb47cecc464545ba58e1ad24/library/test/src/lib.rs:576:43
[INFO] [stdout]   33:     0x653a8d27a4f5 - test::run_test::{{closure}}::h56a17aa7a282a9f4
[INFO] [stdout]                                at /rustc/6067b36314ab5eb2eb47cecc464545ba58e1ad24/library/test/src/lib.rs:606:41
[INFO] [stdout]   34:     0x653a8d27a4f5 - std::sys::backtrace::__rust_begin_short_backtrace::hd2d2d2fb8e8c6aac
[INFO] [stdout]                                at /rustc/6067b36314ab5eb2eb47cecc464545ba58e1ad24/library/std/src/sys/backtrace.rs:152:18
[INFO] [stdout]   35:     0x653a8d27ddda - std::thread::Builder::spawn_unchecked_::{{closure}}::{{closure}}::h4faa3f9db6133423
[INFO] [stdout]                                at /rustc/6067b36314ab5eb2eb47cecc464545ba58e1ad24/library/std/src/thread/mod.rs:559:17
[INFO] [stdout]   36:     0x653a8d27ddda - <core::panic::unwind_safe::AssertUnwindSafe<F> as core::ops::function::FnOnce<()>>::call_once::hf2e855a36a4ea846
[INFO] [stdout]                                at /rustc/6067b36314ab5eb2eb47cecc464545ba58e1ad24/library/core/src/panic/unwind_safe.rs:272:9
[INFO] [stdout]   37:     0x653a8d27ddda - std::panicking::try::do_call::h2f73af3616c35465
[INFO] [stdout]                                at /rustc/6067b36314ab5eb2eb47cecc464545ba58e1ad24/library/std/src/panicking.rs:587:40
[INFO] [stdout]   38:     0x653a8d27ddda - std::panicking::try::hd1660ce9efadef5a
[INFO] [stdout]                                at /rustc/6067b36314ab5eb2eb47cecc464545ba58e1ad24/library/std/src/panicking.rs:550:19
[INFO] [stdout]   39:     0x653a8d27ddda - std::panic::catch_unwind::h5ee8d7823b8ca744
[INFO] [stdout]                                at /rustc/6067b36314ab5eb2eb47cecc464545ba58e1ad24/library/std/src/panic.rs:358:14
[INFO] [stdout]   40:     0x653a8d27ddda - std::thread::Builder::spawn_unchecked_::{{closure}}::h53c3a1894dce8407
[INFO] [stdout]                                at /rustc/6067b36314ab5eb2eb47cecc464545ba58e1ad24/library/std/src/thread/mod.rs:557:30
[INFO] [stdout]   41:     0x653a8d27ddda - core::ops::function::FnOnce::call_once{{vtable.shim}}::h048ce291ad4f62bf
[INFO] [stdout]                                at /rustc/6067b36314ab5eb2eb47cecc464545ba58e1ad24/library/core/src/ops/function.rs:250:5
[INFO] [stdout]   42:     0x653a8d3e0d2b - <alloc::boxed::Box<F,A> as core::ops::function::FnOnce<Args>>::call_once::ha52bedf99a3b4981
[INFO] [stdout]                                at /rustc/6067b36314ab5eb2eb47cecc464545ba58e1ad24/library/alloc/src/boxed.rs:2013:9
[INFO] [stdout]   43:     0x653a8d3e0d2b - <alloc::boxed::Box<F,A> as core::ops::function::FnOnce<Args>>::call_once::h567748934d80ccf8
[INFO] [stdout]                                at /rustc/6067b36314ab5eb2eb47cecc464545ba58e1ad24/library/alloc/src/boxed.rs:2013:9
[INFO] [stdout]   44:     0x653a8d3e0d2b - std::sys::pal::unix::thread::Thread::new::thread_start::h2d970728ae887adc
[INFO] [stdout]                                at /rustc/6067b36314ab5eb2eb47cecc464545ba58e1ad24/library/std/src/sys/pal/unix/thread.rs:106:17
[INFO] [stdout]   45:     0x756795674ac3 - <unknown>
[INFO] [stdout]   46:     0x756795705a04 - clone
[INFO] [stdout]   47:                0x0 - <unknown>
[INFO] [stdout] 
[INFO] [stdout] 
[INFO] [stdout] failures:
[INFO] [stdout]     tests::test_calculate_interpolation_polynomial
[INFO] [stdout]     tests::test_mvtree
[INFO] [stdout]     tests::test_uvtree
[INFO] [stdout] 
[INFO] [stdout] test result: FAILED. 2 passed; 3 failed; 0 ignored; 0 measured; 0 filtered out; finished in 1.93s
[INFO] [stdout] 
[INFO] [stderr] error: test failed, to rerun pass `--lib`
[INFO] running `Command { std: "docker" "inspect" "db29ec292fbe05503a66dd34a3843c5b993af43c6dd667efbf8eea30ffeec7a5", kill_on_drop: false }`
[INFO] running `Command { std: "docker" "rm" "-f" "db29ec292fbe05503a66dd34a3843c5b993af43c6dd667efbf8eea30ffeec7a5", kill_on_drop: false }`
[INFO] [stdout] db29ec292fbe05503a66dd34a3843c5b993af43c6dd667efbf8eea30ffeec7a5
