[INFO] cloning repository https://github.com/dheerajshenoy/dlog
[INFO] running `Command { std: "git" "-c" "credential.helper=" "-c" "credential.helper=/workspace/cargo-home/bin/git-credential-null" "clone" "--bare" "https://github.com/dheerajshenoy/dlog" "/workspace/cache/git-repos/https%3A%2F%2Fgithub.com%2Fdheerajshenoy%2Fdlog", kill_on_drop: false }`
[INFO] [stderr] Cloning into bare repository '/workspace/cache/git-repos/https%3A%2F%2Fgithub.com%2Fdheerajshenoy%2Fdlog'...
[INFO] running `Command { std: "git" "rev-parse" "HEAD", kill_on_drop: false }`
[INFO] [stdout] 28bd77066e21cec0f6229bce1df1c37bbf3dfb25
[INFO] testing dheerajshenoy/dlog against nightly-2025-01-18+rustflags=-Zrandomize-layout for randomize-layout-2
[INFO] running `Command { std: "git" "clone" "/workspace/cache/git-repos/https%3A%2F%2Fgithub.com%2Fdheerajshenoy%2Fdlog" "/workspace/builds/worker-3-tc2/source", kill_on_drop: false }`
[INFO] [stderr] Cloning into '/workspace/builds/worker-3-tc2/source'...
[INFO] [stderr] done.
[INFO] validating manifest of git repo https://github.com/dheerajshenoy/dlog on toolchain nightly-2025-01-18
[INFO] running `Command { std: CARGO_HOME="/workspace/cargo-home" RUSTUP_HOME="/workspace/rustup-home" "/workspace/cargo-home/bin/cargo" "+nightly-2025-01-18" "metadata" "--manifest-path" "Cargo.toml" "--no-deps", kill_on_drop: false }`
[INFO] started tweaking git repo https://github.com/dheerajshenoy/dlog
[INFO] finished tweaking git repo https://github.com/dheerajshenoy/dlog
[INFO] tweaked toml for git repo https://github.com/dheerajshenoy/dlog written to /workspace/builds/worker-3-tc2/source/Cargo.toml
[INFO] crate git repo https://github.com/dheerajshenoy/dlog already has a lockfile, it will not be regenerated
[INFO] running `Command { std: CARGO_HOME="/workspace/cargo-home" RUSTUP_HOME="/workspace/rustup-home" "/workspace/cargo-home/bin/cargo" "+nightly-2025-01-18" "fetch" "--manifest-path" "Cargo.toml", kill_on_drop: false }`
[INFO] running `Command { std: "docker" "create" "-v" "/var/lib/crater-agent-workspace/builds/worker-3-tc2/target:/opt/rustwide/target:rw,Z" "-v" "/var/lib/crater-agent-workspace/builds/worker-3-tc2/source:/opt/rustwide/workdir:ro,Z" "-v" "/var/lib/crater-agent-workspace/cargo-home:/opt/rustwide/cargo-home:ro,Z" "-v" "/var/lib/crater-agent-workspace/rustup-home:/opt/rustwide/rustup-home:ro,Z" "-e" "SOURCE_DIR=/opt/rustwide/workdir" "-e" "CARGO_TARGET_DIR=/opt/rustwide/target" "-e" "CARGO_HOME=/opt/rustwide/cargo-home" "-e" "RUSTUP_HOME=/opt/rustwide/rustup-home" "-w" "/opt/rustwide/workdir" "-m" "1610612736" "--user" "0:0" "--network" "none" "ghcr.io/rust-lang/crates-build-env/linux@sha256:819108c5571ea2e421544af4d832f968d213c87fbe3707a016657f43d2f853bc" "/opt/rustwide/cargo-home/bin/cargo" "+nightly-2025-01-18" "metadata" "--no-deps" "--format-version=1", kill_on_drop: false }`
[INFO] [stdout] 05b6e80160eab90a75294096e1555c511feea66743fea003843537433ddf85dc
[INFO] running `Command { std: "docker" "start" "-a" "05b6e80160eab90a75294096e1555c511feea66743fea003843537433ddf85dc", kill_on_drop: false }`
[INFO] running `Command { std: "docker" "inspect" "05b6e80160eab90a75294096e1555c511feea66743fea003843537433ddf85dc", kill_on_drop: false }`
[INFO] running `Command { std: "docker" "rm" "-f" "05b6e80160eab90a75294096e1555c511feea66743fea003843537433ddf85dc", kill_on_drop: false }`
[INFO] [stdout] 05b6e80160eab90a75294096e1555c511feea66743fea003843537433ddf85dc
[INFO] running `Command { std: "docker" "create" "-v" "/var/lib/crater-agent-workspace/builds/worker-3-tc2/target:/opt/rustwide/target:rw,Z" "-v" "/var/lib/crater-agent-workspace/builds/worker-3-tc2/source:/opt/rustwide/workdir:ro,Z" "-v" "/var/lib/crater-agent-workspace/cargo-home:/opt/rustwide/cargo-home:ro,Z" "-v" "/var/lib/crater-agent-workspace/rustup-home:/opt/rustwide/rustup-home:ro,Z" "-e" "SOURCE_DIR=/opt/rustwide/workdir" "-e" "CARGO_TARGET_DIR=/opt/rustwide/target" "-e" "CARGO_INCREMENTAL=0" "-e" "RUST_BACKTRACE=full" "-e" "RUSTFLAGS=--cap-lints=forbid -Zrandomize-layout" "-e" "RUSTDOCFLAGS=--cap-lints=forbid" "-e" "CARGO_HOME=/opt/rustwide/cargo-home" "-e" "RUSTUP_HOME=/opt/rustwide/rustup-home" "-w" "/opt/rustwide/workdir" "-m" "1610612736" "--user" "0:0" "--network" "none" "ghcr.io/rust-lang/crates-build-env/linux@sha256:819108c5571ea2e421544af4d832f968d213c87fbe3707a016657f43d2f853bc" "/opt/rustwide/cargo-home/bin/cargo" "+nightly-2025-01-18" "build" "--frozen" "--message-format=json", kill_on_drop: false }`
[INFO] [stdout] 3d2f3f452d3d874d915bf4a9ba10d3183c0a1868f9d1b7bcd5a4efa369f71f17
[INFO] running `Command { std: "docker" "start" "-a" "3d2f3f452d3d874d915bf4a9ba10d3183c0a1868f9d1b7bcd5a4efa369f71f17", kill_on_drop: false }`
[INFO] [stderr]    Compiling ansi_term v0.12.1
[INFO] [stderr]    Compiling dlog v0.1.0 (/opt/rustwide/workdir)
[INFO] [stdout] warning: unused variable: `message`
[INFO] [stdout]    --> src/lib.rs:123:21
[INFO] [stdout]     |
[INFO] [stdout] 123 |     fn __all(&self, message: &str) {
[INFO] [stdout]     |                     ^^^^^^^ help: if this is intentional, prefix it with an underscore: `_message`
[INFO] [stdout]     |
[INFO] [stdout]     = note: `#[warn(unused_variables)]` on by default
[INFO] [stdout] 
[INFO] [stdout] 
[INFO] [stdout] warning: unused variable: `message`
[INFO] [stdout]    --> src/lib.rs:147:25
[INFO] [stdout]     |
[INFO] [stdout] 147 |     fn __warning(&self, message: &str) {
[INFO] [stdout]     |                         ^^^^^^^ help: if this is intentional, prefix it with an underscore: `_message`
[INFO] [stdout] 
[INFO] [stdout] 
[INFO] [stdout] warning: unreachable pattern
[INFO] [stdout]    --> src/lib.rs:186:61
[INFO] [stdout]     |
[INFO] [stdout] 186 | ...   (TextStyle::BoldStrike, TextStyle::Underline) | (TextStyle::BoldStrike, TextStyle::Underline) | (TextStyle::BoldUnderline, TextStyl...
[INFO] [stdout]     |       ---------------------------------------------   ^^^^^^^^^^^^^^^^^^^^^^^^^^^^^^^^^^^^^^^^^^^^^ no value can reach this
[INFO] [stdout]     |       |
[INFO] [stdout]     |       matches all the relevant values
[INFO] [stdout]     |
[INFO] [stdout]     = note: `#[warn(unreachable_patterns)]` on by default
[INFO] [stdout] 
[INFO] [stdout] 
[INFO] [stderr]     Finished `dev` profile [unoptimized + debuginfo] target(s) in 0.34s
[INFO] running `Command { std: "docker" "inspect" "3d2f3f452d3d874d915bf4a9ba10d3183c0a1868f9d1b7bcd5a4efa369f71f17", kill_on_drop: false }`
[INFO] running `Command { std: "docker" "rm" "-f" "3d2f3f452d3d874d915bf4a9ba10d3183c0a1868f9d1b7bcd5a4efa369f71f17", kill_on_drop: false }`
[INFO] [stdout] 3d2f3f452d3d874d915bf4a9ba10d3183c0a1868f9d1b7bcd5a4efa369f71f17
[INFO] running `Command { std: "docker" "create" "-v" "/var/lib/crater-agent-workspace/builds/worker-3-tc2/target:/opt/rustwide/target:rw,Z" "-v" "/var/lib/crater-agent-workspace/builds/worker-3-tc2/source:/opt/rustwide/workdir:ro,Z" "-v" "/var/lib/crater-agent-workspace/cargo-home:/opt/rustwide/cargo-home:ro,Z" "-v" "/var/lib/crater-agent-workspace/rustup-home:/opt/rustwide/rustup-home:ro,Z" "-e" "SOURCE_DIR=/opt/rustwide/workdir" "-e" "CARGO_TARGET_DIR=/opt/rustwide/target" "-e" "CARGO_INCREMENTAL=0" "-e" "RUST_BACKTRACE=full" "-e" "RUSTFLAGS=--cap-lints=forbid -Zrandomize-layout" "-e" "RUSTDOCFLAGS=--cap-lints=forbid" "-e" "CARGO_HOME=/opt/rustwide/cargo-home" "-e" "RUSTUP_HOME=/opt/rustwide/rustup-home" "-w" "/opt/rustwide/workdir" "-m" "1610612736" "--user" "0:0" "--network" "none" "ghcr.io/rust-lang/crates-build-env/linux@sha256:819108c5571ea2e421544af4d832f968d213c87fbe3707a016657f43d2f853bc" "/opt/rustwide/cargo-home/bin/cargo" "+nightly-2025-01-18" "test" "--frozen" "--no-run" "--message-format=json", kill_on_drop: false }`
[INFO] [stdout] 6205a0bd716f917a5b2a780f7051b65daa9cf381307cdc28b5c006eb09d718e2
[INFO] running `Command { std: "docker" "start" "-a" "6205a0bd716f917a5b2a780f7051b65daa9cf381307cdc28b5c006eb09d718e2", kill_on_drop: false }`
[INFO] [stdout] warning: unused variable: `message`
[INFO] [stdout]    --> src/lib.rs:123:21
[INFO] [stdout]     |
[INFO] [stdout] 123 |     fn __all(&self, message: &str) {
[INFO] [stdout]     |                     ^^^^^^^ help: if this is intentional, prefix it with an underscore: `_message`
[INFO] [stdout]     |
[INFO] [stdout]     = note: `#[warn(unused_variables)]` on by default
[INFO] [stdout] 
[INFO] [stdout] 
[INFO] [stdout] warning: unused variable: `message`
[INFO] [stdout]    --> src/lib.rs:147:25
[INFO] [stdout]     |
[INFO] [stdout] 147 |     fn __warning(&self, message: &str) {
[INFO] [stdout]     |                         ^^^^^^^ help: if this is intentional, prefix it with an underscore: `_message`
[INFO] [stdout] 
[INFO] [stdout] 
[INFO] [stderr]    Compiling dlog v0.1.0 (/opt/rustwide/workdir)
[INFO] [stdout] warning: unreachable pattern
[INFO] [stdout]    --> src/lib.rs:186:61
[INFO] [stdout]     |
[INFO] [stdout] 186 | ...   (TextStyle::BoldStrike, TextStyle::Underline) | (TextStyle::BoldStrike, TextStyle::Underline) | (TextStyle::BoldUnderline, TextStyl...
[INFO] [stdout]     |       ---------------------------------------------   ^^^^^^^^^^^^^^^^^^^^^^^^^^^^^^^^^^^^^^^^^^^^^ no value can reach this
[INFO] [stdout]     |       |
[INFO] [stdout]     |       matches all the relevant values
[INFO] [stdout]     |
[INFO] [stdout]     = note: `#[warn(unreachable_patterns)]` on by default
[INFO] [stdout] 
[INFO] [stdout] 
[INFO] [stdout] warning: unused variable: `message`
[INFO] [stdout]    --> src/lib.rs:123:21
[INFO] [stdout]     |
[INFO] [stdout] 123 |     fn __all(&self, message: &str) {
[INFO] [stdout]     |                     ^^^^^^^ help: if this is intentional, prefix it with an underscore: `_message`
[INFO] [stdout]     |
[INFO] [stdout]     = note: `#[warn(unused_variables)]` on by default
[INFO] [stdout] 
[INFO] [stdout] 
[INFO] [stdout] warning: unused variable: `message`
[INFO] [stdout]    --> src/lib.rs:147:25
[INFO] [stdout]     |
[INFO] [stdout] 147 |     fn __warning(&self, message: &str) {
[INFO] [stdout]     |                         ^^^^^^^ help: if this is intentional, prefix it with an underscore: `_message`
[INFO] [stdout] 
[INFO] [stdout] 
[INFO] [stdout] warning: unreachable pattern
[INFO] [stdout]    --> src/lib.rs:186:61
[INFO] [stdout]     |
[INFO] [stdout] 186 | ...   (TextStyle::BoldStrike, TextStyle::Underline) | (TextStyle::BoldStrike, TextStyle::Underline) | (TextStyle::BoldUnderline, TextStyl...
[INFO] [stdout]     |       ---------------------------------------------   ^^^^^^^^^^^^^^^^^^^^^^^^^^^^^^^^^^^^^^^^^^^^^ no value can reach this
[INFO] [stdout]     |       |
[INFO] [stdout]     |       matches all the relevant values
[INFO] [stdout]     |
[INFO] [stdout]     = note: `#[warn(unreachable_patterns)]` on by default
[INFO] [stdout] 
[INFO] [stdout] 
[INFO] [stderr]     Finished `test` profile [unoptimized + debuginfo] target(s) in 0.16s
[INFO] running `Command { std: "docker" "inspect" "6205a0bd716f917a5b2a780f7051b65daa9cf381307cdc28b5c006eb09d718e2", kill_on_drop: false }`
[INFO] running `Command { std: "docker" "rm" "-f" "6205a0bd716f917a5b2a780f7051b65daa9cf381307cdc28b5c006eb09d718e2", kill_on_drop: false }`
[INFO] [stdout] 6205a0bd716f917a5b2a780f7051b65daa9cf381307cdc28b5c006eb09d718e2
[INFO] running `Command { std: "docker" "create" "-v" "/var/lib/crater-agent-workspace/builds/worker-3-tc2/target:/opt/rustwide/target:rw,Z" "-v" "/var/lib/crater-agent-workspace/builds/worker-3-tc2/source:/opt/rustwide/workdir:ro,Z" "-v" "/var/lib/crater-agent-workspace/cargo-home:/opt/rustwide/cargo-home:ro,Z" "-v" "/var/lib/crater-agent-workspace/rustup-home:/opt/rustwide/rustup-home:ro,Z" "-e" "SOURCE_DIR=/opt/rustwide/workdir" "-e" "CARGO_TARGET_DIR=/opt/rustwide/target" "-e" "CARGO_INCREMENTAL=0" "-e" "RUST_BACKTRACE=full" "-e" "RUSTFLAGS=--cap-lints=forbid -Zrandomize-layout" "-e" "RUSTDOCFLAGS=--cap-lints=forbid" "-e" "CARGO_HOME=/opt/rustwide/cargo-home" "-e" "RUSTUP_HOME=/opt/rustwide/rustup-home" "-w" "/opt/rustwide/workdir" "-m" "1610612736" "--user" "0:0" "--network" "none" "ghcr.io/rust-lang/crates-build-env/linux@sha256:819108c5571ea2e421544af4d832f968d213c87fbe3707a016657f43d2f853bc" "/opt/rustwide/cargo-home/bin/cargo" "+nightly-2025-01-18" "test" "--frozen", kill_on_drop: false }`
[INFO] [stdout] cade0d4d98adf591e16cfe864cead188971ff641d2d67904f72fadf45f8c1b20
[INFO] running `Command { std: "docker" "start" "-a" "cade0d4d98adf591e16cfe864cead188971ff641d2d67904f72fadf45f8c1b20", kill_on_drop: false }`
[INFO] [stderr] warning: unused variable: `message`
[INFO] [stderr]    --> src/lib.rs:123:21
[INFO] [stderr]     |
[INFO] [stderr] 123 |     fn __all(&self, message: &str) {
[INFO] [stderr]     |                     ^^^^^^^ help: if this is intentional, prefix it with an underscore: `_message`
[INFO] [stderr]     |
[INFO] [stderr]     = note: `#[warn(unused_variables)]` on by default
[INFO] [stderr] 
[INFO] [stderr] warning: unused variable: `message`
[INFO] [stderr]    --> src/lib.rs:147:25
[INFO] [stderr]     |
[INFO] [stderr] 147 |     fn __warning(&self, message: &str) {
[INFO] [stderr]     |                         ^^^^^^^ help: if this is intentional, prefix it with an underscore: `_message`
[INFO] [stderr] 
[INFO] [stderr] warning: unreachable pattern
[INFO] [stderr]    --> src/lib.rs:186:61
[INFO] [stderr]     |
[INFO] [stderr] 186 | ...   (TextStyle::BoldStrike, TextStyle::Underline) | (TextStyle::BoldStrike, TextStyle::Underline) | (TextStyle::BoldUnderline, TextStyl...
[INFO] [stderr]     |       ---------------------------------------------   ^^^^^^^^^^^^^^^^^^^^^^^^^^^^^^^^^^^^^^^^^^^^^ no value can reach this
[INFO] [stderr]     |       |
[INFO] [stderr]     |       matches all the relevant values
[INFO] [stderr]     |
[INFO] [stderr]     = note: `#[warn(unreachable_patterns)]` on by default
[INFO] [stderr] 
[INFO] [stderr] warning: `dlog` (lib) generated 3 warnings
[INFO] [stderr] warning: `dlog` (lib test) generated 3 warnings (3 duplicates)
[INFO] [stderr]     Finished `test` profile [unoptimized + debuginfo] target(s) in 0.01s
[INFO] [stderr]      Running unittests src/lib.rs (/opt/rustwide/target/debug/deps/dlog-e629ad07ec00c989)
[INFO] [stdout] 
[INFO] [stdout] running 0 tests
[INFO] [stdout] 
[INFO] [stdout] test result: ok. 0 passed; 0 failed; 0 ignored; 0 measured; 0 filtered out; finished in 0.00s
[INFO] [stdout] 
[INFO] [stderr]      Running unittests src/main.rs (/opt/rustwide/target/debug/deps/dlog-5405cd3307cc2483)
[INFO] [stdout] 
[INFO] [stdout] running 0 tests
[INFO] [stdout] 
[INFO] [stdout] test result: ok. 0 passed; 0 failed; 0 ignored; 0 measured; 0 filtered out; finished in 0.00s
[INFO] [stdout] 
[INFO] [stderr]    Doc-tests dlog
[INFO] [stdout] 
[INFO] [stdout] running 1 test
[INFO] [stdout] test src/lib.rs - Logger (line 38) ... FAILED
[INFO] [stdout] 
[INFO] [stdout] failures:
[INFO] [stdout] 
[INFO] [stdout] ---- src/lib.rs - Logger (line 38) stdout ----
[INFO] [stdout] error: expected one of `!`, `.`, `::`, `;`, `?`, `{`, `}`, or an operator, found `,`
[INFO] [stdout]   --> src/lib.rs:47:3
[INFO] [stdout]    |
[INFO] [stdout] 11 | OR, simply,
[INFO] [stdout]    |   ^ expected one of 8 possible tokens
[INFO] [stdout] 
[INFO] [stdout] error[E0412]: cannot find type `Logger` in this scope
[INFO] [stdout]  --> src/lib.rs:39:17
[INFO] [stdout]   |
[INFO] [stdout] 3 | let mut logger: Logger = Logger {
[INFO] [stdout]   |                 ^^^^^^ not found in this scope
[INFO] [stdout]   |
[INFO] [stdout] help: consider importing this struct
[INFO] [stdout]   |
[INFO] [stdout] 2 + use dlog::Logger;
[INFO] [stdout]   |
[INFO] [stdout] 
[INFO] [stdout] error[E0422]: cannot find struct, variant or union type `Logger` in this scope
[INFO] [stdout]  --> src/lib.rs:39:26
[INFO] [stdout]   |
[INFO] [stdout] 3 | let mut logger: Logger = Logger {
[INFO] [stdout]   |                          ^^^^^^ not found in this scope
[INFO] [stdout]   |
[INFO] [stdout] help: consider importing this struct
[INFO] [stdout]   |
[INFO] [stdout] 2 + use dlog::Logger;
[INFO] [stdout]   |
[INFO] [stdout] 
[INFO] [stdout] error[E0433]: failed to resolve: use of undeclared type `LogType`
[INFO] [stdout]  --> src/lib.rs:40:14
[INFO] [stdout]   |
[INFO] [stdout] 4 |     logtype: LogType::File("log.txt".to_string()),
[INFO] [stdout]   |              ^^^^^^^ use of undeclared type `LogType`
[INFO] [stdout]   |
[INFO] [stdout] help: consider importing this enum
[INFO] [stdout]   |
[INFO] [stdout] 2 + use dlog::LogType;
[INFO] [stdout]   |
[INFO] [stdout] 
[INFO] [stdout] error[E0433]: failed to resolve: use of undeclared type `LogLevel`
[INFO] [stdout]  --> src/lib.rs:41:15
[INFO] [stdout]   |
[INFO] [stdout] 5 |     loglevel: LogLevel::All,
[INFO] [stdout]   |               ^^^^^^^^ use of undeclared type `LogLevel`
[INFO] [stdout]   |
[INFO] [stdout] help: consider importing this enum
[INFO] [stdout]   |
[INFO] [stdout] 2 + use dlog::LogLevel;
[INFO] [stdout]   |
[INFO] [stdout] 
[INFO] [stdout] error[E0433]: failed to resolve: use of undeclared type `TextStyle`
[INFO] [stdout]  --> src/lib.rs:44:16
[INFO] [stdout]   |
[INFO] [stdout] 8 |     textstyle: TextStyle::Bold | TextStyle::Italic
[INFO] [stdout]   |                ^^^^^^^^^ use of undeclared type `TextStyle`
[INFO] [stdout]   |
[INFO] [stdout] help: consider importing this enum
[INFO] [stdout]   |
[INFO] [stdout] 2 + use dlog::TextStyle;
[INFO] [stdout]   |
[INFO] [stdout] 
[INFO] [stdout] error[E0433]: failed to resolve: use of undeclared type `TextStyle`
[INFO] [stdout]  --> src/lib.rs:44:34
[INFO] [stdout]   |
[INFO] [stdout] 8 |     textstyle: TextStyle::Bold | TextStyle::Italic
[INFO] [stdout]   |                                  ^^^^^^^^^ use of undeclared type `TextStyle`
[INFO] [stdout]   |
[INFO] [stdout] help: consider importing this enum
[INFO] [stdout]   |
[INFO] [stdout] 2 + use dlog::TextStyle;
[INFO] [stdout]   |
[INFO] [stdout] 
[INFO] [stdout] error: aborting due to 7 previous errors
[INFO] [stdout] 
[INFO] [stdout] Some errors have detailed explanations: E0412, E0422, E0433.
[INFO] [stdout] For more information about an error, try `rustc --explain E0412`.
[INFO] [stdout] Couldn't compile the test.
[INFO] [stdout] 
[INFO] [stdout] failures:
[INFO] [stdout]     src/lib.rs - Logger (line 38)
[INFO] [stdout] 
[INFO] [stdout] test result: FAILED. 0 passed; 1 failed; 0 ignored; 0 measured; 0 filtered out; finished in 0.05s
[INFO] [stdout] 
[INFO] [stderr] error: doctest failed, to rerun pass `--doc`
[INFO] running `Command { std: "docker" "inspect" "cade0d4d98adf591e16cfe864cead188971ff641d2d67904f72fadf45f8c1b20", kill_on_drop: false }`
[INFO] running `Command { std: "docker" "rm" "-f" "cade0d4d98adf591e16cfe864cead188971ff641d2d67904f72fadf45f8c1b20", kill_on_drop: false }`
[INFO] [stdout] cade0d4d98adf591e16cfe864cead188971ff641d2d67904f72fadf45f8c1b20
