[INFO] cloning repository https://github.com/dghilardi/hailstorm
[INFO] running `Command { std: "git" "-c" "credential.helper=" "-c" "credential.helper=/workspace/cargo-home/bin/git-credential-null" "clone" "--bare" "https://github.com/dghilardi/hailstorm" "/workspace/cache/git-repos/https%3A%2F%2Fgithub.com%2Fdghilardi%2Fhailstorm", kill_on_drop: false }`
[INFO] [stderr] Cloning into bare repository '/workspace/cache/git-repos/https%3A%2F%2Fgithub.com%2Fdghilardi%2Fhailstorm'...
[INFO] running `Command { std: "git" "rev-parse" "HEAD", kill_on_drop: false }`
[INFO] [stdout] 2527cc315518e8293acf5e8aaa1aa4ba12314164
[INFO] testing dghilardi/hailstorm against nightly-2025-01-18 for randomize-layout-2
[INFO] running `Command { std: "git" "clone" "/workspace/cache/git-repos/https%3A%2F%2Fgithub.com%2Fdghilardi%2Fhailstorm" "/workspace/builds/worker-5-tc1/source", kill_on_drop: false }`
[INFO] [stderr] Cloning into '/workspace/builds/worker-5-tc1/source'...
[INFO] [stderr] done.
[INFO] validating manifest of git repo https://github.com/dghilardi/hailstorm on toolchain nightly-2025-01-18
[INFO] running `Command { std: CARGO_HOME="/workspace/cargo-home" RUSTUP_HOME="/workspace/rustup-home" "/workspace/cargo-home/bin/cargo" "+nightly-2025-01-18" "metadata" "--manifest-path" "Cargo.toml" "--no-deps", kill_on_drop: false }`
[INFO] started tweaking git repo https://github.com/dghilardi/hailstorm
[INFO] finished tweaking git repo https://github.com/dghilardi/hailstorm
[INFO] tweaked toml for git repo https://github.com/dghilardi/hailstorm written to /workspace/builds/worker-5-tc1/source/Cargo.toml
[INFO] running `Command { std: CARGO_HOME="/workspace/cargo-home" RUSTUP_HOME="/workspace/rustup-home" "/workspace/cargo-home/bin/cargo" "+nightly-2025-01-18" "generate-lockfile" "--manifest-path" "Cargo.toml", kill_on_drop: false }`
[INFO] [stderr]     Updating crates.io index
[INFO] [stderr]      Locking 289 packages to latest compatible versions
[INFO] [stderr]       Adding clap v3.2.25 (available: v4.5.26)
[INFO] [stderr]       Adding config v0.13.4 (available: v0.15.6)
[INFO] [stderr]       Adding dashmap v5.5.3 (available: v6.1.0)
[INFO] [stderr]       Adding env_logger v0.9.3 (available: v0.11.6)
[INFO] [stderr]       Adding prost v0.11.9 (available: v0.13.4)
[INFO] [stderr]       Adding prost-types v0.11.9 (available: v0.13.4)
[INFO] [stderr]       Adding ringbuf v0.2.8 (available: v0.4.7)
[INFO] [stderr]       Adding rune v0.12.4 (available: v0.13.4)
[INFO] [stderr]       Adding rune-modules v0.12.4 (available: v0.13.4)
[INFO] [stderr]       Adding thiserror v1.0.69 (available: v2.0.11)
[INFO] [stderr]       Adding tonic v0.8.3 (available: v0.12.3)
[INFO] [stderr]       Adding tonic-build v0.8.4 (available: v0.12.3)
[INFO] running `Command { std: CARGO_HOME="/workspace/cargo-home" RUSTUP_HOME="/workspace/rustup-home" "/workspace/cargo-home/bin/cargo" "+nightly-2025-01-18" "fetch" "--manifest-path" "Cargo.toml", kill_on_drop: false }`
[INFO] [stderr]  Downloading crates ...
[INFO] [stderr]   Downloaded tonic v0.8.3
[INFO] [stderr]   Downloaded rune-modules v0.12.4
[INFO] [stderr]   Downloaded actix_derive v0.6.2
[INFO] [stderr]   Downloaded ipnet v2.11.0
[INFO] [stderr]   Downloaded ringbuf v0.2.8
[INFO] [stderr]   Downloaded thiserror-impl v2.0.11
[INFO] [stderr]   Downloaded pest_derive v2.7.15
[INFO] [stderr]   Downloaded actix v0.13.5
[INFO] [stderr]   Downloaded indexmap v2.7.1
[INFO] [stderr]   Downloaded thiserror v2.0.11
[INFO] [stderr]   Downloaded pest v2.7.15
[INFO] [stderr]   Downloaded async-compression v0.4.18
[INFO] [stderr]   Downloaded pest_meta v2.7.15
[INFO] [stderr]   Downloaded pest_generator v2.7.15
[INFO] [stderr]   Downloaded pathdiff v0.2.3
[INFO] [stderr]   Downloaded cache-padded v1.3.0
[INFO] [stderr]   Downloaded wasm-bindgen-futures v0.4.50
[INFO] [stderr]   Downloaded rune-macros v0.12.4
[INFO] [stderr]   Downloaded rune v0.12.4
[INFO] [stderr]   Downloaded web-sys v0.3.77
[INFO] [stderr]   Downloaded csv v1.3.1
[INFO] running `Command { std: "docker" "create" "-v" "/var/lib/crater-agent-workspace/builds/worker-5-tc1/target:/opt/rustwide/target:rw,Z" "-v" "/var/lib/crater-agent-workspace/builds/worker-5-tc1/source:/opt/rustwide/workdir:ro,Z" "-v" "/var/lib/crater-agent-workspace/cargo-home:/opt/rustwide/cargo-home:ro,Z" "-v" "/var/lib/crater-agent-workspace/rustup-home:/opt/rustwide/rustup-home:ro,Z" "-e" "SOURCE_DIR=/opt/rustwide/workdir" "-e" "CARGO_TARGET_DIR=/opt/rustwide/target" "-e" "CARGO_HOME=/opt/rustwide/cargo-home" "-e" "RUSTUP_HOME=/opt/rustwide/rustup-home" "-w" "/opt/rustwide/workdir" "-m" "1610612736" "--user" "0:0" "--network" "none" "ghcr.io/rust-lang/crates-build-env/linux@sha256:819108c5571ea2e421544af4d832f968d213c87fbe3707a016657f43d2f853bc" "/opt/rustwide/cargo-home/bin/cargo" "+nightly-2025-01-18" "metadata" "--no-deps" "--format-version=1", kill_on_drop: false }`
[INFO] [stdout] 2f7fd6541bab86a14e6429b755abb6dafbe257392624e6198f80add26c77b8b6
[INFO] running `Command { std: "docker" "start" "-a" "2f7fd6541bab86a14e6429b755abb6dafbe257392624e6198f80add26c77b8b6", kill_on_drop: false }`
[INFO] running `Command { std: "docker" "inspect" "2f7fd6541bab86a14e6429b755abb6dafbe257392624e6198f80add26c77b8b6", kill_on_drop: false }`
[INFO] running `Command { std: "docker" "rm" "-f" "2f7fd6541bab86a14e6429b755abb6dafbe257392624e6198f80add26c77b8b6", kill_on_drop: false }`
[INFO] [stdout] 2f7fd6541bab86a14e6429b755abb6dafbe257392624e6198f80add26c77b8b6
[INFO] running `Command { std: "docker" "create" "-v" "/var/lib/crater-agent-workspace/builds/worker-5-tc1/target:/opt/rustwide/target:rw,Z" "-v" "/var/lib/crater-agent-workspace/builds/worker-5-tc1/source:/opt/rustwide/workdir:ro,Z" "-v" "/var/lib/crater-agent-workspace/cargo-home:/opt/rustwide/cargo-home:ro,Z" "-v" "/var/lib/crater-agent-workspace/rustup-home:/opt/rustwide/rustup-home:ro,Z" "-e" "SOURCE_DIR=/opt/rustwide/workdir" "-e" "CARGO_TARGET_DIR=/opt/rustwide/target" "-e" "CARGO_INCREMENTAL=0" "-e" "RUST_BACKTRACE=full" "-e" "RUSTFLAGS=--cap-lints=forbid" "-e" "RUSTDOCFLAGS=--cap-lints=forbid" "-e" "CARGO_HOME=/opt/rustwide/cargo-home" "-e" "RUSTUP_HOME=/opt/rustwide/rustup-home" "-w" "/opt/rustwide/workdir" "-m" "1610612736" "--user" "0:0" "--network" "none" "ghcr.io/rust-lang/crates-build-env/linux@sha256:819108c5571ea2e421544af4d832f968d213c87fbe3707a016657f43d2f853bc" "/opt/rustwide/cargo-home/bin/cargo" "+nightly-2025-01-18" "build" "--frozen" "--message-format=json", kill_on_drop: false }`
[INFO] [stdout] 99073cb956d372e3bcddb26e13c9000b6d682bb66daf9626266d48696bdbea37
[INFO] running `Command { std: "docker" "start" "-a" "99073cb956d372e3bcddb26e13c9000b6d682bb66daf9626266d48696bdbea37", kill_on_drop: false }`
[INFO] [stderr]    Compiling proc-macro2 v1.0.93
[INFO] [stderr]    Compiling libc v0.2.169
[INFO] [stderr]    Compiling serde v1.0.217
[INFO] [stderr]    Compiling pin-project-lite v0.2.16
[INFO] [stderr]    Compiling bytes v1.9.0
[INFO] [stderr]    Compiling futures-core v0.3.31
[INFO] [stderr]    Compiling memchr v2.7.4
[INFO] [stderr]    Compiling futures-sink v0.3.31
[INFO] [stderr]    Compiling once_cell v1.20.2
[INFO] [stderr]    Compiling futures-io v0.3.31
[INFO] [stderr]    Compiling slab v0.4.9
[INFO] [stderr]    Compiling itoa v1.0.14
[INFO] [stderr]    Compiling futures-task v0.3.31
[INFO] [stderr]    Compiling hashbrown v0.15.2
[INFO] [stderr]    Compiling anyhow v1.0.95
[INFO] [stderr]    Compiling stable_deref_trait v1.2.0
[INFO] [stderr]    Compiling either v1.13.0
[INFO] [stderr]    Compiling shlex v1.3.0
[INFO] [stderr]    Compiling num-traits v0.2.19
[INFO] [stderr]    Compiling futures-channel v0.3.31
[INFO] [stderr]    Compiling log v0.4.25
[INFO] [stderr]    Compiling litemap v0.7.4
[INFO] [stderr]    Compiling tracing-core v0.1.33
[INFO] [stderr]    Compiling writeable v0.5.5
[INFO] [stderr]    Compiling rustversion v1.0.19
[INFO] [stderr]    Compiling cc v1.2.10
[INFO] [stderr]    Compiling itertools v0.10.5
[INFO] [stderr]    Compiling httparse v1.9.5
[INFO] [stderr]    Compiling tower-service v0.3.3
[INFO] [stderr]    Compiling rustix v0.38.43
[INFO] [stderr]    Compiling spin v0.9.8
[INFO] [stderr]    Compiling icu_locid_transform_data v1.5.0
[INFO] [stderr]    Compiling untrusted v0.9.0
[INFO] [stderr]    Compiling http v0.2.12
[INFO] [stderr]    Compiling indexmap v2.7.1
[INFO] [stderr]    Compiling bitflags v2.8.0
[INFO] [stderr]    Compiling icu_properties_data v1.5.0
[INFO] [stderr]    Compiling linux-raw-sys v0.4.15
[INFO] [stderr]    Compiling rustls v0.21.12
[INFO] [stderr]    Compiling prettyplease v0.1.25
[INFO] [stderr]    Compiling write16 v1.0.0
[INFO] [stderr]    Compiling regex-syntax v0.8.5
[INFO] [stderr]    Compiling num-integer v0.1.46
[INFO] [stderr]    Compiling icu_normalizer_data v1.5.0
[INFO] [stderr]    Compiling utf16_iter v1.0.5
[INFO] [stderr]    Compiling utf8_iter v1.0.4
[INFO] [stderr]    Compiling ryu v1.0.18
[INFO] [stderr]    Compiling quote v1.0.38
[INFO] [stderr]    Compiling ahash v0.7.8
[INFO] [stderr]    Compiling indexmap v1.9.3
[INFO] [stderr]    Compiling syn v2.0.96
[INFO] [stderr]    Compiling syn v1.0.109
[INFO] [stderr]    Compiling home v0.5.11
[INFO] [stderr]    Compiling fixedbitset v0.4.2
[INFO] [stderr]    Compiling fastrand v2.3.0
[INFO] [stderr]    Compiling getrandom v0.2.15
[INFO] [stderr]    Compiling mio v1.0.3
[INFO] [stderr]    Compiling socket2 v0.5.8
[INFO] [stderr]    Compiling signal-hook-registry v1.4.2
[INFO] [stderr]    Compiling rand_core v0.6.4
[INFO] [stderr]    Compiling petgraph v0.6.5
[INFO] [stderr]    Compiling miniz_oxide v0.8.3
[INFO] [stderr]    Compiling axum-core v0.3.4
[INFO] [stderr]    Compiling http-body v0.4.6
[INFO] [stderr]    Compiling num-bigint v0.4.6
[INFO] [stderr]    Compiling ring v0.17.8
[INFO] [stderr]    Compiling lazy_static v1.5.0
[INFO] [stderr]    Compiling tower-layer v0.3.3
[INFO] [stderr]    Compiling sync_wrapper v0.1.2
[INFO] [stderr]    Compiling serde_json v1.0.137
[INFO] [stderr]    Compiling crossbeam-utils v0.8.21
[INFO] [stderr]    Compiling multimap v0.8.3
[INFO] [stderr]    Compiling flate2 v1.0.35
[INFO] [stderr]    Compiling axum v0.6.20
[INFO] [stderr]    Compiling num-iter v0.1.45
[INFO] [stderr]    Compiling num-complex v0.4.6
[INFO] [stderr]    Compiling termcolor v1.4.1
[INFO] [stderr]    Compiling base64 v0.21.7
[INFO] [stderr]    Compiling unicode-width v0.1.14
[INFO] [stderr]    Compiling twox-hash v1.6.3
[INFO] [stderr]    Compiling encoding_rs v0.8.35
[INFO] [stderr]    Compiling webpki-roots v0.25.4
[INFO] [stderr]    Compiling powerfmt v0.2.0
[INFO] [stderr]    Compiling ipnet v2.11.0
[INFO] [stderr]    Compiling linked-hash-map v0.5.6
[INFO] [stderr]    Compiling matchit v0.7.3
[INFO] [stderr]    Compiling codespan-reporting v0.11.1
[INFO] [stderr]    Compiling regex-automata v0.4.9
[INFO] [stderr]    Compiling rustls-pemfile v1.0.4
[INFO] [stderr]    Compiling crossbeam-channel v0.5.14
[INFO] [stderr]    Compiling deranged v0.3.11
[INFO] [stderr]    Compiling csv-core v0.1.11
[INFO] [stderr]    Compiling time-core v0.1.2
[INFO] [stderr]    Compiling nom v1.2.4
[INFO] [stderr]    Compiling cache-padded v1.3.0
[INFO] [stderr]    Compiling hashbrown v0.14.5
[INFO] [stderr]    Compiling num-rational v0.4.2
[INFO] [stderr]    Compiling which v4.4.2
[INFO] [stderr]    Compiling tempfile v3.15.0
[INFO] [stderr]    Compiling num-conv v0.1.0
[INFO] [stderr]    Compiling base64 v0.13.1
[INFO] [stderr]    Compiling meval v0.2.0
[INFO] [stderr]    Compiling ringbuf v0.2.8
[INFO] [stderr]    Compiling num v0.4.3
[INFO] [stderr]    Compiling time v0.3.37
[INFO] [stderr]    Compiling regex v1.11.1
[INFO] [stderr]    Compiling prost-derive v0.11.9
[INFO] [stderr]    Compiling rune-macros v0.12.4
[INFO] [stderr]    Compiling synstructure v0.13.1
[INFO] [stderr]    Compiling rustls-webpki v0.101.7
[INFO] [stderr]    Compiling sct v0.7.1
[INFO] [stderr]    Compiling prost v0.11.9
[INFO] [stderr]    Compiling serde_derive v1.0.217
[INFO] [stderr]    Compiling tokio-macros v2.5.0
[INFO] [stderr]    Compiling futures-macro v0.3.31
[INFO] [stderr]    Compiling zerovec-derive v0.10.3
[INFO] [stderr]    Compiling tracing-attributes v0.1.28
[INFO] [stderr]    Compiling displaydoc v0.2.5
[INFO] [stderr]    Compiling icu_provider_macros v1.5.0
[INFO] [stderr]    Compiling zerocopy-derive v0.7.35
[INFO] [stderr]    Compiling zerofrom-derive v0.1.5
[INFO] [stderr]    Compiling yoke-derive v0.7.5
[INFO] [stderr]    Compiling pin-project-internal v1.1.8
[INFO] [stderr]    Compiling prost-types v0.11.9
[INFO] [stderr]    Compiling async-trait v0.1.85
[INFO] [stderr]    Compiling thiserror-impl v1.0.69
[INFO] [stderr]    Compiling async-stream-impl v0.3.6
[INFO] [stderr]    Compiling actix_derive v0.6.2
[INFO] [stderr]    Compiling zerocopy v0.7.35
[INFO] [stderr]    Compiling actix-macros v0.2.4
[INFO] [stderr]    Compiling futures-util v0.3.31
[INFO] [stderr]    Compiling prost-build v0.11.9
[INFO] [stderr]    Compiling async-stream v0.3.6
[INFO] [stderr]    Compiling ppv-lite86 v0.2.20
[INFO] [stderr]    Compiling pin-project v1.1.8
[INFO] [stderr]    Compiling zerofrom v0.1.5
[INFO] [stderr]    Compiling yoke v0.7.5
[INFO] [stderr]    Compiling tracing v0.1.41
[INFO] [stderr]    Compiling rand_chacha v0.3.1
[INFO] [stderr]    Compiling zerovec v0.10.4
[INFO] [stderr]    Compiling thiserror v1.0.69
[INFO] [stderr]    Compiling tracing-futures v0.2.5
[INFO] [stderr]    Compiling rand v0.8.5
[INFO] [stderr]    Compiling tonic-build v0.8.4
[INFO] [stderr]    Compiling tinystr v0.7.6
[INFO] [stderr]    Compiling icu_collections v1.5.0
[INFO] [stderr]    Compiling hailstorm v0.2.0 (/opt/rustwide/workdir)
[INFO] [stderr]    Compiling icu_locid v1.5.0
[INFO] [stderr]    Compiling icu_provider v1.5.0
[INFO] [stderr]    Compiling futures-executor v0.3.31
[INFO] [stderr]    Compiling icu_locid_transform v1.5.0
[INFO] [stderr]    Compiling futures v0.3.31
[INFO] [stderr]    Compiling icu_properties v1.5.1
[INFO] [stderr]    Compiling smallvec v1.13.2
[INFO] [stderr]    Compiling serde_urlencoded v0.7.1
[INFO] [stderr]    Compiling hashbrown v0.11.2
[INFO] [stderr]    Compiling serde_bytes v0.11.15
[INFO] [stderr]    Compiling csv v1.3.1
[INFO] [stderr]    Compiling parking_lot_core v0.9.10
[INFO] [stderr]    Compiling parking_lot v0.12.3
[INFO] [stderr]    Compiling dashmap v5.5.3
[INFO] [stderr]    Compiling rune v0.12.4
[INFO] [stderr]    Compiling tokio v1.43.0
[INFO] [stderr]    Compiling icu_normalizer v1.5.0
[INFO] [stderr]    Compiling idna_adapter v1.2.0
[INFO] [stderr]    Compiling idna v1.0.3
[INFO] [stderr]    Compiling url v2.5.4
[INFO] [stderr]    Compiling tokio-util v0.7.13
[INFO] [stderr]    Compiling tokio-rustls v0.24.1
[INFO] [stderr]    Compiling tokio-io-timeout v1.2.0
[INFO] [stderr]    Compiling async-compression v0.4.18
[INFO] [stderr]    Compiling actix-rt v2.10.0
[INFO] [stderr]    Compiling tokio-stream v0.1.17
[INFO] [stderr]    Compiling h2 v0.3.26
[INFO] [stderr]    Compiling tower v0.4.13
[INFO] [stderr]    Compiling actix v0.13.5
[INFO] [stderr]    Compiling hyper v0.14.32
[INFO] [stderr]    Compiling hyper-rustls v0.24.2
[INFO] [stderr]    Compiling hyper-timeout v0.4.1
[INFO] [stderr]    Compiling reqwest v0.11.27
[INFO] [stderr]    Compiling tonic v0.8.3
[INFO] [stderr]    Compiling rune-modules v0.12.4
[INFO] [stdout] warning: unused import: `crate::communication::protobuf::grpc::controller_command::Target`
[INFO] [stdout]   --> src/controller/actor.rs:14:5
[INFO] [stdout]    |
[INFO] [stdout] 14 | use crate::communication::protobuf::grpc::controller_command::Target;
[INFO] [stdout]    |     ^^^^^^^^^^^^^^^^^^^^^^^^^^^^^^^^^^^^^^^^^^^^^^^^^^^^^^^^^^^^^^^^
[INFO] [stdout]    |
[INFO] [stdout]    = note: `#[warn(unused_imports)]` on by default
[INFO] [stdout] 
[INFO] [stdout] 
[INFO] [stdout] warning: unused imports: `AgentGroup`, `CommandItem`, `ControllerCommand`, and `MultiAgent`
[INFO] [stdout]   --> src/controller/actor.rs:16:5
[INFO] [stdout]    |
[INFO] [stdout] 16 |     AgentGroup, AgentUpdate, CommandItem, ControllerCommand, LaunchCommand, LoadSimCommand,
[INFO] [stdout]    |     ^^^^^^^^^^               ^^^^^^^^^^^  ^^^^^^^^^^^^^^^^^
[INFO] [stdout] 17 |     MultiAgent, StopCommand,
[INFO] [stdout]    |     ^^^^^^^^^^
[INFO] [stdout] 
[INFO] [stdout] 
[INFO] [stdout] warning: unused import: `SimulationDef`
[INFO] [stdout]   --> src/controller/actor.rs:21:44
[INFO] [stdout]    |
[INFO] [stdout] 21 | use crate::controller::model::simulation::{SimulationDef, SimulationState};
[INFO] [stdout]    |                                            ^^^^^^^^^^^^^
[INFO] [stdout] 
[INFO] [stdout] 
[INFO] [stdout] warning: unused import: `std::f64::consts::PI`
[INFO] [stdout]  --> src/simulation/actor/simulation.rs:3:5
[INFO] [stdout]   |
[INFO] [stdout] 3 | use std::f64::consts::PI;
[INFO] [stdout]   |     ^^^^^^^^^^^^^^^^^^^^
[INFO] [stdout] 
[INFO] [stdout] 
[INFO] [stdout] warning: unused imports: `Mul` and `Sub`
[INFO] [stdout]  --> src/simulation/actor/simulation.rs:4:16
[INFO] [stdout]   |
[INFO] [stdout] 4 | use std::ops::{Mul, Sub};
[INFO] [stdout]   |                ^^^  ^^^
[INFO] [stdout] 
[INFO] [stdout] 
[INFO] [stdout] warning: field `client` is never read
[INFO] [stdout]   --> src/communication/upstream/grpc.rs:24:5
[INFO] [stdout]    |
[INFO] [stdout] 23 | struct UpstreamConnection {
[INFO] [stdout]    |        ------------------ field in this struct
[INFO] [stdout] 24 |     client: HailstormServiceClient<Channel>,
[INFO] [stdout]    |     ^^^^^^
[INFO] [stdout]    |
[INFO] [stdout]    = note: `#[warn(dead_code)]` on by default
[INFO] [stdout] 
[INFO] [stdout] 
[INFO] [stdout] warning: struct `SimulationFacade` is never constructed
[INFO] [stdout]  --> src/simulation/facade/simulation.rs:7:12
[INFO] [stdout]   |
[INFO] [stdout] 7 | pub struct SimulationFacade {
[INFO] [stdout]   |            ^^^^^^^^^^^^^^^^
[INFO] [stdout]   |
[INFO] [stdout]   = note: `SimulationFacade` has a derived impl for the trait `Clone`, but this is intentionally ignored during dead code analysis
[INFO] [stdout] 
[INFO] [stdout] 
[INFO] [stdout] warning: associated items `new`, `change_bot_state`, and `invoke_handler` are never used
[INFO] [stdout]   --> src/simulation/facade/simulation.rs:13:12
[INFO] [stdout]    |
[INFO] [stdout] 12 | impl SimulationFacade {
[INFO] [stdout]    | --------------------- associated items in this implementation
[INFO] [stdout] 13 |     pub fn new<S>(actor: Addr<S>) -> Self
[INFO] [stdout]    |            ^^^
[INFO] [stdout] ...
[INFO] [stdout] 23 |     pub fn change_bot_state(
[INFO] [stdout]    |            ^^^^^^^^^^^^^^^^
[INFO] [stdout] ...
[INFO] [stdout] 32 |     pub fn invoke_handler(
[INFO] [stdout]    |            ^^^^^^^^^^^^^^
[INFO] [stdout] 
[INFO] [stdout] 
[INFO] [stdout] warning: variant `Stopping` is never constructed
[INFO] [stdout]    --> src/simulation/actor/simulation.rs:271:5
[INFO] [stdout]     |
[INFO] [stdout] 266 | pub(crate) enum SimulationState {
[INFO] [stdout]     |                 --------------- variant in this enum
[INFO] [stdout] ...
[INFO] [stdout] 271 |     Stopping,
[INFO] [stdout]     |     ^^^^^^^^
[INFO] [stdout] 
[INFO] [stdout] 
[INFO] [stdout] warning: field `simulation_id` is never read
[INFO] [stdout]    --> src/simulation/actor/simulation.rs:285:9
[INFO] [stdout]     |
[INFO] [stdout] 281 | pub(crate) struct SimulationStats {
[INFO] [stdout]     |                   --------------- field in this struct
[INFO] [stdout] ...
[INFO] [stdout] 285 |     pub simulation_id: String,
[INFO] [stdout]     |         ^^^^^^^^^^^^^
[INFO] [stdout] 
[INFO] [stdout] 
[INFO] [stdout] warning: fields `hash` and `args` are never read
[INFO] [stdout]   --> src/simulation/bot/registry.rs:31:5
[INFO] [stdout]    |
[INFO] [stdout] 30 | struct FunSignature {
[INFO] [stdout]    |        ------------ fields in this struct
[INFO] [stdout] 31 |     hash: Hash,
[INFO] [stdout]    |     ^^^^
[INFO] [stdout] 32 |     path: ItemBuf,
[INFO] [stdout] 33 |     args: DebugArgs,
[INFO] [stdout]    |     ^^^^
[INFO] [stdout]    |
[INFO] [stdout]    = note: `FunSignature` has a derived impl for the trait `Debug`, but this is intentionally ignored during dead code analysis
[INFO] [stdout] 
[INFO] [stdout] 
[INFO] [stdout] warning: method `count_bot_models` is never used
[INFO] [stdout]    --> src/simulation/bot/registry.rs:195:19
[INFO] [stdout]     |
[INFO] [stdout] 36  | impl BotRegistry {
[INFO] [stdout]     | ---------------- method in this implementation
[INFO] [stdout] ...
[INFO] [stdout] 195 |     pub(crate) fn count_bot_models(&self) -> usize {
[INFO] [stdout]     |                   ^^^^^^^^^^^^^^^^
[INFO] [stdout] 
[INFO] [stdout] 
[INFO] [stderr]     Finished `dev` profile [unoptimized + debuginfo] target(s) in 1m 21s
[INFO] [stderr] warning: the following packages contain code that will be rejected by a future version of Rust: nom v1.2.4
[INFO] [stderr] note: to see what the problems were, use the option `--future-incompat-report`, or run `cargo report future-incompatibilities --id 1`
[INFO] running `Command { std: "docker" "inspect" "99073cb956d372e3bcddb26e13c9000b6d682bb66daf9626266d48696bdbea37", kill_on_drop: false }`
[INFO] running `Command { std: "docker" "rm" "-f" "99073cb956d372e3bcddb26e13c9000b6d682bb66daf9626266d48696bdbea37", kill_on_drop: false }`
[INFO] [stdout] 99073cb956d372e3bcddb26e13c9000b6d682bb66daf9626266d48696bdbea37
[INFO] running `Command { std: "docker" "create" "-v" "/var/lib/crater-agent-workspace/builds/worker-5-tc1/target:/opt/rustwide/target:rw,Z" "-v" "/var/lib/crater-agent-workspace/builds/worker-5-tc1/source:/opt/rustwide/workdir:ro,Z" "-v" "/var/lib/crater-agent-workspace/cargo-home:/opt/rustwide/cargo-home:ro,Z" "-v" "/var/lib/crater-agent-workspace/rustup-home:/opt/rustwide/rustup-home:ro,Z" "-e" "SOURCE_DIR=/opt/rustwide/workdir" "-e" "CARGO_TARGET_DIR=/opt/rustwide/target" "-e" "CARGO_INCREMENTAL=0" "-e" "RUST_BACKTRACE=full" "-e" "RUSTFLAGS=--cap-lints=forbid" "-e" "RUSTDOCFLAGS=--cap-lints=forbid" "-e" "CARGO_HOME=/opt/rustwide/cargo-home" "-e" "RUSTUP_HOME=/opt/rustwide/rustup-home" "-w" "/opt/rustwide/workdir" "-m" "1610612736" "--user" "0:0" "--network" "none" "ghcr.io/rust-lang/crates-build-env/linux@sha256:819108c5571ea2e421544af4d832f968d213c87fbe3707a016657f43d2f853bc" "/opt/rustwide/cargo-home/bin/cargo" "+nightly-2025-01-18" "test" "--frozen" "--no-run" "--message-format=json", kill_on_drop: false }`
[INFO] [stdout] 82ffab91b7f7df0a9444b625a6a16c975489e98e4fb98ce7f7062fbd5328a043
[INFO] running `Command { std: "docker" "start" "-a" "82ffab91b7f7df0a9444b625a6a16c975489e98e4fb98ce7f7062fbd5328a043", kill_on_drop: false }`
[INFO] [stderr]    Compiling bitflags v2.8.0
[INFO] [stderr]    Compiling rustix v0.38.43
[INFO] [stderr]    Compiling hashbrown v0.12.3
[INFO] [stderr]    Compiling linux-raw-sys v0.4.15
[INFO] [stderr]    Compiling log v0.4.25
[INFO] [stderr]    Compiling thiserror v2.0.11
[INFO] [stderr]    Compiling thiserror-impl v2.0.11
[INFO] [stderr]    Compiling indexmap v1.9.3
[INFO] [stderr]    Compiling fastrand v2.3.0
[INFO] [stderr]    Compiling ucd-trie v0.1.7
[INFO] [stderr]    Compiling proc-macro-error-attr v1.0.4
[INFO] [stderr]    Compiling proc-macro-error v1.0.4
[INFO] [stderr]    Compiling aho-corasick v1.1.3
[INFO] [stderr]    Compiling dlv-list v0.3.0
[INFO] [stderr]    Compiling regex-syntax v0.8.5
[INFO] [stderr]    Compiling atty v0.2.14
[INFO] [stderr]    Compiling minimal-lexical v0.2.1
[INFO] [stderr]    Compiling os_str_bytes v6.6.1
[INFO] [stderr]    Compiling ron v0.7.1
[INFO] [stderr]    Compiling nom v7.1.3
[INFO] [stderr]    Compiling yaml-rust v0.4.5
[INFO] [stderr]    Compiling rustls v0.21.12
[INFO] [stderr]    Compiling actix v0.13.5
[INFO] [stderr]    Compiling toml v0.5.11
[INFO] [stderr]    Compiling textwrap v0.16.1
[INFO] [stderr]    Compiling pathdiff v0.2.3
[INFO] [stderr]    Compiling ordered-multimap v0.4.3
[INFO] [stderr]    Compiling clap_lex v0.2.4
[INFO] [stderr]    Compiling rust-ini v0.18.0
[INFO] [stderr]    Compiling tower v0.4.13
[INFO] [stderr]    Compiling clap_derive v3.2.25
[INFO] [stderr]    Compiling pest v2.7.15
[INFO] [stderr]    Compiling regex-automata v0.4.9
[INFO] [stderr]    Compiling pest_meta v2.7.15
[INFO] [stderr]    Compiling axum v0.6.20
[INFO] [stderr]    Compiling pest_generator v2.7.15
[INFO] [stderr]    Compiling which v4.4.2
[INFO] [stderr]    Compiling tempfile v3.15.0
[INFO] [stderr]    Compiling clap v3.2.25
[INFO] [stderr]    Compiling tokio-rustls v0.24.1
[INFO] [stderr]    Compiling prost-build v0.11.9
[INFO] [stderr]    Compiling hyper-rustls v0.24.2
[INFO] [stderr]    Compiling reqwest v0.11.27
[INFO] [stderr]    Compiling pest_derive v2.7.15
[INFO] [stderr]    Compiling json5 v0.4.1
[INFO] [stderr]    Compiling regex v1.11.1
[INFO] [stderr]    Compiling tonic-build v0.8.4
[INFO] [stderr]    Compiling config v0.13.4
[INFO] [stderr]    Compiling env_logger v0.9.3
[INFO] [stderr]    Compiling hailstorm v0.2.0 (/opt/rustwide/workdir)
[INFO] [stderr]    Compiling rune-modules v0.12.4
[INFO] [stderr]    Compiling tonic v0.8.3
[INFO] [stdout] warning: unused import: `crate::communication::protobuf::grpc::controller_command::Target`
[INFO] [stdout]   --> src/controller/actor.rs:14:5
[INFO] [stdout]    |
[INFO] [stdout] 14 | use crate::communication::protobuf::grpc::controller_command::Target;
[INFO] [stdout]    |     ^^^^^^^^^^^^^^^^^^^^^^^^^^^^^^^^^^^^^^^^^^^^^^^^^^^^^^^^^^^^^^^^
[INFO] [stdout]    |
[INFO] [stdout]    = note: `#[warn(unused_imports)]` on by default
[INFO] [stdout] 
[INFO] [stdout] 
[INFO] [stdout] warning: unused imports: `AgentGroup`, `CommandItem`, `ControllerCommand`, and `MultiAgent`
[INFO] [stdout]   --> src/controller/actor.rs:16:5
[INFO] [stdout]    |
[INFO] [stdout] 16 |     AgentGroup, AgentUpdate, CommandItem, ControllerCommand, LaunchCommand, LoadSimCommand,
[INFO] [stdout]    |     ^^^^^^^^^^               ^^^^^^^^^^^  ^^^^^^^^^^^^^^^^^
[INFO] [stdout] 17 |     MultiAgent, StopCommand,
[INFO] [stdout]    |     ^^^^^^^^^^
[INFO] [stdout] 
[INFO] [stdout] 
[INFO] [stdout] warning: unused import: `SimulationDef`
[INFO] [stdout]   --> src/controller/actor.rs:21:44
[INFO] [stdout]    |
[INFO] [stdout] 21 | use crate::controller::model::simulation::{SimulationDef, SimulationState};
[INFO] [stdout]    |                                            ^^^^^^^^^^^^^
[INFO] [stdout] 
[INFO] [stdout] 
[INFO] [stdout] warning: unused import: `std::f64::consts::PI`
[INFO] [stdout]  --> src/simulation/actor/simulation.rs:3:5
[INFO] [stdout]   |
[INFO] [stdout] 3 | use std::f64::consts::PI;
[INFO] [stdout]   |     ^^^^^^^^^^^^^^^^^^^^
[INFO] [stdout] 
[INFO] [stdout] 
[INFO] [stdout] warning: unused imports: `Mul` and `Sub`
[INFO] [stdout]  --> src/simulation/actor/simulation.rs:4:16
[INFO] [stdout]   |
[INFO] [stdout] 4 | use std::ops::{Mul, Sub};
[INFO] [stdout]   |                ^^^  ^^^
[INFO] [stdout] 
[INFO] [stdout] 
[INFO] [stdout] warning: field `client` is never read
[INFO] [stdout]   --> src/communication/upstream/grpc.rs:24:5
[INFO] [stdout]    |
[INFO] [stdout] 23 | struct UpstreamConnection {
[INFO] [stdout]    |        ------------------ field in this struct
[INFO] [stdout] 24 |     client: HailstormServiceClient<Channel>,
[INFO] [stdout]    |     ^^^^^^
[INFO] [stdout]    |
[INFO] [stdout]    = note: `#[warn(dead_code)]` on by default
[INFO] [stdout] 
[INFO] [stdout] 
[INFO] [stdout] warning: struct `SimulationFacade` is never constructed
[INFO] [stdout]  --> src/simulation/facade/simulation.rs:7:12
[INFO] [stdout]   |
[INFO] [stdout] 7 | pub struct SimulationFacade {
[INFO] [stdout]   |            ^^^^^^^^^^^^^^^^
[INFO] [stdout]   |
[INFO] [stdout]   = note: `SimulationFacade` has a derived impl for the trait `Clone`, but this is intentionally ignored during dead code analysis
[INFO] [stdout] 
[INFO] [stdout] 
[INFO] [stdout] warning: associated items `new`, `change_bot_state`, and `invoke_handler` are never used
[INFO] [stdout]   --> src/simulation/facade/simulation.rs:13:12
[INFO] [stdout]    |
[INFO] [stdout] 12 | impl SimulationFacade {
[INFO] [stdout]    | --------------------- associated items in this implementation
[INFO] [stdout] 13 |     pub fn new<S>(actor: Addr<S>) -> Self
[INFO] [stdout]    |            ^^^
[INFO] [stdout] ...
[INFO] [stdout] 23 |     pub fn change_bot_state(
[INFO] [stdout]    |            ^^^^^^^^^^^^^^^^
[INFO] [stdout] ...
[INFO] [stdout] 32 |     pub fn invoke_handler(
[INFO] [stdout]    |            ^^^^^^^^^^^^^^
[INFO] [stdout] 
[INFO] [stdout] 
[INFO] [stdout] warning: variant `Stopping` is never constructed
[INFO] [stdout]    --> src/simulation/actor/simulation.rs:271:5
[INFO] [stdout]     |
[INFO] [stdout] 266 | pub(crate) enum SimulationState {
[INFO] [stdout]     |                 --------------- variant in this enum
[INFO] [stdout] ...
[INFO] [stdout] 271 |     Stopping,
[INFO] [stdout]     |     ^^^^^^^^
[INFO] [stdout] 
[INFO] [stdout] 
[INFO] [stdout] warning: field `simulation_id` is never read
[INFO] [stdout]    --> src/simulation/actor/simulation.rs:285:9
[INFO] [stdout]     |
[INFO] [stdout] 281 | pub(crate) struct SimulationStats {
[INFO] [stdout]     |                   --------------- field in this struct
[INFO] [stdout] ...
[INFO] [stdout] 285 |     pub simulation_id: String,
[INFO] [stdout]     |         ^^^^^^^^^^^^^
[INFO] [stdout] 
[INFO] [stdout] 
[INFO] [stdout] warning: fields `hash` and `args` are never read
[INFO] [stdout]   --> src/simulation/bot/registry.rs:31:5
[INFO] [stdout]    |
[INFO] [stdout] 30 | struct FunSignature {
[INFO] [stdout]    |        ------------ fields in this struct
[INFO] [stdout] 31 |     hash: Hash,
[INFO] [stdout]    |     ^^^^
[INFO] [stdout] 32 |     path: ItemBuf,
[INFO] [stdout] 33 |     args: DebugArgs,
[INFO] [stdout]    |     ^^^^
[INFO] [stdout]    |
[INFO] [stdout]    = note: `FunSignature` has a derived impl for the trait `Debug`, but this is intentionally ignored during dead code analysis
[INFO] [stdout] 
[INFO] [stdout] 
[INFO] [stdout] warning: method `count_bot_models` is never used
[INFO] [stdout]    --> src/simulation/bot/registry.rs:195:19
[INFO] [stdout]     |
[INFO] [stdout] 36  | impl BotRegistry {
[INFO] [stdout]     | ---------------- method in this implementation
[INFO] [stdout] ...
[INFO] [stdout] 195 |     pub(crate) fn count_bot_models(&self) -> usize {
[INFO] [stdout]     |                   ^^^^^^^^^^^^^^^^
[INFO] [stdout] 
[INFO] [stdout] 
[INFO] [stdout] warning: unused import: `crate::communication::protobuf::grpc::controller_command::Target`
[INFO] [stdout]   --> src/controller/actor.rs:14:5
[INFO] [stdout]    |
[INFO] [stdout] 14 | use crate::communication::protobuf::grpc::controller_command::Target;
[INFO] [stdout]    |     ^^^^^^^^^^^^^^^^^^^^^^^^^^^^^^^^^^^^^^^^^^^^^^^^^^^^^^^^^^^^^^^^
[INFO] [stdout]    |
[INFO] [stdout]    = note: `#[warn(unused_imports)]` on by default
[INFO] [stdout] 
[INFO] [stdout] 
[INFO] [stdout] warning: unused imports: `AgentGroup`, `CommandItem`, `ControllerCommand`, and `MultiAgent`
[INFO] [stdout]   --> src/controller/actor.rs:16:5
[INFO] [stdout]    |
[INFO] [stdout] 16 |     AgentGroup, AgentUpdate, CommandItem, ControllerCommand, LaunchCommand, LoadSimCommand,
[INFO] [stdout]    |     ^^^^^^^^^^               ^^^^^^^^^^^  ^^^^^^^^^^^^^^^^^
[INFO] [stdout] 17 |     MultiAgent, StopCommand,
[INFO] [stdout]    |     ^^^^^^^^^^
[INFO] [stdout] 
[INFO] [stdout] 
[INFO] [stdout] warning: unused import: `SimulationDef`
[INFO] [stdout]   --> src/controller/actor.rs:21:44
[INFO] [stdout]    |
[INFO] [stdout] 21 | use crate::controller::model::simulation::{SimulationDef, SimulationState};
[INFO] [stdout]    |                                            ^^^^^^^^^^^^^
[INFO] [stdout] 
[INFO] [stdout] 
[INFO] [stdout] warning: unused import: `super::*`
[INFO] [stdout]    --> src/controller/actor.rs:264:9
[INFO] [stdout]     |
[INFO] [stdout] 264 |     use super::*;
[INFO] [stdout]     |         ^^^^^^^^
[INFO] [stdout] 
[INFO] [stdout] 
[INFO] [stdout] warning: unused import: `std::f64::consts::PI`
[INFO] [stdout]  --> src/simulation/actor/simulation.rs:3:5
[INFO] [stdout]   |
[INFO] [stdout] 3 | use std::f64::consts::PI;
[INFO] [stdout]   |     ^^^^^^^^^^^^^^^^^^^^
[INFO] [stdout] 
[INFO] [stdout] 
[INFO] [stdout] warning: unused imports: `Mul` and `Sub`
[INFO] [stdout]  --> src/simulation/actor/simulation.rs:4:16
[INFO] [stdout]   |
[INFO] [stdout] 4 | use std::ops::{Mul, Sub};
[INFO] [stdout]   |                ^^^  ^^^
[INFO] [stdout] 
[INFO] [stdout] 
[INFO] [stdout] warning: unused import: `actix::prelude::*`
[INFO] [stdout]   --> src/utils/actix/weak_context.rs:80:9
[INFO] [stdout]    |
[INFO] [stdout] 80 |     use actix::prelude::*;
[INFO] [stdout]    |         ^^^^^^^^^^^^^^^^^
[INFO] [stdout] 
[INFO] [stdout] 
[INFO] [stdout] warning: unused variable: `out`
[INFO] [stdout]    --> src/agent/builder.rs:241:13
[INFO] [stdout]     |
[INFO] [stdout] 241 |         let out = rt
[INFO] [stdout]     |             ^^^ help: if this is intentional, prefix it with an underscore: `_out`
[INFO] [stdout]     |
[INFO] [stdout]     = note: `#[warn(unused_variables)]` on by default
[INFO] [stdout] 
[INFO] [stdout] 
[INFO] [stdout] warning: unused variable: `cfg`
[INFO] [stdout]    --> src/agent/builder.rs:225:17
[INFO] [stdout]     |
[INFO] [stdout] 225 |                 cfg: Self::Config,
[INFO] [stdout]     |                 ^^^ help: if this is intentional, prefix it with an underscore: `_cfg`
[INFO] [stdout] 
[INFO] [stdout] 
[INFO] [stdout] warning: unused variable: `core_addr`
[INFO] [stdout]    --> src/agent/builder.rs:226:17
[INFO] [stdout]     |
[INFO] [stdout] 226 |                 core_addr: Addr<AgentCoreActor>,
[INFO] [stdout]     |                 ^^^^^^^^^ help: if this is intentional, prefix it with an underscore: `_core_addr`
[INFO] [stdout] 
[INFO] [stdout] 
[INFO] [stdout] warning: unused variable: `actor`
[INFO] [stdout]    --> src/utils/actix/weak_context.rs:104:13
[INFO] [stdout]     |
[INFO] [stdout] 104 |         let actor = TestActor(counter.clone()).start();
[INFO] [stdout]     |             ^^^^^ help: if this is intentional, prefix it with an underscore: `_actor`
[INFO] [stdout] 
[INFO] [stdout] 
[INFO] [stdout] warning: field `client` is never read
[INFO] [stdout]   --> src/communication/upstream/grpc.rs:24:5
[INFO] [stdout]    |
[INFO] [stdout] 23 | struct UpstreamConnection {
[INFO] [stdout]    |        ------------------ field in this struct
[INFO] [stdout] 24 |     client: HailstormServiceClient<Channel>,
[INFO] [stdout]    |     ^^^^^^
[INFO] [stdout]    |
[INFO] [stdout]    = note: `#[warn(dead_code)]` on by default
[INFO] [stdout] 
[INFO] [stdout] 
[INFO] [stdout] warning: struct `SimulationFacade` is never constructed
[INFO] [stdout]  --> src/simulation/facade/simulation.rs:7:12
[INFO] [stdout]   |
[INFO] [stdout] 7 | pub struct SimulationFacade {
[INFO] [stdout]   |            ^^^^^^^^^^^^^^^^
[INFO] [stdout]   |
[INFO] [stdout]   = note: `SimulationFacade` has a derived impl for the trait `Clone`, but this is intentionally ignored during dead code analysis
[INFO] [stdout] 
[INFO] [stdout] 
[INFO] [stdout] warning: associated items `new`, `change_bot_state`, and `invoke_handler` are never used
[INFO] [stdout]   --> src/simulation/facade/simulation.rs:13:12
[INFO] [stdout]    |
[INFO] [stdout] 12 | impl SimulationFacade {
[INFO] [stdout]    | --------------------- associated items in this implementation
[INFO] [stdout] 13 |     pub fn new<S>(actor: Addr<S>) -> Self
[INFO] [stdout]    |            ^^^
[INFO] [stdout] ...
[INFO] [stdout] 23 |     pub fn change_bot_state(
[INFO] [stdout]    |            ^^^^^^^^^^^^^^^^
[INFO] [stdout] ...
[INFO] [stdout] 32 |     pub fn invoke_handler(
[INFO] [stdout]    |            ^^^^^^^^^^^^^^
[INFO] [stdout] 
[INFO] [stdout] 
[INFO] [stdout] warning: variant `Stopping` is never constructed
[INFO] [stdout]    --> src/simulation/actor/simulation.rs:271:5
[INFO] [stdout]     |
[INFO] [stdout] 266 | pub(crate) enum SimulationState {
[INFO] [stdout]     |                 --------------- variant in this enum
[INFO] [stdout] ...
[INFO] [stdout] 271 |     Stopping,
[INFO] [stdout]     |     ^^^^^^^^
[INFO] [stdout] 
[INFO] [stdout] 
[INFO] [stdout] warning: field `simulation_id` is never read
[INFO] [stdout]    --> src/simulation/actor/simulation.rs:285:9
[INFO] [stdout]     |
[INFO] [stdout] 281 | pub(crate) struct SimulationStats {
[INFO] [stdout]     |                   --------------- field in this struct
[INFO] [stdout] ...
[INFO] [stdout] 285 |     pub simulation_id: String,
[INFO] [stdout]     |         ^^^^^^^^^^^^^
[INFO] [stdout] 
[INFO] [stdout] 
[INFO] [stdout] warning: fields `hash` and `args` are never read
[INFO] [stdout]   --> src/simulation/bot/registry.rs:31:5
[INFO] [stdout]    |
[INFO] [stdout] 30 | struct FunSignature {
[INFO] [stdout]    |        ------------ fields in this struct
[INFO] [stdout] 31 |     hash: Hash,
[INFO] [stdout]    |     ^^^^
[INFO] [stdout] 32 |     path: ItemBuf,
[INFO] [stdout] 33 |     args: DebugArgs,
[INFO] [stdout]    |     ^^^^
[INFO] [stdout]    |
[INFO] [stdout]    = note: `FunSignature` has a derived impl for the trait `Debug`, but this is intentionally ignored during dead code analysis
[INFO] [stdout] 
[INFO] [stdout] 
[INFO] [stderr]     Finished `test` profile [unoptimized + debuginfo] target(s) in 38.15s
[INFO] [stderr] warning: the following packages contain code that will be rejected by a future version of Rust: nom v1.2.4
[INFO] [stderr] note: to see what the problems were, use the option `--future-incompat-report`, or run `cargo report future-incompatibilities --id 1`
[INFO] running `Command { std: "docker" "inspect" "82ffab91b7f7df0a9444b625a6a16c975489e98e4fb98ce7f7062fbd5328a043", kill_on_drop: false }`
[INFO] running `Command { std: "docker" "rm" "-f" "82ffab91b7f7df0a9444b625a6a16c975489e98e4fb98ce7f7062fbd5328a043", kill_on_drop: false }`
[INFO] [stdout] 82ffab91b7f7df0a9444b625a6a16c975489e98e4fb98ce7f7062fbd5328a043
[INFO] running `Command { std: "docker" "create" "-v" "/var/lib/crater-agent-workspace/builds/worker-5-tc1/target:/opt/rustwide/target:rw,Z" "-v" "/var/lib/crater-agent-workspace/builds/worker-5-tc1/source:/opt/rustwide/workdir:ro,Z" "-v" "/var/lib/crater-agent-workspace/cargo-home:/opt/rustwide/cargo-home:ro,Z" "-v" "/var/lib/crater-agent-workspace/rustup-home:/opt/rustwide/rustup-home:ro,Z" "-e" "SOURCE_DIR=/opt/rustwide/workdir" "-e" "CARGO_TARGET_DIR=/opt/rustwide/target" "-e" "CARGO_INCREMENTAL=0" "-e" "RUST_BACKTRACE=full" "-e" "RUSTFLAGS=--cap-lints=forbid" "-e" "RUSTDOCFLAGS=--cap-lints=forbid" "-e" "CARGO_HOME=/opt/rustwide/cargo-home" "-e" "RUSTUP_HOME=/opt/rustwide/rustup-home" "-w" "/opt/rustwide/workdir" "-m" "1610612736" "--user" "0:0" "--network" "none" "ghcr.io/rust-lang/crates-build-env/linux@sha256:819108c5571ea2e421544af4d832f968d213c87fbe3707a016657f43d2f853bc" "/opt/rustwide/cargo-home/bin/cargo" "+nightly-2025-01-18" "test" "--frozen", kill_on_drop: false }`
[INFO] [stdout] fb72d3e1c7ba8dd484b6f51f386d657ac37f3702afa95abae94e581ffde1b17d
[INFO] running `Command { std: "docker" "start" "-a" "fb72d3e1c7ba8dd484b6f51f386d657ac37f3702afa95abae94e581ffde1b17d", kill_on_drop: false }`
[INFO] [stderr]    Compiling hailstorm v0.2.0 (/opt/rustwide/workdir)
[INFO] [stderr] warning: unused import: `crate::communication::protobuf::grpc::controller_command::Target`
[INFO] [stderr]   --> src/controller/actor.rs:14:5
[INFO] [stderr]    |
[INFO] [stderr] 14 | use crate::communication::protobuf::grpc::controller_command::Target;
[INFO] [stderr]    |     ^^^^^^^^^^^^^^^^^^^^^^^^^^^^^^^^^^^^^^^^^^^^^^^^^^^^^^^^^^^^^^^^
[INFO] [stderr]    |
[INFO] [stderr]    = note: `#[warn(unused_imports)]` on by default
[INFO] [stderr] 
[INFO] [stderr] warning: unused imports: `AgentGroup`, `CommandItem`, `ControllerCommand`, and `MultiAgent`
[INFO] [stderr]   --> src/controller/actor.rs:16:5
[INFO] [stderr]    |
[INFO] [stderr] 16 |     AgentGroup, AgentUpdate, CommandItem, ControllerCommand, LaunchCommand, LoadSimCommand,
[INFO] [stderr]    |     ^^^^^^^^^^               ^^^^^^^^^^^  ^^^^^^^^^^^^^^^^^
[INFO] [stderr] 17 |     MultiAgent, StopCommand,
[INFO] [stderr]    |     ^^^^^^^^^^
[INFO] [stderr] 
[INFO] [stderr] warning: unused import: `SimulationDef`
[INFO] [stderr]   --> src/controller/actor.rs:21:44
[INFO] [stderr]    |
[INFO] [stderr] 21 | use crate::controller::model::simulation::{SimulationDef, SimulationState};
[INFO] [stderr]    |                                            ^^^^^^^^^^^^^
[INFO] [stderr] 
[INFO] [stderr] warning: unused import: `std::f64::consts::PI`
[INFO] [stderr]  --> src/simulation/actor/simulation.rs:3:5
[INFO] [stderr]   |
[INFO] [stderr] 3 | use std::f64::consts::PI;
[INFO] [stderr]   |     ^^^^^^^^^^^^^^^^^^^^
[INFO] [stderr] 
[INFO] [stderr] warning: unused imports: `Mul` and `Sub`
[INFO] [stderr]  --> src/simulation/actor/simulation.rs:4:16
[INFO] [stderr]   |
[INFO] [stderr] 4 | use std::ops::{Mul, Sub};
[INFO] [stderr]   |                ^^^  ^^^
[INFO] [stderr] 
[INFO] [stderr] warning: unused import: `super::*`
[INFO] [stderr]    --> src/controller/actor.rs:264:9
[INFO] [stderr]     |
[INFO] [stderr] 264 |     use super::*;
[INFO] [stderr]     |         ^^^^^^^^
[INFO] [stderr] 
[INFO] [stderr] warning: unused import: `actix::prelude::*`
[INFO] [stderr]   --> src/utils/actix/weak_context.rs:80:9
[INFO] [stderr]    |
[INFO] [stderr] 80 |     use actix::prelude::*;
[INFO] [stderr]    |         ^^^^^^^^^^^^^^^^^
[INFO] [stderr] 
[INFO] [stderr] warning: unused variable: `out`
[INFO] [stderr]    --> src/agent/builder.rs:241:13
[INFO] [stderr]     |
[INFO] [stderr] 241 |         let out = rt
[INFO] [stderr]     |             ^^^ help: if this is intentional, prefix it with an underscore: `_out`
[INFO] [stderr]     |
[INFO] [stderr]     = note: `#[warn(unused_variables)]` on by default
[INFO] [stderr] 
[INFO] [stderr] warning: unused variable: `cfg`
[INFO] [stderr]    --> src/agent/builder.rs:225:17
[INFO] [stderr]     |
[INFO] [stderr] 225 |                 cfg: Self::Config,
[INFO] [stderr]     |                 ^^^ help: if this is intentional, prefix it with an underscore: `_cfg`
[INFO] [stderr] 
[INFO] [stderr] warning: unused variable: `core_addr`
[INFO] [stderr]    --> src/agent/builder.rs:226:17
[INFO] [stderr]     |
[INFO] [stderr] 226 |                 core_addr: Addr<AgentCoreActor>,
[INFO] [stderr]     |                 ^^^^^^^^^ help: if this is intentional, prefix it with an underscore: `_core_addr`
[INFO] [stderr] 
[INFO] [stderr] warning: field `client` is never read
[INFO] [stderr]   --> src/communication/upstream/grpc.rs:24:5
[INFO] [stderr]    |
[INFO] [stderr] 23 | struct UpstreamConnection {
[INFO] [stderr]    |        ------------------ field in this struct
[INFO] [stderr] 24 |     client: HailstormServiceClient<Channel>,
[INFO] [stderr]    |     ^^^^^^
[INFO] [stderr]    |
[INFO] [stderr]    = note: `#[warn(dead_code)]` on by default
[INFO] [stderr] 
[INFO] [stderr] warning: struct `SimulationFacade` is never constructed
[INFO] [stderr]  --> src/simulation/facade/simulation.rs:7:12
[INFO] [stderr]   |
[INFO] [stderr] 7 | pub struct SimulationFacade {
[INFO] [stderr]   |            ^^^^^^^^^^^^^^^^
[INFO] [stderr]   |
[INFO] [stderr]   = note: `SimulationFacade` has a derived impl for the trait `Clone`, but this is intentionally ignored during dead code analysis
[INFO] [stderr] 
[INFO] [stderr] warning: associated items `new`, `change_bot_state`, and `invoke_handler` are never used
[INFO] [stderr]   --> src/simulation/facade/simulation.rs:13:12
[INFO] [stderr]    |
[INFO] [stderr] 12 | impl SimulationFacade {
[INFO] [stderr]    | --------------------- associated items in this implementation
[INFO] [stderr] 13 |     pub fn new<S>(actor: Addr<S>) -> Self
[INFO] [stderr]    |            ^^^
[INFO] [stderr] ...
[INFO] [stderr] 23 |     pub fn change_bot_state(
[INFO] [stderr]    |            ^^^^^^^^^^^^^^^^
[INFO] [stderr] ...
[INFO] [stderr] 32 |     pub fn invoke_handler(
[INFO] [stderr]    |            ^^^^^^^^^^^^^^
[INFO] [stderr] 
[INFO] [stderr] warning: variant `Stopping` is never constructed
[INFO] [stderr]    --> src/simulation/actor/simulation.rs:271:5
[INFO] [stderr]     |
[INFO] [stderr] 266 | pub(crate) enum SimulationState {
[INFO] [stderr]     |                 --------------- variant in this enum
[INFO] [stderr] ...
[INFO] [stderr] 271 |     Stopping,
[INFO] [stderr]     |     ^^^^^^^^
[INFO] [stderr] 
[INFO] [stderr] warning: field `simulation_id` is never read
[INFO] [stderr]    --> src/simulation/actor/simulation.rs:285:9
[INFO] [stderr]     |
[INFO] [stderr] 281 | pub(crate) struct SimulationStats {
[INFO] [stderr]     |                   --------------- field in this struct
[INFO] [stderr] ...
[INFO] [stderr] 285 |     pub simulation_id: String,
[INFO] [stderr]     |         ^^^^^^^^^^^^^
[INFO] [stderr] 
[INFO] [stderr] warning: fields `hash` and `args` are never read
[INFO] [stderr]   --> src/simulation/bot/registry.rs:31:5
[INFO] [stderr]    |
[INFO] [stderr] 30 | struct FunSignature {
[INFO] [stderr]    |        ------------ fields in this struct
[INFO] [stderr] 31 |     hash: Hash,
[INFO] [stderr]    |     ^^^^
[INFO] [stderr] 32 |     path: ItemBuf,
[INFO] [stderr] 33 |     args: DebugArgs,
[INFO] [stderr]    |     ^^^^
[INFO] [stderr]    |
[INFO] [stderr]    = note: `FunSignature` has a derived impl for the trait `Debug`, but this is intentionally ignored during dead code analysis
[INFO] [stderr] 
[INFO] [stderr] warning: method `count_bot_models` is never used
[INFO] [stderr]    --> src/simulation/bot/registry.rs:195:19
[INFO] [stderr]     |
[INFO] [stderr] 36  | impl BotRegistry {
[INFO] [stderr]     | ---------------- method in this implementation
[INFO] [stderr] ...
[INFO] [stderr] 195 |     pub(crate) fn count_bot_models(&self) -> usize {
[INFO] [stderr]     |                   ^^^^^^^^^^^^^^^^
[INFO] [stderr] 
[INFO] [stderr] warning: unused variable: `actor`
[INFO] [stderr]    --> src/utils/actix/weak_context.rs:104:13
[INFO] [stderr]     |
[INFO] [stderr] 104 |         let actor = TestActor(counter.clone()).start();
[INFO] [stderr]     |             ^^^^^ help: if this is intentional, prefix it with an underscore: `_actor`
[INFO] [stderr] 
[INFO] [stderr] warning: `hailstorm` (lib) generated 12 warnings (run `cargo fix --lib -p hailstorm` to apply 5 suggestions)
[INFO] [stderr] warning: `hailstorm` (lib test) generated 17 warnings (11 duplicates) (run `cargo fix --lib -p hailstorm --tests` to apply 2 suggestions)
[INFO] [stderr]     Finished `test` profile [unoptimized + debuginfo] target(s) in 21.48s
[INFO] [stderr] warning: the following packages contain code that will be rejected by a future version of Rust: nom v1.2.4
[INFO] [stderr] note: to see what the problems were, use the option `--future-incompat-report`, or run `cargo report future-incompatibilities --id 1`
[INFO] [stderr]      Running unittests src/lib.rs (/opt/rustwide/target/debug/deps/hailstorm-cdafcac63c95ed99)
[INFO] [stdout] 
[INFO] [stdout] running 29 tests
[INFO] [stdout] test agent::metrics::storage::actor::test::test_compute_bucket_idx ... ok
[INFO] [stdout] test simulation::actor::simulation::test::test_shape_normalization ... ok
[INFO] [stdout] test simulation::compound_id::tests::test_from_internal_id_success ... ok
[INFO] [stdout] test simulation::bot::registry::test::test_build_bot_err ... ok
[INFO] [stdout] test simulation::compound_id::tests::test_internal_id_conversion ... ok
[INFO] [stdout] test agent::builder::test::launch_agent ... ok
[INFO] [stdout] test simulation::compound_id::tests::test_from_internal_id_bad_format ... ok
[INFO] [stdout] test simulation::bot::registry::test::test_build_bot ... ok
[INFO] [stdout] test simulation::bot::registry::test::test_build_bot_factory ... ok
[INFO] [stdout] test simulation::compound_id::tests::test_global_id_for_u32_agent_id ... ok
[INFO] [stdout] test simulation::rune::extension::storage::module::test::initialize_with_empty_initializer ... ok
[INFO] [stdout] test simulation::compound_id::tests::test_into_bytes ... ok
[INFO] [stdout] test simulation::bot::registry::test::test_load_valid_script ... ok
[INFO] [stdout] test simulation::compound_id::tests::test_new_compound_id ... ok
[INFO] [stdout] test utils::varint::test::test_varint_vec ... ok
[INFO] [stdout] test utils::varint::test::test_varint ... ok
[INFO] [stdout] test simulation::bot::registry::test::test_count_bot_models ... ok
[INFO] [stdout] test simulation::bot::registry::test::test_load_invalid_script ... ok
[INFO] [stdout] test simulation::bot::registry::test::test_load_valid_script_with_bot_registration_error ... ok
[INFO] [stdout] test simulation::shape::test::test_trapz_parse ... ok
[INFO] [stdout] test simulation::rune::extension::env::module::module_tests::module_exposes_read_function ... ok
[INFO] [stdout] test simulation::bot::registry::test::test_reset_script ... ok
[INFO] [stdout] something else
[INFO] [stdout] test simulation::bot::registry::test::test_model_names ... ok
[INFO] [stdout] test simulation::bot::registry::test::test_new_registry_creation ... ok
[INFO] [stdout] test simulation::rune::extension::storage::module::test::write_and_read_data_from_storage ... ok
[INFO] [stdout] test simulation::rune::extension::storage::module::test::retrieve_data_from_initialized_storage ... ok
[INFO] [stdout] test utils::actix::weak_context::tests::test_periodic_task_runs ... ok
[INFO] [stdout] test utils::actix::weak_context::tests::test_periodic_task_stops_after_actor_dropped ... ok
[INFO] [stdout] test agent::builder::test::launch_grpc_agent ... ok
[INFO] [stdout] 
[INFO] [stdout] test result: ok. 29 passed; 0 failed; 0 ignored; 0 measured; 0 filtered out; finished in 10.01s
[INFO] [stdout] 
[INFO] [stderr]    Doc-tests hailstorm
[INFO] [stdout] 
[INFO] [stdout] running 20 tests
[INFO] [stdout] test src/simulation/rune/extension/storage/initializer/mod.rs - simulation::rune::extension::storage::initializer::StorageInitializerRegistry::initial_values_for (line 35) ... ok
[INFO] [stdout] test src/simulation/compound_id.rs - simulation::compound_id::CompoundId<AgentId>::new (line 94) ... ok
[INFO] [stdout] test src/simulation/compound_id.rs - simulation::compound_id::CompoundId<AgentId>::bot_id (line 184) ... ok
[INFO] [stdout] test src/simulation/compound_id.rs - simulation::compound_id::CompoundId (line 30) ... ok
[INFO] [stdout] test src/simulation/compound_id.rs - simulation::compound_id::CompoundId (line 38) ... FAILED
[INFO] [stdout] test src/utils/actix/weak_context.rs - utils::actix::weak_context::WeakContext::run_interval_weak (line 39) ... ok
[INFO] [stdout] test src/simulation/compound_id.rs - simulation::compound_id::CompoundId<AgentId>::with_agent_id (line 210) ... FAILED
[INFO] [stdout] test src/simulation/compound_id.rs - simulation::compound_id::CompoundId (line 46) has been running for over 60 seconds
[INFO] [stdout] test src/simulation/compound_id.rs - simulation::compound_id::CompoundId<AgentId>::from_internal_id (line 127) has been running for over 60 seconds
[INFO] [stdout] test src/simulation/compound_id.rs - simulation::compound_id::CompoundId<AgentId>::internal_id (line 164) has been running for over 60 seconds
[INFO] [stdout] test src/simulation/compound_id.rs - simulation::compound_id::CompoundId<u32>::global_id (line 238) has been running for over 60 seconds
[INFO] [stdout] test src/simulation/compound_id.rs - simulation::compound_id::CompoundId<u32>::into_bytes (line 260) has been running for over 60 seconds
[INFO] [stdout] test src/simulation/rune/extension/env/module.rs - simulation::rune::extension::env::module::EnvModuleConf (line 17) has been running for over 60 seconds
[INFO] [stdout] test src/simulation/rune/extension/env/module.rs - simulation::rune::extension::env::module::EnvModuleConf (line 25) has been running for over 60 seconds
[INFO] [stdout] test src/simulation/rune/extension/env/module.rs - simulation::rune::extension::env::module::EnvModuleConf::with_prefix (line 48) has been running for over 60 seconds
[INFO] [stdout] test src/simulation/rune/extension/env/module.rs - simulation::rune::extension::env::module::module (line 89) has been running for over 60 seconds
[INFO] [stdout] test src/simulation/rune/extension/storage/module.rs - simulation::rune::extension::storage::module::StorageModuleArgs<I>::with_initializer (line 45) has been running for over 60 seconds
[INFO] [stdout] test src/simulation/rune/extension/storage/module.rs - simulation::rune::extension::storage::module::module (line 82) has been running for over 60 seconds
[INFO] [stdout] test src/simulation/shape.rs - simulation::shape::parse_shape_fun (line 35) has been running for over 60 seconds
[INFO] [stdout] test src/utils/actix/synchro_interval_func.rs - utils::actix::synchro_interval_func::SynchroIntervalFunc (line 18) has been running for over 60 seconds
[INFO] [stdout] test src/simulation/rune/extension/env/module.rs - simulation::rune::extension::env::module::module (line 89) ... FAILED
[INFO] [stdout] test src/simulation/rune/extension/env/module.rs - simulation::rune::extension::env::module::EnvModuleConf (line 25) ... ok
[INFO] [stdout] test src/simulation/rune/extension/env/module.rs - simulation::rune::extension::env::module::EnvModuleConf (line 17) ... ok
[INFO] [stdout] test src/simulation/compound_id.rs - simulation::compound_id::CompoundId<u32>::global_id (line 238) ... ok
[INFO] [stdout] test src/simulation/shape.rs - simulation::shape::parse_shape_fun (line 35) ... ok
[INFO] [stdout] test src/simulation/rune/extension/storage/module.rs - simulation::rune::extension::storage::module::module (line 82) ... ok
[INFO] [stdout] test src/utils/actix/synchro_interval_func.rs - utils::actix::synchro_interval_func::SynchroIntervalFunc (line 18) ... ok
[INFO] [stdout] test src/simulation/compound_id.rs - simulation::compound_id::CompoundId<AgentId>::internal_id (line 164) ... ok
[INFO] [stdout] test src/simulation/rune/extension/storage/module.rs - simulation::rune::extension::storage::module::StorageModuleArgs<I>::with_initializer (line 45) ... ok
[INFO] [stdout] test src/simulation/rune/extension/env/module.rs - simulation::rune::extension::env::module::EnvModuleConf::with_prefix (line 48) ... ok
[INFO] [stdout] test src/simulation/compound_id.rs - simulation::compound_id::CompoundId (line 46) ... ok
[INFO] [stdout] test src/simulation/compound_id.rs - simulation::compound_id::CompoundId<AgentId>::from_internal_id (line 127) ... ok
[INFO] [stdout] test src/simulation/compound_id.rs - simulation::compound_id::CompoundId<u32>::into_bytes (line 260) ... ok
[INFO] [stdout] 
[INFO] [stdout] failures:
[INFO] [stdout] 
[INFO] [stdout] ---- src/simulation/compound_id.rs - simulation::compound_id::CompoundId (line 38) stdout ----
[INFO] [stdout] error: linking with `cc` failed: exit status: 1
[INFO] [stdout]   |
[INFO] [stdout]   = note: LC_ALL="C" PATH="/opt/rustwide/rustup-home/toolchains/nightly-2025-01-18-x86_64-unknown-linux-gnu/lib/rustlib/x86_64-unknown-linux-gnu/bin:/opt/rustwide/rustup-home/toolchains/nightly-2025-01-18-x86_64-unknown-linux-gnu/lib/rustlib/x86_64-unknown-linux-gnu/bin/self-contained:/opt/rustwide/cargo-home/bin:/usr/local/sbin:/usr/local/bin:/usr/sbin:/usr/bin:/sbin:/bin" VSLANG="1033" "cc" "-m64" "/tmp/rustcvmaqxL/symbols.o" "<2 object files omitted>" "-Wl,--as-needed" "-Wl,-Bstatic" "/opt/rustwide/target/debug/deps/{libhailstorm-32d10c445e75f3c0.rlib,libcsv-cd765b225df3d10a.rlib,libcsv_core-fd1e44616b471c08.rlib,libprost_types-1b9ece62ee187ded.rlib,libdashmap-55e31c00eb22f642.rlib,libhashbrown-c66a0cd602652163.rlib,libmeval-a3add32dc7cc50e1.rlib,libnom-2f7d8c7f76a077cb.rlib,librune-4db9ac3545ac5a40.rlib,libitoa-a52fc10098ef56c6.rlib,libserde_bytes-03652463af1e0615.rlib,libryu-f8ba606093049f91.rlib,libanyhow-c985e57c0ac9efb6.rlib,liblinked_hash_map-40ad1551522f3eec.rlib,libhashbrown-c2c48affcbb56b91.rlib,libcodespan_reporting-95536f9d6a0ef0d8.rlib,libunicode_width-08b963676a6677c5.rlib,libtermcolor-96a9ed65821a6544.rlib,libtwox_hash-abd956d027f6f5f5.rlib,libstatic_assertions-d53a9977dc6e27e5.rlib,libnum-a9502b04a3c305a7.rlib,libnum_iter-bdbf22cb2c9d86e9.rlib,libnum_rational-673bf5250e217456.rlib,libnum_complex-0292f90a82e4f032.rlib,libnum_bigint-42daee1e45b18924.rlib,libnum_integer-22651c437908ab38.rlib,libnum_traits-988ede962efc7d41.rlib,libtime-5d4ca219b5149168.rlib,libtime_core-4e44e5dcd53c485d.rlib,libnum_conv-2c976fbf8b8f2899.rlib,libderanged-9df638cca9ea2119.rlib,libpowerfmt-a0c185df26c26a22.rlib,libringbuf-5f7b7b1899a1c241.rlib,libcache_padded-0a885a89f8b27352.rlib,liblazy_static-b3603208c0de2608.rlib,libthiserror-aefc1acd447aea22.rlib,libtonic-742841a5581a9a83.rlib,libaxum-d5bf367399706939.rlib,libmatchit-b2689776cf6e5db9.rlib,libbitflags-e2b4db6c651223da.rlib,libsync_wrapper-17f912c27eab8964.rlib,libaxum_core-39c987f1eb7d13cd.rlib,libmime-4b44681fdb2c65f7.rlib,libhyper_timeout-4d0a5d89cadce071.rlib,libtokio_io_timeout-646fd606a7bfc23f.rlib,libbase64-b5296a10b8334a2c.rlib,libpercent_encoding-9bee39bbc5bd523a.rlib,libtokio_stream-e3dfef65f920e2dd.rlib,libhyper-76369526916e128d.rlib,libwant-0f3c3ee377cad37f.rlib,libtry_lock-aabba5e3d97e6b57.rlib,libhttparse-1f171d883a977f5d.rlib,libh2-1f55b3a2efcc8bdb.rlib,libindexmap-7a34578bd52a8484.rlib,libequivalent-fdc46004df91ad08.rlib,libhashbrown-19954401a582c725.rlib,libhttpdate-9f9d2502c6a38412.rlib,libtower-61c06982d8fc712b.rlib,libindexmap-6e26c3f49bb58395.rlib,libhashbrown-f084a912c9244cc3.rlib,libahash-d15fac4fdc3d21f6.rlib,libtower_layer-d70c7e404336389b.rlib,libprost-d7630151de5b8bf8.rlib,libpin_project-2095184a7742d294.rlib,libtracing-a62ba2c24b0f7abc.rlib,libtracing_core-2af278500a3d05c2.rlib,libtower_service-0d7df29686b13872.rlib,libhttp_body-c86f6168dc5e7768.rlib,libhttp-6a89025946decf46.rlib,libitoa-d34da3363977f6fb.rlib,libfnv-2d77ec4f6f971b24.rlib,librand-ba30e94d3db08318.rlib,librand_chacha-d7c805bfc8afe529.rlib,libppv_lite86-85ade2ef47b48a9c.rlib,libzerocopy-2400486ad53a1dab.rlib,libbyteorder-1efcbe4f07366651.rlib,librand_core-d2a505f50779fb08.rlib,libgetrandom-0eb2837464292ad3.rlib,libfutures-007cae6f5efe746b.rlib,libfutures_executor-bb495ada7da4d398.rlib,libactix-ab12592bbb75599c.rlib,libcrossbeam_channel-9a7467e13fecad02.rlib,libcrossbeam_utils-fe393cbd49b066a4.rlib,libonce_cell-debe7c411cf97340.rlib,libtokio_util-6d8e99b2367013f4.rlib,libfutures_util-09349a9f44bb77cd.rlib,libmemchr-3ffe5f7a52883367.rlib,libfutures_io-3e19596c076de665.rlib,libslab-d2d6782c70f6d408.rlib,libfutures_channel-f26d4826b597103e.rlib,libfutures_sink-be8442ee548d90f9.rlib,libfutures_task-19b3aba2be9e7ae8.rlib,libpin_utils-9a5791cba021167a.rlib,libbitflags-0dbcd73e56b9cd85.rlib,liblog-8df7809bc4bc4dee.rlib,libactix_rt-826645be8baaa2b3.rlib,libtokio-01e2fdbb4708360e.rlib,libsignal_hook_registry-3cc9fd60c2bdc8b4.rlib,libsocket2-df6f17dbfe9497f6.rlib,libbytes-485c92da441bbc40.rlib,libmio-d6d51dd0359711c1.rlib,libparking_lot-e68ba843a4460544.rlib,libparking_lot_core-912df03220091e7e.rlib,liblibc-60646f2741300933.rlib,libcfg_if-33ef6c02a07f9fec.rlib,libsmallvec-2f637054ebfddcb7.rlib,libserde-b4cb89fd55702ca6.rlib,liblock_api-0fd539a479e0f355.rlib,libscopeguard-d52bd00767847e44.rlib,libpin_project_lite-bedc6e0acd72ff2a.rlib,libfutures_core-fc6bb1738f00fc87.rlib}" "/opt/rustwide/rustup-home/toolchains/nightly-2025-01-18-x86_64-unknown-linux-gnu/lib/rustlib/x86_64-unknown-linux-gnu/lib/{libstd-006123e2ce67e99d.rlib,libpanic_unwind-e1447e1efa6f1e57.rlib,libobject-f6963a4916fcf097.rlib,libmemchr-49a2d9af912f4524.rlib,libaddr2line-04d19aad3936869d.rlib,libgimli-483c235edb789db0.rlib,librustc_demangle-294281af50b8f748.rlib,libstd_detect-3b08295250aabc2a.rlib,libhashbrown-4472d1e05ba0dfaf.rlib,librustc_std_workspace_alloc-2ef099fac590e457.rlib,libminiz_oxide-8a51f5e848546c29.rlib,libadler2-3d3fa22b868db521.rlib,libunwind-0ffda8b08e22dbea.rlib,libcfg_if-b08f62458fdd43b9.rlib,liblibc-559675126e63b890.rlib,liballoc-fcf21c8d1c9c7b75.rlib,librustc_std_workspace_core-e0b0460135bcf21d.rlib,libcore-d4097fdcbddd3bc7.rlib,libcompiler_builtins-fea484ac1eed7881.rlib}" "-Wl,-Bdynamic" "-lgcc_s" "-lutil" "-lrt" "-lpthread" "-lm" "-ldl" "-lc" "-B/opt/rustwide/rustup-home/toolchains/nightly-2025-01-18-x86_64-unknown-linux-gnu/lib/rustlib/x86_64-unknown-linux-gnu/bin/gcc-ld" "-fuse-ld=lld" "-Wl,--eh-frame-hdr" "-Wl,-z,noexecstack" "-L" "/opt/rustwide/target/debug/build/ring-3dbf97449b8cf32f/out" "-L" "/opt/rustwide/rustup-home/toolchains/nightly-2025-01-18-x86_64-unknown-linux-gnu/lib/rustlib/x86_64-unknown-linux-gnu/lib" "-o" "/tmp/rustdoctestQ5Arz2/rust_out" "-Wl,--gc-sections" "-pie" "-Wl,-z,relro,-z,now" "-nodefaultlibs"
[INFO] [stdout]   = note: some arguments are omitted. use `--verbose` to show all linker arguments
[INFO] [stdout]   = note: collect2: fatal error: ld terminated with signal 9 [Killed]
[INFO] [stdout]           compilation terminated.
[INFO] [stdout]           
[INFO] [stdout] 
[INFO] [stdout] error: aborting due to 1 previous error
[INFO] [stdout] 
[INFO] [stdout] Couldn't compile the test.
[INFO] [stdout] ---- src/simulation/compound_id.rs - simulation::compound_id::CompoundId<AgentId>::with_agent_id (line 210) stdout ----
[INFO] [stdout] error: linking with `cc` failed: exit status: 1
[INFO] [stdout]   |
[INFO] [stdout]   = note: LC_ALL="C" PATH="/opt/rustwide/rustup-home/toolchains/nightly-2025-01-18-x86_64-unknown-linux-gnu/lib/rustlib/x86_64-unknown-linux-gnu/bin:/opt/rustwide/rustup-home/toolchains/nightly-2025-01-18-x86_64-unknown-linux-gnu/lib/rustlib/x86_64-unknown-linux-gnu/bin/self-contained:/opt/rustwide/cargo-home/bin:/usr/local/sbin:/usr/local/bin:/usr/sbin:/usr/bin:/sbin:/bin" VSLANG="1033" "cc" "-m64" "/tmp/rustcB2g0FT/symbols.o" "<2 object files omitted>" "-Wl,--as-needed" "-Wl,-Bstatic" "/opt/rustwide/target/debug/deps/{libhailstorm-32d10c445e75f3c0.rlib,libcsv-cd765b225df3d10a.rlib,libcsv_core-fd1e44616b471c08.rlib,libprost_types-1b9ece62ee187ded.rlib,libdashmap-55e31c00eb22f642.rlib,libhashbrown-c66a0cd602652163.rlib,libmeval-a3add32dc7cc50e1.rlib,libnom-2f7d8c7f76a077cb.rlib,librune-4db9ac3545ac5a40.rlib,libitoa-a52fc10098ef56c6.rlib,libserde_bytes-03652463af1e0615.rlib,libryu-f8ba606093049f91.rlib,libanyhow-c985e57c0ac9efb6.rlib,liblinked_hash_map-40ad1551522f3eec.rlib,libhashbrown-c2c48affcbb56b91.rlib,libcodespan_reporting-95536f9d6a0ef0d8.rlib,libunicode_width-08b963676a6677c5.rlib,libtermcolor-96a9ed65821a6544.rlib,libtwox_hash-abd956d027f6f5f5.rlib,libstatic_assertions-d53a9977dc6e27e5.rlib,libnum-a9502b04a3c305a7.rlib,libnum_iter-bdbf22cb2c9d86e9.rlib,libnum_rational-673bf5250e217456.rlib,libnum_complex-0292f90a82e4f032.rlib,libnum_bigint-42daee1e45b18924.rlib,libnum_integer-22651c437908ab38.rlib,libnum_traits-988ede962efc7d41.rlib,libtime-5d4ca219b5149168.rlib,libtime_core-4e44e5dcd53c485d.rlib,libnum_conv-2c976fbf8b8f2899.rlib,libderanged-9df638cca9ea2119.rlib,libpowerfmt-a0c185df26c26a22.rlib,libringbuf-5f7b7b1899a1c241.rlib,libcache_padded-0a885a89f8b27352.rlib,liblazy_static-b3603208c0de2608.rlib,libthiserror-aefc1acd447aea22.rlib,libtonic-742841a5581a9a83.rlib,libaxum-d5bf367399706939.rlib,libmatchit-b2689776cf6e5db9.rlib,libbitflags-e2b4db6c651223da.rlib,libsync_wrapper-17f912c27eab8964.rlib,libaxum_core-39c987f1eb7d13cd.rlib,libmime-4b44681fdb2c65f7.rlib,libhyper_timeout-4d0a5d89cadce071.rlib,libtokio_io_timeout-646fd606a7bfc23f.rlib,libbase64-b5296a10b8334a2c.rlib,libpercent_encoding-9bee39bbc5bd523a.rlib,libtokio_stream-e3dfef65f920e2dd.rlib,libhyper-76369526916e128d.rlib,libwant-0f3c3ee377cad37f.rlib,libtry_lock-aabba5e3d97e6b57.rlib,libhttparse-1f171d883a977f5d.rlib,libh2-1f55b3a2efcc8bdb.rlib,libindexmap-7a34578bd52a8484.rlib,libequivalent-fdc46004df91ad08.rlib,libhashbrown-19954401a582c725.rlib,libhttpdate-9f9d2502c6a38412.rlib,libtower-61c06982d8fc712b.rlib,libindexmap-6e26c3f49bb58395.rlib,libhashbrown-f084a912c9244cc3.rlib,libahash-d15fac4fdc3d21f6.rlib,libtower_layer-d70c7e404336389b.rlib,libprost-d7630151de5b8bf8.rlib,libpin_project-2095184a7742d294.rlib,libtracing-a62ba2c24b0f7abc.rlib,libtracing_core-2af278500a3d05c2.rlib,libtower_service-0d7df29686b13872.rlib,libhttp_body-c86f6168dc5e7768.rlib,libhttp-6a89025946decf46.rlib,libitoa-d34da3363977f6fb.rlib,libfnv-2d77ec4f6f971b24.rlib,librand-ba30e94d3db08318.rlib,librand_chacha-d7c805bfc8afe529.rlib,libppv_lite86-85ade2ef47b48a9c.rlib,libzerocopy-2400486ad53a1dab.rlib,libbyteorder-1efcbe4f07366651.rlib,librand_core-d2a505f50779fb08.rlib,libgetrandom-0eb2837464292ad3.rlib,libfutures-007cae6f5efe746b.rlib,libfutures_executor-bb495ada7da4d398.rlib,libactix-ab12592bbb75599c.rlib,libcrossbeam_channel-9a7467e13fecad02.rlib,libcrossbeam_utils-fe393cbd49b066a4.rlib,libonce_cell-debe7c411cf97340.rlib,libtokio_util-6d8e99b2367013f4.rlib,libfutures_util-09349a9f44bb77cd.rlib,libmemchr-3ffe5f7a52883367.rlib,libfutures_io-3e19596c076de665.rlib,libslab-d2d6782c70f6d408.rlib,libfutures_channel-f26d4826b597103e.rlib,libfutures_sink-be8442ee548d90f9.rlib,libfutures_task-19b3aba2be9e7ae8.rlib,libpin_utils-9a5791cba021167a.rlib,libbitflags-0dbcd73e56b9cd85.rlib,liblog-8df7809bc4bc4dee.rlib,libactix_rt-826645be8baaa2b3.rlib,libtokio-01e2fdbb4708360e.rlib,libsignal_hook_registry-3cc9fd60c2bdc8b4.rlib,libsocket2-df6f17dbfe9497f6.rlib,libbytes-485c92da441bbc40.rlib,libmio-d6d51dd0359711c1.rlib,libparking_lot-e68ba843a4460544.rlib,libparking_lot_core-912df03220091e7e.rlib,liblibc-60646f2741300933.rlib,libcfg_if-33ef6c02a07f9fec.rlib,libsmallvec-2f637054ebfddcb7.rlib,libserde-b4cb89fd55702ca6.rlib,liblock_api-0fd539a479e0f355.rlib,libscopeguard-d52bd00767847e44.rlib,libpin_project_lite-bedc6e0acd72ff2a.rlib,libfutures_core-fc6bb1738f00fc87.rlib}" "/opt/rustwide/rustup-home/toolchains/nightly-2025-01-18-x86_64-unknown-linux-gnu/lib/rustlib/x86_64-unknown-linux-gnu/lib/{libstd-006123e2ce67e99d.rlib,libpanic_unwind-e1447e1efa6f1e57.rlib,libobject-f6963a4916fcf097.rlib,libmemchr-49a2d9af912f4524.rlib,libaddr2line-04d19aad3936869d.rlib,libgimli-483c235edb789db0.rlib,librustc_demangle-294281af50b8f748.rlib,libstd_detect-3b08295250aabc2a.rlib,libhashbrown-4472d1e05ba0dfaf.rlib,librustc_std_workspace_alloc-2ef099fac590e457.rlib,libminiz_oxide-8a51f5e848546c29.rlib,libadler2-3d3fa22b868db521.rlib,libunwind-0ffda8b08e22dbea.rlib,libcfg_if-b08f62458fdd43b9.rlib,liblibc-559675126e63b890.rlib,liballoc-fcf21c8d1c9c7b75.rlib,librustc_std_workspace_core-e0b0460135bcf21d.rlib,libcore-d4097fdcbddd3bc7.rlib,libcompiler_builtins-fea484ac1eed7881.rlib}" "-Wl,-Bdynamic" "-lgcc_s" "-lutil" "-lrt" "-lpthread" "-lm" "-ldl" "-lc" "-B/opt/rustwide/rustup-home/toolchains/nightly-2025-01-18-x86_64-unknown-linux-gnu/lib/rustlib/x86_64-unknown-linux-gnu/bin/gcc-ld" "-fuse-ld=lld" "-Wl,--eh-frame-hdr" "-Wl,-z,noexecstack" "-L" "/opt/rustwide/target/debug/build/ring-3dbf97449b8cf32f/out" "-L" "/opt/rustwide/rustup-home/toolchains/nightly-2025-01-18-x86_64-unknown-linux-gnu/lib/rustlib/x86_64-unknown-linux-gnu/lib" "-o" "/tmp/rustdoctest8ELIEU/rust_out" "-Wl,--gc-sections" "-pie" "-Wl,-z,relro,-z,now" "-nodefaultlibs"
[INFO] [stdout]   = note: some arguments are omitted. use `--verbose` to show all linker arguments
[INFO] [stdout]   = note: collect2: fatal error: ld terminated with signal 9 [Killed]
[INFO] [stdout]           compilation terminated.
[INFO] [stdout]           
[INFO] [stdout] 
[INFO] [stdout] error: aborting due to 1 previous error
[INFO] [stdout] 
[INFO] [stdout] Couldn't compile the test.
[INFO] [stdout] ---- src/simulation/rune/extension/env/module.rs - simulation::rune::extension::env::module::module (line 89) stdout ----
[INFO] [stdout] error: linking with `cc` failed: exit status: 1
[INFO] [stdout]   |
[INFO] [stdout]   = note: LC_ALL="C" PATH="/opt/rustwide/rustup-home/toolchains/nightly-2025-01-18-x86_64-unknown-linux-gnu/lib/rustlib/x86_64-unknown-linux-gnu/bin:/opt/rustwide/rustup-home/toolchains/nightly-2025-01-18-x86_64-unknown-linux-gnu/lib/rustlib/x86_64-unknown-linux-gnu/bin/self-contained:/opt/rustwide/cargo-home/bin:/usr/local/sbin:/usr/local/bin:/usr/sbin:/usr/bin:/sbin:/bin" VSLANG="1033" "cc" "-m64" "/tmp/rustctCq6on/symbols.o" "<2 object files omitted>" "-Wl,--as-needed" "-Wl,-Bstatic" "/opt/rustwide/target/debug/deps/{libhailstorm-32d10c445e75f3c0.rlib,libcsv-cd765b225df3d10a.rlib,libcsv_core-fd1e44616b471c08.rlib,libprost_types-1b9ece62ee187ded.rlib,libdashmap-55e31c00eb22f642.rlib,libhashbrown-c66a0cd602652163.rlib,libmeval-a3add32dc7cc50e1.rlib,libnom-2f7d8c7f76a077cb.rlib,librune-4db9ac3545ac5a40.rlib,libitoa-a52fc10098ef56c6.rlib,libserde_bytes-03652463af1e0615.rlib,libryu-f8ba606093049f91.rlib,libanyhow-c985e57c0ac9efb6.rlib,liblinked_hash_map-40ad1551522f3eec.rlib,libhashbrown-c2c48affcbb56b91.rlib,libcodespan_reporting-95536f9d6a0ef0d8.rlib,libunicode_width-08b963676a6677c5.rlib,libtermcolor-96a9ed65821a6544.rlib,libtwox_hash-abd956d027f6f5f5.rlib,libstatic_assertions-d53a9977dc6e27e5.rlib,libnum-a9502b04a3c305a7.rlib,libnum_iter-bdbf22cb2c9d86e9.rlib,libnum_rational-673bf5250e217456.rlib,libnum_complex-0292f90a82e4f032.rlib,libnum_bigint-42daee1e45b18924.rlib,libnum_integer-22651c437908ab38.rlib,libnum_traits-988ede962efc7d41.rlib,libtime-5d4ca219b5149168.rlib,libtime_core-4e44e5dcd53c485d.rlib,libnum_conv-2c976fbf8b8f2899.rlib,libderanged-9df638cca9ea2119.rlib,libpowerfmt-a0c185df26c26a22.rlib,libringbuf-5f7b7b1899a1c241.rlib,libcache_padded-0a885a89f8b27352.rlib,liblazy_static-b3603208c0de2608.rlib,libthiserror-aefc1acd447aea22.rlib,libtonic-742841a5581a9a83.rlib,libaxum-d5bf367399706939.rlib,libmatchit-b2689776cf6e5db9.rlib,libbitflags-e2b4db6c651223da.rlib,libsync_wrapper-17f912c27eab8964.rlib,libaxum_core-39c987f1eb7d13cd.rlib,libmime-4b44681fdb2c65f7.rlib,libhyper_timeout-4d0a5d89cadce071.rlib,libtokio_io_timeout-646fd606a7bfc23f.rlib,libbase64-b5296a10b8334a2c.rlib,libpercent_encoding-9bee39bbc5bd523a.rlib,libtokio_stream-e3dfef65f920e2dd.rlib,libhyper-76369526916e128d.rlib,libwant-0f3c3ee377cad37f.rlib,libtry_lock-aabba5e3d97e6b57.rlib,libhttparse-1f171d883a977f5d.rlib,libh2-1f55b3a2efcc8bdb.rlib,libindexmap-7a34578bd52a8484.rlib,libequivalent-fdc46004df91ad08.rlib,libhashbrown-19954401a582c725.rlib,libhttpdate-9f9d2502c6a38412.rlib,libtower-61c06982d8fc712b.rlib,libindexmap-6e26c3f49bb58395.rlib,libhashbrown-f084a912c9244cc3.rlib,libahash-d15fac4fdc3d21f6.rlib,libtower_layer-d70c7e404336389b.rlib,libprost-d7630151de5b8bf8.rlib,libpin_project-2095184a7742d294.rlib,libtracing-a62ba2c24b0f7abc.rlib,libtracing_core-2af278500a3d05c2.rlib,libtower_service-0d7df29686b13872.rlib,libhttp_body-c86f6168dc5e7768.rlib,libhttp-6a89025946decf46.rlib,libitoa-d34da3363977f6fb.rlib,libfnv-2d77ec4f6f971b24.rlib,librand-ba30e94d3db08318.rlib,librand_chacha-d7c805bfc8afe529.rlib,libppv_lite86-85ade2ef47b48a9c.rlib,libzerocopy-2400486ad53a1dab.rlib,libbyteorder-1efcbe4f07366651.rlib,librand_core-d2a505f50779fb08.rlib,libgetrandom-0eb2837464292ad3.rlib,libfutures-007cae6f5efe746b.rlib,libfutures_executor-bb495ada7da4d398.rlib,libactix-ab12592bbb75599c.rlib,libcrossbeam_channel-9a7467e13fecad02.rlib,libcrossbeam_utils-fe393cbd49b066a4.rlib,libonce_cell-debe7c411cf97340.rlib,libtokio_util-6d8e99b2367013f4.rlib,libfutures_util-09349a9f44bb77cd.rlib,libmemchr-3ffe5f7a52883367.rlib,libfutures_io-3e19596c076de665.rlib,libslab-d2d6782c70f6d408.rlib,libfutures_channel-f26d4826b597103e.rlib,libfutures_sink-be8442ee548d90f9.rlib,libfutures_task-19b3aba2be9e7ae8.rlib,libpin_utils-9a5791cba021167a.rlib,libbitflags-0dbcd73e56b9cd85.rlib,liblog-8df7809bc4bc4dee.rlib,libactix_rt-826645be8baaa2b3.rlib,libtokio-01e2fdbb4708360e.rlib,libsignal_hook_registry-3cc9fd60c2bdc8b4.rlib,libsocket2-df6f17dbfe9497f6.rlib,libbytes-485c92da441bbc40.rlib,libmio-d6d51dd0359711c1.rlib,libparking_lot-e68ba843a4460544.rlib,libparking_lot_core-912df03220091e7e.rlib,liblibc-60646f2741300933.rlib,libcfg_if-33ef6c02a07f9fec.rlib,libsmallvec-2f637054ebfddcb7.rlib,libserde-b4cb89fd55702ca6.rlib,liblock_api-0fd539a479e0f355.rlib,libscopeguard-d52bd00767847e44.rlib,libpin_project_lite-bedc6e0acd72ff2a.rlib,libfutures_core-fc6bb1738f00fc87.rlib}" "/opt/rustwide/rustup-home/toolchains/nightly-2025-01-18-x86_64-unknown-linux-gnu/lib/rustlib/x86_64-unknown-linux-gnu/lib/{libstd-006123e2ce67e99d.rlib,libpanic_unwind-e1447e1efa6f1e57.rlib,libobject-f6963a4916fcf097.rlib,libmemchr-49a2d9af912f4524.rlib,libaddr2line-04d19aad3936869d.rlib,libgimli-483c235edb789db0.rlib,librustc_demangle-294281af50b8f748.rlib,libstd_detect-3b08295250aabc2a.rlib,libhashbrown-4472d1e05ba0dfaf.rlib,librustc_std_workspace_alloc-2ef099fac590e457.rlib,libminiz_oxide-8a51f5e848546c29.rlib,libadler2-3d3fa22b868db521.rlib,libunwind-0ffda8b08e22dbea.rlib,libcfg_if-b08f62458fdd43b9.rlib,liblibc-559675126e63b890.rlib,liballoc-fcf21c8d1c9c7b75.rlib,librustc_std_workspace_core-e0b0460135bcf21d.rlib,libcore-d4097fdcbddd3bc7.rlib,libcompiler_builtins-fea484ac1eed7881.rlib}" "-Wl,-Bdynamic" "-lgcc_s" "-lutil" "-lrt" "-lpthread" "-lm" "-ldl" "-lc" "-B/opt/rustwide/rustup-home/toolchains/nightly-2025-01-18-x86_64-unknown-linux-gnu/lib/rustlib/x86_64-unknown-linux-gnu/bin/gcc-ld" "-fuse-ld=lld" "-Wl,--eh-frame-hdr" "-Wl,-z,noexecstack" "-L" "/opt/rustwide/target/debug/build/ring-3dbf97449b8cf32f/out" "-L" "/opt/rustwide/rustup-home/toolchains/nightly-2025-01-18-x86_64-unknown-linux-gnu/lib/rustlib/x86_64-unknown-linux-gnu/lib" "-o" "/tmp/rustdoctestw2XmaL/rust_out" "-Wl,--gc-sections" "-pie" "-Wl,-z,relro,-z,now" "-nodefaultlibs"
[INFO] [stdout]   = note: some arguments are omitted. use `--verbose` to show all linker arguments
[INFO] [stdout]   = note: collect2: fatal error: ld terminated with signal 9 [Killed]
[INFO] [stdout]           compilation terminated.
[INFO] [stdout]           
[INFO] [stdout] 
[INFO] [stdout] error: aborting due to 1 previous error
[INFO] [stdout] 
[INFO] [stdout] Couldn't compile the test.
[INFO] [stdout] 
[INFO] [stdout] failures:
[INFO] [stdout]     src/simulation/compound_id.rs - simulation::compound_id::CompoundId (line 38)
[INFO] [stdout]     src/simulation/compound_id.rs - simulation::compound_id::CompoundId<AgentId>::with_agent_id (line 210)
[INFO] [stdout]     src/simulation/rune/extension/env/module.rs - simulation::rune::extension::env::module::module (line 89)
[INFO] [stdout] 
[INFO] [stdout] test result: FAILED. 17 passed; 3 failed; 0 ignored; 0 measured; 0 filtered out; finished in 78.75s
[INFO] [stdout] 
[INFO] [stderr] error: doctest failed, to rerun pass `--doc`
[INFO] running `Command { std: "docker" "inspect" "fb72d3e1c7ba8dd484b6f51f386d657ac37f3702afa95abae94e581ffde1b17d", kill_on_drop: false }`
[INFO] running `Command { std: "docker" "rm" "-f" "fb72d3e1c7ba8dd484b6f51f386d657ac37f3702afa95abae94e581ffde1b17d", kill_on_drop: false }`
[INFO] [stdout] fb72d3e1c7ba8dd484b6f51f386d657ac37f3702afa95abae94e581ffde1b17d
