[INFO] cloning repository https://github.com/dfinder/rust_gb
[INFO] running `Command { std: "git" "-c" "credential.helper=" "-c" "credential.helper=/workspace/cargo-home/bin/git-credential-null" "clone" "--bare" "https://github.com/dfinder/rust_gb" "/workspace/cache/git-repos/https%3A%2F%2Fgithub.com%2Fdfinder%2Frust_gb", kill_on_drop: false }`
[INFO] [stderr] Cloning into bare repository '/workspace/cache/git-repos/https%3A%2F%2Fgithub.com%2Fdfinder%2Frust_gb'...
[INFO] running `Command { std: "git" "rev-parse" "HEAD", kill_on_drop: false }`
[INFO] [stdout] 4fedb2d7d73a42bf12e80dc0cddc7d049716ead5
[INFO] testing dfinder/rust_gb against nightly-2025-01-18 for randomize-layout-2
[INFO] running `Command { std: "git" "clone" "/workspace/cache/git-repos/https%3A%2F%2Fgithub.com%2Fdfinder%2Frust_gb" "/workspace/builds/worker-6-tc1/source", kill_on_drop: false }`
[INFO] [stderr] Cloning into '/workspace/builds/worker-6-tc1/source'...
[INFO] [stderr] done.
[INFO] validating manifest of git repo https://github.com/dfinder/rust_gb on toolchain nightly-2025-01-18
[INFO] running `Command { std: CARGO_HOME="/workspace/cargo-home" RUSTUP_HOME="/workspace/rustup-home" "/workspace/cargo-home/bin/cargo" "+nightly-2025-01-18" "metadata" "--manifest-path" "Cargo.toml" "--no-deps", kill_on_drop: false }`
[INFO] started tweaking git repo https://github.com/dfinder/rust_gb
[INFO] finished tweaking git repo https://github.com/dfinder/rust_gb
[INFO] tweaked toml for git repo https://github.com/dfinder/rust_gb written to /workspace/builds/worker-6-tc1/source/Cargo.toml
[INFO] crate git repo https://github.com/dfinder/rust_gb already has a lockfile, it will not be regenerated
[INFO] running `Command { std: CARGO_HOME="/workspace/cargo-home" RUSTUP_HOME="/workspace/rustup-home" "/workspace/cargo-home/bin/cargo" "+nightly-2025-01-18" "fetch" "--manifest-path" "Cargo.toml", kill_on_drop: false }`
[INFO] [stderr]     Updating crates.io index
[INFO] [stderr]  Downloading crates ...
[INFO] [stderr]   Downloaded imagine v0.0.5
[INFO] running `Command { std: "docker" "create" "-v" "/var/lib/crater-agent-workspace/builds/worker-6-tc1/target:/opt/rustwide/target:rw,Z" "-v" "/var/lib/crater-agent-workspace/builds/worker-6-tc1/source:/opt/rustwide/workdir:ro,Z" "-v" "/var/lib/crater-agent-workspace/cargo-home:/opt/rustwide/cargo-home:ro,Z" "-v" "/var/lib/crater-agent-workspace/rustup-home:/opt/rustwide/rustup-home:ro,Z" "-e" "SOURCE_DIR=/opt/rustwide/workdir" "-e" "CARGO_TARGET_DIR=/opt/rustwide/target" "-e" "CARGO_HOME=/opt/rustwide/cargo-home" "-e" "RUSTUP_HOME=/opt/rustwide/rustup-home" "-w" "/opt/rustwide/workdir" "-m" "1610612736" "--user" "0:0" "--network" "none" "ghcr.io/rust-lang/crates-build-env/linux@sha256:819108c5571ea2e421544af4d832f968d213c87fbe3707a016657f43d2f853bc" "/opt/rustwide/cargo-home/bin/cargo" "+nightly-2025-01-18" "metadata" "--no-deps" "--format-version=1", kill_on_drop: false }`
[INFO] [stdout] 0ba779090a7c109afa11e92a8b961e39e02b95146f1a45df857ea7acbe9d9c51
[INFO] running `Command { std: "docker" "start" "-a" "0ba779090a7c109afa11e92a8b961e39e02b95146f1a45df857ea7acbe9d9c51", kill_on_drop: false }`
[INFO] running `Command { std: "docker" "inspect" "0ba779090a7c109afa11e92a8b961e39e02b95146f1a45df857ea7acbe9d9c51", kill_on_drop: false }`
[INFO] running `Command { std: "docker" "rm" "-f" "0ba779090a7c109afa11e92a8b961e39e02b95146f1a45df857ea7acbe9d9c51", kill_on_drop: false }`
[INFO] [stdout] 0ba779090a7c109afa11e92a8b961e39e02b95146f1a45df857ea7acbe9d9c51
[INFO] running `Command { std: "docker" "create" "-v" "/var/lib/crater-agent-workspace/builds/worker-6-tc1/target:/opt/rustwide/target:rw,Z" "-v" "/var/lib/crater-agent-workspace/builds/worker-6-tc1/source:/opt/rustwide/workdir:ro,Z" "-v" "/var/lib/crater-agent-workspace/cargo-home:/opt/rustwide/cargo-home:ro,Z" "-v" "/var/lib/crater-agent-workspace/rustup-home:/opt/rustwide/rustup-home:ro,Z" "-e" "SOURCE_DIR=/opt/rustwide/workdir" "-e" "CARGO_TARGET_DIR=/opt/rustwide/target" "-e" "CARGO_INCREMENTAL=0" "-e" "RUST_BACKTRACE=full" "-e" "RUSTFLAGS=--cap-lints=forbid" "-e" "RUSTDOCFLAGS=--cap-lints=forbid" "-e" "CARGO_HOME=/opt/rustwide/cargo-home" "-e" "RUSTUP_HOME=/opt/rustwide/rustup-home" "-w" "/opt/rustwide/workdir" "-m" "1610612736" "--user" "0:0" "--network" "none" "ghcr.io/rust-lang/crates-build-env/linux@sha256:819108c5571ea2e421544af4d832f968d213c87fbe3707a016657f43d2f853bc" "/opt/rustwide/cargo-home/bin/cargo" "+nightly-2025-01-18" "build" "--frozen" "--message-format=json", kill_on_drop: false }`
[INFO] [stdout] dadafcb96977a5696c6f83f8cd68beda88460f47940b4c8596750e0276d84918
[INFO] running `Command { std: "docker" "start" "-a" "dadafcb96977a5696c6f83f8cd68beda88460f47940b4c8596750e0276d84918", kill_on_drop: false }`
[INFO] [stderr]    Compiling memchr v2.7.4
[INFO] [stderr]    Compiling libc v0.2.155
[INFO] [stderr]    Compiling regex-syntax v0.8.5
[INFO] [stderr]    Compiling cfg-if v1.0.0
[INFO] [stderr]    Compiling version-compare v0.1.1
[INFO] [stderr]    Compiling utf8parse v0.2.2
[INFO] [stderr]    Compiling log v0.4.22
[INFO] [stderr]    Compiling anstyle v1.0.10
[INFO] [stderr]    Compiling anstyle-query v1.1.2
[INFO] [stderr]    Compiling is_terminal_polyfill v1.70.1
[INFO] [stderr]    Compiling colorchoice v1.0.3
[INFO] [stderr]    Compiling humantime v2.1.0
[INFO] [stderr]    Compiling sdl2 v0.37.0
[INFO] [stderr]    Compiling bitflags v1.3.2
[INFO] [stderr]    Compiling colored v2.2.0
[INFO] [stderr]    Compiling anstyle-parse v0.2.6
[INFO] [stderr]    Compiling anstream v0.6.18
[INFO] [stderr]    Compiling sdl2-sys v0.37.0
[INFO] [stderr]    Compiling aho-corasick v1.1.3
[INFO] [stderr]    Compiling thread-id v3.3.0
[INFO] [stderr]    Compiling simple-logging v2.0.2
[INFO] [stderr]    Compiling regex-automata v0.4.9
[INFO] [stderr]    Compiling regex v1.11.1
[INFO] [stderr]    Compiling env_filter v0.1.3
[INFO] [stderr]    Compiling env_logger v0.11.6
[INFO] [stderr]    Compiling colog v1.3.0
[INFO] [stderr]    Compiling rust_gb v0.1.0 (/opt/rustwide/workdir)
[INFO] [stdout] warning: unnecessary parentheses around index expression
[INFO] [stdout]   --> src/memory/mod.rs:93:54
[INFO] [stdout]    |
[INFO] [stdout] 93 |                     0xFF80..=0xFFFE => self.high_ram[(addr - 0xFF80)],
[INFO] [stdout]    |                                                      ^             ^
[INFO] [stdout]    |
[INFO] [stdout]    = note: `#[warn(unused_parens)]` on by default
[INFO] [stdout] help: remove these parentheses
[INFO] [stdout]    |
[INFO] [stdout] 93 -                     0xFF80..=0xFFFE => self.high_ram[(addr - 0xFF80)],
[INFO] [stdout] 93 +                     0xFF80..=0xFFFE => self.high_ram[addr - 0xFF80],
[INFO] [stdout]    |
[INFO] [stdout] 
[INFO] [stdout] 
[INFO] [stdout] warning: unused import: `debug`
[INFO] [stdout]   --> src/screen/mod.rs:10:15
[INFO] [stdout]    |
[INFO] [stdout] 10 |     use log::{debug, info};
[INFO] [stdout]    |               ^^^^^
[INFO] [stdout]    |
[INFO] [stdout]    = note: `#[warn(unused_imports)]` on by default
[INFO] [stdout] 
[INFO] [stdout] 
[INFO] [stdout] warning: unused variable: `tile_data_lookup`
[INFO] [stdout]    --> src/screen/mod.rs:223:21
[INFO] [stdout]     |
[INFO] [stdout] 223 |                 let tile_data_lookup = |x: u8| {
[INFO] [stdout]     |                     ^^^^^^^^^^^^^^^^ help: if this is intentional, prefix it with an underscore: `_tile_data_lookup`
[INFO] [stdout]     |
[INFO] [stdout]     = note: `#[warn(unused_variables)]` on by default
[INFO] [stdout] 
[INFO] [stdout] 
[INFO] [stdout] warning: unused variable: `window_tile_map`
[INFO] [stdout]    --> src/screen/mod.rs:231:25
[INFO] [stdout]     |
[INFO] [stdout] 231 |                     let window_tile_map = match self.vc.lcdc >> 5 % 2 == 0 {
[INFO] [stdout]     |                         ^^^^^^^^^^^^^^^ help: if this is intentional, prefix it with an underscore: `_window_tile_map`
[INFO] [stdout] 
[INFO] [stdout] 
[INFO] [stdout] warning: unused variable: `bg_tile_map`
[INFO] [stdout]    --> src/screen/mod.rs:246:21
[INFO] [stdout]     |
[INFO] [stdout] 246 |                 let bg_tile_map = match self.vc.lcdc >> 3 % 2 == 0 {
[INFO] [stdout]     |                     ^^^^^^^^^^^ help: if this is intentional, prefix it with an underscore: `_bg_tile_map`
[INFO] [stdout] 
[INFO] [stdout] 
[INFO] [stdout] warning: variable does not need to be mutable
[INFO] [stdout]    --> src/screen/mod.rs:214:17
[INFO] [stdout]     |
[INFO] [stdout] 214 |             let mut background: [GBColor; 256] = [GBColor::Transparent; 256]; //A leaner system, I think
[INFO] [stdout]     |                 ----^^^^^^^^^^
[INFO] [stdout]     |                 |
[INFO] [stdout]     |                 help: remove this `mut`
[INFO] [stdout]     |
[INFO] [stdout]     = note: `#[warn(unused_mut)]` on by default
[INFO] [stdout] 
[INFO] [stdout] 
[INFO] [stdout] warning: variable does not need to be mutable
[INFO] [stdout]    --> src/screen/mod.rs:215:17
[INFO] [stdout]     |
[INFO] [stdout] 215 |             let mut window: [GBColor; 256] = [GBColor::Transparent; 256];
[INFO] [stdout]     |                 ----^^^^^^
[INFO] [stdout]     |                 |
[INFO] [stdout]     |                 help: remove this `mut`
[INFO] [stdout] 
[INFO] [stdout] 
[INFO] [stdout] warning: field `v_key` is never read
[INFO] [stdout]   --> src/joypad/mod.rs:24:9
[INFO] [stdout]    |
[INFO] [stdout] 23 |     struct KeyWrapper {
[INFO] [stdout]    |            ---------- field in this struct
[INFO] [stdout] 24 |         v_key: GBKey,
[INFO] [stdout]    |         ^^^^^
[INFO] [stdout]    |
[INFO] [stdout]    = note: `KeyWrapper` has derived impls for the traits `Debug` and `Clone`, but these are intentionally ignored during dead code analysis
[INFO] [stdout]    = note: `#[warn(dead_code)]` on by default
[INFO] [stdout] 
[INFO] [stdout] 
[INFO] [stdout] warning: field `queue` is never read
[INFO] [stdout]    --> src/audio/mod.rs:207:9
[INFO] [stdout]     |
[INFO] [stdout] 201 |     pub struct SquareWave {
[INFO] [stdout]     |                ---------- field in this struct
[INFO] [stdout] ...
[INFO] [stdout] 207 |         queue: AudioQueue<u8>
[INFO] [stdout]     |         ^^^^^
[INFO] [stdout] 
[INFO] [stdout] 
[INFO] [stdout] warning: field `queue` is never read
[INFO] [stdout]    --> src/audio/mod.rs:254:9
[INFO] [stdout]     |
[INFO] [stdout] 247 |     pub struct Wave {
[INFO] [stdout]     |                ---- field in this struct
[INFO] [stdout] ...
[INFO] [stdout] 254 |         queue: AudioQueue<u8>
[INFO] [stdout]     |         ^^^^^
[INFO] [stdout] 
[INFO] [stdout] 
[INFO] [stdout] warning: field `queue` is never read
[INFO] [stdout]    --> src/audio/mod.rs:304:9
[INFO] [stdout]     |
[INFO] [stdout] 299 |     pub struct Noise {
[INFO] [stdout]     |                ----- field in this struct
[INFO] [stdout] ...
[INFO] [stdout] 304 |         queue: AudioQueue<u8>
[INFO] [stdout]     |         ^^^^^
[INFO] [stdout] 
[INFO] [stdout] 
[INFO] [stderr]     Finished `dev` profile [unoptimized + debuginfo] target(s) in 8.64s
[INFO] running `Command { std: "docker" "inspect" "dadafcb96977a5696c6f83f8cd68beda88460f47940b4c8596750e0276d84918", kill_on_drop: false }`
[INFO] running `Command { std: "docker" "rm" "-f" "dadafcb96977a5696c6f83f8cd68beda88460f47940b4c8596750e0276d84918", kill_on_drop: false }`
[INFO] [stdout] dadafcb96977a5696c6f83f8cd68beda88460f47940b4c8596750e0276d84918
[INFO] running `Command { std: "docker" "create" "-v" "/var/lib/crater-agent-workspace/builds/worker-6-tc1/target:/opt/rustwide/target:rw,Z" "-v" "/var/lib/crater-agent-workspace/builds/worker-6-tc1/source:/opt/rustwide/workdir:ro,Z" "-v" "/var/lib/crater-agent-workspace/cargo-home:/opt/rustwide/cargo-home:ro,Z" "-v" "/var/lib/crater-agent-workspace/rustup-home:/opt/rustwide/rustup-home:ro,Z" "-e" "SOURCE_DIR=/opt/rustwide/workdir" "-e" "CARGO_TARGET_DIR=/opt/rustwide/target" "-e" "CARGO_INCREMENTAL=0" "-e" "RUST_BACKTRACE=full" "-e" "RUSTFLAGS=--cap-lints=forbid" "-e" "RUSTDOCFLAGS=--cap-lints=forbid" "-e" "CARGO_HOME=/opt/rustwide/cargo-home" "-e" "RUSTUP_HOME=/opt/rustwide/rustup-home" "-w" "/opt/rustwide/workdir" "-m" "1610612736" "--user" "0:0" "--network" "none" "ghcr.io/rust-lang/crates-build-env/linux@sha256:819108c5571ea2e421544af4d832f968d213c87fbe3707a016657f43d2f853bc" "/opt/rustwide/cargo-home/bin/cargo" "+nightly-2025-01-18" "test" "--frozen" "--no-run" "--message-format=json", kill_on_drop: false }`
[INFO] [stdout] 4ac23bbc67d494a4140e702cf2e78a16f32189e55ef3894c79660b0aaea0bf94
[INFO] running `Command { std: "docker" "start" "-a" "4ac23bbc67d494a4140e702cf2e78a16f32189e55ef3894c79660b0aaea0bf94", kill_on_drop: false }`
[INFO] [stderr]    Compiling bytemuck v1.16.0
[INFO] [stderr]    Compiling imagine v0.0.5
[INFO] [stderr]    Compiling rust_gb v0.1.0 (/opt/rustwide/workdir)
[INFO] [stdout] warning: unnecessary parentheses around index expression
[INFO] [stdout]   --> src/memory/mod.rs:93:54
[INFO] [stdout]    |
[INFO] [stdout] 93 |                     0xFF80..=0xFFFE => self.high_ram[(addr - 0xFF80)],
[INFO] [stdout]    |                                                      ^             ^
[INFO] [stdout]    |
[INFO] [stdout]    = note: `#[warn(unused_parens)]` on by default
[INFO] [stdout] help: remove these parentheses
[INFO] [stdout]    |
[INFO] [stdout] 93 -                     0xFF80..=0xFFFE => self.high_ram[(addr - 0xFF80)],
[INFO] [stdout] 93 +                     0xFF80..=0xFFFE => self.high_ram[addr - 0xFF80],
[INFO] [stdout]    |
[INFO] [stdout] 
[INFO] [stdout] 
[INFO] [stdout] warning: unused import: `debug`
[INFO] [stdout]   --> src/screen/mod.rs:10:15
[INFO] [stdout]    |
[INFO] [stdout] 10 |     use log::{debug, info};
[INFO] [stdout]    |               ^^^^^
[INFO] [stdout]    |
[INFO] [stdout]    = note: `#[warn(unused_imports)]` on by default
[INFO] [stdout] 
[INFO] [stdout] 
[INFO] [stdout] warning: unused variable: `tile_data_lookup`
[INFO] [stdout]    --> src/screen/mod.rs:223:21
[INFO] [stdout]     |
[INFO] [stdout] 223 |                 let tile_data_lookup = |x: u8| {
[INFO] [stdout]     |                     ^^^^^^^^^^^^^^^^ help: if this is intentional, prefix it with an underscore: `_tile_data_lookup`
[INFO] [stdout]     |
[INFO] [stdout]     = note: `#[warn(unused_variables)]` on by default
[INFO] [stdout] 
[INFO] [stdout] 
[INFO] [stdout] warning: unused variable: `window_tile_map`
[INFO] [stdout]    --> src/screen/mod.rs:231:25
[INFO] [stdout]     |
[INFO] [stdout] 231 |                     let window_tile_map = match self.vc.lcdc >> 5 % 2 == 0 {
[INFO] [stdout]     |                         ^^^^^^^^^^^^^^^ help: if this is intentional, prefix it with an underscore: `_window_tile_map`
[INFO] [stdout] 
[INFO] [stdout] 
[INFO] [stdout] warning: unused variable: `bg_tile_map`
[INFO] [stdout]    --> src/screen/mod.rs:246:21
[INFO] [stdout]     |
[INFO] [stdout] 246 |                 let bg_tile_map = match self.vc.lcdc >> 3 % 2 == 0 {
[INFO] [stdout]     |                     ^^^^^^^^^^^ help: if this is intentional, prefix it with an underscore: `_bg_tile_map`
[INFO] [stdout] 
[INFO] [stdout] 
[INFO] [stdout] warning: variable does not need to be mutable
[INFO] [stdout]    --> src/screen/mod.rs:214:17
[INFO] [stdout]     |
[INFO] [stdout] 214 |             let mut background: [GBColor; 256] = [GBColor::Transparent; 256]; //A leaner system, I think
[INFO] [stdout]     |                 ----^^^^^^^^^^
[INFO] [stdout]     |                 |
[INFO] [stdout]     |                 help: remove this `mut`
[INFO] [stdout]     |
[INFO] [stdout]     = note: `#[warn(unused_mut)]` on by default
[INFO] [stdout] 
[INFO] [stdout] 
[INFO] [stdout] warning: variable does not need to be mutable
[INFO] [stdout]    --> src/screen/mod.rs:215:17
[INFO] [stdout]     |
[INFO] [stdout] 215 |             let mut window: [GBColor; 256] = [GBColor::Transparent; 256];
[INFO] [stdout]     |                 ----^^^^^^
[INFO] [stdout]     |                 |
[INFO] [stdout]     |                 help: remove this `mut`
[INFO] [stdout] 
[INFO] [stdout] 
[INFO] [stdout] warning: field `v_key` is never read
[INFO] [stdout]   --> src/joypad/mod.rs:24:9
[INFO] [stdout]    |
[INFO] [stdout] 23 |     struct KeyWrapper {
[INFO] [stdout]    |            ---------- field in this struct
[INFO] [stdout] 24 |         v_key: GBKey,
[INFO] [stdout]    |         ^^^^^
[INFO] [stdout]    |
[INFO] [stdout]    = note: `KeyWrapper` has derived impls for the traits `Debug` and `Clone`, but these are intentionally ignored during dead code analysis
[INFO] [stdout]    = note: `#[warn(dead_code)]` on by default
[INFO] [stdout] 
[INFO] [stdout] 
[INFO] [stdout] warning: field `queue` is never read
[INFO] [stdout]    --> src/audio/mod.rs:207:9
[INFO] [stdout]     |
[INFO] [stdout] 201 |     pub struct SquareWave {
[INFO] [stdout]     |                ---------- field in this struct
[INFO] [stdout] ...
[INFO] [stdout] 207 |         queue: AudioQueue<u8>
[INFO] [stdout]     |         ^^^^^
[INFO] [stdout] 
[INFO] [stdout] 
[INFO] [stdout] warning: field `queue` is never read
[INFO] [stdout]    --> src/audio/mod.rs:254:9
[INFO] [stdout]     |
[INFO] [stdout] 247 |     pub struct Wave {
[INFO] [stdout]     |                ---- field in this struct
[INFO] [stdout] ...
[INFO] [stdout] 254 |         queue: AudioQueue<u8>
[INFO] [stdout]     |         ^^^^^
[INFO] [stdout] 
[INFO] [stdout] 
[INFO] [stdout] warning: field `queue` is never read
[INFO] [stdout]    --> src/audio/mod.rs:304:9
[INFO] [stdout]     |
[INFO] [stdout] 299 |     pub struct Noise {
[INFO] [stdout]     |                ----- field in this struct
[INFO] [stdout] ...
[INFO] [stdout] 304 |         queue: AudioQueue<u8>
[INFO] [stdout]     |         ^^^^^
[INFO] [stdout] 
[INFO] [stdout] 
[INFO] [stderr]     Finished `test` profile [unoptimized + debuginfo] target(s) in 1.59s
[INFO] running `Command { std: "docker" "inspect" "4ac23bbc67d494a4140e702cf2e78a16f32189e55ef3894c79660b0aaea0bf94", kill_on_drop: false }`
[INFO] running `Command { std: "docker" "rm" "-f" "4ac23bbc67d494a4140e702cf2e78a16f32189e55ef3894c79660b0aaea0bf94", kill_on_drop: false }`
[INFO] [stdout] 4ac23bbc67d494a4140e702cf2e78a16f32189e55ef3894c79660b0aaea0bf94
[INFO] running `Command { std: "docker" "create" "-v" "/var/lib/crater-agent-workspace/builds/worker-6-tc1/target:/opt/rustwide/target:rw,Z" "-v" "/var/lib/crater-agent-workspace/builds/worker-6-tc1/source:/opt/rustwide/workdir:ro,Z" "-v" "/var/lib/crater-agent-workspace/cargo-home:/opt/rustwide/cargo-home:ro,Z" "-v" "/var/lib/crater-agent-workspace/rustup-home:/opt/rustwide/rustup-home:ro,Z" "-e" "SOURCE_DIR=/opt/rustwide/workdir" "-e" "CARGO_TARGET_DIR=/opt/rustwide/target" "-e" "CARGO_INCREMENTAL=0" "-e" "RUST_BACKTRACE=full" "-e" "RUSTFLAGS=--cap-lints=forbid" "-e" "RUSTDOCFLAGS=--cap-lints=forbid" "-e" "CARGO_HOME=/opt/rustwide/cargo-home" "-e" "RUSTUP_HOME=/opt/rustwide/rustup-home" "-w" "/opt/rustwide/workdir" "-m" "1610612736" "--user" "0:0" "--network" "none" "ghcr.io/rust-lang/crates-build-env/linux@sha256:819108c5571ea2e421544af4d832f968d213c87fbe3707a016657f43d2f853bc" "/opt/rustwide/cargo-home/bin/cargo" "+nightly-2025-01-18" "test" "--frozen", kill_on_drop: false }`
[INFO] [stdout] 4dcba91d24949e2279a7b0c694f8b7e237f806f26192c1859fbef3c51c4748d7
[INFO] running `Command { std: "docker" "start" "-a" "4dcba91d24949e2279a7b0c694f8b7e237f806f26192c1859fbef3c51c4748d7", kill_on_drop: false }`
[INFO] [stderr] warning: unnecessary parentheses around index expression
[INFO] [stderr]   --> src/memory/mod.rs:93:54
[INFO] [stderr]    |
[INFO] [stderr] 93 |                     0xFF80..=0xFFFE => self.high_ram[(addr - 0xFF80)],
[INFO] [stderr]    |                                                      ^             ^
[INFO] [stderr]    |
[INFO] [stderr]    = note: `#[warn(unused_parens)]` on by default
[INFO] [stderr] help: remove these parentheses
[INFO] [stderr]    |
[INFO] [stderr] 93 -                     0xFF80..=0xFFFE => self.high_ram[(addr - 0xFF80)],
[INFO] [stderr] 93 +                     0xFF80..=0xFFFE => self.high_ram[addr - 0xFF80],
[INFO] [stderr]    |
[INFO] [stderr] 
[INFO] [stderr] warning: unused import: `debug`
[INFO] [stderr]   --> src/screen/mod.rs:10:15
[INFO] [stderr]    |
[INFO] [stderr] 10 |     use log::{debug, info};
[INFO] [stderr]    |               ^^^^^
[INFO] [stderr]    |
[INFO] [stderr]    = note: `#[warn(unused_imports)]` on by default
[INFO] [stderr] 
[INFO] [stderr] warning: unused variable: `tile_data_lookup`
[INFO] [stderr]    --> src/screen/mod.rs:223:21
[INFO] [stderr]     |
[INFO] [stderr] 223 |                 let tile_data_lookup = |x: u8| {
[INFO] [stderr]     |                     ^^^^^^^^^^^^^^^^ help: if this is intentional, prefix it with an underscore: `_tile_data_lookup`
[INFO] [stderr]     |
[INFO] [stderr]     = note: `#[warn(unused_variables)]` on by default
[INFO] [stderr] 
[INFO] [stderr] warning: unused variable: `window_tile_map`
[INFO] [stderr]    --> src/screen/mod.rs:231:25
[INFO] [stderr]     |
[INFO] [stderr] 231 |                     let window_tile_map = match self.vc.lcdc >> 5 % 2 == 0 {
[INFO] [stderr]     |                         ^^^^^^^^^^^^^^^ help: if this is intentional, prefix it with an underscore: `_window_tile_map`
[INFO] [stderr] 
[INFO] [stderr] warning: unused variable: `bg_tile_map`
[INFO] [stderr]    --> src/screen/mod.rs:246:21
[INFO] [stderr]     |
[INFO] [stderr] 246 |                 let bg_tile_map = match self.vc.lcdc >> 3 % 2 == 0 {
[INFO] [stderr]     |                     ^^^^^^^^^^^ help: if this is intentional, prefix it with an underscore: `_bg_tile_map`
[INFO] [stderr] 
[INFO] [stderr] warning: variable does not need to be mutable
[INFO] [stderr]    --> src/screen/mod.rs:214:17
[INFO] [stderr]     |
[INFO] [stderr] 214 |             let mut background: [GBColor; 256] = [GBColor::Transparent; 256]; //A leaner system, I think
[INFO] [stderr]     |                 ----^^^^^^^^^^
[INFO] [stderr]     |                 |
[INFO] [stderr]     |                 help: remove this `mut`
[INFO] [stderr]     |
[INFO] [stderr]     = note: `#[warn(unused_mut)]` on by default
[INFO] [stderr] 
[INFO] [stderr] warning: variable does not need to be mutable
[INFO] [stderr]    --> src/screen/mod.rs:215:17
[INFO] [stderr]     |
[INFO] [stderr] 215 |             let mut window: [GBColor; 256] = [GBColor::Transparent; 256];
[INFO] [stderr]     |                 ----^^^^^^
[INFO] [stderr]     |                 |
[INFO] [stderr]     |                 help: remove this `mut`
[INFO] [stderr] 
[INFO] [stderr] warning: field `v_key` is never read
[INFO] [stderr]   --> src/joypad/mod.rs:24:9
[INFO] [stderr]    |
[INFO] [stderr] 23 |     struct KeyWrapper {
[INFO] [stderr]    |            ---------- field in this struct
[INFO] [stderr] 24 |         v_key: GBKey,
[INFO] [stderr]    |         ^^^^^
[INFO] [stderr]    |
[INFO] [stderr]    = note: `KeyWrapper` has derived impls for the traits `Debug` and `Clone`, but these are intentionally ignored during dead code analysis
[INFO] [stderr]    = note: `#[warn(dead_code)]` on by default
[INFO] [stderr] 
[INFO] [stderr] warning: field `queue` is never read
[INFO] [stderr]    --> src/audio/mod.rs:207:9
[INFO] [stderr]     |
[INFO] [stderr] 201 |     pub struct SquareWave {
[INFO] [stderr]     |                ---------- field in this struct
[INFO] [stderr] ...
[INFO] [stderr] 207 |         queue: AudioQueue<u8>
[INFO] [stderr]     |         ^^^^^
[INFO] [stderr] 
[INFO] [stderr] warning: field `queue` is never read
[INFO] [stderr]    --> src/audio/mod.rs:254:9
[INFO] [stderr]     |
[INFO] [stderr] 247 |     pub struct Wave {
[INFO] [stderr]     |                ---- field in this struct
[INFO] [stderr] ...
[INFO] [stderr] 254 |         queue: AudioQueue<u8>
[INFO] [stderr]     |         ^^^^^
[INFO] [stderr] 
[INFO] [stderr] warning: field `queue` is never read
[INFO] [stderr]    --> src/audio/mod.rs:304:9
[INFO] [stderr]     |
[INFO] [stderr] 299 |     pub struct Noise {
[INFO] [stderr]     |                ----- field in this struct
[INFO] [stderr] ...
[INFO] [stderr] 304 |         queue: AudioQueue<u8>
[INFO] [stderr]     |         ^^^^^
[INFO] [stderr] 
[INFO] [stderr] warning: `rust_gb` (bin "rust_gb" test) generated 11 warnings (run `cargo fix --bin "rust_gb" --tests` to apply 4 suggestions)
[INFO] [stderr]     Finished `test` profile [unoptimized + debuginfo] target(s) in 0.04s
[INFO] [stderr]      Running unittests src/main.rs (/opt/rustwide/target/debug/deps/rust_gb-412cfe75dac55540)
[INFO] [stdout] 
[INFO] [stdout] running 3 tests
[INFO] [stdout] test screen::vram::vram::test_interleave ... ok
[INFO] [stdout] test screen::vram::vram::test_vobj ... ok
[INFO] [stderr] error: XDG_RUNTIME_DIR not set in the environment.
[INFO] [stdout] test cpu::test::tests::test_1 ... FAILED
[INFO] [stdout] 
[INFO] [stdout] failures:
[INFO] [stdout] 
[INFO] [stdout] ---- cpu::test::tests::test_1 stdout ----
[INFO] [stdout] 
[INFO] [stdout] thread 'cpu::test::tests::test_1' panicked at src/cpu/test.rs:22:51:
[INFO] [stdout] called `Result::unwrap()` on an `Err` value: "No available video device"
[INFO] [stdout] stack backtrace:
[INFO] [stdout]    0:     0x59c65e2fcdca - std::backtrace_rs::backtrace::libunwind::trace::hb059275cfc8d6126
[INFO] [stdout]                                at /rustc/6067b36314ab5eb2eb47cecc464545ba58e1ad24/library/std/src/../../backtrace/src/backtrace/libunwind.rs:116:5
[INFO] [stdout]    1:     0x59c65e2fcdca - std::backtrace_rs::backtrace::trace_unsynchronized::h2da071e4327ce3ee
[INFO] [stdout]                                at /rustc/6067b36314ab5eb2eb47cecc464545ba58e1ad24/library/std/src/../../backtrace/src/backtrace/mod.rs:66:5
[INFO] [stdout]    2:     0x59c65e2fcdca - std::sys::backtrace::_print_fmt::h842a1474e6f8d23f
[INFO] [stdout]                                at /rustc/6067b36314ab5eb2eb47cecc464545ba58e1ad24/library/std/src/sys/backtrace.rs:66:9
[INFO] [stdout]    3:     0x59c65e2fcdca - <std::sys::backtrace::BacktraceLock::print::DisplayBacktrace as core::fmt::Display>::fmt::h71a62eb3b9696b12
[INFO] [stdout]                                at /rustc/6067b36314ab5eb2eb47cecc464545ba58e1ad24/library/std/src/sys/backtrace.rs:39:26
[INFO] [stdout]    4:     0x59c65e3243a3 - core::fmt::rt::Argument::fmt::hdb6b616786b41dc1
[INFO] [stdout]                                at /rustc/6067b36314ab5eb2eb47cecc464545ba58e1ad24/library/core/src/fmt/rt.rs:177:76
[INFO] [stdout]    5:     0x59c65e3243a3 - core::fmt::write::h2cc1698af7e2d686
[INFO] [stdout]                                at /rustc/6067b36314ab5eb2eb47cecc464545ba58e1ad24/library/core/src/fmt/mod.rs:1440:21
[INFO] [stdout]    6:     0x59c65e2f9923 - std::io::Write::write_fmt::hab1b4cd059a79022
[INFO] [stdout]                                at /rustc/6067b36314ab5eb2eb47cecc464545ba58e1ad24/library/std/src/io/mod.rs:1887:15
[INFO] [stdout]    7:     0x59c65e2fcc12 - std::sys::backtrace::BacktraceLock::print::h147fe35b4ea13b08
[INFO] [stdout]                                at /rustc/6067b36314ab5eb2eb47cecc464545ba58e1ad24/library/std/src/sys/backtrace.rs:42:9
[INFO] [stdout]    8:     0x59c65e2fe1ef - std::panicking::default_hook::{{closure}}::hbd44223dbdc0d208
[INFO] [stdout]                                at /rustc/6067b36314ab5eb2eb47cecc464545ba58e1ad24/library/std/src/panicking.rs:298:22
[INFO] [stdout]    9:     0x59c65e2fe008 - std::panicking::default_hook::h20f81eb0576efcec
[INFO] [stdout]                                at /rustc/6067b36314ab5eb2eb47cecc464545ba58e1ad24/library/std/src/panicking.rs:322:9
[INFO] [stdout]   10:     0x59c65e2c1793 - <alloc::boxed::Box<F,A> as core::ops::function::Fn<Args>>::call::hdb53814c496a4d34
[INFO] [stdout]                                at /rustc/6067b36314ab5eb2eb47cecc464545ba58e1ad24/library/alloc/src/boxed.rs:2027:9
[INFO] [stdout]   11:     0x59c65e2c1793 - test::test_main::{{closure}}::hc0a4963c59427c24
[INFO] [stdout]                                at /rustc/6067b36314ab5eb2eb47cecc464545ba58e1ad24/library/test/src/lib.rs:134:21
[INFO] [stdout]   12:     0x59c65e2fece3 - <alloc::boxed::Box<F,A> as core::ops::function::Fn<Args>>::call::h591b2225413a77e9
[INFO] [stdout]                                at /rustc/6067b36314ab5eb2eb47cecc464545ba58e1ad24/library/alloc/src/boxed.rs:2027:9
[INFO] [stdout]   13:     0x59c65e2fece3 - std::panicking::rust_panic_with_hook::h625eea43051b2edc
[INFO] [stdout]                                at /rustc/6067b36314ab5eb2eb47cecc464545ba58e1ad24/library/std/src/panicking.rs:839:13
[INFO] [stdout]   14:     0x59c65e2fe99a - std::panicking::begin_panic_handler::{{closure}}::h4f9159cfbc3f6bd3
[INFO] [stdout]                                at /rustc/6067b36314ab5eb2eb47cecc464545ba58e1ad24/library/std/src/panicking.rs:704:13
[INFO] [stdout]   15:     0x59c65e2fd2c9 - std::sys::backtrace::__rust_end_short_backtrace::h0390abce48353151
[INFO] [stdout]                                at /rustc/6067b36314ab5eb2eb47cecc464545ba58e1ad24/library/std/src/sys/backtrace.rs:168:18
[INFO] [stdout]   16:     0x59c65e2fe62d - rust_begin_unwind
[INFO] [stdout]                                at /rustc/6067b36314ab5eb2eb47cecc464545ba58e1ad24/library/std/src/panicking.rs:695:5
[INFO] [stdout]   17:     0x59c65e322e50 - core::panicking::panic_fmt::h9e7c637e9e5f29c9
[INFO] [stdout]                                at /rustc/6067b36314ab5eb2eb47cecc464545ba58e1ad24/library/core/src/panicking.rs:75:14
[INFO] [stdout]   18:     0x59c65e3231f6 - core::result::unwrap_failed::h7979f09313fe1849
[INFO] [stdout]                                at /rustc/6067b36314ab5eb2eb47cecc464545ba58e1ad24/library/core/src/result.rs:1704:5
[INFO] [stdout]   19:     0x59c65e2856ec - core::result::Result<T,E>::unwrap::h983897ac148f2769
[INFO] [stdout]                                at /rustc/6067b36314ab5eb2eb47cecc464545ba58e1ad24/library/core/src/result.rs:1109:23
[INFO] [stdout]   20:     0x59c65e2856ec - rust_gb::cpu::test::tests::test_setup::hfdc201a932691d91
[INFO] [stdout]                                at /opt/rustwide/workdir/src/cpu/test.rs:22:31
[INFO] [stdout]   21:     0x59c65e2864a0 - rust_gb::cpu::test::tests::test_1::h772716a5a1320cb1
[INFO] [stdout]                                at /opt/rustwide/workdir/src/cpu/test.rs:17:30
[INFO] [stdout]   22:     0x59c65e286447 - rust_gb::cpu::test::tests::test_1::{{closure}}::h74fa5919e974b1f0
[INFO] [stdout]                                at /opt/rustwide/workdir/src/cpu/test.rs:16:16
[INFO] [stdout]   23:     0x59c65e271226 - core::ops::function::FnOnce::call_once::hc6192aed2482c5fd
[INFO] [stdout]                                at /rustc/6067b36314ab5eb2eb47cecc464545ba58e1ad24/library/core/src/ops/function.rs:250:5
[INFO] [stdout]   24:     0x59c65e2c6eeb - core::ops::function::FnOnce::call_once::he27718dfdd183f43
[INFO] [stdout]                                at /rustc/6067b36314ab5eb2eb47cecc464545ba58e1ad24/library/core/src/ops/function.rs:250:5
[INFO] [stdout]   25:     0x59c65e2c6eeb - test::__rust_begin_short_backtrace::h4e84902998457a5d
[INFO] [stdout]                                at /rustc/6067b36314ab5eb2eb47cecc464545ba58e1ad24/library/test/src/lib.rs:632:18
[INFO] [stdout]   26:     0x59c65e2c5e23 - test::run_test_in_process::{{closure}}::h7176fd18fc1feca0
[INFO] [stdout]                                at /rustc/6067b36314ab5eb2eb47cecc464545ba58e1ad24/library/test/src/lib.rs:655:60
[INFO] [stdout]   27:     0x59c65e2c5e23 - <core::panic::unwind_safe::AssertUnwindSafe<F> as core::ops::function::FnOnce<()>>::call_once::hf79cff2a624d8cf7
[INFO] [stdout]                                at /rustc/6067b36314ab5eb2eb47cecc464545ba58e1ad24/library/core/src/panic/unwind_safe.rs:272:9
[INFO] [stdout]   28:     0x59c65e2c5e23 - std::panicking::try::do_call::h3da0561d9ab99c25
[INFO] [stdout]                                at /rustc/6067b36314ab5eb2eb47cecc464545ba58e1ad24/library/std/src/panicking.rs:587:40
[INFO] [stdout]   29:     0x59c65e2c5e23 - std::panicking::try::h41c9fa508bc61df6
[INFO] [stdout]                                at /rustc/6067b36314ab5eb2eb47cecc464545ba58e1ad24/library/std/src/panicking.rs:550:19
[INFO] [stdout]   30:     0x59c65e2c5e23 - std::panic::catch_unwind::h6b3ff07bb5afad93
[INFO] [stdout]                                at /rustc/6067b36314ab5eb2eb47cecc464545ba58e1ad24/library/std/src/panic.rs:358:14
[INFO] [stdout]   31:     0x59c65e2c5e23 - test::run_test_in_process::hc7253dd11b39b9f4
[INFO] [stdout]                                at /rustc/6067b36314ab5eb2eb47cecc464545ba58e1ad24/library/test/src/lib.rs:655:27
[INFO] [stdout]   32:     0x59c65e2c5e23 - test::run_test::{{closure}}::hfb2007f8649c30bb
[INFO] [stderr] error: test failed, to rerun pass `--bin rust_gb`
[INFO] [stdout]                                at /rustc/6067b36314ab5eb2eb47cecc464545ba58e1ad24/library/test/src/lib.rs:576:43
[INFO] [stdout]   33:     0x59c65e288f05 - test::run_test::{{closure}}::h56a17aa7a282a9f4
[INFO] [stdout]                                at /rustc/6067b36314ab5eb2eb47cecc464545ba58e1ad24/library/test/src/lib.rs:606:41
[INFO] [stdout]   34:     0x59c65e288f05 - std::sys::backtrace::__rust_begin_short_backtrace::hd2d2d2fb8e8c6aac
[INFO] [stdout]                                at /rustc/6067b36314ab5eb2eb47cecc464545ba58e1ad24/library/std/src/sys/backtrace.rs:152:18
[INFO] [stdout]   35:     0x59c65e28c7ea - std::thread::Builder::spawn_unchecked_::{{closure}}::{{closure}}::h4faa3f9db6133423
[INFO] [stdout]                                at /rustc/6067b36314ab5eb2eb47cecc464545ba58e1ad24/library/std/src/thread/mod.rs:559:17
[INFO] [stdout]   36:     0x59c65e28c7ea - <core::panic::unwind_safe::AssertUnwindSafe<F> as core::ops::function::FnOnce<()>>::call_once::hf2e855a36a4ea846
[INFO] [stdout]                                at /rustc/6067b36314ab5eb2eb47cecc464545ba58e1ad24/library/core/src/panic/unwind_safe.rs:272:9
[INFO] [stdout]   37:     0x59c65e28c7ea - std::panicking::try::do_call::h2f73af3616c35465
[INFO] [stdout]                                at /rustc/6067b36314ab5eb2eb47cecc464545ba58e1ad24/library/std/src/panicking.rs:587:40
[INFO] [stdout]   38:     0x59c65e28c7ea - std::panicking::try::hd1660ce9efadef5a
[INFO] [stdout]                                at /rustc/6067b36314ab5eb2eb47cecc464545ba58e1ad24/library/std/src/panicking.rs:550:19
[INFO] [stdout]   39:     0x59c65e28c7ea - std::panic::catch_unwind::h5ee8d7823b8ca744
[INFO] [stdout]                                at /rustc/6067b36314ab5eb2eb47cecc464545ba58e1ad24/library/std/src/panic.rs:358:14
[INFO] [stdout]   40:     0x59c65e28c7ea - std::thread::Builder::spawn_unchecked_::{{closure}}::h53c3a1894dce8407
[INFO] [stdout]                                at /rustc/6067b36314ab5eb2eb47cecc464545ba58e1ad24/library/std/src/thread/mod.rs:557:30
[INFO] [stdout]   41:     0x59c65e28c7ea - core::ops::function::FnOnce::call_once{{vtable.shim}}::h048ce291ad4f62bf
[INFO] [stdout]                                at /rustc/6067b36314ab5eb2eb47cecc464545ba58e1ad24/library/core/src/ops/function.rs:250:5
[INFO] [stdout]   42:     0x59c65e302c2b - <alloc::boxed::Box<F,A> as core::ops::function::FnOnce<Args>>::call_once::ha52bedf99a3b4981
[INFO] [stdout]                                at /rustc/6067b36314ab5eb2eb47cecc464545ba58e1ad24/library/alloc/src/boxed.rs:2013:9
[INFO] [stdout]   43:     0x59c65e302c2b - <alloc::boxed::Box<F,A> as core::ops::function::FnOnce<Args>>::call_once::h567748934d80ccf8
[INFO] [stdout]                                at /rustc/6067b36314ab5eb2eb47cecc464545ba58e1ad24/library/alloc/src/boxed.rs:2013:9
[INFO] [stdout]   44:     0x59c65e302c2b - std::sys::pal::unix::thread::Thread::new::thread_start::h2d970728ae887adc
[INFO] [stdout]                                at /rustc/6067b36314ab5eb2eb47cecc464545ba58e1ad24/library/std/src/sys/pal/unix/thread.rs:106:17
[INFO] [stdout]   45:     0x726b44716ac3 - <unknown>
[INFO] [stdout]   46:     0x726b447a7a04 - clone
[INFO] [stdout]   47:                0x0 - <unknown>
[INFO] [stdout] 
[INFO] [stdout] 
[INFO] [stdout] failures:
[INFO] [stdout]     cpu::test::tests::test_1
[INFO] [stdout] 
[INFO] [stdout] test result: FAILED. 2 passed; 1 failed; 0 ignored; 0 measured; 0 filtered out; finished in 0.02s
[INFO] [stdout] 
[INFO] running `Command { std: "docker" "inspect" "4dcba91d24949e2279a7b0c694f8b7e237f806f26192c1859fbef3c51c4748d7", kill_on_drop: false }`
[INFO] running `Command { std: "docker" "rm" "-f" "4dcba91d24949e2279a7b0c694f8b7e237f806f26192c1859fbef3c51c4748d7", kill_on_drop: false }`
[INFO] [stdout] 4dcba91d24949e2279a7b0c694f8b7e237f806f26192c1859fbef3c51c4748d7
