[INFO] cloning repository https://github.com/devsnek/scratch2bin
[INFO] running `Command { std: "git" "-c" "credential.helper=" "-c" "credential.helper=/workspace/cargo-home/bin/git-credential-null" "clone" "--bare" "https://github.com/devsnek/scratch2bin" "/workspace/cache/git-repos/https%3A%2F%2Fgithub.com%2Fdevsnek%2Fscratch2bin", kill_on_drop: false }`
[INFO] [stderr] Cloning into bare repository '/workspace/cache/git-repos/https%3A%2F%2Fgithub.com%2Fdevsnek%2Fscratch2bin'...
[INFO] running `Command { std: "git" "rev-parse" "HEAD", kill_on_drop: false }`
[INFO] [stdout] 281b0251dc31596371156f6b18f2beb14ed43b2e
[INFO] testing devsnek/scratch2bin against nightly-2025-01-18 for randomize-layout-2
[INFO] running `Command { std: "git" "clone" "/workspace/cache/git-repos/https%3A%2F%2Fgithub.com%2Fdevsnek%2Fscratch2bin" "/workspace/builds/worker-6-tc1/source", kill_on_drop: false }`
[INFO] [stderr] Cloning into '/workspace/builds/worker-6-tc1/source'...
[INFO] [stderr] done.
[INFO] validating manifest of git repo https://github.com/devsnek/scratch2bin on toolchain nightly-2025-01-18
[INFO] running `Command { std: CARGO_HOME="/workspace/cargo-home" RUSTUP_HOME="/workspace/rustup-home" "/workspace/cargo-home/bin/cargo" "+nightly-2025-01-18" "metadata" "--manifest-path" "Cargo.toml" "--no-deps", kill_on_drop: false }`
[INFO] started tweaking git repo https://github.com/devsnek/scratch2bin
[INFO] finished tweaking git repo https://github.com/devsnek/scratch2bin
[INFO] tweaked toml for git repo https://github.com/devsnek/scratch2bin written to /workspace/builds/worker-6-tc1/source/Cargo.toml
[INFO] crate git repo https://github.com/devsnek/scratch2bin already has a lockfile, it will not be regenerated
[INFO] running `Command { std: CARGO_HOME="/workspace/cargo-home" RUSTUP_HOME="/workspace/rustup-home" "/workspace/cargo-home/bin/cargo" "+nightly-2025-01-18" "fetch" "--manifest-path" "Cargo.toml", kill_on_drop: false }`
[INFO] [stderr]     Updating crates.io index
[INFO] [stderr]     Blocking waiting for file lock on package cache
[INFO] [stderr]  Downloading crates ...
[INFO] [stderr]   Downloaded serde_with v1.6.2
[INFO] [stderr]   Downloaded cranelift-preopt v0.69.0
[INFO] [stderr]   Downloaded test-generator v0.3.0
[INFO] [stderr]   Downloaded cranelift v0.69.0
[INFO] [stderr]   Downloaded cranelift-codegen-shared v0.69.0
[INFO] [stderr]   Downloaded cranelift-native v0.69.0
[INFO] [stderr]   Downloaded cranelift-entity v0.69.0
[INFO] [stderr]   Downloaded cranelift-module v0.69.0
[INFO] [stderr]   Downloaded cranelift-bforest v0.69.0
[INFO] [stderr]   Downloaded cranelift-frontend v0.69.0
[INFO] [stderr]   Downloaded zip v0.5.9
[INFO] [stderr]   Downloaded cranelift-object v0.69.0
[INFO] [stderr]   Downloaded serde_with_macros v1.3.0
[INFO] [stderr]   Downloaded cranelift-codegen-meta v0.69.0
[INFO] [stderr]   Downloaded cranelift-codegen v0.69.0
[INFO] running `Command { std: "docker" "create" "-v" "/var/lib/crater-agent-workspace/builds/worker-6-tc1/target:/opt/rustwide/target:rw,Z" "-v" "/var/lib/crater-agent-workspace/builds/worker-6-tc1/source:/opt/rustwide/workdir:ro,Z" "-v" "/var/lib/crater-agent-workspace/cargo-home:/opt/rustwide/cargo-home:ro,Z" "-v" "/var/lib/crater-agent-workspace/rustup-home:/opt/rustwide/rustup-home:ro,Z" "-e" "SOURCE_DIR=/opt/rustwide/workdir" "-e" "CARGO_TARGET_DIR=/opt/rustwide/target" "-e" "CARGO_HOME=/opt/rustwide/cargo-home" "-e" "RUSTUP_HOME=/opt/rustwide/rustup-home" "-w" "/opt/rustwide/workdir" "-m" "1610612736" "--user" "0:0" "--network" "none" "ghcr.io/rust-lang/crates-build-env/linux@sha256:819108c5571ea2e421544af4d832f968d213c87fbe3707a016657f43d2f853bc" "/opt/rustwide/cargo-home/bin/cargo" "+nightly-2025-01-18" "metadata" "--no-deps" "--format-version=1", kill_on_drop: false }`
[INFO] [stdout] f8b54309d41fd85d0fb76114f0523c3dc39a52ab0010422a97b5b34ce35038c4
[INFO] running `Command { std: "docker" "start" "-a" "f8b54309d41fd85d0fb76114f0523c3dc39a52ab0010422a97b5b34ce35038c4", kill_on_drop: false }`
[INFO] running `Command { std: "docker" "inspect" "f8b54309d41fd85d0fb76114f0523c3dc39a52ab0010422a97b5b34ce35038c4", kill_on_drop: false }`
[INFO] running `Command { std: "docker" "rm" "-f" "f8b54309d41fd85d0fb76114f0523c3dc39a52ab0010422a97b5b34ce35038c4", kill_on_drop: false }`
[INFO] [stdout] f8b54309d41fd85d0fb76114f0523c3dc39a52ab0010422a97b5b34ce35038c4
[INFO] running `Command { std: "docker" "create" "-v" "/var/lib/crater-agent-workspace/builds/worker-6-tc1/target:/opt/rustwide/target:rw,Z" "-v" "/var/lib/crater-agent-workspace/builds/worker-6-tc1/source:/opt/rustwide/workdir:ro,Z" "-v" "/var/lib/crater-agent-workspace/cargo-home:/opt/rustwide/cargo-home:ro,Z" "-v" "/var/lib/crater-agent-workspace/rustup-home:/opt/rustwide/rustup-home:ro,Z" "-e" "SOURCE_DIR=/opt/rustwide/workdir" "-e" "CARGO_TARGET_DIR=/opt/rustwide/target" "-e" "CARGO_INCREMENTAL=0" "-e" "RUST_BACKTRACE=full" "-e" "RUSTFLAGS=--cap-lints=forbid" "-e" "RUSTDOCFLAGS=--cap-lints=forbid" "-e" "CARGO_HOME=/opt/rustwide/cargo-home" "-e" "RUSTUP_HOME=/opt/rustwide/rustup-home" "-w" "/opt/rustwide/workdir" "-m" "1610612736" "--user" "0:0" "--network" "none" "ghcr.io/rust-lang/crates-build-env/linux@sha256:819108c5571ea2e421544af4d832f968d213c87fbe3707a016657f43d2f853bc" "/opt/rustwide/cargo-home/bin/cargo" "+nightly-2025-01-18" "build" "--frozen" "--message-format=json", kill_on_drop: false }`
[INFO] [stdout] e94c4c4876167f2eb65750b561a0d60fbf7316aa5fc1e99b54a92934e60853eb
[INFO] running `Command { std: "docker" "start" "-a" "e94c4c4876167f2eb65750b561a0d60fbf7316aa5fc1e99b54a92934e60853eb", kill_on_drop: false }`
[INFO] [stderr]    Compiling proc-macro2 v1.0.24
[INFO] [stderr]    Compiling unicode-xid v0.2.1
[INFO] [stderr]    Compiling syn v1.0.60
[INFO] [stderr]    Compiling cfg-if v1.0.0
[INFO] [stderr]    Compiling cranelift-entity v0.69.0
[INFO] [stderr]    Compiling cranelift-codegen-shared v0.69.0
[INFO] [stderr]    Compiling log v0.4.14
[INFO] [stderr]    Compiling target-lexicon v0.11.1
[INFO] [stderr]    Compiling cc v1.0.66
[INFO] [stderr]    Compiling byteorder v1.4.2
[INFO] [stderr]    Compiling smallvec v1.6.1
[INFO] [stderr]    Compiling rustc-hash v1.1.0
[INFO] [stderr]    Compiling libc v0.2.86
[INFO] [stderr]    Compiling crc32fast v1.2.1
[INFO] [stderr]    Compiling semver-parser v0.7.0
[INFO] [stderr]    Compiling serde_derive v1.0.123
[INFO] [stderr]    Compiling ident_case v1.0.1
[INFO] [stderr]    Compiling cranelift-bforest v0.69.0
[INFO] [stderr]    Compiling autocfg v1.0.1
[INFO] [stderr]    Compiling strsim v0.9.3
[INFO] [stderr]    Compiling fnv v1.0.7
[INFO] [stderr]    Compiling cranelift-codegen-meta v0.69.0
[INFO] [stderr]    Compiling pkg-config v0.3.19
[INFO] [stderr]    Compiling anyhow v1.0.38
[INFO] [stderr]    Compiling ryu v1.0.5
[INFO] [stderr]    Compiling serde v1.0.123
[INFO] [stderr]    Compiling bitflags v1.2.1
[INFO] [stderr]    Compiling regalloc v0.0.31
[INFO] [stderr]    Compiling hashbrown v0.9.1
[INFO] [stderr]    Compiling serde_json v1.0.62
[INFO] [stderr]    Compiling adler32 v1.2.0
[INFO] [stderr]    Compiling semver v0.9.0
[INFO] [stderr]    Compiling indexmap v1.6.1
[INFO] [stderr]    Compiling miniz_oxide v0.3.7
[INFO] [stderr]    Compiling rustc_version v0.2.3
[INFO] [stderr]    Compiling cfg-if v0.1.10
[INFO] [stderr]    Compiling itoa v0.4.7
[INFO] [stderr]    Compiling scratchc v0.1.0 (/opt/rustwide/workdir)
[INFO] [stderr]    Compiling quote v1.0.8
[INFO] [stderr]    Compiling bzip2-sys v0.1.10+1.0.8
[INFO] [stderr]    Compiling raw-cpuid v8.1.2
[INFO] [stderr]    Compiling object v0.22.0
[INFO] [stderr]    Compiling time v0.1.44
[INFO] [stderr]    Compiling flate2 v1.0.14
[INFO] [stderr]    Compiling bzip2 v0.3.3
[INFO] [stderr]    Compiling darling_core v0.10.2
[INFO] [stderr]    Compiling thiserror-impl v1.0.23
[INFO] [stderr]    Compiling cranelift-codegen v0.69.0
[INFO] [stderr]    Compiling thiserror v1.0.23
[INFO] [stderr]    Compiling darling_macro v0.10.2
[INFO] [stderr]    Compiling zip v0.5.9
[INFO] [stderr]    Compiling darling v0.10.2
[INFO] [stderr]    Compiling serde_with_macros v1.3.0
[INFO] [stderr]    Compiling serde_with v1.6.2
[INFO] [stderr]    Compiling cranelift-module v0.69.0
[INFO] [stderr]    Compiling cranelift-frontend v0.69.0
[INFO] [stderr]    Compiling cranelift-native v0.69.0
[INFO] [stderr]    Compiling cranelift-preopt v0.69.0
[INFO] [stderr]    Compiling cranelift-object v0.69.0
[INFO] [stderr]    Compiling cranelift v0.69.0
[INFO] [stdout] warning: fields `extensions` and `meta` are never read
[INFO] [stdout]  --> src/scratch.rs:6:9
[INFO] [stdout]   |
[INFO] [stdout] 4 | pub struct ProjectInfo {
[INFO] [stdout]   |            ----------- fields in this struct
[INFO] [stdout] 5 |     pub targets: Vec<TargetInfo>,
[INFO] [stdout] 6 |     pub extensions: Vec<String>,
[INFO] [stdout]   |         ^^^^^^^^^^
[INFO] [stdout] 7 |     pub meta: serde_json::Value,
[INFO] [stdout]   |         ^^^^
[INFO] [stdout]   |
[INFO] [stdout]   = note: `ProjectInfo` has a derived impl for the trait `Debug`, but this is intentionally ignored during dead code analysis
[INFO] [stdout]   = note: `#[warn(dead_code)]` on by default
[INFO] [stdout] 
[INFO] [stdout] 
[INFO] [stdout] warning: fields `is_stage`, `name`, `lists`, `broadcasts`, and `comments` are never read
[INFO] [stdout]   --> src/scratch.rs:25:9
[INFO] [stdout]    |
[INFO] [stdout] 23 | pub struct TargetInfo {
[INFO] [stdout]    |            ---------- fields in this struct
[INFO] [stdout] 24 |     #[serde(rename = "isStage")]
[INFO] [stdout] 25 |     pub is_stage: bool,
[INFO] [stdout]    |         ^^^^^^^^
[INFO] [stdout] 26 |     pub name: String,
[INFO] [stdout]    |         ^^^^
[INFO] [stdout] 27 |     pub variables: HashMap<String, (String, usize)>,
[INFO] [stdout] 28 |     pub lists: serde_json::Value,
[INFO] [stdout]    |         ^^^^^
[INFO] [stdout] 29 |     pub broadcasts: serde_json::Value,
[INFO] [stdout]    |         ^^^^^^^^^^
[INFO] [stdout] 30 |     pub blocks: HashMap<String, BlockInfo>,
[INFO] [stdout] 31 |     pub comments: serde_json::Value,
[INFO] [stdout]    |         ^^^^^^^^
[INFO] [stdout]    |
[INFO] [stdout]    = note: `TargetInfo` has a derived impl for the trait `Debug`, but this is intentionally ignored during dead code analysis
[INFO] [stdout] 
[INFO] [stdout] 
[INFO] [stdout] warning: fields `parent` and `shadow` are never read
[INFO] [stdout]   --> src/scratch.rs:38:9
[INFO] [stdout]    |
[INFO] [stdout] 35 | pub struct BlockInfo {
[INFO] [stdout]    |            --------- fields in this struct
[INFO] [stdout] ...
[INFO] [stdout] 38 |     pub parent: Option<String>,
[INFO] [stdout]    |         ^^^^^^
[INFO] [stdout] ...
[INFO] [stdout] 42 |     pub shadow: bool,
[INFO] [stdout]    |         ^^^^^^
[INFO] [stdout]    |
[INFO] [stdout]    = note: `BlockInfo` has a derived impl for the trait `Debug`, but this is intentionally ignored during dead code analysis
[INFO] [stdout] 
[INFO] [stdout] 
[INFO] [stderr]     Finished `dev` profile [unoptimized + debuginfo] target(s) in 32.65s
[INFO] [stderr] warning: the following packages contain code that will be rejected by a future version of Rust: cranelift-codegen-meta v0.69.0
[INFO] [stderr] note: to see what the problems were, use the option `--future-incompat-report`, or run `cargo report future-incompatibilities --id 1`
[INFO] running `Command { std: "docker" "inspect" "e94c4c4876167f2eb65750b561a0d60fbf7316aa5fc1e99b54a92934e60853eb", kill_on_drop: false }`
[INFO] running `Command { std: "docker" "rm" "-f" "e94c4c4876167f2eb65750b561a0d60fbf7316aa5fc1e99b54a92934e60853eb", kill_on_drop: false }`
[INFO] [stdout] e94c4c4876167f2eb65750b561a0d60fbf7316aa5fc1e99b54a92934e60853eb
[INFO] running `Command { std: "docker" "create" "-v" "/var/lib/crater-agent-workspace/builds/worker-6-tc1/target:/opt/rustwide/target:rw,Z" "-v" "/var/lib/crater-agent-workspace/builds/worker-6-tc1/source:/opt/rustwide/workdir:ro,Z" "-v" "/var/lib/crater-agent-workspace/cargo-home:/opt/rustwide/cargo-home:ro,Z" "-v" "/var/lib/crater-agent-workspace/rustup-home:/opt/rustwide/rustup-home:ro,Z" "-e" "SOURCE_DIR=/opt/rustwide/workdir" "-e" "CARGO_TARGET_DIR=/opt/rustwide/target" "-e" "CARGO_INCREMENTAL=0" "-e" "RUST_BACKTRACE=full" "-e" "RUSTFLAGS=--cap-lints=forbid" "-e" "RUSTDOCFLAGS=--cap-lints=forbid" "-e" "CARGO_HOME=/opt/rustwide/cargo-home" "-e" "RUSTUP_HOME=/opt/rustwide/rustup-home" "-w" "/opt/rustwide/workdir" "-m" "1610612736" "--user" "0:0" "--network" "none" "ghcr.io/rust-lang/crates-build-env/linux@sha256:819108c5571ea2e421544af4d832f968d213c87fbe3707a016657f43d2f853bc" "/opt/rustwide/cargo-home/bin/cargo" "+nightly-2025-01-18" "test" "--frozen" "--no-run" "--message-format=json", kill_on_drop: false }`
[INFO] [stdout] 80a6c4fb69f4435e9a1acdac3fc3a886f160971e3b89a5d430f9fbc73d7ef288
[INFO] running `Command { std: "docker" "start" "-a" "80a6c4fb69f4435e9a1acdac3fc3a886f160971e3b89a5d430f9fbc73d7ef288", kill_on_drop: false }`
[INFO] [stderr]    Compiling proc-macro2 v0.4.30
[INFO] [stderr]    Compiling unicode-xid v0.1.0
[INFO] [stderr]    Compiling syn v0.15.44
[INFO] [stderr]    Compiling glob v0.3.0
[INFO] [stderr]    Compiling difference v2.0.0
[INFO] [stderr]    Compiling ansi_term v0.11.0
[INFO] [stdout] warning: fields `extensions` and `meta` are never read
[INFO] [stdout]  --> src/scratch.rs:6:9
[INFO] [stdout]   |
[INFO] [stdout] 4 | pub struct ProjectInfo {
[INFO] [stdout]   |            ----------- fields in this struct
[INFO] [stdout] 5 |     pub targets: Vec<TargetInfo>,
[INFO] [stdout] 6 |     pub extensions: Vec<String>,
[INFO] [stdout]   |         ^^^^^^^^^^
[INFO] [stdout] 7 |     pub meta: serde_json::Value,
[INFO] [stdout]   |         ^^^^
[INFO] [stdout]   |
[INFO] [stdout]   = note: `ProjectInfo` has a derived impl for the trait `Debug`, but this is intentionally ignored during dead code analysis
[INFO] [stdout]   = note: `#[warn(dead_code)]` on by default
[INFO] [stdout] 
[INFO] [stdout] 
[INFO] [stdout] warning: fields `is_stage`, `name`, `lists`, `broadcasts`, and `comments` are never read
[INFO] [stdout]   --> src/scratch.rs:25:9
[INFO] [stdout]    |
[INFO] [stdout] 23 | pub struct TargetInfo {
[INFO] [stdout]    |            ---------- fields in this struct
[INFO] [stdout] 24 |     #[serde(rename = "isStage")]
[INFO] [stdout] 25 |     pub is_stage: bool,
[INFO] [stdout]    |         ^^^^^^^^
[INFO] [stdout] 26 |     pub name: String,
[INFO] [stdout]    |         ^^^^
[INFO] [stdout] 27 |     pub variables: HashMap<String, (String, usize)>,
[INFO] [stdout] 28 |     pub lists: serde_json::Value,
[INFO] [stdout]    |         ^^^^^
[INFO] [stdout] 29 |     pub broadcasts: serde_json::Value,
[INFO] [stdout]    |         ^^^^^^^^^^
[INFO] [stdout] 30 |     pub blocks: HashMap<String, BlockInfo>,
[INFO] [stdout] 31 |     pub comments: serde_json::Value,
[INFO] [stdout]    |         ^^^^^^^^
[INFO] [stdout]    |
[INFO] [stdout]    = note: `TargetInfo` has a derived impl for the trait `Debug`, but this is intentionally ignored during dead code analysis
[INFO] [stdout] 
[INFO] [stdout] 
[INFO] [stdout] warning: fields `parent` and `shadow` are never read
[INFO] [stdout]   --> src/scratch.rs:38:9
[INFO] [stdout]    |
[INFO] [stdout] 35 | pub struct BlockInfo {
[INFO] [stdout]    |            --------- fields in this struct
[INFO] [stdout] ...
[INFO] [stdout] 38 |     pub parent: Option<String>,
[INFO] [stdout]    |         ^^^^^^
[INFO] [stdout] ...
[INFO] [stdout] 42 |     pub shadow: bool,
[INFO] [stdout]    |         ^^^^^^
[INFO] [stdout]    |
[INFO] [stdout]    = note: `BlockInfo` has a derived impl for the trait `Debug`, but this is intentionally ignored during dead code analysis
[INFO] [stdout] 
[INFO] [stdout] 
[INFO] [stderr]    Compiling pretty_assertions v0.6.1
[INFO] [stderr]    Compiling quote v0.6.13
[INFO] [stderr]    Compiling test-generator v0.3.0
[INFO] [stderr]    Compiling scratchc v0.1.0 (/opt/rustwide/workdir)
[INFO] [stdout] warning: fields `extensions` and `meta` are never read
[INFO] [stdout]  --> src/scratch.rs:6:9
[INFO] [stdout]   |
[INFO] [stdout] 4 | pub struct ProjectInfo {
[INFO] [stdout]   |            ----------- fields in this struct
[INFO] [stdout] 5 |     pub targets: Vec<TargetInfo>,
[INFO] [stdout] 6 |     pub extensions: Vec<String>,
[INFO] [stdout]   |         ^^^^^^^^^^
[INFO] [stdout] 7 |     pub meta: serde_json::Value,
[INFO] [stdout]   |         ^^^^
[INFO] [stdout]   |
[INFO] [stdout]   = note: `ProjectInfo` has a derived impl for the trait `Debug`, but this is intentionally ignored during dead code analysis
[INFO] [stdout]   = note: `#[warn(dead_code)]` on by default
[INFO] [stdout] 
[INFO] [stdout] 
[INFO] [stdout] warning: fields `is_stage`, `name`, `lists`, `broadcasts`, and `comments` are never read
[INFO] [stdout]   --> src/scratch.rs:25:9
[INFO] [stdout]    |
[INFO] [stdout] 23 | pub struct TargetInfo {
[INFO] [stdout]    |            ---------- fields in this struct
[INFO] [stdout] 24 |     #[serde(rename = "isStage")]
[INFO] [stdout] 25 |     pub is_stage: bool,
[INFO] [stdout]    |         ^^^^^^^^
[INFO] [stdout] 26 |     pub name: String,
[INFO] [stdout]    |         ^^^^
[INFO] [stdout] 27 |     pub variables: HashMap<String, (String, usize)>,
[INFO] [stdout] 28 |     pub lists: serde_json::Value,
[INFO] [stdout]    |         ^^^^^
[INFO] [stdout] 29 |     pub broadcasts: serde_json::Value,
[INFO] [stdout]    |         ^^^^^^^^^^
[INFO] [stdout] 30 |     pub blocks: HashMap<String, BlockInfo>,
[INFO] [stdout] 31 |     pub comments: serde_json::Value,
[INFO] [stdout]    |         ^^^^^^^^
[INFO] [stdout]    |
[INFO] [stdout]    = note: `TargetInfo` has a derived impl for the trait `Debug`, but this is intentionally ignored during dead code analysis
[INFO] [stdout] 
[INFO] [stdout] 
[INFO] [stdout] warning: fields `parent` and `shadow` are never read
[INFO] [stdout]   --> src/scratch.rs:38:9
[INFO] [stdout]    |
[INFO] [stdout] 35 | pub struct BlockInfo {
[INFO] [stdout]    |            --------- fields in this struct
[INFO] [stdout] ...
[INFO] [stdout] 38 |     pub parent: Option<String>,
[INFO] [stdout]    |         ^^^^^^
[INFO] [stdout] ...
[INFO] [stdout] 42 |     pub shadow: bool,
[INFO] [stdout]    |         ^^^^^^
[INFO] [stdout]    |
[INFO] [stdout]    = note: `BlockInfo` has a derived impl for the trait `Debug`, but this is intentionally ignored during dead code analysis
[INFO] [stdout] 
[INFO] [stdout] 
[INFO] [stderr]     Finished `test` profile [unoptimized + debuginfo] target(s) in 6.82s
[INFO] [stderr] warning: the following packages contain code that will be rejected by a future version of Rust: cranelift-codegen-meta v0.69.0
[INFO] [stderr] note: to see what the problems were, use the option `--future-incompat-report`, or run `cargo report future-incompatibilities --id 1`
[INFO] running `Command { std: "docker" "inspect" "80a6c4fb69f4435e9a1acdac3fc3a886f160971e3b89a5d430f9fbc73d7ef288", kill_on_drop: false }`
[INFO] running `Command { std: "docker" "rm" "-f" "80a6c4fb69f4435e9a1acdac3fc3a886f160971e3b89a5d430f9fbc73d7ef288", kill_on_drop: false }`
[INFO] [stdout] 80a6c4fb69f4435e9a1acdac3fc3a886f160971e3b89a5d430f9fbc73d7ef288
[INFO] running `Command { std: "docker" "create" "-v" "/var/lib/crater-agent-workspace/builds/worker-6-tc1/target:/opt/rustwide/target:rw,Z" "-v" "/var/lib/crater-agent-workspace/builds/worker-6-tc1/source:/opt/rustwide/workdir:ro,Z" "-v" "/var/lib/crater-agent-workspace/cargo-home:/opt/rustwide/cargo-home:ro,Z" "-v" "/var/lib/crater-agent-workspace/rustup-home:/opt/rustwide/rustup-home:ro,Z" "-e" "SOURCE_DIR=/opt/rustwide/workdir" "-e" "CARGO_TARGET_DIR=/opt/rustwide/target" "-e" "CARGO_INCREMENTAL=0" "-e" "RUST_BACKTRACE=full" "-e" "RUSTFLAGS=--cap-lints=forbid" "-e" "RUSTDOCFLAGS=--cap-lints=forbid" "-e" "CARGO_HOME=/opt/rustwide/cargo-home" "-e" "RUSTUP_HOME=/opt/rustwide/rustup-home" "-w" "/opt/rustwide/workdir" "-m" "1610612736" "--user" "0:0" "--network" "none" "ghcr.io/rust-lang/crates-build-env/linux@sha256:819108c5571ea2e421544af4d832f968d213c87fbe3707a016657f43d2f853bc" "/opt/rustwide/cargo-home/bin/cargo" "+nightly-2025-01-18" "test" "--frozen", kill_on_drop: false }`
[INFO] [stdout] 8890a99a25752bc0d23c9968380803c9f9d1af8cf2ad9ff9ee7825560156b1fb
[INFO] running `Command { std: "docker" "start" "-a" "8890a99a25752bc0d23c9968380803c9f9d1af8cf2ad9ff9ee7825560156b1fb", kill_on_drop: false }`
[INFO] [stderr] warning: fields `extensions` and `meta` are never read
[INFO] [stderr]  --> src/scratch.rs:6:9
[INFO] [stderr]   |
[INFO] [stderr] 4 | pub struct ProjectInfo {
[INFO] [stderr]   |            ----------- fields in this struct
[INFO] [stderr] 5 |     pub targets: Vec<TargetInfo>,
[INFO] [stderr] 6 |     pub extensions: Vec<String>,
[INFO] [stderr]   |         ^^^^^^^^^^
[INFO] [stderr] 7 |     pub meta: serde_json::Value,
[INFO] [stderr]   |         ^^^^
[INFO] [stderr]   |
[INFO] [stderr]   = note: `ProjectInfo` has a derived impl for the trait `Debug`, but this is intentionally ignored during dead code analysis
[INFO] [stderr]   = note: `#[warn(dead_code)]` on by default
[INFO] [stderr] 
[INFO] [stderr] warning: fields `is_stage`, `name`, `lists`, `broadcasts`, and `comments` are never read
[INFO] [stderr]   --> src/scratch.rs:25:9
[INFO] [stderr]    |
[INFO] [stderr] 23 | pub struct TargetInfo {
[INFO] [stderr]    |            ---------- fields in this struct
[INFO] [stderr] 24 |     #[serde(rename = "isStage")]
[INFO] [stderr] 25 |     pub is_stage: bool,
[INFO] [stderr]    |         ^^^^^^^^
[INFO] [stderr] 26 |     pub name: String,
[INFO] [stderr]    |         ^^^^
[INFO] [stderr] 27 |     pub variables: HashMap<String, (String, usize)>,
[INFO] [stderr] 28 |     pub lists: serde_json::Value,
[INFO] [stderr]    |         ^^^^^
[INFO] [stderr] 29 |     pub broadcasts: serde_json::Value,
[INFO] [stderr]    |         ^^^^^^^^^^
[INFO] [stderr] 30 |     pub blocks: HashMap<String, BlockInfo>,
[INFO] [stderr] 31 |     pub comments: serde_json::Value,
[INFO] [stderr]    |         ^^^^^^^^
[INFO] [stderr]    |
[INFO] [stderr]    = note: `TargetInfo` has a derived impl for the trait `Debug`, but this is intentionally ignored during dead code analysis
[INFO] [stderr] 
[INFO] [stderr] warning: fields `parent` and `shadow` are never read
[INFO] [stderr]   --> src/scratch.rs:38:9
[INFO] [stderr]    |
[INFO] [stderr] 35 | pub struct BlockInfo {
[INFO] [stderr]    |            --------- fields in this struct
[INFO] [stderr] ...
[INFO] [stderr] 38 |     pub parent: Option<String>,
[INFO] [stderr]    |         ^^^^^^
[INFO] [stderr] ...
[INFO] [stderr] 42 |     pub shadow: bool,
[INFO] [stderr]    |         ^^^^^^
[INFO] [stderr]    |
[INFO] [stderr]    = note: `BlockInfo` has a derived impl for the trait `Debug`, but this is intentionally ignored during dead code analysis
[INFO] [stderr] 
[INFO] [stderr] warning: `scratchc` (lib) generated 3 warnings
[INFO] [stderr] warning: `scratchc` (lib test) generated 3 warnings (3 duplicates)
[INFO] [stderr]     Finished `test` profile [unoptimized + debuginfo] target(s) in 0.09s
[INFO] [stderr] warning: the following packages contain code that will be rejected by a future version of Rust: cranelift-codegen-meta v0.69.0
[INFO] [stderr] note: to see what the problems were, use the option `--future-incompat-report`, or run `cargo report future-incompatibilities --id 1`
[INFO] [stderr]      Running unittests src/lib.rs (/opt/rustwide/target/debug/deps/scratchc-3b9cea1153d299db)
[INFO] [stdout] 
[INFO] [stdout] running 0 tests
[INFO] [stdout] 
[INFO] [stdout] test result: ok. 0 passed; 0 failed; 0 ignored; 0 measured; 0 filtered out; finished in 0.00s
[INFO] [stdout] 
[INFO] [stderr]      Running unittests src/main.rs (/opt/rustwide/target/debug/deps/scratchc-69af2b0d7f26a8ed)
[INFO] [stdout] 
[INFO] [stderr]      Running tests/out.rs (/opt/rustwide/target/debug/deps/out-ed2b4646a53a70af)
[INFO] [stdout] running 0 tests
[INFO] [stdout] 
[INFO] [stdout] test result: ok. 0 passed; 0 failed; 0 ignored; 0 measured; 0 filtered out; finished in 0.00s
[INFO] [stdout] 
[INFO] [stdout] 
[INFO] [stdout] running 7 tests
[INFO] [stdout] test test_tests_out_stop_script_sb3 ... FAILED
[INFO] [stdout] test test_tests_out_forever_stop_sb3 ... FAILED
[INFO] [stdout] test test_tests_out_stop_all_sb3 ... FAILED
[INFO] [stdout] test test_tests_out_fib_10_recr_sb3 ... FAILED
[INFO] [stdout] test test_tests_out_fib_10_iter_sb3 ... FAILED
[INFO] [stdout] test test_tests_out_loop_if_sb3 ... FAILED
[INFO] [stdout] test test_tests_out_multiscript_sb3 ... ok
[INFO] [stdout] 
[INFO] [stdout] failures:
[INFO] [stdout] 
[INFO] [stdout] ---- test_tests_out_stop_script_sb3 stdout ----
[INFO] [stdout] 
[INFO] [stdout] thread 'test_tests_out_stop_script_sb3' panicked at /opt/rustwide/workdir/src/lib.rs:83:9:
[INFO] [stdout] /usr/bin/ld: /tmp/libsupport.a: error adding symbols: no more archived files
[INFO] [stdout] clang: error: linker command failed with exit code 1 (use -v to see invocation)
[INFO] [stdout] 
[INFO] [stdout] stack backtrace:
[INFO] [stdout]    0:     0x5ff47bb06aba - std::backtrace_rs::backtrace::libunwind::trace::hb059275cfc8d6126
[INFO] [stdout]                                at /rustc/6067b36314ab5eb2eb47cecc464545ba58e1ad24/library/std/src/../../backtrace/src/backtrace/libunwind.rs:116:5
[INFO] [stdout]    1:     0x5ff47bb06aba - std::backtrace_rs::backtrace::trace_unsynchronized::h2da071e4327ce3ee
[INFO] [stdout]                                at /rustc/6067b36314ab5eb2eb47cecc464545ba58e1ad24/library/std/src/../../backtrace/src/backtrace/mod.rs:66:5
[INFO] [stdout]    2:     0x5ff47bb06aba - std::sys::backtrace::_print_fmt::h842a1474e6f8d23f
[INFO] [stdout]                                at /rustc/6067b36314ab5eb2eb47cecc464545ba58e1ad24/library/std/src/sys/backtrace.rs:66:9
[INFO] [stdout]    3:     0x5ff47bb06aba - <std::sys::backtrace::BacktraceLock::print::DisplayBacktrace as core::fmt::Display>::fmt::h71a62eb3b9696b12
[INFO] [stdout]                                at /rustc/6067b36314ab5eb2eb47cecc464545ba58e1ad24/library/std/src/sys/backtrace.rs:39:26
[INFO] [stdout]    4:     0x5ff47bb302a3 - core::fmt::rt::Argument::fmt::hdb6b616786b41dc1
[INFO] [stdout]                                at /rustc/6067b36314ab5eb2eb47cecc464545ba58e1ad24/library/core/src/fmt/rt.rs:177:76
[INFO] [stdout]    5:     0x5ff47bb302a3 - core::fmt::write::h2cc1698af7e2d686
[INFO] [stdout]                                at /rustc/6067b36314ab5eb2eb47cecc464545ba58e1ad24/library/core/src/fmt/mod.rs:1440:21
[INFO] [stdout]    6:     0x5ff47bb03413 - std::io::Write::write_fmt::hab1b4cd059a79022
[INFO] [stdout]                                at /rustc/6067b36314ab5eb2eb47cecc464545ba58e1ad24/library/std/src/io/mod.rs:1887:15
[INFO] [stdout]    7:     0x5ff47bb06902 - std::sys::backtrace::BacktraceLock::print::h147fe35b4ea13b08
[INFO] [stdout]                                at /rustc/6067b36314ab5eb2eb47cecc464545ba58e1ad24/library/std/src/sys/backtrace.rs:42:9
[INFO] [stdout]    8:     0x5ff47bb07edf - std::panicking::default_hook::{{closure}}::hbd44223dbdc0d208
[INFO] [stdout]                                at /rustc/6067b36314ab5eb2eb47cecc464545ba58e1ad24/library/std/src/panicking.rs:298:22
[INFO] [stdout]    9:     0x5ff47bb07cf8 - std::panicking::default_hook::h20f81eb0576efcec
[INFO] [stdout]                                at /rustc/6067b36314ab5eb2eb47cecc464545ba58e1ad24/library/std/src/panicking.rs:322:9
[INFO] [stdout]   10:     0x5ff47babe3e3 - <alloc::boxed::Box<F,A> as core::ops::function::Fn<Args>>::call::hdb53814c496a4d34
[INFO] [stdout]                                at /rustc/6067b36314ab5eb2eb47cecc464545ba58e1ad24/library/alloc/src/boxed.rs:2027:9
[INFO] [stdout]   11:     0x5ff47babe3e3 - test::test_main::{{closure}}::hc0a4963c59427c24
[INFO] [stdout]                                at /rustc/6067b36314ab5eb2eb47cecc464545ba58e1ad24/library/test/src/lib.rs:134:21
[INFO] [stdout]   12:     0x5ff47bb089d3 - <alloc::boxed::Box<F,A> as core::ops::function::Fn<Args>>::call::h591b2225413a77e9
[INFO] [stdout]                                at /rustc/6067b36314ab5eb2eb47cecc464545ba58e1ad24/library/alloc/src/boxed.rs:2027:9
[INFO] [stdout]   13:     0x5ff47bb089d3 - std::panicking::rust_panic_with_hook::h625eea43051b2edc
[INFO] [stdout]                                at /rustc/6067b36314ab5eb2eb47cecc464545ba58e1ad24/library/std/src/panicking.rs:839:13
[INFO] [stdout]   14:     0x5ff47bb0868a - std::panicking::begin_panic_handler::{{closure}}::h4f9159cfbc3f6bd3
[INFO] [stdout]                                at /rustc/6067b36314ab5eb2eb47cecc464545ba58e1ad24/library/std/src/panicking.rs:704:13
[INFO] [stdout]   15:     0x5ff47bb06fb9 - std::sys::backtrace::__rust_end_short_backtrace::h0390abce48353151
[INFO] [stdout]                                at /rustc/6067b36314ab5eb2eb47cecc464545ba58e1ad24/library/std/src/sys/backtrace.rs:168:18
[INFO] [stdout]   16:     0x5ff47bb0831d - rust_begin_unwind
[INFO] [stdout]                                at /rustc/6067b36314ab5eb2eb47cecc464545ba58e1ad24/library/std/src/panicking.rs:695:5
[INFO] [stdout]   17:     0x5ff47bb2e5c0 - core::panicking::panic_fmt::h9e7c637e9e5f29c9
[INFO] [stdout]                                at /rustc/6067b36314ab5eb2eb47cecc464545ba58e1ad24/library/core/src/panicking.rs:75:14
[INFO] [stdout]   18:     0x5ff47b78f263 - core::panicking::panic_display::h3a3607c2581f756a
[INFO] [stdout]                                at /rustc/6067b36314ab5eb2eb47cecc464545ba58e1ad24/library/core/src/panicking.rs:261:5
[INFO] [stdout]   19:     0x5ff47b7aea3f - scratchc::compile_native::hbda152b2a92e0bc9
[INFO] [stdout]                                at /opt/rustwide/workdir/src/lib.rs:83:9
[INFO] [stdout]   20:     0x5ff47b7b316a - out::test::h74c2b630f405a6fd
[INFO] [stdout]                                at /opt/rustwide/workdir/tests/out.rs:15:5
[INFO] [stdout]   21:     0x5ff47b7b3ac4 - out::test_tests_out_stop_script_sb3::hc898bdf1749929d3
[INFO] [stdout]                                at /opt/rustwide/workdir/tests/out.rs:4:1
[INFO] [stdout]   22:     0x5ff47b7b3a87 - out::test_tests_out_stop_script_sb3::{{closure}}::hce00759d47e68b42
[INFO] [stdout]                                at /opt/rustwide/workdir/tests/out.rs:4:53
[INFO] [stdout]   23:     0x5ff47b79e186 - core::ops::function::FnOnce::call_once::ha300e0949419798d
[INFO] [stdout]                                at /rustc/6067b36314ab5eb2eb47cecc464545ba58e1ad24/library/core/src/ops/function.rs:250:5
[INFO] [stdout]   24:     0x5ff47bac3b3b - core::ops::function::FnOnce::call_once::he27718dfdd183f43
[INFO] [stdout]                                at /rustc/6067b36314ab5eb2eb47cecc464545ba58e1ad24/library/core/src/ops/function.rs:250:5
[INFO] [stdout]   25:     0x5ff47bac3b3b - test::__rust_begin_short_backtrace::h4e84902998457a5d
[INFO] [stdout]                                at /rustc/6067b36314ab5eb2eb47cecc464545ba58e1ad24/library/test/src/lib.rs:632:18
[INFO] [stdout]   26:     0x5ff47bac2a73 - test::run_test_in_process::{{closure}}::h7176fd18fc1feca0
[INFO] [stdout]                                at /rustc/6067b36314ab5eb2eb47cecc464545ba58e1ad24/library/test/src/lib.rs:655:60
[INFO] [stdout]   27:     0x5ff47bac2a73 - <core::panic::unwind_safe::AssertUnwindSafe<F> as core::ops::function::FnOnce<()>>::call_once::hf79cff2a624d8cf7
[INFO] [stdout]                                at /rustc/6067b36314ab5eb2eb47cecc464545ba58e1ad24/library/core/src/panic/unwind_safe.rs:272:9
[INFO] [stdout]   28:     0x5ff47bac2a73 - std::panicking::try::do_call::h3da0561d9ab99c25
[INFO] [stdout]                                at /rustc/6067b36314ab5eb2eb47cecc464545ba58e1ad24/library/std/src/panicking.rs:587:40
[INFO] [stdout]   29:     0x5ff47bac2a73 - std::panicking::try::h41c9fa508bc61df6
[INFO] [stdout]                                at /rustc/6067b36314ab5eb2eb47cecc464545ba58e1ad24/library/std/src/panicking.rs:550:19
[INFO] [stdout]   30:     0x5ff47bac2a73 - std::panic::catch_unwind::h6b3ff07bb5afad93
[INFO] [stdout]                                at /rustc/6067b36314ab5eb2eb47cecc464545ba58e1ad24/library/std/src/panic.rs:358:14
[INFO] [stdout]   31:     0x5ff47bac2a73 - test::run_test_in_process::hc7253dd11b39b9f4
[INFO] [stdout]                                at /rustc/6067b36314ab5eb2eb47cecc464545ba58e1ad24/library/test/src/lib.rs:655:27
[INFO] [stdout]   32:     0x5ff47bac2a73 - test::run_test::{{closure}}::hfb2007f8649c30bb
[INFO] [stdout]                                at /rustc/6067b36314ab5eb2eb47cecc464545ba58e1ad24/library/test/src/lib.rs:576:43
[INFO] [stdout]   33:     0x5ff47ba85b55 - test::run_test::{{closure}}::h56a17aa7a282a9f4
[INFO] [stdout]                                at /rustc/6067b36314ab5eb2eb47cecc464545ba58e1ad24/library/test/src/lib.rs:606:41
[INFO] [stdout]   34:     0x5ff47ba85b55 - std::sys::backtrace::__rust_begin_short_backtrace::hd2d2d2fb8e8c6aac
[INFO] [stdout]                                at /rustc/6067b36314ab5eb2eb47cecc464545ba58e1ad24/library/std/src/sys/backtrace.rs:152:18
[INFO] [stdout]   35:     0x5ff47ba8943a - std::thread::Builder::spawn_unchecked_::{{closure}}::{{closure}}::h4faa3f9db6133423
[INFO] [stdout]                                at /rustc/6067b36314ab5eb2eb47cecc464545ba58e1ad24/library/std/src/thread/mod.rs:559:17
[INFO] [stdout]   36:     0x5ff47ba8943a - <core::panic::unwind_safe::AssertUnwindSafe<F> as core::ops::function::FnOnce<()>>::call_once::hf2e855a36a4ea846
[INFO] [stdout]                                at /rustc/6067b36314ab5eb2eb47cecc464545ba58e1ad24/library/core/src/panic/unwind_safe.rs:272:9
[INFO] [stdout]   37:     0x5ff47ba8943a - std::panicking::try::do_call::h2f73af3616c35465
[INFO] [stdout]                                at /rustc/6067b36314ab5eb2eb47cecc464545ba58e1ad24/library/std/src/panicking.rs:587:40
[INFO] [stdout]   38:     0x5ff47ba8943a - std::panicking::try::hd1660ce9efadef5a
[INFO] [stdout]                                at /rustc/6067b36314ab5eb2eb47cecc464545ba58e1ad24/library/std/src/panicking.rs:550:19
[INFO] [stdout]   39:     0x5ff47ba8943a - std::panic::catch_unwind::h5ee8d7823b8ca744
[INFO] [stdout]                                at /rustc/6067b36314ab5eb2eb47cecc464545ba58e1ad24/library/std/src/panic.rs:358:14
[INFO] [stdout]   40:     0x5ff47ba8943a - std::thread::Builder::spawn_unchecked_::{{closure}}::h53c3a1894dce8407
[INFO] [stdout]                                at /rustc/6067b36314ab5eb2eb47cecc464545ba58e1ad24/library/std/src/thread/mod.rs:557:30
[INFO] [stdout]   41:     0x5ff47ba8943a - core::ops::function::FnOnce::call_once{{vtable.shim}}::h048ce291ad4f62bf
[INFO] [stdout]                                at /rustc/6067b36314ab5eb2eb47cecc464545ba58e1ad24/library/core/src/ops/function.rs:250:5
[INFO] [stdout]   42:     0x5ff47bb0ca5b - <alloc::boxed::Box<F,A> as core::ops::function::FnOnce<Args>>::call_once::ha52bedf99a3b4981
[INFO] [stdout]                                at /rustc/6067b36314ab5eb2eb47cecc464545ba58e1ad24/library/alloc/src/boxed.rs:2013:9
[INFO] [stdout]   43:     0x5ff47bb0ca5b - <alloc::boxed::Box<F,A> as core::ops::function::FnOnce<Args>>::call_once::h567748934d80ccf8
[INFO] [stdout]                                at /rustc/6067b36314ab5eb2eb47cecc464545ba58e1ad24/library/alloc/src/boxed.rs:2013:9
[INFO] [stdout]   44:     0x5ff47bb0ca5b - std::sys::pal::unix::thread::Thread::new::thread_start::h2d970728ae887adc
[INFO] [stdout]                                at /rustc/6067b36314ab5eb2eb47cecc464545ba58e1ad24/library/std/src/sys/pal/unix/thread.rs:106:17
[INFO] [stdout]   45:     0x7e947310eac3 - <unknown>
[INFO] [stdout]   46:     0x7e947319fa04 - clone
[INFO] [stdout]   47:                0x0 - <unknown>
[INFO] [stdout] 
[INFO] [stdout] ---- test_tests_out_forever_stop_sb3 stdout ----
[INFO] [stdout] 
[INFO] [stdout] thread 'test_tests_out_forever_stop_sb3' panicked at /opt/rustwide/workdir/src/lib.rs:83:9:
[INFO] [stdout] /usr/bin/ld: /tmp/libsupport.a: error adding symbols: file format not recognized
[INFO] [stdout] clang: error: linker command failed with exit code 1 (use -v to see invocation)
[INFO] [stdout] 
[INFO] [stdout] stack backtrace:
[INFO] [stdout]    0:     0x5ff47bb06aba - std::backtrace_rs::backtrace::libunwind::trace::hb059275cfc8d6126
[INFO] [stdout]                                at /rustc/6067b36314ab5eb2eb47cecc464545ba58e1ad24/library/std/src/../../backtrace/src/backtrace/libunwind.rs:116:5
[INFO] [stdout]    1:     0x5ff47bb06aba - std::backtrace_rs::backtrace::trace_unsynchronized::h2da071e4327ce3ee
[INFO] [stdout]                                at /rustc/6067b36314ab5eb2eb47cecc464545ba58e1ad24/library/std/src/../../backtrace/src/backtrace/mod.rs:66:5
[INFO] [stdout]    2:     0x5ff47bb06aba - std::sys::backtrace::_print_fmt::h842a1474e6f8d23f
[INFO] [stdout]                                at /rustc/6067b36314ab5eb2eb47cecc464545ba58e1ad24/library/std/src/sys/backtrace.rs:66:9
[INFO] [stdout]    3:     0x5ff47bb06aba - <std::sys::backtrace::BacktraceLock::print::DisplayBacktrace as core::fmt::Display>::fmt::h71a62eb3b9696b12
[INFO] [stdout]                                at /rustc/6067b36314ab5eb2eb47cecc464545ba58e1ad24/library/std/src/sys/backtrace.rs:39:26
[INFO] [stdout]    4:     0x5ff47bb302a3 - core::fmt::rt::Argument::fmt::hdb6b616786b41dc1
[INFO] [stdout]                                at /rustc/6067b36314ab5eb2eb47cecc464545ba58e1ad24/library/core/src/fmt/rt.rs:177:76
[INFO] [stdout]    5:     0x5ff47bb302a3 - core::fmt::write::h2cc1698af7e2d686
[INFO] [stdout]                                at /rustc/6067b36314ab5eb2eb47cecc464545ba58e1ad24/library/core/src/fmt/mod.rs:1440:21
[INFO] [stdout]    6:     0x5ff47bb03413 - std::io::Write::write_fmt::hab1b4cd059a79022
[INFO] [stdout]                                at /rustc/6067b36314ab5eb2eb47cecc464545ba58e1ad24/library/std/src/io/mod.rs:1887:15
[INFO] [stdout]    7:     0x5ff47bb06902 - std::sys::backtrace::BacktraceLock::print::h147fe35b4ea13b08
[INFO] [stdout]                                at /rustc/6067b36314ab5eb2eb47cecc464545ba58e1ad24/library/std/src/sys/backtrace.rs:42:9
[INFO] [stdout]    8:     0x5ff47bb07edf - std::panicking::default_hook::{{closure}}::hbd44223dbdc0d208
[INFO] [stdout]                                at /rustc/6067b36314ab5eb2eb47cecc464545ba58e1ad24/library/std/src/panicking.rs:298:22
[INFO] [stdout]    9:     0x5ff47bb07cf8 - std::panicking::default_hook::h20f81eb0576efcec
[INFO] [stdout]                                at /rustc/6067b36314ab5eb2eb47cecc464545ba58e1ad24/library/std/src/panicking.rs:322:9
[INFO] [stdout]   10:     0x5ff47babe3e3 - <alloc::boxed::Box<F,A> as core::ops::function::Fn<Args>>::call::hdb53814c496a4d34
[INFO] [stdout]                                at /rustc/6067b36314ab5eb2eb47cecc464545ba58e1ad24/library/alloc/src/boxed.rs:2027:9
[INFO] [stdout]   11:     0x5ff47babe3e3 - test::test_main::{{closure}}::hc0a4963c59427c24
[INFO] [stdout]                                at /rustc/6067b36314ab5eb2eb47cecc464545ba58e1ad24/library/test/src/lib.rs:134:21
[INFO] [stdout]   12:     0x5ff47bb089d3 - <alloc::boxed::Box<F,A> as core::ops::function::Fn<Args>>::call::h591b2225413a77e9
[INFO] [stdout]                                at /rustc/6067b36314ab5eb2eb47cecc464545ba58e1ad24/library/alloc/src/boxed.rs:2027:9
[INFO] [stdout]   13:     0x5ff47bb089d3 - std::panicking::rust_panic_with_hook::h625eea43051b2edc
[INFO] [stdout]                                at /rustc/6067b36314ab5eb2eb47cecc464545ba58e1ad24/library/std/src/panicking.rs:839:13
[INFO] [stdout]   14:     0x5ff47bb0868a - std::panicking::begin_panic_handler::{{closure}}::h4f9159cfbc3f6bd3
[INFO] [stdout]                                at /rustc/6067b36314ab5eb2eb47cecc464545ba58e1ad24/library/std/src/panicking.rs:704:13
[INFO] [stdout]   15:     0x5ff47bb06fb9 - std::sys::backtrace::__rust_end_short_backtrace::h0390abce48353151
[INFO] [stdout]                                at /rustc/6067b36314ab5eb2eb47cecc464545ba58e1ad24/library/std/src/sys/backtrace.rs:168:18
[INFO] [stdout]   16:     0x5ff47bb0831d - rust_begin_unwind
[INFO] [stdout]                                at /rustc/6067b36314ab5eb2eb47cecc464545ba58e1ad24/library/std/src/panicking.rs:695:5
[INFO] [stdout]   17:     0x5ff47bb2e5c0 - core::panicking::panic_fmt::h9e7c637e9e5f29c9
[INFO] [stdout]                                at /rustc/6067b36314ab5eb2eb47cecc464545ba58e1ad24/library/core/src/panicking.rs:75:14
[INFO] [stdout]   18:     0x5ff47b78f263 - core::panicking::panic_display::h3a3607c2581f756a
[INFO] [stdout]                                at /rustc/6067b36314ab5eb2eb47cecc464545ba58e1ad24/library/core/src/panicking.rs:261:5
[INFO] [stdout]   19:     0x5ff47b7aea3f - scratchc::compile_native::hbda152b2a92e0bc9
[INFO] [stdout]                                at /opt/rustwide/workdir/src/lib.rs:83:9
[INFO] [stdout]   20:     0x5ff47b7b316a - out::test::h74c2b630f405a6fd
[INFO] [stdout]                                at /opt/rustwide/workdir/tests/out.rs:15:5
[INFO] [stdout]   21:     0x5ff47b7b3944 - out::test_tests_out_forever_stop_sb3::hcfab46113cee07b0
[INFO] [stdout]                                at /opt/rustwide/workdir/tests/out.rs:4:1
[INFO] [stdout]   22:     0x5ff47b7b3907 - out::test_tests_out_forever_stop_sb3::{{closure}}::h84c65c8001678d4c
[INFO] [stdout]                                at /opt/rustwide/workdir/tests/out.rs:4:53
[INFO] [stdout]   23:     0x5ff47b79dd96 - core::ops::function::FnOnce::call_once::h51557282105dc5f2
[INFO] [stdout]                                at /rustc/6067b36314ab5eb2eb47cecc464545ba58e1ad24/library/core/src/ops/function.rs:250:5
[INFO] [stdout]   24:     0x5ff47bac3b3b - core::ops::function::FnOnce::call_once::he27718dfdd183f43
[INFO] [stdout]                                at /rustc/6067b36314ab5eb2eb47cecc464545ba58e1ad24/library/core/src/ops/function.rs:250:5
[INFO] [stdout]   25:     0x5ff47bac3b3b - test::__rust_begin_short_backtrace::h4e84902998457a5d
[INFO] [stdout]                                at /rustc/6067b36314ab5eb2eb47cecc464545ba58e1ad24/library/test/src/lib.rs:632:18
[INFO] [stdout]   26:     0x5ff47bac2a73 - test::run_test_in_process::{{closure}}::h7176fd18fc1feca0
[INFO] [stdout]                                at /rustc/6067b36314ab5eb2eb47cecc464545ba58e1ad24/library/test/src/lib.rs:655:60
[INFO] [stdout]   27:     0x5ff47bac2a73 - <core::panic::unwind_safe::AssertUnwindSafe<F> as core::ops::function::FnOnce<()>>::call_once::hf79cff2a624d8cf7
[INFO] [stdout]                                at /rustc/6067b36314ab5eb2eb47cecc464545ba58e1ad24/library/core/src/panic/unwind_safe.rs:272:9
[INFO] [stdout]   28:     0x5ff47bac2a73 - std::panicking::try::do_call::h3da0561d9ab99c25
[INFO] [stdout]                                at /rustc/6067b36314ab5eb2eb47cecc464545ba58e1ad24/library/std/src/panicking.rs:587:40
[INFO] [stdout]   29:     0x5ff47bac2a73 - std::panicking::try::h41c9fa508bc61df6
[INFO] [stdout]                                at /rustc/6067b36314ab5eb2eb47cecc464545ba58e1ad24/library/std/src/panicking.rs:550:19
[INFO] [stdout]   30:     0x5ff47bac2a73 - std::panic::catch_unwind::h6b3ff07bb5afad93
[INFO] [stdout]                                at /rustc/6067b36314ab5eb2eb47cecc464545ba58e1ad24/library/std/src/panic.rs:358:14
[INFO] [stdout]   31:     0x5ff47bac2a73 - test::run_test_in_process::hc7253dd11b39b9f4
[INFO] [stdout]                                at /rustc/6067b36314ab5eb2eb47cecc464545ba58e1ad24/library/test/src/lib.rs:655:27
[INFO] [stdout]   32:     0x5ff47bac2a73 - test::run_test::{{closure}}::hfb2007f8649c30bb
[INFO] [stdout]                                at /rustc/6067b36314ab5eb2eb47cecc464545ba58e1ad24/library/test/src/lib.rs:576:43
[INFO] [stdout]   33:     0x5ff47ba85b55 - test::run_test::{{closure}}::h56a17aa7a282a9f4
[INFO] [stdout]                                at /rustc/6067b36314ab5eb2eb47cecc464545ba58e1ad24/library/test/src/lib.rs:606:41
[INFO] [stdout]   34:     0x5ff47ba85b55 - std::sys::backtrace::__rust_begin_short_backtrace::hd2d2d2fb8e8c6aac
[INFO] [stdout]                                at /rustc/6067b36314ab5eb2eb47cecc464545ba58e1ad24/library/std/src/sys/backtrace.rs:152:18
[INFO] [stdout]   35:     0x5ff47ba8943a - std::thread::Builder::spawn_unchecked_::{{closure}}::{{closure}}::h4faa3f9db6133423
[INFO] [stdout]                                at /rustc/6067b36314ab5eb2eb47cecc464545ba58e1ad24/library/std/src/thread/mod.rs:559:17
[INFO] [stdout]   36:     0x5ff47ba8943a - <core::panic::unwind_safe::AssertUnwindSafe<F> as core::ops::function::FnOnce<()>>::call_once::hf2e855a36a4ea846
[INFO] [stdout]                                at /rustc/6067b36314ab5eb2eb47cecc464545ba58e1ad24/library/core/src/panic/unwind_safe.rs:272:9
[INFO] [stdout]   37:     0x5ff47ba8943a - std::panicking::try::do_call::h2f73af3616c35465
[INFO] [stdout]                                at /rustc/6067b36314ab5eb2eb47cecc464545ba58e1ad24/library/std/src/panicking.rs:587:40
[INFO] [stdout]   38:     0x5ff47ba8943a - std::panicking::try::hd1660ce9efadef5a
[INFO] [stdout]                                at /rustc/6067b36314ab5eb2eb47cecc464545ba58e1ad24/library/std/src/panicking.rs:550:19
[INFO] [stdout]   39:     0x5ff47ba8943a - std::panic::catch_unwind::h5ee8d7823b8ca744
[INFO] [stdout]                                at /rustc/6067b36314ab5eb2eb47cecc464545ba58e1ad24/library/std/src/panic.rs:358:14
[INFO] [stdout]   40:     0x5ff47ba8943a - std::thread::Builder::spawn_unchecked_::{{closure}}::h53c3a1894dce8407
[INFO] [stdout]                                at /rustc/6067b36314ab5eb2eb47cecc464545ba58e1ad24/library/std/src/thread/mod.rs:557:30
[INFO] [stdout]   41:     0x5ff47ba8943a - core::ops::function::FnOnce::call_once{{vtable.shim}}::h048ce291ad4f62bf
[INFO] [stdout]                                at /rustc/6067b36314ab5eb2eb47cecc464545ba58e1ad24/library/core/src/ops/function.rs:250:5
[INFO] [stdout]   42:     0x5ff47bb0ca5b - <alloc::boxed::Box<F,A> as core::ops::function::FnOnce<Args>>::call_once::ha52bedf99a3b4981
[INFO] [stdout]                                at /rustc/6067b36314ab5eb2eb47cecc464545ba58e1ad24/library/alloc/src/boxed.rs:2013:9
[INFO] [stdout]   43:     0x5ff47bb0ca5b - <alloc::boxed::Box<F,A> as core::ops::function::FnOnce<Args>>::call_once::h567748934d80ccf8
[INFO] [stdout]                                at /rustc/6067b36314ab5eb2eb47cecc464545ba58e1ad24/library/alloc/src/boxed.rs:2013:9
[INFO] [stdout]   44:     0x5ff47bb0ca5b - std::sys::pal::unix::thread::Thread::new::thread_start::h2d970728ae887adc
[INFO] [stdout]                                at /rustc/6067b36314ab5eb2eb47cecc464545ba58e1ad24/library/std/src/sys/pal/unix/thread.rs:106:17
[INFO] [stdout]   45:     0x7e947310eac3 - <unknown>
[INFO] [stdout]   46:     0x7e947319fa04 - clone
[INFO] [stdout]   47:                0x0 - <unknown>
[INFO] [stdout] 
[INFO] [stdout] ---- test_tests_out_stop_all_sb3 stdout ----
[INFO] [stdout] 
[INFO] [stdout] thread 'test_tests_out_stop_all_sb3' panicked at /opt/rustwide/workdir/src/lib.rs:83:9:
[INFO] [stdout] /usr/bin/ld: /tmp/libsupport.a: error adding symbols: file format not recognized
[INFO] [stdout] clang: error: linker command failed with exit code 1 (use -v to see invocation)
[INFO] [stdout] 
[INFO] [stdout] stack backtrace:
[INFO] [stdout]    0:     0x5ff47bb06aba - std::backtrace_rs::backtrace::libunwind::trace::hb059275cfc8d6126
[INFO] [stdout]                                at /rustc/6067b36314ab5eb2eb47cecc464545ba58e1ad24/library/std/src/../../backtrace/src/backtrace/libunwind.rs:116:5
[INFO] [stdout]    1:     0x5ff47bb06aba - std::backtrace_rs::backtrace::trace_unsynchronized::h2da071e4327ce3ee
[INFO] [stdout]                                at /rustc/6067b36314ab5eb2eb47cecc464545ba58e1ad24/library/std/src/../../backtrace/src/backtrace/mod.rs:66:5
[INFO] [stdout]    2:     0x5ff47bb06aba - std::sys::backtrace::_print_fmt::h842a1474e6f8d23f
[INFO] [stdout]                                at /rustc/6067b36314ab5eb2eb47cecc464545ba58e1ad24/library/std/src/sys/backtrace.rs:66:9
[INFO] [stdout]    3:     0x5ff47bb06aba - <std::sys::backtrace::BacktraceLock::print::DisplayBacktrace as core::fmt::Display>::fmt::h71a62eb3b9696b12
[INFO] [stdout]                                at /rustc/6067b36314ab5eb2eb47cecc464545ba58e1ad24/library/std/src/sys/backtrace.rs:39:26
[INFO] [stdout]    4:     0x5ff47bb302a3 - core::fmt::rt::Argument::fmt::hdb6b616786b41dc1
[INFO] [stdout]                                at /rustc/6067b36314ab5eb2eb47cecc464545ba58e1ad24/library/core/src/fmt/rt.rs:177:76
[INFO] [stdout]    5:     0x5ff47bb302a3 - core::fmt::write::h2cc1698af7e2d686
[INFO] [stdout]                                at /rustc/6067b36314ab5eb2eb47cecc464545ba58e1ad24/library/core/src/fmt/mod.rs:1440:21
[INFO] [stdout]    6:     0x5ff47bb03413 - std::io::Write::write_fmt::hab1b4cd059a79022
[INFO] [stdout]                                at /rustc/6067b36314ab5eb2eb47cecc464545ba58e1ad24/library/std/src/io/mod.rs:1887:15
[INFO] [stdout]    7:     0x5ff47bb06902 - std::sys::backtrace::BacktraceLock::print::h147fe35b4ea13b08
[INFO] [stdout]                                at /rustc/6067b36314ab5eb2eb47cecc464545ba58e1ad24/library/std/src/sys/backtrace.rs:42:9
[INFO] [stdout]    8:     0x5ff47bb07edf - std::panicking::default_hook::{{closure}}::hbd44223dbdc0d208
[INFO] [stdout]                                at /rustc/6067b36314ab5eb2eb47cecc464545ba58e1ad24/library/std/src/panicking.rs:298:22
[INFO] [stdout]    9:     0x5ff47bb07cf8 - std::panicking::default_hook::h20f81eb0576efcec
[INFO] [stdout]                                at /rustc/6067b36314ab5eb2eb47cecc464545ba58e1ad24/library/std/src/panicking.rs:322:9
[INFO] [stdout]   10:     0x5ff47babe3e3 - <alloc::boxed::Box<F,A> as core::ops::function::Fn<Args>>::call::hdb53814c496a4d34
[INFO] [stdout]                                at /rustc/6067b36314ab5eb2eb47cecc464545ba58e1ad24/library/alloc/src/boxed.rs:2027:9
[INFO] [stdout]   11:     0x5ff47babe3e3 - test::test_main::{{closure}}::hc0a4963c59427c24
[INFO] [stdout]                                at /rustc/6067b36314ab5eb2eb47cecc464545ba58e1ad24/library/test/src/lib.rs:134:21
[INFO] [stdout]   12:     0x5ff47bb089d3 - <alloc::boxed::Box<F,A> as core::ops::function::Fn<Args>>::call::h591b2225413a77e9
[INFO] [stdout]                                at /rustc/6067b36314ab5eb2eb47cecc464545ba58e1ad24/library/alloc/src/boxed.rs:2027:9
[INFO] [stdout]   13:     0x5ff47bb089d3 - std::panicking::rust_panic_with_hook::h625eea43051b2edc
[INFO] [stdout]                                at /rustc/6067b36314ab5eb2eb47cecc464545ba58e1ad24/library/std/src/panicking.rs:839:13
[INFO] [stdout]   14:     0x5ff47bb0868a - std::panicking::begin_panic_handler::{{closure}}::h4f9159cfbc3f6bd3
[INFO] [stdout]                                at /rustc/6067b36314ab5eb2eb47cecc464545ba58e1ad24/library/std/src/panicking.rs:704:13
[INFO] [stdout]   15:     0x5ff47bb06fb9 - std::sys::backtrace::__rust_end_short_backtrace::h0390abce48353151
[INFO] [stdout]                                at /rustc/6067b36314ab5eb2eb47cecc464545ba58e1ad24/library/std/src/sys/backtrace.rs:168:18
[INFO] [stdout]   16:     0x5ff47bb0831d - rust_begin_unwind
[INFO] [stdout]                                at /rustc/6067b36314ab5eb2eb47cecc464545ba58e1ad24/library/std/src/panicking.rs:695:5
[INFO] [stdout]   17:     0x5ff47bb2e5c0 - core::panicking::panic_fmt::h9e7c637e9e5f29c9
[INFO] [stdout]                                at /rustc/6067b36314ab5eb2eb47cecc464545ba58e1ad24/library/core/src/panicking.rs:75:14
[INFO] [stdout]   18:     0x5ff47b78f263 - core::panicking::panic_display::h3a3607c2581f756a
[INFO] [stdout]                                at /rustc/6067b36314ab5eb2eb47cecc464545ba58e1ad24/library/core/src/panicking.rs:261:5
[INFO] [stdout]   19:     0x5ff47b7aea3f - scratchc::compile_native::hbda152b2a92e0bc9
[INFO] [stdout]                                at /opt/rustwide/workdir/src/lib.rs:83:9
[INFO] [stdout]   20:     0x5ff47b7b316a - out::test::h74c2b630f405a6fd
[INFO] [stdout]                                at /opt/rustwide/workdir/tests/out.rs:15:5
[INFO] [stdout]   21:     0x5ff47b7b3a64 - out::test_tests_out_stop_all_sb3::haf945b3de7c0cc9b
[INFO] [stdout]                                at /opt/rustwide/workdir/tests/out.rs:4:1
[INFO] [stdout]   22:     0x5ff47b7b3a27 - out::test_tests_out_stop_all_sb3::{{closure}}::h9cbb1a4974889b1e
[INFO] [stdout]                                at /opt/rustwide/workdir/tests/out.rs:4:53
[INFO] [stdout]   23:     0x5ff47b79dd16 - core::ops::function::FnOnce::call_once::h4f2d5db1c7b613a8
[INFO] [stdout]                                at /rustc/6067b36314ab5eb2eb47cecc464545ba58e1ad24/library/core/src/ops/function.rs:250:5
[INFO] [stdout]   24:     0x5ff47bac3b3b - core::ops::function::FnOnce::call_once::he27718dfdd183f43
[INFO] [stdout]                                at /rustc/6067b36314ab5eb2eb47cecc464545ba58e1ad24/library/core/src/ops/function.rs:250:5
[INFO] [stdout]   25:     0x5ff47bac3b3b - test::__rust_begin_short_backtrace::h4e84902998457a5d
[INFO] [stdout]                                at /rustc/6067b36314ab5eb2eb47cecc464545ba58e1ad24/library/test/src/lib.rs:632:18
[INFO] [stdout]   26:     0x5ff47bac2a73 - test::run_test_in_process::{{closure}}::h7176fd18fc1feca0
[INFO] [stdout]                                at /rustc/6067b36314ab5eb2eb47cecc464545ba58e1ad24/library/test/src/lib.rs:655:60
[INFO] [stdout]   27:     0x5ff47bac2a73 - <core::panic::unwind_safe::AssertUnwindSafe<F> as core::ops::function::FnOnce<()>>::call_once::hf79cff2a624d8cf7
[INFO] [stdout]                                at /rustc/6067b36314ab5eb2eb47cecc464545ba58e1ad24/library/core/src/panic/unwind_safe.rs:272:9
[INFO] [stdout]   28:     0x5ff47bac2a73 - std::panicking::try::do_call::h3da0561d9ab99c25
[INFO] [stdout]                                at /rustc/6067b36314ab5eb2eb47cecc464545ba58e1ad24/library/std/src/panicking.rs:587:40
[INFO] [stdout]   29:     0x5ff47bac2a73 - std::panicking::try::h41c9fa508bc61df6
[INFO] [stdout]                                at /rustc/6067b36314ab5eb2eb47cecc464545ba58e1ad24/library/std/src/panicking.rs:550:19
[INFO] [stdout]   30:     0x5ff47bac2a73 - std::panic::catch_unwind::h6b3ff07bb5afad93
[INFO] [stdout]                                at /rustc/6067b36314ab5eb2eb47cecc464545ba58e1ad24/library/std/src/panic.rs:358:14
[INFO] [stdout]   31:     0x5ff47bac2a73 - test::run_test_in_process::hc7253dd11b39b9f4
[INFO] [stdout]                                at /rustc/6067b36314ab5eb2eb47cecc464545ba58e1ad24/library/test/src/lib.rs:655:27
[INFO] [stdout]   32:     0x5ff47bac2a73 - test::run_test::{{closure}}::hfb2007f8649c30bb
[INFO] [stdout]                                at /rustc/6067b36314ab5eb2eb47cecc464545ba58e1ad24/library/test/src/lib.rs:576:43
[INFO] [stdout]   33:     0x5ff47ba85b55 - test::run_test::{{closure}}::h56a17aa7a282a9f4
[INFO] [stdout]                                at /rustc/6067b36314ab5eb2eb47cecc464545ba58e1ad24/library/test/src/lib.rs:606:41
[INFO] [stdout]   34:     0x5ff47ba85b55 - std::sys::backtrace::__rust_begin_short_backtrace::hd2d2d2fb8e8c6aac
[INFO] [stdout]                                at /rustc/6067b36314ab5eb2eb47cecc464545ba58e1ad24/library/std/src/sys/backtrace.rs:152:18
[INFO] [stdout]   35:     0x5ff47ba8943a - std::thread::Builder::spawn_unchecked_::{{closure}}::{{closure}}::h4faa3f9db6133423
[INFO] [stdout]                                at /rustc/6067b36314ab5eb2eb47cecc464545ba58e1ad24/library/std/src/thread/mod.rs:559:17
[INFO] [stdout]   36:     0x5ff47ba8943a - <core::panic::unwind_safe::AssertUnwindSafe<F> as core::ops::function::FnOnce<()>>::call_once::hf2e855a36a4ea846
[INFO] [stdout]                                at /rustc/6067b36314ab5eb2eb47cecc464545ba58e1ad24/library/core/src/panic/unwind_safe.rs:272:9
[INFO] [stdout]   37:     0x5ff47ba8943a - std::panicking::try::do_call::h2f73af3616c35465
[INFO] [stdout]                                at /rustc/6067b36314ab5eb2eb47cecc464545ba58e1ad24/library/std/src/panicking.rs:587:40
[INFO] [stdout]   38:     0x5ff47ba8943a - std::panicking::try::hd1660ce9efadef5a
[INFO] [stdout]                                at /rustc/6067b36314ab5eb2eb47cecc464545ba58e1ad24/library/std/src/panicking.rs:550:19
[INFO] [stdout]   39:     0x5ff47ba8943a - std::panic::catch_unwind::h5ee8d7823b8ca744
[INFO] [stdout]                                at /rustc/6067b36314ab5eb2eb47cecc464545ba58e1ad24/library/std/src/panic.rs:358:14
[INFO] [stdout]   40:     0x5ff47ba8943a - std::thread::Builder::spawn_unchecked_::{{closure}}::h53c3a1894dce8407
[INFO] [stdout]                                at /rustc/6067b36314ab5eb2eb47cecc464545ba58e1ad24/library/std/src/thread/mod.rs:557:30
[INFO] [stdout]   41:     0x5ff47ba8943a - core::ops::function::FnOnce::call_once{{vtable.shim}}::h048ce291ad4f62bf
[INFO] [stdout]                                at /rustc/6067b36314ab5eb2eb47cecc464545ba58e1ad24/library/core/src/ops/function.rs:250:5
[INFO] [stdout]   42:     0x5ff47bb0ca5b - <alloc::boxed::Box<F,A> as core::ops::function::FnOnce<Args>>::call_once::ha52bedf99a3b4981
[INFO] [stdout]                                at /rustc/6067b36314ab5eb2eb47cecc464545ba58e1ad24/library/alloc/src/boxed.rs:2013:9
[INFO] [stdout]   43:     0x5ff47bb0ca5b - <alloc::boxed::Box<F,A> as core::ops::function::FnOnce<Args>>::call_once::h567748934d80ccf8
[INFO] [stdout]                                at /rustc/6067b36314ab5eb2eb47cecc464545ba58e1ad24/library/alloc/src/boxed.rs:2013:9
[INFO] [stdout]   44:     0x5ff47bb0ca5b - std::sys::pal::unix::thread::Thread::new::thread_start::h2d970728ae887adc
[INFO] [stdout]                                at /rustc/6067b36314ab5eb2eb47cecc464545ba58e1ad24/library/std/src/sys/pal/unix/thread.rs:106:17
[INFO] [stdout]   45:     0x7e947310eac3 - <unknown>
[INFO] [stdout]   46:     0x7e947319fa04 - clone
[INFO] [stdout]   47:                0x0 - <unknown>
[INFO] [stdout] 
[INFO] [stdout] ---- test_tests_out_fib_10_recr_sb3 stdout ----
[INFO] [stdout] 
[INFO] [stdout] thread 'test_tests_out_fib_10_recr_sb3' panicked at /opt/rustwide/workdir/src/lib.rs:83:9:
[INFO] [stdout] /usr/bin/ld: /tmp/libsupport.a: error adding symbols: file format not recognized
[INFO] [stdout] clang: error: linker command failed with exit code 1 (use -v to see invocation)
[INFO] [stdout] 
[INFO] [stdout] stack backtrace:
[INFO] [stdout]    0:     0x5ff47bb06aba - std::backtrace_rs::backtrace::libunwind::trace::hb059275cfc8d6126
[INFO] [stdout]                                at /rustc/6067b36314ab5eb2eb47cecc464545ba58e1ad24/library/std/src/../../backtrace/src/backtrace/libunwind.rs:116:5
[INFO] [stdout]    1:     0x5ff47bb06aba - std::backtrace_rs::backtrace::trace_unsynchronized::h2da071e4327ce3ee
[INFO] [stdout]                                at /rustc/6067b36314ab5eb2eb47cecc464545ba58e1ad24/library/std/src/../../backtrace/src/backtrace/mod.rs:66:5
[INFO] [stdout]    2:     0x5ff47bb06aba - std::sys::backtrace::_print_fmt::h842a1474e6f8d23f
[INFO] [stdout]                                at /rustc/6067b36314ab5eb2eb47cecc464545ba58e1ad24/library/std/src/sys/backtrace.rs:66:9
[INFO] [stdout]    3:     0x5ff47bb06aba - <std::sys::backtrace::BacktraceLock::print::DisplayBacktrace as core::fmt::Display>::fmt::h71a62eb3b9696b12
[INFO] [stdout]                                at /rustc/6067b36314ab5eb2eb47cecc464545ba58e1ad24/library/std/src/sys/backtrace.rs:39:26
[INFO] [stdout]    4:     0x5ff47bb302a3 - core::fmt::rt::Argument::fmt::hdb6b616786b41dc1
[INFO] [stdout]                                at /rustc/6067b36314ab5eb2eb47cecc464545ba58e1ad24/library/core/src/fmt/rt.rs:177:76
[INFO] [stdout]    5:     0x5ff47bb302a3 - core::fmt::write::h2cc1698af7e2d686
[INFO] [stdout]                                at /rustc/6067b36314ab5eb2eb47cecc464545ba58e1ad24/library/core/src/fmt/mod.rs:1440:21
[INFO] [stdout]    6:     0x5ff47bb03413 - std::io::Write::write_fmt::hab1b4cd059a79022
[INFO] [stdout]                                at /rustc/6067b36314ab5eb2eb47cecc464545ba58e1ad24/library/std/src/io/mod.rs:1887:15
[INFO] [stdout]    7:     0x5ff47bb06902 - std::sys::backtrace::BacktraceLock::print::h147fe35b4ea13b08
[INFO] [stdout]                                at /rustc/6067b36314ab5eb2eb47cecc464545ba58e1ad24/library/std/src/sys/backtrace.rs:42:9
[INFO] [stdout]    8:     0x5ff47bb07edf - std::panicking::default_hook::{{closure}}::hbd44223dbdc0d208
[INFO] [stdout]                                at /rustc/6067b36314ab5eb2eb47cecc464545ba58e1ad24/library/std/src/panicking.rs:298:22
[INFO] [stdout]    9:     0x5ff47bb07cf8 - std::panicking::default_hook::h20f81eb0576efcec
[INFO] [stdout]                                at /rustc/6067b36314ab5eb2eb47cecc464545ba58e1ad24/library/std/src/panicking.rs:322:9
[INFO] [stdout]   10:     0x5ff47babe3e3 - <alloc::boxed::Box<F,A> as core::ops::function::Fn<Args>>::call::hdb53814c496a4d34
[INFO] [stdout]                                at /rustc/6067b36314ab5eb2eb47cecc464545ba58e1ad24/library/alloc/src/boxed.rs:2027:9
[INFO] [stdout]   11:     0x5ff47babe3e3 - test::test_main::{{closure}}::hc0a4963c59427c24
[INFO] [stdout]                                at /rustc/6067b36314ab5eb2eb47cecc464545ba58e1ad24/library/test/src/lib.rs:134:21
[INFO] [stdout]   12:     0x5ff47bb089d3 - <alloc::boxed::Box<F,A> as core::ops::function::Fn<Args>>::call::h591b2225413a77e9
[INFO] [stdout]                                at /rustc/6067b36314ab5eb2eb47cecc464545ba58e1ad24/library/alloc/src/boxed.rs:2027:9
[INFO] [stdout]   13:     0x5ff47bb089d3 - std::panicking::rust_panic_with_hook::h625eea43051b2edc
[INFO] [stdout]                                at /rustc/6067b36314ab5eb2eb47cecc464545ba58e1ad24/library/std/src/panicking.rs:839:13
[INFO] [stdout]   14:     0x5ff47bb0868a - std::panicking::begin_panic_handler::{{closure}}::h4f9159cfbc3f6bd3
[INFO] [stdout]                                at /rustc/6067b36314ab5eb2eb47cecc464545ba58e1ad24/library/std/src/panicking.rs:704:13
[INFO] [stdout]   15:     0x5ff47bb06fb9 - std::sys::backtrace::__rust_end_short_backtrace::h0390abce48353151
[INFO] [stdout]                                at /rustc/6067b36314ab5eb2eb47cecc464545ba58e1ad24/library/std/src/sys/backtrace.rs:168:18
[INFO] [stdout]   16:     0x5ff47bb0831d - rust_begin_unwind
[INFO] [stdout]                                at /rustc/6067b36314ab5eb2eb47cecc464545ba58e1ad24/library/std/src/panicking.rs:695:5
[INFO] [stdout]   17:     0x5ff47bb2e5c0 - core::panicking::panic_fmt::h9e7c637e9e5f29c9
[INFO] [stdout]                                at /rustc/6067b36314ab5eb2eb47cecc464545ba58e1ad24/library/core/src/panicking.rs:75:14
[INFO] [stdout]   18:     0x5ff47b78f263 - core::panicking::panic_display::h3a3607c2581f756a
[INFO] [stdout]                                at /rustc/6067b36314ab5eb2eb47cecc464545ba58e1ad24/library/core/src/panicking.rs:261:5
[INFO] [stdout]   19:     0x5ff47b7aea3f - scratchc::compile_native::hbda152b2a92e0bc9
[INFO] [stdout]                                at /opt/rustwide/workdir/src/lib.rs:83:9
[INFO] [stdout]   20:     0x5ff47b7b316a - out::test::h74c2b630f405a6fd
[INFO] [stdout]                                at /opt/rustwide/workdir/tests/out.rs:15:5
[INFO] [stdout]   21:     0x5ff47b7b38e4 - out::test_tests_out_fib_10_recr_sb3::h69f6cd913ae9282b
[INFO] [stdout]                                at /opt/rustwide/workdir/tests/out.rs:4:1
[INFO] [stdout]   22:     0x5ff47b7b38a7 - out::test_tests_out_fib_10_recr_sb3::{{closure}}::hfeba0e44df70f163
[INFO] [stdout]                                at /opt/rustwide/workdir/tests/out.rs:4:53
[INFO] [stdout]   23:     0x5ff47b79e3f6 - core::ops::function::FnOnce::call_once::hc8c6ea7d8ea6cc93
[INFO] [stdout]                                at /rustc/6067b36314ab5eb2eb47cecc464545ba58e1ad24/library/core/src/ops/function.rs:250:5
[INFO] [stdout]   24:     0x5ff47bac3b3b - core::ops::function::FnOnce::call_once::he27718dfdd183f43
[INFO] [stdout]                                at /rustc/6067b36314ab5eb2eb47cecc464545ba58e1ad24/library/core/src/ops/function.rs:250:5
[INFO] [stdout]   25:     0x5ff47bac3b3b - test::__rust_begin_short_backtrace::h4e84902998457a5d
[INFO] [stdout]                                at /rustc/6067b36314ab5eb2eb47cecc464545ba58e1ad24/library/test/src/lib.rs:632:18
[INFO] [stdout]   26:     0x5ff47bac2a73 - test::run_test_in_process::{{closure}}::h7176fd18fc1feca0
[INFO] [stdout]                                at /rustc/6067b36314ab5eb2eb47cecc464545ba58e1ad24/library/test/src/lib.rs:655:60
[INFO] [stdout]   27:     0x5ff47bac2a73 - <core::panic::unwind_safe::AssertUnwindSafe<F> as core::ops::function::FnOnce<()>>::call_once::hf79cff2a624d8cf7
[INFO] [stdout]                                at /rustc/6067b36314ab5eb2eb47cecc464545ba58e1ad24/library/core/src/panic/unwind_safe.rs:272:9
[INFO] [stdout]   28:     0x5ff47bac2a73 - std::panicking::try::do_call::h3da0561d9ab99c25
[INFO] [stdout]                                at /rustc/6067b36314ab5eb2eb47cecc464545ba58e1ad24/library/std/src/panicking.rs:587:40
[INFO] [stdout]   29:     0x5ff47bac2a73 - std::panicking::try::h41c9fa508bc61df6
[INFO] [stdout]                                at /rustc/6067b36314ab5eb2eb47cecc464545ba58e1ad24/library/std/src/panicking.rs:550:19
[INFO] [stdout]   30:     0x5ff47bac2a73 - std::panic::catch_unwind::h6b3ff07bb5afad93
[INFO] [stdout]                                at /rustc/6067b36314ab5eb2eb47cecc464545ba58e1ad24/library/std/src/panic.rs:358:14
[INFO] [stdout]   31:     0x5ff47bac2a73 - test::run_test_in_process::hc7253dd11b39b9f4
[INFO] [stdout]                                at /rustc/6067b36314ab5eb2eb47cecc464545ba58e1ad24/library/test/src/lib.rs:655:27
[INFO] [stdout]   32:     0x5ff47bac2a73 - test::run_test::{{closure}}::hfb2007f8649c30bb
[INFO] [stdout]                                at /rustc/6067b36314ab5eb2eb47cecc464545ba58e1ad24/library/test/src/lib.rs:576:43
[INFO] [stdout]   33:     0x5ff47ba85b55 - test::run_test::{{closure}}::h56a17aa7a282a9f4
[INFO] [stdout]                                at /rustc/6067b36314ab5eb2eb47cecc464545ba58e1ad24/library/test/src/lib.rs:606:41
[INFO] [stdout]   34:     0x5ff47ba85b55 - std::sys::backtrace::__rust_begin_short_backtrace::hd2d2d2fb8e8c6aac
[INFO] [stdout]                                at /rustc/6067b36314ab5eb2eb47cecc464545ba58e1ad24/library/std/src/sys/backtrace.rs:152:18
[INFO] [stdout]   35:     0x5ff47ba8943a - std::thread::Builder::spawn_unchecked_::{{closure}}::{{closure}}::h4faa3f9db6133423
[INFO] [stdout]                                at /rustc/6067b36314ab5eb2eb47cecc464545ba58e1ad24/library/std/src/thread/mod.rs:559:17
[INFO] [stdout]   36:     0x5ff47ba8943a - <core::panic::unwind_safe::AssertUnwindSafe<F> as core::ops::function::FnOnce<()>>::call_once::hf2e855a36a4ea846
[INFO] [stdout]                                at /rustc/6067b36314ab5eb2eb47cecc464545ba58e1ad24/library/core/src/panic/unwind_safe.rs:272:9
[INFO] [stdout]   37:     0x5ff47ba8943a - std::panicking::try::do_call::h2f73af3616c35465
[INFO] [stdout]                                at /rustc/6067b36314ab5eb2eb47cecc464545ba58e1ad24/library/std/src/panicking.rs:587:40
[INFO] [stdout]   38:     0x5ff47ba8943a - std::panicking::try::hd1660ce9efadef5a
[INFO] [stdout]                                at /rustc/6067b36314ab5eb2eb47cecc464545ba58e1ad24/library/std/src/panicking.rs:550:19
[INFO] [stdout]   39:     0x5ff47ba8943a - std::panic::catch_unwind::h5ee8d7823b8ca744
[INFO] [stdout]                                at /rustc/6067b36314ab5eb2eb47cecc464545ba58e1ad24/library/std/src/panic.rs:358:14
[INFO] [stdout]   40:     0x5ff47ba8943a - std::thread::Builder::spawn_unchecked_::{{closure}}::h53c3a1894dce8407
[INFO] [stdout]                                at /rustc/6067b36314ab5eb2eb47cecc464545ba58e1ad24/library/std/src/thread/mod.rs:557:30
[INFO] [stdout]   41:     0x5ff47ba8943a - core::ops::function::FnOnce::call_once{{vtable.shim}}::h048ce291ad4f62bf
[INFO] [stdout]                                at /rustc/6067b36314ab5eb2eb47cecc464545ba58e1ad24/library/core/src/ops/function.rs:250:5
[INFO] [stdout]   42:     0x5ff47bb0ca5b - <alloc::boxed::Box<F,A> as core::ops::function::FnOnce<Args>>::call_once::ha52bedf99a3b4981
[INFO] [stdout]                                at /rustc/6067b36314ab5eb2eb47cecc464545ba58e1ad24/library/alloc/src/boxed.rs:2013:9
[INFO] [stdout]   43:     0x5ff47bb0ca5b - <alloc::boxed::Box<F,A> as core::ops::function::FnOnce<Args>>::call_once::h567748934d80ccf8
[INFO] [stdout]                                at /rustc/6067b36314ab5eb2eb47cecc464545ba58e1ad24/library/alloc/src/boxed.rs:2013:9
[INFO] [stdout]   44:     0x5ff47bb0ca5b - std::sys::pal::unix::thread::Thread::new::thread_start::h2d970728ae887adc
[INFO] [stdout]                                at /rustc/6067b36314ab5eb2eb47cecc464545ba58e1ad24/library/std/src/sys/pal/unix/thread.rs:106:17
[INFO] [stdout]   45:     0x7e947310eac3 - <unknown>
[INFO] [stdout]   46:     0x7e947319fa04 - clone
[INFO] [stdout]   47:                0x0 - <unknown>
[INFO] [stdout] 
[INFO] [stdout] ---- test_tests_out_fib_10_iter_sb3 stdout ----
[INFO] [stdout] 
[INFO] [stdout] thread 'test_tests_out_fib_10_iter_sb3' panicked at /opt/rustwide/workdir/src/lib.rs:83:9:
[INFO] [stdout] /usr/bin/ld: /tmp/libsupport.a(std-006123e2ce67e99d.std.c5a2511fc2043fe7-cgu.0.rcgu.o): invalid size field in group section header: 0xc
[INFO] [stdout] /usr/bin/ld: /tmp/libsupport.a(std-006123e2ce67e99d.std.c5a2511fc2043fe7-cgu.0.rcgu.o): no valid group sections found
[INFO] [stdout] /usr/bin/ld: /tmp/libsupport.a(std-006123e2ce67e99d.std.c5a2511fc2043fe7-cgu.0.rcgu.o): no group info for section '.data.DW.ref.rust_eh_personality'
[INFO] [stdout] /usr/bin/ld: /tmp/libsupport.a: error adding symbols: file format not recognized
[INFO] [stdout] clang: error: linker command failed with exit code 1 (use -v to see invocation)
[INFO] [stdout] 
[INFO] [stdout] stack backtrace:
[INFO] [stdout]    0:     0x5ff47bb06aba - std::backtrace_rs::backtrace::libunwind::trace::hb059275cfc8d6126
[INFO] [stdout]                                at /rustc/6067b36314ab5eb2eb47cecc464545ba58e1ad24/library/std/src/../../backtrace/src/backtrace/libunwind.rs:116:5
[INFO] [stdout]    1:     0x5ff47bb06aba - std::backtrace_rs::backtrace::trace_unsynchronized::h2da071e4327ce3ee
[INFO] [stdout]                                at /rustc/6067b36314ab5eb2eb47cecc464545ba58e1ad24/library/std/src/../../backtrace/src/backtrace/mod.rs:66:5
[INFO] [stdout]    2:     0x5ff47bb06aba - std::sys::backtrace::_print_fmt::h842a1474e6f8d23f
[INFO] [stdout]                                at /rustc/6067b36314ab5eb2eb47cecc464545ba58e1ad24/library/std/src/sys/backtrace.rs:66:9
[INFO] [stdout]    3:     0x5ff47bb06aba - <std::sys::backtrace::BacktraceLock::print::DisplayBacktrace as core::fmt::Display>::fmt::h71a62eb3b9696b12
[INFO] [stdout]                                at /rustc/6067b36314ab5eb2eb47cecc464545ba58e1ad24/library/std/src/sys/backtrace.rs:39:26
[INFO] [stdout]    4:     0x5ff47bb302a3 - core::fmt::rt::Argument::fmt::hdb6b616786b41dc1
[INFO] [stdout]                                at /rustc/6067b36314ab5eb2eb47cecc464545ba58e1ad24/library/core/src/fmt/rt.rs:177:76
[INFO] [stdout]    5:     0x5ff47bb302a3 - core::fmt::write::h2cc1698af7e2d686
[INFO] [stdout]                                at /rustc/6067b36314ab5eb2eb47cecc464545ba58e1ad24/library/core/src/fmt/mod.rs:1440:21
[INFO] [stdout]    6:     0x5ff47bb03413 - std::io::Write::write_fmt::hab1b4cd059a79022
[INFO] [stdout]                                at /rustc/6067b36314ab5eb2eb47cecc464545ba58e1ad24/library/std/src/io/mod.rs:1887:15
[INFO] [stdout]    7:     0x5ff47bb06902 - std::sys::backtrace::BacktraceLock::print::h147fe35b4ea13b08
[INFO] [stdout]                                at /rustc/6067b36314ab5eb2eb47cecc464545ba58e1ad24/library/std/src/sys/backtrace.rs:42:9
[INFO] [stdout]    8:     0x5ff47bb07edf - std::panicking::default_hook::{{closure}}::hbd44223dbdc0d208
[INFO] [stdout]                                at /rustc/6067b36314ab5eb2eb47cecc464545ba58e1ad24/library/std/src/panicking.rs:298:22
[INFO] [stdout]    9:     0x5ff47bb07cf8 - std::panicking::default_hook::h20f81eb0576efcec
[INFO] [stdout]                                at /rustc/6067b36314ab5eb2eb47cecc464545ba58e1ad24/library/std/src/panicking.rs:322:9
[INFO] [stdout]   10:     0x5ff47babe3e3 - <alloc::boxed::Box<F,A> as core::ops::function::Fn<Args>>::call::hdb53814c496a4d34
[INFO] [stdout]                                at /rustc/6067b36314ab5eb2eb47cecc464545ba58e1ad24/library/alloc/src/boxed.rs:2027:9
[INFO] [stdout]   11:     0x5ff47babe3e3 - test::test_main::{{closure}}::hc0a4963c59427c24
[INFO] [stdout]                                at /rustc/6067b36314ab5eb2eb47cecc464545ba58e1ad24/library/test/src/lib.rs:134:21
[INFO] [stdout]   12:     0x5ff47bb089d3 - <alloc::boxed::Box<F,A> as core::ops::function::Fn<Args>>::call::h591b2225413a77e9
[INFO] [stdout]                                at /rustc/6067b36314ab5eb2eb47cecc464545ba58e1ad24/library/alloc/src/boxed.rs:2027:9
[INFO] [stdout]   13:     0x5ff47bb089d3 - std::panicking::rust_panic_with_hook::h625eea43051b2edc
[INFO] [stdout]                                at /rustc/6067b36314ab5eb2eb47cecc464545ba58e1ad24/library/std/src/panicking.rs:839:13
[INFO] [stdout]   14:     0x5ff47bb0868a - std::panicking::begin_panic_handler::{{closure}}::h4f9159cfbc3f6bd3
[INFO] [stdout]                                at /rustc/6067b36314ab5eb2eb47cecc464545ba58e1ad24/library/std/src/panicking.rs:704:13
[INFO] [stdout]   15:     0x5ff47bb06fb9 - std::sys::backtrace::__rust_end_short_backtrace::h0390abce48353151
[INFO] [stdout]                                at /rustc/6067b36314ab5eb2eb47cecc464545ba58e1ad24/library/std/src/sys/backtrace.rs:168:18
[INFO] [stdout]   16:     0x5ff47bb0831d - rust_begin_unwind
[INFO] [stdout]                                at /rustc/6067b36314ab5eb2eb47cecc464545ba58e1ad24/library/std/src/panicking.rs:695:5
[INFO] [stdout]   17:     0x5ff47bb2e5c0 - core::panicking::panic_fmt::h9e7c637e9e5f29c9
[INFO] [stdout]                                at /rustc/6067b36314ab5eb2eb47cecc464545ba58e1ad24/library/core/src/panicking.rs:75:14
[INFO] [stdout]   18:     0x5ff47b78f263 - core::panicking::panic_display::h3a3607c2581f756a
[INFO] [stdout]                                at /rustc/6067b36314ab5eb2eb47cecc464545ba58e1ad24/library/core/src/panicking.rs:261:5
[INFO] [stdout]   19:     0x5ff47b7aea3f - scratchc::compile_native::hbda152b2a92e0bc9
[INFO] [stdout]                                at /opt/rustwide/workdir/src/lib.rs:83:9
[INFO] [stdout]   20:     0x5ff47b7b316a - out::test::h74c2b630f405a6fd
[INFO] [stdout]                                at /opt/rustwide/workdir/tests/out.rs:15:5
[INFO] [stdout]   21:     0x5ff47b7b3884 - out::test_tests_out_fib_10_iter_sb3::hbefcf65353af080b
[INFO] [stdout]                                at /opt/rustwide/workdir/tests/out.rs:4:1
[INFO] [stdout]   22:     0x5ff47b7b3847 - out::test_tests_out_fib_10_iter_sb3::{{closure}}::h1cc9b01d8a70f4cb
[INFO] [stdout]                                at /opt/rustwide/workdir/tests/out.rs:4:53
[INFO] [stdout]   23:     0x5ff47b79e066 - core::ops::function::FnOnce::call_once::h93061693db9305f5
[INFO] [stdout]                                at /rustc/6067b36314ab5eb2eb47cecc464545ba58e1ad24/library/core/src/ops/function.rs:250:5
[INFO] [stdout]   24:     0x5ff47bac3b3b - core::ops::function::FnOnce::call_once::he27718dfdd183f43
[INFO] [stdout]                                at /rustc/6067b36314ab5eb2eb47cecc464545ba58e1ad24/library/core/src/ops/function.rs:250:5
[INFO] [stdout]   25:     0x5ff47bac3b3b - test::__rust_begin_short_backtrace::h4e84902998457a5d
[INFO] [stdout]                                at /rustc/6067b36314ab5eb2eb47cecc464545ba58e1ad24/library/test/src/lib.rs:632:18
[INFO] [stdout]   26:     0x5ff47bac2a73 - test::run_test_in_process::{{closure}}::h7176fd18fc1feca0
[INFO] [stdout]                                at /rustc/6067b36314ab5eb2eb47cecc464545ba58e1ad24/library/test/src/lib.rs:655:60
[INFO] [stdout]   27:     0x5ff47bac2a73 - <core::panic::unwind_safe::AssertUnwindSafe<F> as core::ops::function::FnOnce<()>>::call_once::hf79cff2a624d8cf7
[INFO] [stdout]                                at /rustc/6067b36314ab5eb2eb47cecc464545ba58e1ad24/library/core/src/panic/unwind_safe.rs:272:9
[INFO] [stdout]   28:     0x5ff47bac2a73 - std::panicking::try::do_call::h3da0561d9ab99c25
[INFO] [stdout]                                at /rustc/6067b36314ab5eb2eb47cecc464545ba58e1ad24/library/std/src/panicking.rs:587:40
[INFO] [stdout]   29:     0x5ff47bac2a73 - std::panicking::try::h41c9fa508bc61df6
[INFO] [stdout]                                at /rustc/6067b36314ab5eb2eb47cecc464545ba58e1ad24/library/std/src/panicking.rs:550:19
[INFO] [stdout]   30:     0x5ff47bac2a73 - std::panic::catch_unwind::h6b3ff07bb5afad93
[INFO] [stdout]                                at /rustc/6067b36314ab5eb2eb47cecc464545ba58e1ad24/library/std/src/panic.rs:358:14
[INFO] [stdout]   31:     0x5ff47bac2a73 - test::run_test_in_process::hc7253dd11b39b9f4
[INFO] [stdout]                                at /rustc/6067b36314ab5eb2eb47cecc464545ba58e1ad24/library/test/src/lib.rs:655:27
[INFO] [stdout]   32:     0x5ff47bac2a73 - test::run_test::{{closure}}::hfb2007f8649c30bb
[INFO] [stdout]                                at /rustc/6067b36314ab5eb2eb47cecc464545ba58e1ad24/library/test/src/lib.rs:576:43
[INFO] [stdout]   33:     0x5ff47ba85b55 - test::run_test::{{closure}}::h56a17aa7a282a9f4
[INFO] [stdout]                                at /rustc/6067b36314ab5eb2eb47cecc464545ba58e1ad24/library/test/src/lib.rs:606:41
[INFO] [stdout]   34:     0x5ff47ba85b55 - std::sys::backtrace::__rust_begin_short_backtrace::hd2d2d2fb8e8c6aac
[INFO] [stdout]                                at /rustc/6067b36314ab5eb2eb47cecc464545ba58e1ad24/library/std/src/sys/backtrace.rs:152:18
[INFO] [stdout]   35:     0x5ff47ba8943a - std::thread::Builder::spawn_unchecked_::{{closure}}::{{closure}}::h4faa3f9db6133423
[INFO] [stdout]                                at /rustc/6067b36314ab5eb2eb47cecc464545ba58e1ad24/library/std/src/thread/mod.rs:559:17
[INFO] [stdout]   36:     0x5ff47ba8943a - <core::panic::unwind_safe::AssertUnwindSafe<F> as core::ops::function::FnOnce<()>>::call_once::hf2e855a36a4ea846
[INFO] [stdout]                                at /rustc/6067b36314ab5eb2eb47cecc464545ba58e1ad24/library/core/src/panic/unwind_safe.rs:272:9
[INFO] [stdout]   37:     0x5ff47ba8943a - std::panicking::try::do_call::h2f73af3616c35465
[INFO] [stdout]                                at /rustc/6067b36314ab5eb2eb47cecc464545ba58e1ad24/library/std/src/panicking.rs:587:40
[INFO] [stdout]   38:     0x5ff47ba8943a - std::panicking::try::hd1660ce9efadef5a
[INFO] [stdout]                                at /rustc/6067b36314ab5eb2eb47cecc464545ba58e1ad24/library/std/src/panicking.rs:550:19
[INFO] [stdout]   39:     0x5ff47ba8943a - std::panic::catch_unwind::h5ee8d7823b8ca744
[INFO] [stdout]                                at /rustc/6067b36314ab5eb2eb47cecc464545ba58e1ad24/library/std/src/panic.rs:358:14
[INFO] [stdout]   40:     0x5ff47ba8943a - std::thread::Builder::spawn_unchecked_::{{closure}}::h53c3a1894dce8407
[INFO] [stdout]                                at /rustc/6067b36314ab5eb2eb47cecc464545ba58e1ad24/library/std/src/thread/mod.rs:557:30
[INFO] [stdout]   41:     0x5ff47ba8943a - core::ops::function::FnOnce::call_once{{vtable.shim}}::h048ce291ad4f62bf
[INFO] [stdout]                                at /rustc/6067b36314ab5eb2eb47cecc464545ba58e1ad24/library/core/src/ops/function.rs:250:5
[INFO] [stdout]   42:     0x5ff47bb0ca5b - <alloc::boxed::Box<F,A> as core::ops::function::FnOnce<Args>>::call_once::ha52bedf99a3b4981
[INFO] [stdout]                                at /rustc/6067b36314ab5eb2eb47cecc464545ba58e1ad24/library/alloc/src/boxed.rs:2013:9
[INFO] [stdout]   43:     0x5ff47bb0ca5b - <alloc::boxed::Box<F,A> as core::ops::function::FnOnce<Args>>::call_once::h567748934d80ccf8
[INFO] [stdout]                                at /rustc/6067b36314ab5eb2eb47cecc464545ba58e1ad24/library/alloc/src/boxed.rs:2013:9
[INFO] [stdout]   44:     0x5ff47bb0ca5b - std::sys::pal::unix::thread::Thread::new::thread_start::h2d970728ae887adc
[INFO] [stdout]                                at /rustc/6067b36314ab5eb2eb47cecc464545ba58e1ad24/library/std/src/sys/pal/unix/thread.rs:106:17
[INFO] [stdout]   45:     0x7e947310eac3 - <unknown>
[INFO] [stdout]   46:     0x7e947319fa04 - clone
[INFO] [stdout]   47:                0x0 - <unknown>
[INFO] [stdout] 
[INFO] [stdout] ---- test_tests_out_loop_if_sb3 stdout ----
[INFO] [stdout] 
[INFO] [stdout] thread 'test_tests_out_loop_if_sb3' panicked at tests/out.rs:23:5:
[INFO] [stdout] assertion failed: `(left == right)`
[INFO] [stdout] 
[INFO] [stdout] [1mDiff[0m [31m< left[0m / [32mright >[0m :
[INFO] [stdout] [31m<[0m[31m"[0m[1;48;5;52;31mthre[0m[31ma[0m[1;48;5;52;31md 2\nthr[0m[31me[0m[1;48;5;52;31mad 2[0m[31m\n[0m[1;48;5;52;31mthre[0m[31ma[0m[1;48;5;52;31md 2\nthr[0m[31me[0m[1;48;5;52;31mad 2[0m[31m\nt[0m[1;48;5;52;31mh[0m[31mr[0m[31me[0m[1;48;5;52;31mad 2[0m[31m\n[0m[1;48;5;52;31mthread 2\nthread 2\nthread 2\nthread 2\nthread 2\nthread 1\nthread 1\nthread 1\nthread 1\nthread 1\nthread 1\nthread 1\nthread 1\nthread 1\nthread 1\n[0m[31m"[0m
[INFO] [stdout] [32m>[0m[32m"[0m[1;48;5;22;32mf[0m[32ma[0m[1;48;5;22;32mls[0m[32me[0m[32m\n[0m[1;48;5;22;32mf[0m[32ma[0m[1;48;5;22;32mls[0m[32me[0m[32m\nt[0m[32mr[0m[1;48;5;22;32mu[0m[32me[0m[32m\n[0m[32m"[0m
[INFO] [stdout] 
[INFO] [stdout] 
[INFO] [stdout] stack backtrace:
[INFO] [stdout]    0:     0x5ff47bb06aba - std::backtrace_rs::backtrace::libunwind::trace::hb059275cfc8d6126
[INFO] [stdout]                                at /rustc/6067b36314ab5eb2eb47cecc464545ba58e1ad24/library/std/src/../../backtrace/src/backtrace/libunwind.rs:116:5
[INFO] [stdout]    1:     0x5ff47bb06aba - std::backtrace_rs::backtrace::trace_unsynchronized::h2da071e4327ce3ee
[INFO] [stdout]                                at /rustc/6067b36314ab5eb2eb47cecc464545ba58e1ad24/library/std/src/../../backtrace/src/backtrace/mod.rs:66:5
[INFO] [stdout]    2:     0x5ff47bb06aba - std::sys::backtrace::_print_fmt::h842a1474e6f8d23f
[INFO] [stdout]                                at /rustc/6067b36314ab5eb2eb47cecc464545ba58e1ad24/library/std/src/sys/backtrace.rs:66:9
[INFO] [stdout]    3:     0x5ff47bb06aba - <std::sys::backtrace::BacktraceLock::print::DisplayBacktrace as core::fmt::Display>::fmt::h71a62eb3b9696b12
[INFO] [stdout]                                at /rustc/6067b36314ab5eb2eb47cecc464545ba58e1ad24/library/std/src/sys/backtrace.rs:39:26
[INFO] [stdout]    4:     0x5ff47bb302a3 - core::fmt::rt::Argument::fmt::hdb6b616786b41dc1
[INFO] [stdout]                                at /rustc/6067b36314ab5eb2eb47cecc464545ba58e1ad24/library/core/src/fmt/rt.rs:177:76
[INFO] [stdout]    5:     0x5ff47bb302a3 - core::fmt::write::h2cc1698af7e2d686
[INFO] [stdout]                                at /rustc/6067b36314ab5eb2eb47cecc464545ba58e1ad24/library/core/src/fmt/mod.rs:1440:21
[INFO] [stdout]    6:     0x5ff47bb03413 - std::io::Write::write_fmt::hab1b4cd059a79022
[INFO] [stdout]                                at /rustc/6067b36314ab5eb2eb47cecc464545ba58e1ad24/library/std/src/io/mod.rs:1887:15
[INFO] [stdout]    7:     0x5ff47bb06902 - std::sys::backtrace::BacktraceLock::print::h147fe35b4ea13b08
[INFO] [stdout]                                at /rustc/6067b36314ab5eb2eb47cecc464545ba58e1ad24/library/std/src/sys/backtrace.rs:42:9
[INFO] [stdout]    8:     0x5ff47bb07edf - std::panicking::default_hook::{{closure}}::hbd44223dbdc0d208
[INFO] [stdout]                                at /rustc/6067b36314ab5eb2eb47cecc464545ba58e1ad24/library/std/src/panicking.rs:298:22
[INFO] [stdout]    9:     0x5ff47bb07cf8 - std::panicking::default_hook::h20f81eb0576efcec
[INFO] [stdout]                                at /rustc/6067b36314ab5eb2eb47cecc464545ba58e1ad24/library/std/src/panicking.rs:322:9
[INFO] [stdout]   10:     0x5ff47babe3e3 - <alloc::boxed::Box<F,A> as core::ops::function::Fn<Args>>::call::hdb53814c496a4d34
[INFO] [stdout]                                at /rustc/6067b36314ab5eb2eb47cecc464545ba58e1ad24/library/alloc/src/boxed.rs:2027:9
[INFO] [stdout]   11:     0x5ff47babe3e3 - test::test_main::{{closure}}::hc0a4963c59427c24
[INFO] [stdout]                                at /rustc/6067b36314ab5eb2eb47cecc464545ba58e1ad24/library/test/src/lib.rs:134:21
[INFO] [stdout]   12:     0x5ff47bb089d3 - <alloc::boxed::Box<F,A> as core::ops::function::Fn<Args>>::call::h591b2225413a77e9
[INFO] [stdout]                                at /rustc/6067b36314ab5eb2eb47cecc464545ba58e1ad24/library/alloc/src/boxed.rs:2027:9
[INFO] [stdout]   13:     0x5ff47bb089d3 - std::panicking::rust_panic_with_hook::h625eea43051b2edc
[INFO] [stdout]                                at /rustc/6067b36314ab5eb2eb47cecc464545ba58e1ad24/library/std/src/panicking.rs:839:13
[INFO] [stdout]   14:     0x5ff47bb0868a - std::panicking::begin_panic_handler::{{closure}}::h4f9159cfbc3f6bd3
[INFO] [stdout]                                at /rustc/6067b36314ab5eb2eb47cecc464545ba58e1ad24/library/std/src/panicking.rs:704:13
[INFO] [stdout]   15:     0x5ff47bb06fb9 - std::sys::backtrace::__rust_end_short_backtrace::h0390abce48353151
[INFO] [stdout]                                at /rustc/6067b36314ab5eb2eb47cecc464545ba58e1ad24/library/std/src/sys/backtrace.rs:168:18
[INFO] [stdout]   16:     0x5ff47bb0831d - rust_begin_unwind
[INFO] [stdout]                                at /rustc/6067b36314ab5eb2eb47cecc464545ba58e1ad24/library/std/src/panicking.rs:695:5
[INFO] [stdout]   17:     0x5ff47bb2e5c0 - core::panicking::panic_fmt::h9e7c637e9e5f29c9
[INFO] [stdout]                                at /rustc/6067b36314ab5eb2eb47cecc464545ba58e1ad24/library/core/src/panicking.rs:75:14
[INFO] [stdout]   18:     0x5ff47b7b3740 - out::test::h74c2b630f405a6fd
[INFO] [stdout]                                at /opt/rustwide/workdir/tests/out.rs:23:5
[INFO] [stdout]   19:     0x5ff47b7b39a4 - out::test_tests_out_loop_if_sb3::h409285f4b66de872
[INFO] [stdout]                                at /opt/rustwide/workdir/tests/out.rs:4:1
[INFO] [stdout]   20:     0x5ff47b7b3967 - out::test_tests_out_loop_if_sb3::{{closure}}::h7155af47ac36c85c
[INFO] [stdout]                                at /opt/rustwide/workdir/tests/out.rs:4:53
[INFO] [stdout]   21:     0x5ff47b79db06 - core::ops::function::FnOnce::call_once::h088eca6cd02b81f9
[INFO] [stdout]                                at /rustc/6067b36314ab5eb2eb47cecc464545ba58e1ad24/library/core/src/ops/function.rs:250:5
[INFO] [stdout]   22:     0x5ff47bac3b3b - core::ops::function::FnOnce::call_once::he27718dfdd183f43
[INFO] [stdout]                                at /rustc/6067b36314ab5eb2eb47cecc464545ba58e1ad24/library/core/src/ops/function.rs:250:5
[INFO] [stdout]   23:     0x5ff47bac3b3b - test::__rust_begin_short_backtrace::h4e84902998457a5d
[INFO] [stdout]                                at /rustc/6067b36314ab5eb2eb47cecc464545ba58e1ad24/library/test/src/lib.rs:632:18
[INFO] [stdout]   24:     0x5ff47bac2a73 - test::run_test_in_process::{{closure}}::h7176fd18fc1feca0
[INFO] [stdout]                                at /rustc/6067b36314ab5eb2eb47cecc464545ba58e1ad24/library/test/src/lib.rs:655:60
[INFO] [stdout]   25:     0x5ff47bac2a73 - <core::panic::unwind_safe::AssertUnwindSafe<F> as core::ops::function::FnOnce<()>>::call_once::hf79cff2a624d8cf7
[INFO] [stdout]                                at /rustc/6067b36314ab5eb2eb47cecc464545ba58e1ad24/library/core/src/panic/unwind_safe.rs:272:9
[INFO] [stdout]   26:     0x5ff47bac2a73 - std::panicking::try::do_call::h3da0561d9ab99c25
[INFO] [stdout]                                at /rustc/6067b36314ab5eb2eb47cecc464545ba58e1ad24/library/std/src/panicking.rs:587:40
[INFO] [stdout]   27:     0x5ff47bac2a73 - std::panicking::try::h41c9fa508bc61df6
[INFO] [stdout]                                at /rustc/6067b36314ab5eb2eb47cecc464545ba58e1ad24/library/std/src/panicking.rs:550:19
[INFO] [stdout]   28:     0x5ff47bac2a73 - std::panic::catch_unwind::h6b3ff07bb5afad93
[INFO] [stdout]                                at /rustc/6067b36314ab5eb2eb47cecc464545ba58e1ad24/library/std/src/panic.rs:358:14
[INFO] [stdout]   29:     0x5ff47bac2a73 - test::run_test_in_process::hc7253dd11b39b9f4
[INFO] [stdout]                                at /rustc/6067b36314ab5eb2eb47cecc464545ba58e1ad24/library/test/src/lib.rs:655:27
[INFO] [stdout]   30:     0x5ff47bac2a73 - test::run_test::{{closure}}::hfb2007f8649c30bb
[INFO] [stdout]                                at /rustc/6067b36314ab5eb2eb47cecc464545ba58e1ad24/library/test/src/lib.rs:576:43
[INFO] [stdout]   31:     0x5ff47ba85b55 - test::run_test::{{closure}}::h56a17aa7a282a9f4
[INFO] [stdout]                                at /rustc/6067b36314ab5eb2eb47cecc464545ba58e1ad24/library/test/src/lib.rs:606:41
[INFO] [stdout]   32:     0x5ff47ba85b55 - std::sys::backtrace::__rust_begin_short_backtrace::hd2d2d2fb8e8c6aac
[INFO] [stdout]                                at /rustc/6067b36314ab5eb2eb47cecc464545ba58e1ad24/library/std/src/sys/backtrace.rs:152:18
[INFO] [stdout]   33:     0x5ff47ba8943a - std::thread::Builder::spawn_unchecked_::{{closure}}::{{closure}}::h4faa3f9db6133423
[INFO] [stdout]                                at /rustc/6067b36314ab5eb2eb47cecc464545ba58e1ad24/library/std/src/thread/mod.rs:559:17
[INFO] [stdout]   34:     0x5ff47ba8943a - <core::panic::unwind_safe::AssertUnwindSafe<F> as core::ops::function::FnOnce<()>>::call_once::hf2e855a36a4ea846
[INFO] [stdout]                                at /rustc/6067b36314ab5eb2eb47cecc464545ba58e1ad24/library/core/src/panic/unwind_safe.rs:272:9
[INFO] [stdout]   35:     0x5ff47ba8943a - std::panicking::try::do_call::h2f73af3616c35465
[INFO] [stdout]                                at /rustc/6067b36314ab5eb2eb47cecc464545ba58e1ad24/library/std/src/panicking.rs:587:40
[INFO] [stdout]   36:     0x5ff47ba8943a - std::panicking::try::hd1660ce9efadef5a
[INFO] [stdout]                                at /rustc/6067b36314ab5eb2eb47cecc464545ba58e1ad24/library/std/src/panicking.rs:550:19
[INFO] [stdout]   37:     0x5ff47ba8943a - std::panic::catch_unwind::h5ee8d7823b8ca744
[INFO] [stdout]                                at /rustc/6067b36314ab5eb2eb47cecc464545ba58e1ad24/library/std/src/panic.rs:358:14
[INFO] [stdout]   38:     0x5ff47ba8943a - std::thread::Builder::spawn_unchecked_::{{closure}}::h53c3a1894dce8407
[INFO] [stdout]                                at /rustc/6067b36314ab5eb2eb47cecc464545ba58e1ad24/library/std/src/thread/mod.rs:557:30
[INFO] [stdout]   39:     0x5ff47ba8943a - core::ops::function::FnOnce::call_once{{vtable.shim}}::h048ce291ad4f62bf
[INFO] [stdout]                                at /rustc/6067b36314ab5eb2eb47cecc464545ba58e1ad24/library/core/src/ops/function.rs:250:5
[INFO] [stdout]   40:     0x5ff47bb0ca5b - <alloc::boxed::Box<F,A> as core::ops::function::FnOnce<Args>>::call_once::ha52bedf99a3b4981
[INFO] [stdout]                                at /rustc/6067b36314ab5eb2eb47cecc464545ba58e1ad24/library/alloc/src/boxed.rs:2013:9
[INFO] [stdout]   41:     0x5ff47bb0ca5b - <alloc::boxed::Box<F,A> as core::ops::function::FnOnce<Args>>::call_once::h567748934d80ccf8
[INFO] [stdout]                                at /rustc/6067b36314ab5eb2eb47cecc464545ba58e1ad24/library/alloc/src/boxed.rs:2013:9
[INFO] [stdout]   42:     0x5ff47bb0ca5b - std::sys::pal::unix::thread::Thread::new::thread_start::h2d970728ae887adc
[INFO] [stdout]                                at /rustc/6067b36314ab5eb2eb47cecc464545ba58e1ad24/library/std/src/sys/pal/unix/thread.rs:106:17
[INFO] [stdout]   43:     0x7e947310eac3 - <unknown>
[INFO] [stdout]   44:     0x7e947319fa04 - clone
[INFO] [stdout]   45:                0x0 - <unknown>
[INFO] [stdout] 
[INFO] [stdout] 
[INFO] [stdout] failures:
[INFO] [stdout]     test_tests_out_fib_10_iter_sb3
[INFO] [stdout]     test_tests_out_fib_10_recr_sb3
[INFO] [stdout]     test_tests_out_forever_stop_sb3
[INFO] [stdout]     test_tests_out_loop_if_sb3
[INFO] [stdout]     test_tests_out_stop_all_sb3
[INFO] [stdout]     test_tests_out_stop_script_sb3
[INFO] [stdout] 
[INFO] [stdout] test result: FAILED. 1 passed; 6 failed; 0 ignored; 0 measured; 0 filtered out; finished in 0.88s
[INFO] [stdout] 
[INFO] [stderr] error: test failed, to rerun pass `--test out`
[INFO] running `Command { std: "docker" "inspect" "8890a99a25752bc0d23c9968380803c9f9d1af8cf2ad9ff9ee7825560156b1fb", kill_on_drop: false }`
[INFO] running `Command { std: "docker" "rm" "-f" "8890a99a25752bc0d23c9968380803c9f9d1af8cf2ad9ff9ee7825560156b1fb", kill_on_drop: false }`
[INFO] [stdout] 8890a99a25752bc0d23c9968380803c9f9d1af8cf2ad9ff9ee7825560156b1fb
