[INFO] cloning repository https://github.com/devops-vn/postchain-client-rust
[INFO] running `Command { std: "git" "-c" "credential.helper=" "-c" "credential.helper=/workspace/cargo-home/bin/git-credential-null" "clone" "--bare" "https://github.com/devops-vn/postchain-client-rust" "/workspace/cache/git-repos/https%3A%2F%2Fgithub.com%2Fdevops-vn%2Fpostchain-client-rust", kill_on_drop: false }`
[INFO] [stderr] Cloning into bare repository '/workspace/cache/git-repos/https%3A%2F%2Fgithub.com%2Fdevops-vn%2Fpostchain-client-rust'...
[INFO] running `Command { std: "git" "rev-parse" "HEAD", kill_on_drop: false }`
[INFO] [stdout] 9226ef6c30edf61c691c7eec720623d500a4282c
[INFO] testing devops-vn/postchain-client-rust against nightly-2025-01-18+rustflags=-Zrandomize-layout for randomize-layout-2
[INFO] running `Command { std: "git" "clone" "/workspace/cache/git-repos/https%3A%2F%2Fgithub.com%2Fdevops-vn%2Fpostchain-client-rust" "/workspace/builds/worker-0-tc2/source", kill_on_drop: false }`
[INFO] [stderr] Cloning into '/workspace/builds/worker-0-tc2/source'...
[INFO] [stderr] done.
[INFO] validating manifest of git repo https://github.com/devops-vn/postchain-client-rust on toolchain nightly-2025-01-18
[INFO] running `Command { std: CARGO_HOME="/workspace/cargo-home" RUSTUP_HOME="/workspace/rustup-home" "/workspace/cargo-home/bin/cargo" "+nightly-2025-01-18" "metadata" "--manifest-path" "Cargo.toml" "--no-deps", kill_on_drop: false }`
[INFO] started tweaking git repo https://github.com/devops-vn/postchain-client-rust
[INFO] finished tweaking git repo https://github.com/devops-vn/postchain-client-rust
[INFO] tweaked toml for git repo https://github.com/devops-vn/postchain-client-rust written to /workspace/builds/worker-0-tc2/source/Cargo.toml
[INFO] crate git repo https://github.com/devops-vn/postchain-client-rust already has a lockfile, it will not be regenerated
[INFO] running `Command { std: CARGO_HOME="/workspace/cargo-home" RUSTUP_HOME="/workspace/rustup-home" "/workspace/cargo-home/bin/cargo" "+nightly-2025-01-18" "fetch" "--manifest-path" "Cargo.toml", kill_on_drop: false }`
[INFO] running `Command { std: "docker" "create" "-v" "/var/lib/crater-agent-workspace/builds/worker-0-tc2/target:/opt/rustwide/target:rw,Z" "-v" "/var/lib/crater-agent-workspace/builds/worker-0-tc2/source:/opt/rustwide/workdir:ro,Z" "-v" "/var/lib/crater-agent-workspace/cargo-home:/opt/rustwide/cargo-home:ro,Z" "-v" "/var/lib/crater-agent-workspace/rustup-home:/opt/rustwide/rustup-home:ro,Z" "-e" "SOURCE_DIR=/opt/rustwide/workdir" "-e" "CARGO_TARGET_DIR=/opt/rustwide/target" "-e" "CARGO_HOME=/opt/rustwide/cargo-home" "-e" "RUSTUP_HOME=/opt/rustwide/rustup-home" "-w" "/opt/rustwide/workdir" "-m" "1610612736" "--user" "0:0" "--network" "none" "ghcr.io/rust-lang/crates-build-env/linux@sha256:819108c5571ea2e421544af4d832f968d213c87fbe3707a016657f43d2f853bc" "/opt/rustwide/cargo-home/bin/cargo" "+nightly-2025-01-18" "metadata" "--no-deps" "--format-version=1", kill_on_drop: false }`
[INFO] [stdout] 75483cae8a10062499f458da7d95cc8b28b954cd0943c4ae84a3fe32d9b76a5d
[INFO] running `Command { std: "docker" "start" "-a" "75483cae8a10062499f458da7d95cc8b28b954cd0943c4ae84a3fe32d9b76a5d", kill_on_drop: false }`
[INFO] running `Command { std: "docker" "inspect" "75483cae8a10062499f458da7d95cc8b28b954cd0943c4ae84a3fe32d9b76a5d", kill_on_drop: false }`
[INFO] running `Command { std: "docker" "rm" "-f" "75483cae8a10062499f458da7d95cc8b28b954cd0943c4ae84a3fe32d9b76a5d", kill_on_drop: false }`
[INFO] [stdout] 75483cae8a10062499f458da7d95cc8b28b954cd0943c4ae84a3fe32d9b76a5d
[INFO] running `Command { std: "docker" "create" "-v" "/var/lib/crater-agent-workspace/builds/worker-0-tc2/target:/opt/rustwide/target:rw,Z" "-v" "/var/lib/crater-agent-workspace/builds/worker-0-tc2/source:/opt/rustwide/workdir:ro,Z" "-v" "/var/lib/crater-agent-workspace/cargo-home:/opt/rustwide/cargo-home:ro,Z" "-v" "/var/lib/crater-agent-workspace/rustup-home:/opt/rustwide/rustup-home:ro,Z" "-e" "SOURCE_DIR=/opt/rustwide/workdir" "-e" "CARGO_TARGET_DIR=/opt/rustwide/target" "-e" "CARGO_INCREMENTAL=0" "-e" "RUST_BACKTRACE=full" "-e" "RUSTFLAGS=--cap-lints=forbid -Zrandomize-layout" "-e" "RUSTDOCFLAGS=--cap-lints=forbid" "-e" "CARGO_HOME=/opt/rustwide/cargo-home" "-e" "RUSTUP_HOME=/opt/rustwide/rustup-home" "-w" "/opt/rustwide/workdir" "-m" "1610612736" "--user" "0:0" "--network" "none" "ghcr.io/rust-lang/crates-build-env/linux@sha256:819108c5571ea2e421544af4d832f968d213c87fbe3707a016657f43d2f853bc" "/opt/rustwide/cargo-home/bin/cargo" "+nightly-2025-01-18" "build" "--frozen" "--message-format=json", kill_on_drop: false }`
[INFO] [stdout] 2600486ac438388050d5e597cf1baed72cf9da9d7c412c33e90e8321e7d71487
[INFO] running `Command { std: "docker" "start" "-a" "2600486ac438388050d5e597cf1baed72cf9da9d7c412c33e90e8321e7d71487", kill_on_drop: false }`
[INFO] [stderr]    Compiling proc-macro2 v1.0.86
[INFO] [stderr]    Compiling unicode-ident v1.0.13
[INFO] [stderr]    Compiling autocfg v1.3.0
[INFO] [stderr]    Compiling libc v0.2.169
[INFO] [stderr]    Compiling cfg-if v1.0.0
[INFO] [stderr]    Compiling shlex v1.3.0
[INFO] [stderr]    Compiling smallvec v1.13.2
[INFO] [stderr]    Compiling stable_deref_trait v1.2.0
[INFO] [stderr]    Compiling itoa v1.0.11
[INFO] [stderr]    Compiling bytes v1.7.1
[INFO] [stderr]    Compiling pin-project-lite v0.2.14
[INFO] [stderr]    Compiling parking_lot_core v0.9.10
[INFO] [stderr]    Compiling scopeguard v1.2.0
[INFO] [stderr]    Compiling futures-core v0.3.30
[INFO] [stderr]    Compiling once_cell v1.20.0
[INFO] [stderr]    Compiling pkg-config v0.3.30
[INFO] [stderr]    Compiling vcpkg v0.2.15
[INFO] [stderr]    Compiling writeable v0.5.5
[INFO] [stderr]    Compiling litemap v0.7.4
[INFO] [stderr]    Compiling fnv v1.0.7
[INFO] [stderr]    Compiling pin-utils v0.1.0
[INFO] [stderr]    Compiling futures-task v0.3.30
[INFO] [stderr]    Compiling serde v1.0.217
[INFO] [stderr]    Compiling icu_locid_transform_data v1.5.0
[INFO] [stderr]    Compiling version_check v0.9.5
[INFO] [stderr]    Compiling typenum v1.17.0
[INFO] [stderr]    Compiling cc v1.1.18
[INFO] [stderr]    Compiling futures-util v0.3.30
[INFO] [stderr]    Compiling tracing-core v0.1.33
[INFO] [stderr]    Compiling futures-sink v0.3.30
[INFO] [stderr]    Compiling icu_properties_data v1.5.0
[INFO] [stderr]    Compiling equivalent v1.0.1
[INFO] [stderr]    Compiling http v1.1.0
[INFO] [stderr]    Compiling foreign-types-shared v0.1.1
[INFO] [stderr]    Compiling httparse v1.9.4
[INFO] [stderr]    Compiling lock_api v0.4.12
[INFO] [stderr]    Compiling slab v0.4.9
[INFO] [stderr]    Compiling hashbrown v0.15.2
[INFO] [stderr]    Compiling openssl v0.10.66
[INFO] [stderr]    Compiling generic-array v0.14.7
[INFO] [stderr]    Compiling num-traits v0.2.19
[INFO] [stderr]    Compiling foreign-types v0.3.2
[INFO] [stderr]    Compiling try-lock v0.2.5
[INFO] [stderr]    Compiling bitflags v2.6.0
[INFO] [stderr]    Compiling utf8_iter v1.0.4
[INFO] [stderr]    Compiling byteorder v1.5.0
[INFO] [stderr]    Compiling utf16_iter v1.0.5
[INFO] [stderr]    Compiling quote v1.0.37
[INFO] [stderr]    Compiling write16 v1.0.0
[INFO] [stderr]    Compiling icu_normalizer_data v1.5.0
[INFO] [stderr]    Compiling indexmap v2.7.0
[INFO] [stderr]    Compiling atomic-waker v1.1.2
[INFO] [stderr]    Compiling native-tls v0.2.12
[INFO] [stderr]    Compiling want v0.3.1
[INFO] [stderr]    Compiling futures-channel v0.3.30
[INFO] [stderr]    Compiling percent-encoding v2.3.1
[INFO] [stderr]    Compiling syn v2.0.87
[INFO] [stderr]    Compiling tower-service v0.3.3
[INFO] [stderr]    Compiling ryu v1.0.18
[INFO] [stderr]    Compiling log v0.4.22
[INFO] [stderr]    Compiling http-body v1.0.1
[INFO] [stderr]    Compiling serde_json v1.0.135
[INFO] [stderr]    Compiling openssl-probe v0.1.5
[INFO] [stderr]    Compiling form_urlencoded v1.2.1
[INFO] [stderr]    Compiling libm v0.2.11
[INFO] [stderr]    Compiling memchr v2.7.4
[INFO] [stderr]    Compiling bigdecimal v0.4.7
[INFO] [stderr]    Compiling sync_wrapper v1.0.1
[INFO] [stderr]    Compiling socket2 v0.5.7
[INFO] [stderr]    Compiling mio v1.0.2
[INFO] [stderr]    Compiling signal-hook-registry v1.4.2
[INFO] [stderr]    Compiling getrandom v0.2.15
[INFO] [stderr]    Compiling rustls-pki-types v1.10.1
[INFO] [stderr]    Compiling base64 v0.22.1
[INFO] [stderr]    Compiling rand_core v0.6.4
[INFO] [stderr]    Compiling tower-layer v0.3.3
[INFO] [stderr]    Compiling openssl-sys v0.9.103
[INFO] [stderr]    Compiling parking_lot v0.12.3
[INFO] [stderr]    Compiling secp256k1-sys v0.10.1
[INFO] [stderr]    Compiling encoding_rs v0.8.34
[INFO] [stderr]    Compiling cpufeatures v0.2.16
[INFO] [stderr]    Compiling rustls-pemfile v2.1.3
[INFO] [stderr]    Compiling mime v0.3.17
[INFO] [stderr]    Compiling ipnet v2.10.0
[INFO] [stderr]    Compiling hex v0.4.3
[INFO] [stderr]    Compiling crypto-common v0.1.6
[INFO] [stderr]    Compiling block-buffer v0.10.4
[INFO] [stderr]    Compiling num-integer v0.1.46
[INFO] [stderr]    Compiling digest v0.10.7
[INFO] [stderr]    Compiling num-bigint v0.4.6
[INFO] [stderr]    Compiling sha2 v0.10.8
[INFO] [stderr]    Compiling http-body-util v0.1.2
[INFO] [stderr]    Compiling synstructure v0.13.1
[INFO] [stderr]    Compiling zerofrom-derive v0.1.5
[INFO] [stderr]    Compiling yoke-derive v0.7.5
[INFO] [stderr]    Compiling zerovec-derive v0.10.3
[INFO] [stderr]    Compiling displaydoc v0.2.5
[INFO] [stderr]    Compiling tokio-macros v2.5.0
[INFO] [stderr]    Compiling icu_provider_macros v1.5.0
[INFO] [stderr]    Compiling serde_derive v1.0.217
[INFO] [stderr]    Compiling tracing-attributes v0.1.28
[INFO] [stderr]    Compiling openssl-macros v0.1.1
[INFO] [stderr]    Compiling zerocopy-derive v0.7.35
[INFO] [stderr]    Compiling asn1_derive v0.20.0
[INFO] [stderr]    Compiling postchain-client-derive v0.0.1 (/opt/rustwide/workdir/derive)
[INFO] [stderr]    Compiling tokio v1.43.0
[INFO] [stderr]    Compiling zerocopy v0.7.35
[INFO] [stderr]    Compiling asn1 v0.20.0
[INFO] [stderr]    Compiling zerofrom v0.1.5
[INFO] [stderr]    Compiling tracing v0.1.41
[INFO] [stderr]    Compiling yoke v0.7.5
[INFO] [stderr]    Compiling ppv-lite86 v0.2.20
[INFO] [stderr]    Compiling zerovec v0.10.4
[INFO] [stderr]    Compiling rand_chacha v0.3.1
[INFO] [stderr]    Compiling rand v0.8.5
[INFO] [stderr]    Compiling tinystr v0.7.6
[INFO] [stderr]    Compiling icu_collections v1.5.0
[INFO] [stderr]    Compiling icu_locid v1.5.0
[INFO] [stderr]    Compiling icu_provider v1.5.0
[INFO] [stderr]    Compiling icu_locid_transform v1.5.0
[INFO] [stderr]    Compiling icu_properties v1.5.1
[INFO] [stderr]    Compiling tokio-util v0.7.12
[INFO] [stderr]    Compiling tokio-native-tls v0.3.1
[INFO] [stderr]    Compiling tower v0.5.2
[INFO] [stderr]    Compiling h2 v0.4.6
[INFO] [stderr]    Compiling icu_normalizer v1.5.0
[INFO] [stderr]    Compiling serde_urlencoded v0.7.1
[INFO] [stderr]    Compiling secp256k1 v0.30.0
[INFO] [stderr]    Compiling idna_adapter v1.2.0
[INFO] [stderr]    Compiling idna v1.0.3
[INFO] [stderr]    Compiling url v2.5.4
[INFO] [stderr]    Compiling hyper v1.4.1
[INFO] [stderr]    Compiling hyper-util v0.1.10
[INFO] [stderr]    Compiling hyper-tls v0.6.0
[INFO] [stderr]    Compiling reqwest v0.12.12
[INFO] [stderr]    Compiling postchain-client v0.0.3 (/opt/rustwide/workdir)
[INFO] [stderr]     Finished `dev` profile [unoptimized + debuginfo] target(s) in 48.47s
[INFO] running `Command { std: "docker" "inspect" "2600486ac438388050d5e597cf1baed72cf9da9d7c412c33e90e8321e7d71487", kill_on_drop: false }`
[INFO] running `Command { std: "docker" "rm" "-f" "2600486ac438388050d5e597cf1baed72cf9da9d7c412c33e90e8321e7d71487", kill_on_drop: false }`
[INFO] [stdout] 2600486ac438388050d5e597cf1baed72cf9da9d7c412c33e90e8321e7d71487
[INFO] running `Command { std: "docker" "create" "-v" "/var/lib/crater-agent-workspace/builds/worker-0-tc2/target:/opt/rustwide/target:rw,Z" "-v" "/var/lib/crater-agent-workspace/builds/worker-0-tc2/source:/opt/rustwide/workdir:ro,Z" "-v" "/var/lib/crater-agent-workspace/cargo-home:/opt/rustwide/cargo-home:ro,Z" "-v" "/var/lib/crater-agent-workspace/rustup-home:/opt/rustwide/rustup-home:ro,Z" "-e" "SOURCE_DIR=/opt/rustwide/workdir" "-e" "CARGO_TARGET_DIR=/opt/rustwide/target" "-e" "CARGO_INCREMENTAL=0" "-e" "RUST_BACKTRACE=full" "-e" "RUSTFLAGS=--cap-lints=forbid -Zrandomize-layout" "-e" "RUSTDOCFLAGS=--cap-lints=forbid" "-e" "CARGO_HOME=/opt/rustwide/cargo-home" "-e" "RUSTUP_HOME=/opt/rustwide/rustup-home" "-w" "/opt/rustwide/workdir" "-m" "1610612736" "--user" "0:0" "--network" "none" "ghcr.io/rust-lang/crates-build-env/linux@sha256:819108c5571ea2e421544af4d832f968d213c87fbe3707a016657f43d2f853bc" "/opt/rustwide/cargo-home/bin/cargo" "+nightly-2025-01-18" "test" "--frozen" "--no-run" "--message-format=json", kill_on_drop: false }`
[INFO] [stdout] be1710ce38c93122af09867c827044f3d5e8bc10380b508726dba5a92d3369c6
[INFO] running `Command { std: "docker" "start" "-a" "be1710ce38c93122af09867c827044f3d5e8bc10380b508726dba5a92d3369c6", kill_on_drop: false }`
[INFO] [stderr]    Compiling tracing-core v0.1.33
[INFO] [stderr]    Compiling log v0.4.22
[INFO] [stderr]    Compiling rand v0.8.5
[INFO] [stderr]    Compiling overload v0.1.1
[INFO] [stderr]    Compiling lazy_static v1.5.0
[INFO] [stderr]    Compiling thread_local v1.1.8
[INFO] [stderr]    Compiling ctor v0.2.9
[INFO] [stderr]    Compiling nu-ansi-term v0.46.0
[INFO] [stderr]    Compiling sharded-slab v0.1.7
[INFO] [stderr]    Compiling native-tls v0.2.12
[INFO] [stderr]    Compiling tracing v0.1.41
[INFO] [stderr]    Compiling tracing-log v0.2.0
[INFO] [stderr]    Compiling tokio-native-tls v0.3.1
[INFO] [stderr]    Compiling h2 v0.4.6
[INFO] [stderr]    Compiling secp256k1 v0.30.0
[INFO] [stderr]    Compiling tracing-subscriber v0.3.19
[INFO] [stderr]    Compiling hyper v1.4.1
[INFO] [stderr]    Compiling hyper-util v0.1.10
[INFO] [stderr]    Compiling hyper-tls v0.6.0
[INFO] [stderr]    Compiling reqwest v0.12.12
[INFO] [stderr]    Compiling postchain-client v0.0.3 (/opt/rustwide/workdir)
[INFO] [stderr]     Finished `test` profile [unoptimized + debuginfo] target(s) in 14.87s
[INFO] running `Command { std: "docker" "inspect" "be1710ce38c93122af09867c827044f3d5e8bc10380b508726dba5a92d3369c6", kill_on_drop: false }`
[INFO] running `Command { std: "docker" "rm" "-f" "be1710ce38c93122af09867c827044f3d5e8bc10380b508726dba5a92d3369c6", kill_on_drop: false }`
[INFO] [stdout] be1710ce38c93122af09867c827044f3d5e8bc10380b508726dba5a92d3369c6
[INFO] running `Command { std: "docker" "create" "-v" "/var/lib/crater-agent-workspace/builds/worker-0-tc2/target:/opt/rustwide/target:rw,Z" "-v" "/var/lib/crater-agent-workspace/builds/worker-0-tc2/source:/opt/rustwide/workdir:ro,Z" "-v" "/var/lib/crater-agent-workspace/cargo-home:/opt/rustwide/cargo-home:ro,Z" "-v" "/var/lib/crater-agent-workspace/rustup-home:/opt/rustwide/rustup-home:ro,Z" "-e" "SOURCE_DIR=/opt/rustwide/workdir" "-e" "CARGO_TARGET_DIR=/opt/rustwide/target" "-e" "CARGO_INCREMENTAL=0" "-e" "RUST_BACKTRACE=full" "-e" "RUSTFLAGS=--cap-lints=forbid -Zrandomize-layout" "-e" "RUSTDOCFLAGS=--cap-lints=forbid" "-e" "CARGO_HOME=/opt/rustwide/cargo-home" "-e" "RUSTUP_HOME=/opt/rustwide/rustup-home" "-w" "/opt/rustwide/workdir" "-m" "1610612736" "--user" "0:0" "--network" "none" "ghcr.io/rust-lang/crates-build-env/linux@sha256:819108c5571ea2e421544af4d832f968d213c87fbe3707a016657f43d2f853bc" "/opt/rustwide/cargo-home/bin/cargo" "+nightly-2025-01-18" "test" "--frozen", kill_on_drop: false }`
[INFO] [stdout] c4bfcc9dca0ebdcc45505b04065e3d27ad32b4e2b23fbf4bc6353176ee77bee5
[INFO] running `Command { std: "docker" "start" "-a" "c4bfcc9dca0ebdcc45505b04065e3d27ad32b4e2b23fbf4bc6353176ee77bee5", kill_on_drop: false }`
[INFO] [stderr]     Finished `test` profile [unoptimized + debuginfo] target(s) in 0.22s
[INFO] [stderr]      Running unittests src/lib.rs (/opt/rustwide/target/debug/deps/postchain_client-fcf76be5ecb5dd9f)
[INFO] [stdout] 
[INFO] [stdout] running 48 tests
[INFO] [stdout] test encoding::gtv::gtv_encode_value_array ... ok
[INFO] [stdout] test encoding::gtv::gtv_encode_value_boolean ... ok
[INFO] [stdout] test encoding::gtv::gtv_encode_value_big_integer ... ok
[INFO] [stdout] test encoding::gtv::gtv_encode_value_decimal ... ok
[INFO] [stdout] test encoding::gtv::gtv_encode_value_bytearray ... ok
[INFO] [stdout] test encoding::gtv::gtv_encode_value_dict ... ok
[INFO] [stdout] test encoding::gtv::gtv_encode_value_integer ... ok
[INFO] [stdout] test encoding::gtv::gtv_encode_value_null ... ok
[INFO] [stdout] test encoding::gtv::gtv_encode_value_text ... ok
[INFO] [stdout] test encoding::gtv::gtv_test_sequence_complex_mix_dict_array_decode ... ok
[INFO] [stdout] test encoding::gtv::gtv_test_sequence_simple_dict_decode ... ok
[INFO] [stdout] test encoding::gtv::gtv_test_sequence_with_array ... ok
[INFO] [stdout] test encoding::gtv::gtv_test_sequence_with_big_integer ... ok
[INFO] [stdout] test encoding::gtv::gtv_test_sequence_with_boolean ... ok
[INFO] [stdout] test encoding::gtv::gtv_test_sequence_with_empty ... ok
[INFO] [stdout] test encoding::gtv::gtv_test_sequence_with_dict ... ok
[INFO] [stdout] test encoding::gtv::gtv_test_sequence_with_json ... ok
[INFO] [stdout] test encoding::gtv::gtv_test_sequence_with_negative_big_integer ... ok
[INFO] [stdout] test encoding::gtv::gtv_test_sequence_with_number ... ok
[INFO] [stdout] test encoding::gtv::gtv_test_sequence_with_nested_dict_array ... ok
[INFO] [stdout] test encoding::gtv::gtv_test_sequence_with_negative_decimal ... ok
[INFO] [stdout] test encoding::gtv::gtv_test_sequence_with_nested_dict ... ok
[INFO] [stdout] test encoding::gtv::gtv_test_sequence_with_octet_string ... ok
[INFO] [stdout] test encoding::gtv::gtv_test_sequence_with_string ... ok
[INFO] [stdout] test encoding::gtv::gtv_test_sequence_with_negative_number ... ok
[INFO] [stdout] test encoding::gtv::gtv_test_simple_array ... ok
[INFO] [stdout] test encoding::gtv::gtv_test_simple_big_integer ... ok
[INFO] [stdout] test encoding::gtv::gtv_test_simple_boolean ... ok
[INFO] [stdout] test encoding::gtv::gtv_test_simple_decimal ... ok
[INFO] [stdout] test encoding::gtv::gtv_test_simple_integer ... ok
[INFO] [stdout] test encoding::gtv::gtv_test_simple_bytearray_with_hex_decode ... ok
[INFO] [stdout] test encoding::gtv::gtv_test_simple_null ... ok
[INFO] [stdout] test encoding::gtv::gtv_test_simple_string_decode ... ok
[INFO] [stdout] test encoding::gtv::gtv_test_simple_null_decode ... ok
[INFO] [stdout] test encoding::gtv::gtv_test_simple_big_integer_decode ... ok
[INFO] [stdout] test encoding::gtv::gtv_test_simple_byte_array ... ok
[INFO] [stdout] test utils::operation::test_struct_metadata_derive ... ok
[INFO] [stdout] test encoding::gtv::gtv_test_simple_decimal_decode ... ok
[INFO] [stdout] test utils::hasher::test_gtv_hash ... ok
[INFO] [stdout] test encoding::gtv::gtv_test_simple_integer_decode ... ok
[INFO] [stdout] test utils::operation::test_deserialize_param_dict_to_struct ... ok
[INFO] [stdout] test encoding::gtv::gtv_test_sequence_simple_array_decode ... ok
[INFO] [stdout] test encoding::gtv::gtv_test_sequence_with_decimal ... ok
[INFO] [stdout] test encoding::gtv::gtv_test_simple_string ... ok
[INFO] [stdout] test utils::operation::test_serialize_deserialize_bigdecimal ... ok
[INFO] [stdout] test utils::operation::test_serialize_struct_to_param_dict ... ok
[INFO] [stdout] test encoding::gtv::gtv_test_simple_dict ... ok
[INFO] [stdout] test utils::operation::test_serialize_deserialize_bigint ... ok
[INFO] [stdout] 
[INFO] [stdout] test result: ok. 48 passed; 0 failed; 0 ignored; 0 measured; 0 filtered out; finished in 0.01s
[INFO] [stdout] 
[INFO] [stderr]      Running tests/integration_tests.rs (/opt/rustwide/target/debug/deps/integration_tests-dd751df1ca9cd7e8)
[INFO] [stdout] 
[INFO] [stdout] running 4 tests
[INFO] [stdout] [2m2025-01-20T12:07:02.680669Z[0m [32m INFO[0m [2mpostchain_client::transport::client[0m[2m:[0m Requesting on API endpoint: http://localhost:7740/
[INFO] [stdout] [2m2025-01-20T12:07:02.691150Z[0m [32m INFO[0m [2mpostchain_client::transport::client[0m[2m:[0m Requesting on API endpoint: https://node0.devnet1.chromia.dev:7740/
[INFO] [stdout] [2m2025-01-20T12:07:02.692218Z[0m [32m INFO[0m [2mpostchain_client::transport::client[0m[2m:[0m Requesting on API endpoint: http://localhost:7740/
[INFO] [stdout] [2m2025-01-20T12:07:02.695151Z[0m [32m INFO[0m [2mpostchain_client::transport::client[0m[2m:[0m Requesting on API endpoint: http://localhost:7740/
[INFO] [stdout] [2m2025-01-20T12:07:02.770386Z[0m [31mERROR[0m [2mpostchain_client::transport::client[0m[2m:[0m RestError { status_code: None, error_str: Some("error sending request for url (http://localhost:7740/brid/iid_0)"), error_json: None, type_error: FromReqClient }
[INFO] [stdout] [2m2025-01-20T12:07:02.772158Z[0m [31mERROR[0m [2mpostchain_client::transport::client[0m[2m:[0m Can't get blockchain RID with IID = 0 because of error: RestError { status_code: None, error_str: Some("error sending request for url (http://localhost:7740/brid/iid_0)"), error_json: None, type_error: FromReqClient }
[INFO] [stdout] [2m2025-01-20T12:07:02.772536Z[0m [32m INFO[0m [2mpostchain_client::transport::client[0m[2m:[0m Requesting on API endpoint: https://node0.devnet1.chromia.dev:7740/
[INFO] [stdout] [2m2025-01-20T12:07:02.780441Z[0m [31mERROR[0m [2mpostchain_client::transport::client[0m[2m:[0m RestError { status_code: None, error_str: Some("error sending request for url (http://localhost:7740/brid/iid_0)"), error_json: None, type_error: FromReqClient }
[INFO] [stdout] [2m2025-01-20T12:07:02.781760Z[0m [31mERROR[0m [2mpostchain_client::transport::client[0m[2m:[0m Can't get blockchain RID with IID = 0 because of error: RestError { status_code: None, error_str: Some("error sending request for url (http://localhost:7740/brid/iid_0)"), error_json: None, type_error: FromReqClient }
[INFO] [stdout] [2m2025-01-20T12:07:02.781902Z[0m [32m INFO[0m [2mpostchain_client::transport::client[0m[2m:[0m Requesting on API endpoint: https://node0.devnet1.chromia.dev:7740/
[INFO] [stdout] [2m2025-01-20T12:07:02.808591Z[0m [31mERROR[0m [2mpostchain_client::transport::client[0m[2m:[0m RestError { status_code: None, error_str: Some("error sending request for url (https://node0.devnet1.chromia.dev:7740/brid/iid_0)"), error_json: None, type_error: FromReqClient }
[INFO] [stdout] [2m2025-01-20T12:07:02.810246Z[0m [31mERROR[0m [2mpostchain_client::transport::client[0m[2m:[0m Can't get blockchain RID with IID = 0 because of error: RestError { status_code: None, error_str: Some("error sending request for url (https://node0.devnet1.chromia.dev:7740/brid/iid_0)"), error_json: None, type_error: FromReqClient }
[INFO] [stderr]    Doc-tests postchain_client
[INFO] [stdout] 
[INFO] [stdout] running 13 tests
[INFO] [stdout] test src/transport/client.rs - transport::client::RestClient<'a>::get_nodes_from_directory (line 132) - compile ... FAILED
[INFO] [stdout] test src/utils/operation.rs - utils::operation::Params::to_struct (line 356) ... FAILED
[INFO] [stdout] test src/utils/transaction.rs - utils::transaction (line 14) ... FAILED
[INFO] [stdout] test src/encoding/gtv.rs - encoding::gtv (line 17) ... FAILED
[INFO] [stdout] test src/utils/operation.rs - utils::operation (line 14) ... FAILED
[INFO] [stdout] test src/utils/hasher.rs - utils::hasher::HashError (line 92) ... FAILED
[INFO] [stdout] test src/utils/hasher.rs - utils::hasher::gtv_hash (line 496) ... FAILED
[INFO] [stdout] test src/utils/operation.rs - utils::operation::deserialize_bigdecimal (line 178) ... FAILED
[INFO] [stdout] test src/utils/hasher.rs - utils::hasher::gtv_hash (line 507) ... FAILED
[INFO] [stdout] test src/utils/hasher.rs - utils::hasher (line 26) ... FAILED
[INFO] [stdout] test src/utils/operation.rs - utils::operation::Params::from_struct (line 429) ... FAILED
[INFO] [stdout] test src/utils/hasher.rs - utils::hasher (line 38) ... FAILED
[INFO] [stdout] test src/utils/operation.rs - utils::operation::serialize_bigdecimal (line 148) ... FAILED
[INFO] [stdout] 
[INFO] [stdout] failures:
[INFO] [stdout] 
[INFO] [stdout] ---- src/transport/client.rs - transport::client::RestClient<'a>::get_nodes_from_directory (line 132) stdout ----
[INFO] [stdout] error[E0433]: failed to resolve: use of undeclared type `RestClient`
[INFO] [stdout]  --> src/transport/client.rs:134:14
[INFO] [stdout]   |
[INFO] [stdout] 4 | let client = RestClient::default();
[INFO] [stdout]   |              ^^^^^^^^^^ use of undeclared type `RestClient`
[INFO] [stdout]   |
[INFO] [stdout] help: consider importing this struct
[INFO] [stdout]   |
[INFO] [stdout] 2 + use postchain_client::transport::client::RestClient;
[INFO] [stdout]   |
[INFO] [stdout] 
[INFO] [stdout] error: aborting due to 1 previous error
[INFO] [stdout] 
[INFO] [stdout] For more information about this error, try `rustc --explain E0433`.
[INFO] [stdout] Couldn't compile the test.
[INFO] [stdout] ---- src/utils/operation.rs - utils::operation::Params::to_struct (line 356) stdout ----
[INFO] [stdout] error[E0433]: failed to resolve: use of undeclared type `Params`
[INFO] [stdout]  --> src/utils/operation.rs:363:12
[INFO] [stdout]   |
[INFO] [stdout] 9 | let dict = Params::Dict(/* ... */);
[INFO] [stdout]   |            ^^^^^^ use of undeclared type `Params`
[INFO] [stdout]   |
[INFO] [stdout] help: consider importing this enum
[INFO] [stdout]   |
[INFO] [stdout] 2 + use postchain_client::utils::operation::Params;
[INFO] [stdout]   |
[INFO] [stdout] 
[INFO] [stdout] error: aborting due to 1 previous error
[INFO] [stdout] 
[INFO] [stdout] For more information about this error, try `rustc --explain E0433`.
[INFO] [stdout] Couldn't compile the test.
[INFO] [stdout] ---- src/utils/transaction.rs - utils::transaction (line 14) stdout ----
[INFO] [stdout] error[E0433]: failed to resolve: unresolved import
[INFO] [stdout]  --> src/utils/transaction.rs:15:12
[INFO] [stdout]   |
[INFO] [stdout] 3 | use crate::utils::transaction::{Transaction, TransactionStatus};
[INFO] [stdout]   |            ^^^^^
[INFO] [stdout]   |            |
[INFO] [stdout]   |            unresolved import
[INFO] [stdout]   |            help: a similar path exists: `postchain_client::utils`
[INFO] [stdout] 
[INFO] [stdout] error: aborting due to 1 previous error
[INFO] [stdout] 
[INFO] [stdout] For more information about this error, try `rustc --explain E0433`.
[INFO] [stdout] Couldn't compile the test.
[INFO] [stdout] ---- src/encoding/gtv.rs - encoding::gtv (line 17) stdout ----
[INFO] [stdout] error[E0433]: failed to resolve: use of undeclared type `Params`
[INFO] [stdout]  --> src/encoding/gtv.rs:19:13
[INFO] [stdout]   |
[INFO] [stdout] 4 | let value = Params::Text("hello".to_string());
[INFO] [stdout]   |             ^^^^^^ use of undeclared type `Params`
[INFO] [stdout]   |
[INFO] [stdout] help: consider importing this enum
[INFO] [stdout]   |
[INFO] [stdout] 3 + use postchain_client::utils::operation::Params;
[INFO] [stdout]   |
[INFO] [stdout] 
[INFO] [stdout] error[E0425]: cannot find function `encode_value` in this scope
[INFO] [stdout]  --> src/encoding/gtv.rs:20:15
[INFO] [stdout]   |
[INFO] [stdout] 5 | let encoded = encode_value(&value);
[INFO] [stdout]   |               ^^^^^^^^^^^^ not found in this scope
[INFO] [stdout]   |
[INFO] [stdout] help: consider importing this function
[INFO] [stdout]   |
[INFO] [stdout] 3 + use postchain_client::encoding::gtv::encode_value;
[INFO] [stdout]   |
[INFO] [stdout] 
[INFO] [stdout] error[E0425]: cannot find function `decode` in this scope
[INFO] [stdout]  --> src/encoding/gtv.rs:23:15
[INFO] [stdout]   |
[INFO] [stdout] 8 | let decoded = decode(&encoded).unwrap();
[INFO] [stdout]   |               ^^^^^^ not found in this scope
[INFO] [stdout]   |
[INFO] [stdout] help: consider importing one of these functions
[INFO] [stdout]   |
[INFO] [stdout] 3 + use base64::decode;
[INFO] [stdout]   |
[INFO] [stdout] 3 + use hex::decode;
[INFO] [stdout]   |
[INFO] [stdout] 3 + use postchain_client::encoding::gtv::decode;
[INFO] [stdout]   |
[INFO] [stdout] 
[INFO] [stdout] error: aborting due to 3 previous errors
[INFO] [stdout] 
[INFO] [stdout] Some errors have detailed explanations: E0425, E0433.
[INFO] [stdout] For more information about an error, try `rustc --explain E0425`.
[INFO] [stdout] Couldn't compile the test.
[INFO] [stdout] ---- src/utils/operation.rs - utils::operation (line 14) stdout ----
[INFO] [stdout] error[E0433]: failed to resolve: unresolved import
[INFO] [stdout]  --> src/utils/operation.rs:16:12
[INFO] [stdout]   |
[INFO] [stdout] 4 | use crate::utils::operation::{Operation, Params};
[INFO] [stdout]   |            ^^^^^
[INFO] [stdout]   |            |
[INFO] [stdout]   |            unresolved import
[INFO] [stdout]   |            help: a similar path exists: `postchain_client::utils`
[INFO] [stdout] 
[INFO] [stdout] error: aborting due to 1 previous error
[INFO] [stdout] 
[INFO] [stdout] For more information about this error, try `rustc --explain E0433`.
[INFO] [stdout] Couldn't compile the test.
[INFO] [stdout] ---- src/utils/hasher.rs - utils::hasher::HashError (line 92) stdout ----
[INFO] [stdout] error[E0433]: failed to resolve: unresolved import
[INFO] [stdout]  --> src/utils/hasher.rs:93:12
[INFO] [stdout]   |
[INFO] [stdout] 3 | use crate::utils::operation::Params;
[INFO] [stdout]   |            ^^^^^
[INFO] [stdout]   |            |
[INFO] [stdout]   |            unresolved import
[INFO] [stdout]   |            help: a similar path exists: `postchain_client::utils`
[INFO] [stdout] 
[INFO] [stdout] error[E0425]: cannot find function `gtv_hash` in this scope
[INFO] [stdout]  --> src/utils/hasher.rs:97:7
[INFO] [stdout]   |
[INFO] [stdout] 7 | match gtv_hash(empty_array) {
[INFO] [stdout]   |       ^^^^^^^^ not found in this scope
[INFO] [stdout] 
[INFO] [stdout] error[E0433]: failed to resolve: use of undeclared type `HashError`
[INFO] [stdout]  --> src/utils/hasher.rs:99:9
[INFO] [stdout]   |
[INFO] [stdout] 9 |     Err(HashError::EmptyArray(msg)) => println!("{}", msg),
[INFO] [stdout]   |         ^^^^^^^^^ use of undeclared type `HashError`
[INFO] [stdout] 
[INFO] [stdout] error: aborting due to 3 previous errors
[INFO] [stdout] 
[INFO] [stdout] Some errors have detailed explanations: E0425, E0433.
[INFO] [stdout] For more information about an error, try `rustc --explain E0425`.
[INFO] [stdout] Couldn't compile the test.
[INFO] [stdout] ---- src/utils/hasher.rs - utils::hasher::gtv_hash (line 496) stdout ----
[INFO] [stdout] error[E0433]: failed to resolve: unresolved import
[INFO] [stdout]  --> src/utils/hasher.rs:497:12
[INFO] [stdout]   |
[INFO] [stdout] 3 | use crate::utils::operation::Params;
[INFO] [stdout]   |            ^^^^^
[INFO] [stdout]   |            |
[INFO] [stdout]   |            unresolved import
[INFO] [stdout]   |            help: a similar path exists: `postchain_client::utils`
[INFO] [stdout] 
[INFO] [stdout] error[E0425]: cannot find function `gtv_hash` in this scope
[INFO] [stdout]  --> src/utils/hasher.rs:500:16
[INFO] [stdout]   |
[INFO] [stdout] 6 | let int_hash = gtv_hash(Params::Integer(42)).unwrap();
[INFO] [stdout]   |                ^^^^^^^^ not found in this scope
[INFO] [stdout] 
[INFO] [stdout] error[E0425]: cannot find function `gtv_hash` in this scope
[INFO] [stdout]  --> src/utils/hasher.rs:503:17
[INFO] [stdout]   |
[INFO] [stdout] 9 | let text_hash = gtv_hash(Params::Text("hello".to_string())).unwrap();
[INFO] [stdout]   |                 ^^^^^^^^ not found in this scope
[INFO] [stdout] 
[INFO] [stdout] error: aborting due to 3 previous errors
[INFO] [stdout] 
[INFO] [stdout] Some errors have detailed explanations: E0425, E0433.
[INFO] [stdout] For more information about an error, try `rustc --explain E0425`.
[INFO] [stdout] Couldn't compile the test.
[INFO] [stdout] ---- src/utils/operation.rs - utils::operation::deserialize_bigdecimal (line 178) stdout ----
[INFO] [stdout] error[E0412]: cannot find type `BigDecimal` in this scope
[INFO] [stdout]  --> src/utils/operation.rs:182:12
[INFO] [stdout]   |
[INFO] [stdout] 6 |     value: BigDecimal,
[INFO] [stdout]   |            ^^^^^^^^^^ not found in this scope
[INFO] [stdout]   |
[INFO] [stdout] help: consider importing this struct
[INFO] [stdout]   |
[INFO] [stdout] 2 + use bigdecimal::BigDecimal;
[INFO] [stdout]   |
[INFO] [stdout] 
[INFO] [stdout] error[E0425]: cannot find function `deserialize_bigdecimal` in this scope
[INFO] [stdout]  --> src/utils/operation.rs:181:32
[INFO] [stdout]   |
[INFO] [stdout] 5 |     #[serde(deserialize_with = "deserialize_bigdecimal")]
[INFO] [stdout]   |                                ^^^^^^^^^^^^^^^^^^^^^^^^ not found in this scope
[INFO] [stdout] 
[INFO] [stdout] error: aborting due to 2 previous errors
[INFO] [stdout] 
[INFO] [stdout] Some errors have detailed explanations: E0412, E0425.
[INFO] [stdout] For more information about an error, try `rustc --explain E0412`.
[INFO] [stdout] Couldn't compile the test.
[INFO] [stdout] ---- src/utils/hasher.rs - utils::hasher::gtv_hash (line 507) stdout ----
[INFO] [stdout] error[E0433]: failed to resolve: unresolved import
[INFO] [stdout]  --> src/utils/hasher.rs:509:12
[INFO] [stdout]   |
[INFO] [stdout] 4 | use crate::utils::operation::Params;
[INFO] [stdout]   |            ^^^^^
[INFO] [stdout]   |            |
[INFO] [stdout]   |            unresolved import
[INFO] [stdout]   |            help: a similar path exists: `postchain_client::utils`
[INFO] [stdout] 
[INFO] [stdout] error[E0425]: cannot find function `gtv_hash` in this scope
[INFO] [stdout]   --> src/utils/hasher.rs:520:12
[INFO] [stdout]    |
[INFO] [stdout] 15 | let hash = gtv_hash(data).unwrap();
[INFO] [stdout]    |            ^^^^^^^^ not found in this scope
[INFO] [stdout] 
[INFO] [stdout] error: aborting due to 2 previous errors
[INFO] [stdout] 
[INFO] [stdout] Some errors have detailed explanations: E0425, E0433.
[INFO] [stdout] For more information about an error, try `rustc --explain E0425`.
[INFO] [stdout] Couldn't compile the test.
[INFO] [stdout] ---- src/utils/hasher.rs - utils::hasher (line 26) stdout ----
[INFO] [stdout] error[E0433]: failed to resolve: unresolved import
[INFO] [stdout]  --> src/utils/hasher.rs:27:12
[INFO] [stdout]   |
[INFO] [stdout] 3 | use crate::utils::operation::Params;
[INFO] [stdout]   |            ^^^^^
[INFO] [stdout]   |            |
[INFO] [stdout]   |            unresolved import
[INFO] [stdout]   |            help: a similar path exists: `postchain_client::utils`
[INFO] [stdout] 
[INFO] [stdout] error[E0425]: cannot find function `gtv_hash` in this scope
[INFO] [stdout]   --> src/utils/hasher.rs:34:12
[INFO] [stdout]    |
[INFO] [stdout] 10 | let hash = gtv_hash(array_data).unwrap();
[INFO] [stdout]    |            ^^^^^^^^ not found in this scope
[INFO] [stdout] 
[INFO] [stdout] error: aborting due to 2 previous errors
[INFO] [stdout] 
[INFO] [stdout] Some errors have detailed explanations: E0425, E0433.
[INFO] [stdout] For more information about an error, try `rustc --explain E0425`.
[INFO] [stdout] Couldn't compile the test.
[INFO] [stdout] ---- src/utils/operation.rs - utils::operation::Params::from_struct (line 429) stdout ----
[INFO] [stdout] error[E0433]: failed to resolve: use of undeclared type `Params`
[INFO] [stdout]   --> src/utils/operation.rs:437:14
[INFO] [stdout]    |
[INFO] [stdout] 10 | let params = Params::from_struct(&my_struct);
[INFO] [stdout]    |              ^^^^^^ use of undeclared type `Params`
[INFO] [stdout]    |
[INFO] [stdout] help: consider importing this enum
[INFO] [stdout]    |
[INFO] [stdout] 2  + use postchain_client::utils::operation::Params;
[INFO] [stdout]    |
[INFO] [stdout] 
[INFO] [stdout] error: aborting due to 1 previous error
[INFO] [stdout] 
[INFO] [stdout] For more information about this error, try `rustc --explain E0433`.
[INFO] [stdout] Couldn't compile the test.
[INFO] [stdout] ---- src/utils/hasher.rs - utils::hasher (line 38) stdout ----
[INFO] [stdout] error[E0433]: failed to resolve: unresolved import
[INFO] [stdout]  --> src/utils/hasher.rs:40:12
[INFO] [stdout]   |
[INFO] [stdout] 4 | use crate::utils::operation::Params;
[INFO] [stdout]   |            ^^^^^
[INFO] [stdout]   |            |
[INFO] [stdout]   |            unresolved import
[INFO] [stdout]   |            help: a similar path exists: `postchain_client::utils`
[INFO] [stdout] 
[INFO] [stdout] error[E0425]: cannot find function `gtv_hash` in this scope
[INFO] [stdout]   --> src/utils/hasher.rs:46:12
[INFO] [stdout]    |
[INFO] [stdout] 10 | let hash = gtv_hash(dict_data).unwrap();
[INFO] [stdout]    |            ^^^^^^^^ not found in this scope
[INFO] [stdout] 
[INFO] [stdout] error: aborting due to 2 previous errors
[INFO] [stdout] 
[INFO] [stdout] Some errors have detailed explanations: E0425, E0433.
[INFO] [stdout] For more information about an error, try `rustc --explain E0425`.
[INFO] [stdout] Couldn't compile the test.
[INFO] [stdout] ---- src/utils/operation.rs - utils::operation::serialize_bigdecimal (line 148) stdout ----
[INFO] [stdout] error[E0412]: cannot find type `BigDecimal` in this scope
[INFO] [stdout]  --> src/utils/operation.rs:152:12
[INFO] [stdout]   |
[INFO] [stdout] 6 |     value: BigDecimal,
[INFO] [stdout]   |            ^^^^^^^^^^ not found in this scope
[INFO] [stdout]   |
[INFO] [stdout] help: consider importing this struct
[INFO] [stdout]   |
[INFO] [stdout] 2 + use bigdecimal::BigDecimal;
[INFO] [stdout]   |
[INFO] [stdout] 
[INFO] [stdout] error[E0433]: failed to resolve: use of undeclared type `BigDecimal`
[INFO] [stdout]  --> src/utils/operation.rs:155:35
[INFO] [stdout]   |
[INFO] [stdout] 9 | let my_struct = MyStruct { value: BigDecimal::from_str("3.14").unwrap() };
[INFO] [stdout]   |                                   ^^^^^^^^^^ use of undeclared type `BigDecimal`
[INFO] [stdout]   |
[INFO] [stdout] help: consider importing this struct
[INFO] [stdout]   |
[INFO] [stdout] 2 + use bigdecimal::BigDecimal;
[INFO] [stdout]   |
[INFO] [stdout] 
[INFO] [stdout] error[E0425]: cannot find function `serialize_bigdecimal` in this scope
[INFO] [stdout]  --> src/utils/operation.rs:151:30
[INFO] [stdout]   |
[INFO] [stdout] 5 |     #[serde(serialize_with = "serialize_bigdecimal")]
[INFO] [stdout]   |                              ^^^^^^^^^^^^^^^^^^^^^^ not found in this scope
[INFO] [stdout] 
[INFO] [stdout] error: aborting due to 3 previous errors
[INFO] [stdout] 
[INFO] [stdout] Some errors have detailed explanations: E0412, E0425, E0433.
[INFO] [stdout] For more information about an error, try `rustc --explain E0412`.
[INFO] [stdout] Couldn't compile the test.
[INFO] [stdout] 
[INFO] [stdout] failures:
[INFO] [stdout]     src/encoding/gtv.rs - encoding::gtv (line 17)
[INFO] [stdout]     src/transport/client.rs - transport::client::RestClient<'a>::get_nodes_from_directory (line 132)
[INFO] [stdout]     src/utils/hasher.rs - utils::hasher (line 26)
[INFO] [stdout]     src/utils/hasher.rs - utils::hasher (line 38)
[INFO] [stdout]     src/utils/hasher.rs - utils::hasher::HashError (line 92)
[INFO] [stdout]     src/utils/hasher.rs - utils::hasher::gtv_hash (line 496)
[INFO] [stdout]     src/utils/hasher.rs - utils::hasher::gtv_hash (line 507)
[INFO] [stdout]     src/utils/operation.rs - utils::operation (line 14)
[INFO] [stdout]     src/utils/operation.rs - utils::operation::Params::from_struct (line 429)
[INFO] [stdout]     src/utils/operation.rs - utils::operation::Params::to_struct (line 356)
[INFO] [stdout]     src/utils/operation.rs - utils::operation::deserialize_bigdecimal (line 178)
[INFO] [stdout]     src/utils/operation.rs - utils::operation::serialize_bigdecimal (line 148)
[INFO] [stdout]     src/utils/transaction.rs - utils::transaction (line 14)
[INFO] [stdout] 
[INFO] [stdout] test result: FAILED. 0 passed; 13 failed; 0 ignored; 0 measured; 0 filtered out; finished in 0.42s
[INFO] [stdout] 
[INFO] [stderr] error: doctest failed, to rerun pass `--doc`
[INFO] running `Command { std: "docker" "inspect" "c4bfcc9dca0ebdcc45505b04065e3d27ad32b4e2b23fbf4bc6353176ee77bee5", kill_on_drop: false }`
[INFO] running `Command { std: "docker" "rm" "-f" "c4bfcc9dca0ebdcc45505b04065e3d27ad32b4e2b23fbf4bc6353176ee77bee5", kill_on_drop: false }`
[INFO] [stdout] c4bfcc9dca0ebdcc45505b04065e3d27ad32b4e2b23fbf4bc6353176ee77bee5
