[INFO] cloning repository https://github.com/dev-sinpy/velox-cli
[INFO] running `Command { std: "git" "-c" "credential.helper=" "-c" "credential.helper=/workspace/cargo-home/bin/git-credential-null" "clone" "--bare" "https://github.com/dev-sinpy/velox-cli" "/workspace/cache/git-repos/https%3A%2F%2Fgithub.com%2Fdev-sinpy%2Fvelox-cli", kill_on_drop: false }`
[INFO] [stderr] Cloning into bare repository '/workspace/cache/git-repos/https%3A%2F%2Fgithub.com%2Fdev-sinpy%2Fvelox-cli'...
[INFO] running `Command { std: "git" "rev-parse" "HEAD", kill_on_drop: false }`
[INFO] [stdout] 7877549552882fbcdec032553010ba9482cd54d8
[INFO] testing dev-sinpy/velox-cli against nightly-2025-01-18 for randomize-layout-2
[INFO] running `Command { std: "git" "clone" "/workspace/cache/git-repos/https%3A%2F%2Fgithub.com%2Fdev-sinpy%2Fvelox-cli" "/workspace/builds/worker-0-tc1/source", kill_on_drop: false }`
[INFO] [stderr] Cloning into '/workspace/builds/worker-0-tc1/source'...
[INFO] [stderr] done.
[INFO] validating manifest of git repo https://github.com/dev-sinpy/velox-cli on toolchain nightly-2025-01-18
[INFO] running `Command { std: CARGO_HOME="/workspace/cargo-home" RUSTUP_HOME="/workspace/rustup-home" "/workspace/cargo-home/bin/cargo" "+nightly-2025-01-18" "metadata" "--manifest-path" "Cargo.toml" "--no-deps", kill_on_drop: false }`
[INFO] started tweaking git repo https://github.com/dev-sinpy/velox-cli
[INFO] finished tweaking git repo https://github.com/dev-sinpy/velox-cli
[INFO] tweaked toml for git repo https://github.com/dev-sinpy/velox-cli written to /workspace/builds/worker-0-tc1/source/Cargo.toml
[INFO] crate git repo https://github.com/dev-sinpy/velox-cli already has a lockfile, it will not be regenerated
[INFO] running `Command { std: CARGO_HOME="/workspace/cargo-home" RUSTUP_HOME="/workspace/rustup-home" "/workspace/cargo-home/bin/cargo" "+nightly-2025-01-18" "fetch" "--manifest-path" "Cargo.toml", kill_on_drop: false }`
[INFO] [stderr]     Updating crates.io index
[INFO] [stderr]     Updating git repository `https://github.com/dev-sinpy/velox-bundler.git`
[INFO] [stderr]  Downloading crates ...
[INFO] [stderr]   Downloaded msi v0.2.0
[INFO] [stderr]   Downloaded filetime v0.2.14
[INFO] [stderr]   Downloaded sha1 v0.2.0
[INFO] [stderr]   Downloaded include_dir_impl v0.6.0
[INFO] [stderr]   Downloaded enum_primitive v0.1.1
[INFO] [stderr]   Downloaded console v0.13.0
[INFO] [stderr]   Downloaded custom_error v1.8.0
[INFO] [stderr]   Downloaded addr2line v0.14.1
[INFO] [stderr]   Downloaded flate2 v1.0.14
[INFO] [stderr]   Downloaded icns v0.2.2
[INFO] [stderr]   Downloaded backtrace v0.3.56
[INFO] [stderr]   Downloaded deflate v0.7.20
[INFO] [stderr]   Downloaded object v0.23.0
[INFO] [stderr]   Downloaded image v0.12.4
[INFO] [stderr]   Downloaded syn v1.0.57
[INFO] [stderr]   Downloaded rle-decode-fast v1.0.1
[INFO] [stderr]   Downloaded png v0.11.0
[INFO] [stderr]   Downloaded png v0.6.2
[INFO] [stderr]   Downloaded libflate v0.1.27
[INFO] [stderr]   Downloaded terminal_size v0.1.15
[INFO] [stderr]   Downloaded tempfile v3.1.0
[INFO] [stderr]   Downloaded ar v0.3.1
[INFO] [stderr]   Downloaded inflate v0.1.1
[INFO] [stderr]   Downloaded cfb v0.3.1
[INFO] [stderr]   Downloaded redox_syscall v0.2.4
[INFO] [stderr]   Downloaded dtoa v0.4.7
[INFO] [stderr]   Downloaded target_build_utils v0.3.1
[INFO] [stderr]   Downloaded zeroize v0.9.3
[INFO] [stderr]   Downloaded dialoguer v0.7.1
[INFO] [stderr]   Downloaded include_dir v0.6.0
[INFO] [stderr]   Downloaded cab v0.1.0
[INFO] [stderr]   Downloaded rustc-demangle v0.1.18
[INFO] [stderr]   Downloaded inflate v0.3.4
[INFO] [stderr]   Downloaded gif v0.9.2
[INFO] [stderr]   Downloaded md5 v0.3.8
[INFO] [stderr]   Downloaded gimli v0.23.0
[INFO] running `Command { std: "docker" "create" "-v" "/var/lib/crater-agent-workspace/builds/worker-0-tc1/target:/opt/rustwide/target:rw,Z" "-v" "/var/lib/crater-agent-workspace/builds/worker-0-tc1/source:/opt/rustwide/workdir:ro,Z" "-v" "/var/lib/crater-agent-workspace/cargo-home:/opt/rustwide/cargo-home:ro,Z" "-v" "/var/lib/crater-agent-workspace/rustup-home:/opt/rustwide/rustup-home:ro,Z" "-e" "SOURCE_DIR=/opt/rustwide/workdir" "-e" "CARGO_TARGET_DIR=/opt/rustwide/target" "-e" "CARGO_HOME=/opt/rustwide/cargo-home" "-e" "RUSTUP_HOME=/opt/rustwide/rustup-home" "-w" "/opt/rustwide/workdir" "-m" "1610612736" "--user" "0:0" "--network" "none" "ghcr.io/rust-lang/crates-build-env/linux@sha256:819108c5571ea2e421544af4d832f968d213c87fbe3707a016657f43d2f853bc" "/opt/rustwide/cargo-home/bin/cargo" "+nightly-2025-01-18" "metadata" "--no-deps" "--format-version=1", kill_on_drop: false }`
[INFO] [stdout] 948ced0e0dad68a4fe417941826d533bbdcaee1309e5683c9fa2368b940524a2
[INFO] running `Command { std: "docker" "start" "-a" "948ced0e0dad68a4fe417941826d533bbdcaee1309e5683c9fa2368b940524a2", kill_on_drop: false }`
[INFO] running `Command { std: "docker" "inspect" "948ced0e0dad68a4fe417941826d533bbdcaee1309e5683c9fa2368b940524a2", kill_on_drop: false }`
[INFO] running `Command { std: "docker" "rm" "-f" "948ced0e0dad68a4fe417941826d533bbdcaee1309e5683c9fa2368b940524a2", kill_on_drop: false }`
[INFO] [stdout] 948ced0e0dad68a4fe417941826d533bbdcaee1309e5683c9fa2368b940524a2
[INFO] running `Command { std: "docker" "create" "-v" "/var/lib/crater-agent-workspace/builds/worker-0-tc1/target:/opt/rustwide/target:rw,Z" "-v" "/var/lib/crater-agent-workspace/builds/worker-0-tc1/source:/opt/rustwide/workdir:ro,Z" "-v" "/var/lib/crater-agent-workspace/cargo-home:/opt/rustwide/cargo-home:ro,Z" "-v" "/var/lib/crater-agent-workspace/rustup-home:/opt/rustwide/rustup-home:ro,Z" "-e" "SOURCE_DIR=/opt/rustwide/workdir" "-e" "CARGO_TARGET_DIR=/opt/rustwide/target" "-e" "CARGO_INCREMENTAL=0" "-e" "RUST_BACKTRACE=full" "-e" "RUSTFLAGS=--cap-lints=forbid" "-e" "RUSTDOCFLAGS=--cap-lints=forbid" "-e" "CARGO_HOME=/opt/rustwide/cargo-home" "-e" "RUSTUP_HOME=/opt/rustwide/rustup-home" "-w" "/opt/rustwide/workdir" "-m" "1610612736" "--user" "0:0" "--network" "none" "ghcr.io/rust-lang/crates-build-env/linux@sha256:819108c5571ea2e421544af4d832f968d213c87fbe3707a016657f43d2f853bc" "/opt/rustwide/cargo-home/bin/cargo" "+nightly-2025-01-18" "build" "--frozen" "--message-format=json", kill_on_drop: false }`
[INFO] [stdout] 37d19bd7046c0ed4b0e1ef3cdde36de773469dac2acab287a1494a63c25e1774
[INFO] running `Command { std: "docker" "start" "-a" "37d19bd7046c0ed4b0e1ef3cdde36de773469dac2acab287a1494a63c25e1774", kill_on_drop: false }`
[INFO] [stderr]    Compiling autocfg v1.0.1
[INFO] [stderr]    Compiling libc v0.2.81
[INFO] [stderr]    Compiling rand_core v0.4.2
[INFO] [stderr]    Compiling autocfg v0.1.7
[INFO] [stderr]    Compiling syn v1.0.57
[INFO] [stderr]    Compiling encoding_index_tests v0.1.4
[INFO] [stderr]    Compiling siphasher v0.2.3
[INFO] [stderr]    Compiling rayon-core v1.9.0
[INFO] [stderr]    Compiling serde_derive v1.0.118
[INFO] [stderr]    Compiling crc32fast v1.2.1
[INFO] [stderr]    Compiling deflate v0.7.20
[INFO] [stderr]    Compiling serde v1.0.118
[INFO] [stderr]    Compiling adler v0.2.3
[INFO] [stderr]    Compiling either v1.6.1
[INFO] [stderr]    Compiling gimli v0.23.0
[INFO] [stderr]    Compiling ppv-lite86 v0.2.10
[INFO] [stderr]    Compiling unicode-width v0.1.8
[INFO] [stderr]    Compiling rand_core v0.3.1
[INFO] [stderr]    Compiling rand_jitter v0.1.4
[INFO] [stderr]    Compiling sha1 v0.2.0
[INFO] [stderr]    Compiling anyhow v1.0.38
[INFO] [stderr]    Compiling rand_hc v0.1.0
[INFO] [stderr]    Compiling rand_isaac v0.1.1
[INFO] [stderr]    Compiling rand_xorshift v0.1.1
[INFO] [stderr]    Compiling phf_shared v0.7.24
[INFO] [stderr]    Compiling uuid v0.5.1
[INFO] [stderr]    Compiling encoding-index-simpchinese v1.20141219.5
[INFO] [stderr]    Compiling encoding-index-tradchinese v1.20141219.5
[INFO] [stderr]    Compiling encoding-index-korean v1.20141219.5
[INFO] [stderr]    Compiling rand_pcg v0.1.2
[INFO] [stderr]    Compiling rand_chacha v0.1.1
[INFO] [stderr]    Compiling num-traits v0.2.14
[INFO] [stderr]    Compiling num-integer v0.1.44
[INFO] [stderr]    Compiling crossbeam-utils v0.8.1
[INFO] [stderr]    Compiling memoffset v0.6.1
[INFO] [stderr]    Compiling rand v0.6.5
[INFO] [stderr]    Compiling num-iter v0.1.42
[INFO] [stderr]    Compiling miniz_oxide v0.4.3
[INFO] [stderr]    Compiling rayon v1.5.0
[INFO] [stderr]    Compiling encoding-index-singlebyte v1.20141219.5
[INFO] [stderr]    Compiling encoding-index-japanese v1.20141219.5
[INFO] [stderr]    Compiling error-chain v0.12.4
[INFO] [stderr]    Compiling inflate v0.3.4
[INFO] [stderr]    Compiling regex-syntax v0.6.21
[INFO] [stderr]    Compiling ryu v1.0.5
[INFO] [stderr]    Compiling object v0.23.0
[INFO] [stderr]    Compiling itoa v0.3.4
[INFO] [stderr]    Compiling dtoa v0.4.7
[INFO] [stderr]    Compiling color_quant v1.1.0
[INFO] [stderr]    Compiling serde v0.9.15
[INFO] [stderr]    Compiling lzw v0.10.0
[INFO] [stderr]    Compiling rand_os v0.1.3
[INFO] [stderr]    Compiling getrandom v0.1.16
[INFO] [stderr]    Compiling num_cpus v1.13.0
[INFO] [stderr]    Compiling time v0.1.44
[INFO] [stderr]    Compiling inflate v0.1.1
[INFO] [stderr]    Compiling rustc-demangle v0.1.18
[INFO] [stderr]    Compiling bitflags v0.7.0
[INFO] [stderr]    Compiling rand_core v0.5.1
[INFO] [stderr]    Compiling crossbeam-epoch v0.9.1
[INFO] [stderr]    Compiling crossbeam-channel v0.5.0
[INFO] [stderr]    Compiling num-traits v0.1.43
[INFO] [stderr]    Compiling gif v0.9.2
[INFO] [stderr]    Compiling filetime v0.2.14
[INFO] [stderr]    Compiling enum_primitive v0.1.1
[INFO] [stderr]    Compiling terminal_size v0.1.15
[INFO] [stderr]    Compiling xattr v0.2.2
[INFO] [stderr]    Compiling rand_chacha v0.2.2
[INFO] [stderr]    Compiling crossbeam-deque v0.8.0
[INFO] [stderr]    Compiling flate2 v1.0.14
[INFO] [stderr]    Compiling num-rational v0.1.42
[INFO] [stderr]    Compiling phf_generator v0.7.24
[INFO] [stderr]    Compiling regex v1.4.2
[INFO] [stderr]    Compiling png v0.11.0
[INFO] [stderr]    Compiling rand v0.7.3
[INFO] [stderr]    Compiling chrono v0.4.19
[INFO] [stderr]    Compiling phf_codegen v0.7.24
[INFO] [stderr]    Compiling encoding v0.2.33
[INFO] [stderr]    Compiling target_build_utils v0.3.1
[INFO] [stderr]    Compiling addr2line v0.14.1
[INFO] [stderr]    Compiling serde_json v0.9.10
[INFO] [stderr]    Compiling png v0.6.2
[INFO] [stderr]    Compiling cfb v0.3.1
[INFO] [stderr]    Compiling phf v0.7.24
[INFO] [stderr]    Compiling take_mut v0.2.2
[INFO] [stderr]    Compiling remove_dir_all v0.5.3
[INFO] [stderr]    Compiling rle-decode-fast v1.0.1
[INFO] [stderr]    Compiling scoped_threadpool v0.1.9
[INFO] [stderr]    Compiling serde_json v1.0.61
[INFO] [stderr]    Compiling tempfile v3.1.0
[INFO] [stderr]    Compiling msi v0.2.0
[INFO] [stderr]    Compiling libflate v0.1.27
[INFO] [stderr]    Compiling walkdir v2.3.1
[INFO] [stderr]    Compiling cab v0.1.0
[INFO] [stderr]    Compiling console v0.13.0
[INFO] [stderr]    Compiling backtrace v0.3.56
[INFO] [stderr]    Compiling icns v0.2.2
[INFO] [stderr]    Compiling tar v0.4.30
[INFO] [stderr]    Compiling atty v0.2.14
[INFO] [stderr]    Compiling dirs v1.0.5
[INFO] [stderr]    Compiling textwrap v0.11.0
[INFO] [stderr]    Compiling yaml-rust v0.3.5
[INFO] [stderr]    Compiling ar v0.3.1
[INFO] [stderr]    Compiling vec_map v0.8.2
[INFO] [stderr]    Compiling term v0.4.6
[INFO] [stderr]    Compiling strsim v0.8.0
[INFO] [stderr]    Compiling glob v0.2.11
[INFO] [stderr]    Compiling itoa v0.4.7
[INFO] [stderr]    Compiling glob v0.3.0
[INFO] [stderr]    Compiling ansi_term v0.11.0
[INFO] [stderr]    Compiling md5 v0.3.8
[INFO] [stderr]    Compiling zeroize v0.9.3
[INFO] [stderr]    Compiling include_dir_impl v0.6.0
[INFO] [stderr]    Compiling strsim v0.7.0
[INFO] [stderr]    Compiling dialoguer v0.7.1
[INFO] [stderr]    Compiling clap v2.33.3
[INFO] [stderr]    Compiling custom_error v1.8.0
[INFO] [stderr]    Compiling include_dir v0.6.0
[INFO] [stderr]    Compiling jpeg-decoder v0.1.20
[INFO] [stderr]    Compiling image v0.12.4
[INFO] [stderr]    Compiling toml v0.4.10
[INFO] [stderr]    Compiling velox_bundler v0.1.0 (https://github.com/dev-sinpy/velox-bundler.git?branch=main#a8af495e)
[INFO] [stderr]    Compiling velox v0.1.0 (/opt/rustwide/workdir)
[INFO] [stdout] warning: unexpected `cfg` condition value: `aarch_64`
[INFO] [stdout]   --> src/utils.rs:35:20
[INFO] [stdout]    |
[INFO] [stdout] 35 |     } else if cfg!(target_arch = "aarch_64") {
[INFO] [stdout]    |                    ^^^^^^^^^^^^^^----------
[INFO] [stdout]    |                                  |
[INFO] [stdout]    |                                  help: there is a expected value with a similar name: `"aarch64"`
[INFO] [stdout]    |
[INFO] [stdout]    = note: expected values for `target_arch` are: `aarch64`, `arm`, `arm64ec`, `avr`, `bpf`, `csky`, `hexagon`, `loongarch64`, `m68k`, `mips`, `mips32r6`, `mips64`, `mips64r6`, `msp430`, `nvptx64`, `powerpc`, `powerpc64`, `riscv32`, `riscv64`, `s390x`, `sparc`, `sparc64`, `wasm32`, `wasm64`, `x86`, `x86_64`, and `xtensa`
[INFO] [stdout]    = note: see <https://doc.rust-lang.org/nightly/rustc/check-cfg/cargo-specifics.html> for more information about checking conditional configuration
[INFO] [stdout]    = note: `#[warn(unexpected_cfgs)]` on by default
[INFO] [stdout] 
[INFO] [stdout] 
[INFO] [stderr]     Finished `dev` profile [unoptimized + debuginfo] target(s) in 33.60s
[INFO] [stderr] warning: the following packages contain code that will be rejected by a future version of Rust: bitflags v0.7.0
[INFO] [stderr] note: to see what the problems were, use the option `--future-incompat-report`, or run `cargo report future-incompatibilities --id 1`
[INFO] running `Command { std: "docker" "inspect" "37d19bd7046c0ed4b0e1ef3cdde36de773469dac2acab287a1494a63c25e1774", kill_on_drop: false }`
[INFO] running `Command { std: "docker" "rm" "-f" "37d19bd7046c0ed4b0e1ef3cdde36de773469dac2acab287a1494a63c25e1774", kill_on_drop: false }`
[INFO] [stdout] 37d19bd7046c0ed4b0e1ef3cdde36de773469dac2acab287a1494a63c25e1774
[INFO] running `Command { std: "docker" "create" "-v" "/var/lib/crater-agent-workspace/builds/worker-0-tc1/target:/opt/rustwide/target:rw,Z" "-v" "/var/lib/crater-agent-workspace/builds/worker-0-tc1/source:/opt/rustwide/workdir:ro,Z" "-v" "/var/lib/crater-agent-workspace/cargo-home:/opt/rustwide/cargo-home:ro,Z" "-v" "/var/lib/crater-agent-workspace/rustup-home:/opt/rustwide/rustup-home:ro,Z" "-e" "SOURCE_DIR=/opt/rustwide/workdir" "-e" "CARGO_TARGET_DIR=/opt/rustwide/target" "-e" "CARGO_INCREMENTAL=0" "-e" "RUST_BACKTRACE=full" "-e" "RUSTFLAGS=--cap-lints=forbid" "-e" "RUSTDOCFLAGS=--cap-lints=forbid" "-e" "CARGO_HOME=/opt/rustwide/cargo-home" "-e" "RUSTUP_HOME=/opt/rustwide/rustup-home" "-w" "/opt/rustwide/workdir" "-m" "1610612736" "--user" "0:0" "--network" "none" "ghcr.io/rust-lang/crates-build-env/linux@sha256:819108c5571ea2e421544af4d832f968d213c87fbe3707a016657f43d2f853bc" "/opt/rustwide/cargo-home/bin/cargo" "+nightly-2025-01-18" "test" "--frozen" "--no-run" "--message-format=json", kill_on_drop: false }`
[INFO] [stdout] dfa2702b9e633b3c16bfcd2783814a5c2a3162906a9759f4b82778ded34e1e8d
[INFO] running `Command { std: "docker" "start" "-a" "dfa2702b9e633b3c16bfcd2783814a5c2a3162906a9759f4b82778ded34e1e8d", kill_on_drop: false }`
[INFO] [stderr]    Compiling velox v0.1.0 (/opt/rustwide/workdir)
[INFO] [stdout] warning: unexpected `cfg` condition value: `aarch_64`
[INFO] [stdout]   --> src/utils.rs:35:20
[INFO] [stdout]    |
[INFO] [stdout] 35 |     } else if cfg!(target_arch = "aarch_64") {
[INFO] [stdout]    |                    ^^^^^^^^^^^^^^----------
[INFO] [stdout]    |                                  |
[INFO] [stdout]    |                                  help: there is a expected value with a similar name: `"aarch64"`
[INFO] [stdout]    |
[INFO] [stdout]    = note: expected values for `target_arch` are: `aarch64`, `arm`, `arm64ec`, `avr`, `bpf`, `csky`, `hexagon`, `loongarch64`, `m68k`, `mips`, `mips32r6`, `mips64`, `mips64r6`, `msp430`, `nvptx64`, `powerpc`, `powerpc64`, `riscv32`, `riscv64`, `s390x`, `sparc`, `sparc64`, `wasm32`, `wasm64`, `x86`, `x86_64`, and `xtensa`
[INFO] [stdout]    = note: see <https://doc.rust-lang.org/nightly/rustc/check-cfg/cargo-specifics.html> for more information about checking conditional configuration
[INFO] [stdout]    = note: `#[warn(unexpected_cfgs)]` on by default
[INFO] [stdout] 
[INFO] [stdout] 
[INFO] [stdout] warning: unexpected `cfg` condition value: `aarch_64`
[INFO] [stdout]   --> src/utils.rs:35:20
[INFO] [stdout]    |
[INFO] [stdout] 35 |     } else if cfg!(target_arch = "aarch_64") {
[INFO] [stdout]    |                    ^^^^^^^^^^^^^^----------
[INFO] [stdout]    |                                  |
[INFO] [stdout]    |                                  help: there is a expected value with a similar name: `"aarch64"`
[INFO] [stdout]    |
[INFO] [stdout]    = note: expected values for `target_arch` are: `aarch64`, `arm`, `arm64ec`, `avr`, `bpf`, `csky`, `hexagon`, `loongarch64`, `m68k`, `mips`, `mips32r6`, `mips64`, `mips64r6`, `msp430`, `nvptx64`, `powerpc`, `powerpc64`, `riscv32`, `riscv64`, `s390x`, `sparc`, `sparc64`, `wasm32`, `wasm64`, `x86`, `x86_64`, and `xtensa`
[INFO] [stdout]    = note: see <https://doc.rust-lang.org/nightly/rustc/check-cfg/cargo-specifics.html> for more information about checking conditional configuration
[INFO] [stdout]    = note: `#[warn(unexpected_cfgs)]` on by default
[INFO] [stdout] 
[INFO] [stdout] 
[INFO] [stderr]     Finished `test` profile [unoptimized + debuginfo] target(s) in 0.98s
[INFO] [stderr] warning: the following packages contain code that will be rejected by a future version of Rust: bitflags v0.7.0
[INFO] [stderr] note: to see what the problems were, use the option `--future-incompat-report`, or run `cargo report future-incompatibilities --id 1`
[INFO] running `Command { std: "docker" "inspect" "dfa2702b9e633b3c16bfcd2783814a5c2a3162906a9759f4b82778ded34e1e8d", kill_on_drop: false }`
[INFO] running `Command { std: "docker" "rm" "-f" "dfa2702b9e633b3c16bfcd2783814a5c2a3162906a9759f4b82778ded34e1e8d", kill_on_drop: false }`
[INFO] [stdout] dfa2702b9e633b3c16bfcd2783814a5c2a3162906a9759f4b82778ded34e1e8d
[INFO] running `Command { std: "docker" "create" "-v" "/var/lib/crater-agent-workspace/builds/worker-0-tc1/target:/opt/rustwide/target:rw,Z" "-v" "/var/lib/crater-agent-workspace/builds/worker-0-tc1/source:/opt/rustwide/workdir:ro,Z" "-v" "/var/lib/crater-agent-workspace/cargo-home:/opt/rustwide/cargo-home:ro,Z" "-v" "/var/lib/crater-agent-workspace/rustup-home:/opt/rustwide/rustup-home:ro,Z" "-e" "SOURCE_DIR=/opt/rustwide/workdir" "-e" "CARGO_TARGET_DIR=/opt/rustwide/target" "-e" "CARGO_INCREMENTAL=0" "-e" "RUST_BACKTRACE=full" "-e" "RUSTFLAGS=--cap-lints=forbid" "-e" "RUSTDOCFLAGS=--cap-lints=forbid" "-e" "CARGO_HOME=/opt/rustwide/cargo-home" "-e" "RUSTUP_HOME=/opt/rustwide/rustup-home" "-w" "/opt/rustwide/workdir" "-m" "1610612736" "--user" "0:0" "--network" "none" "ghcr.io/rust-lang/crates-build-env/linux@sha256:819108c5571ea2e421544af4d832f968d213c87fbe3707a016657f43d2f853bc" "/opt/rustwide/cargo-home/bin/cargo" "+nightly-2025-01-18" "test" "--frozen", kill_on_drop: false }`
[INFO] [stdout] 895db1813dc61f4a3136e0ccda47f83e6a63f6a98ffc7c2e45b093242e8a51ce
[INFO] running `Command { std: "docker" "start" "-a" "895db1813dc61f4a3136e0ccda47f83e6a63f6a98ffc7c2e45b093242e8a51ce", kill_on_drop: false }`
[INFO] [stderr] warning: unexpected `cfg` condition value: `aarch_64`
[INFO] [stderr]   --> src/utils.rs:35:20
[INFO] [stderr]    |
[INFO] [stderr] 35 |     } else if cfg!(target_arch = "aarch_64") {
[INFO] [stderr]    |                    ^^^^^^^^^^^^^^----------
[INFO] [stderr]    |                                  |
[INFO] [stderr]    |                                  help: there is a expected value with a similar name: `"aarch64"`
[INFO] [stderr]    |
[INFO] [stderr]    = note: expected values for `target_arch` are: `aarch64`, `arm`, `arm64ec`, `avr`, `bpf`, `csky`, `hexagon`, `loongarch64`, `m68k`, `mips`, `mips32r6`, `mips64`, `mips64r6`, `msp430`, `nvptx64`, `powerpc`, `powerpc64`, `riscv32`, `riscv64`, `s390x`, `sparc`, `sparc64`, `wasm32`, `wasm64`, `x86`, `x86_64`, and `xtensa`
[INFO] [stderr]    = note: see <https://doc.rust-lang.org/nightly/rustc/check-cfg/cargo-specifics.html> for more information about checking conditional configuration
[INFO] [stderr]    = note: `#[warn(unexpected_cfgs)]` on by default
[INFO] [stderr] 
[INFO] [stderr] warning: `velox` (lib) generated 1 warning
[INFO] [stderr] warning: `velox` (lib test) generated 1 warning (1 duplicate)
[INFO] [stderr]     Finished `test` profile [unoptimized + debuginfo] target(s) in 0.13s
[INFO] [stderr] warning: the following packages contain code that will be rejected by a future version of Rust: bitflags v0.7.0
[INFO] [stderr] note: to see what the problems were, use the option `--future-incompat-report`, or run `cargo report future-incompatibilities --id 1`
[INFO] [stderr]      Running unittests src/lib.rs (/opt/rustwide/target/debug/deps/velox-36ff493e41670c9e)
[INFO] [stdout] 
[INFO] [stdout] running 1 test
[INFO] [stdout] test template::tests::check_template_folder ... FAILED
[INFO] [stdout] 
[INFO] [stdout] failures:
[INFO] [stdout] 
[INFO] [stdout] ---- template::tests::check_template_folder stdout ----
[INFO] [stdout] 
[INFO] [stdout] thread 'template::tests::check_template_folder' panicked at src/template.rs:48:45:
[INFO] [stdout] called `Result::unwrap()` on an `Err` value: IoError { source: Os { code: 30, kind: ReadOnlyFilesystem, message: "Read-only file system" } }
[INFO] [stdout] stack backtrace:
[INFO] [stdout]    0:     0x57c1d74ac95a - std::backtrace_rs::backtrace::libunwind::trace::hb059275cfc8d6126
[INFO] [stdout]                                at /rustc/6067b36314ab5eb2eb47cecc464545ba58e1ad24/library/std/src/../../backtrace/src/backtrace/libunwind.rs:116:5
[INFO] [stdout]    1:     0x57c1d74ac95a - std::backtrace_rs::backtrace::trace_unsynchronized::h2da071e4327ce3ee
[INFO] [stdout]                                at /rustc/6067b36314ab5eb2eb47cecc464545ba58e1ad24/library/std/src/../../backtrace/src/backtrace/mod.rs:66:5
[INFO] [stdout]    2:     0x57c1d74ac95a - std::sys::backtrace::_print_fmt::h842a1474e6f8d23f
[INFO] [stdout]                                at /rustc/6067b36314ab5eb2eb47cecc464545ba58e1ad24/library/std/src/sys/backtrace.rs:66:9
[INFO] [stdout]    3:     0x57c1d74ac95a - <std::sys::backtrace::BacktraceLock::print::DisplayBacktrace as core::fmt::Display>::fmt::h71a62eb3b9696b12
[INFO] [stdout]                                at /rustc/6067b36314ab5eb2eb47cecc464545ba58e1ad24/library/std/src/sys/backtrace.rs:39:26
[INFO] [stdout]    4:     0x57c1d74d4903 - core::fmt::rt::Argument::fmt::hdb6b616786b41dc1
[INFO] [stdout]                                at /rustc/6067b36314ab5eb2eb47cecc464545ba58e1ad24/library/core/src/fmt/rt.rs:177:76
[INFO] [stdout]    5:     0x57c1d74d4903 - core::fmt::write::h2cc1698af7e2d686
[INFO] [stdout]                                at /rustc/6067b36314ab5eb2eb47cecc464545ba58e1ad24/library/core/src/fmt/mod.rs:1440:21
[INFO] [stdout]    6:     0x57c1d74a9203 - std::io::Write::write_fmt::hab1b4cd059a79022
[INFO] [stdout]                                at /rustc/6067b36314ab5eb2eb47cecc464545ba58e1ad24/library/std/src/io/mod.rs:1887:15
[INFO] [stdout]    7:     0x57c1d74ac7a2 - std::sys::backtrace::BacktraceLock::print::h147fe35b4ea13b08
[INFO] [stdout]                                at /rustc/6067b36314ab5eb2eb47cecc464545ba58e1ad24/library/std/src/sys/backtrace.rs:42:9
[INFO] [stdout]    8:     0x57c1d74add7f - std::panicking::default_hook::{{closure}}::hbd44223dbdc0d208
[INFO] [stdout]                                at /rustc/6067b36314ab5eb2eb47cecc464545ba58e1ad24/library/std/src/panicking.rs:298:22
[INFO] [stdout]    9:     0x57c1d74adb98 - std::panicking::default_hook::h20f81eb0576efcec
[INFO] [stdout]                                at /rustc/6067b36314ab5eb2eb47cecc464545ba58e1ad24/library/std/src/panicking.rs:322:9
[INFO] [stdout]   10:     0x57c1d7475913 - <alloc::boxed::Box<F,A> as core::ops::function::Fn<Args>>::call::hdb53814c496a4d34
[INFO] [stdout]                                at /rustc/6067b36314ab5eb2eb47cecc464545ba58e1ad24/library/alloc/src/boxed.rs:2027:9
[INFO] [stdout]   11:     0x57c1d7475913 - test::test_main::{{closure}}::hc0a4963c59427c24
[INFO] [stdout]                                at /rustc/6067b36314ab5eb2eb47cecc464545ba58e1ad24/library/test/src/lib.rs:134:21
[INFO] [stdout]   12:     0x57c1d74ae873 - <alloc::boxed::Box<F,A> as core::ops::function::Fn<Args>>::call::h591b2225413a77e9
[INFO] [stdout]                                at /rustc/6067b36314ab5eb2eb47cecc464545ba58e1ad24/library/alloc/src/boxed.rs:2027:9
[INFO] [stdout]   13:     0x57c1d74ae873 - std::panicking::rust_panic_with_hook::h625eea43051b2edc
[INFO] [stdout]                                at /rustc/6067b36314ab5eb2eb47cecc464545ba58e1ad24/library/std/src/panicking.rs:839:13
[INFO] [stdout]   14:     0x57c1d74ae52a - std::panicking::begin_panic_handler::{{closure}}::h4f9159cfbc3f6bd3
[INFO] [stdout]                                at /rustc/6067b36314ab5eb2eb47cecc464545ba58e1ad24/library/std/src/panicking.rs:704:13
[INFO] [stdout]   15:     0x57c1d74ace59 - std::sys::backtrace::__rust_end_short_backtrace::h0390abce48353151
[INFO] [stdout]                                at /rustc/6067b36314ab5eb2eb47cecc464545ba58e1ad24/library/std/src/sys/backtrace.rs:168:18
[INFO] [stdout]   16:     0x57c1d74ae1bd - rust_begin_unwind
[INFO] [stdout]                                at /rustc/6067b36314ab5eb2eb47cecc464545ba58e1ad24/library/std/src/panicking.rs:695:5
[INFO] [stdout]   17:     0x57c1d74d33b0 - core::panicking::panic_fmt::h9e7c637e9e5f29c9
[INFO] [stdout]                                at /rustc/6067b36314ab5eb2eb47cecc464545ba58e1ad24/library/core/src/panicking.rs:75:14
[INFO] [stdout]   18:     0x57c1d74d3756 - core::result::unwrap_failed::h7979f09313fe1849
[INFO] [stdout]                                at /rustc/6067b36314ab5eb2eb47cecc464545ba58e1ad24/library/core/src/result.rs:1704:5
[INFO] [stdout]   19:     0x57c1d7434c6f - core::result::Result<T,E>::unwrap::h2947e4c9093efa70
[INFO] [stdout]                                at /rustc/6067b36314ab5eb2eb47cecc464545ba58e1ad24/library/core/src/result.rs:1109:23
[INFO] [stdout]   20:     0x57c1d7434c6f - velox::template::tests::check_template_folder::h450a0d7513fdb926
[INFO] [stdout]                                at /opt/rustwide/workdir/src/template.rs:48:9
[INFO] [stdout]   21:     0x57c1d7434be7 - velox::template::tests::check_template_folder::{{closure}}::ha6d9425a5baa6970
[INFO] [stdout]                                at /opt/rustwide/workdir/src/template.rs:47:31
[INFO] [stdout]   22:     0x57c1d7433a96 - core::ops::function::FnOnce::call_once::hd97155375612bb1a
[INFO] [stdout]                                at /rustc/6067b36314ab5eb2eb47cecc464545ba58e1ad24/library/core/src/ops/function.rs:250:5
[INFO] [stdout]   23:     0x57c1d747b06b - core::ops::function::FnOnce::call_once::he27718dfdd183f43
[INFO] [stdout]                                at /rustc/6067b36314ab5eb2eb47cecc464545ba58e1ad24/library/core/src/ops/function.rs:250:5
[INFO] [stdout]   24:     0x57c1d747b06b - test::__rust_begin_short_backtrace::h4e84902998457a5d
[INFO] [stdout]                                at /rustc/6067b36314ab5eb2eb47cecc464545ba58e1ad24/library/test/src/lib.rs:632:18
[INFO] [stdout]   25:     0x57c1d7479fa3 - test::run_test_in_process::{{closure}}::h7176fd18fc1feca0
[INFO] [stdout]                                at /rustc/6067b36314ab5eb2eb47cecc464545ba58e1ad24/library/test/src/lib.rs:655:60
[INFO] [stdout]   26:     0x57c1d7479fa3 - <core::panic::unwind_safe::AssertUnwindSafe<F> as core::ops::function::FnOnce<()>>::call_once::hf79cff2a624d8cf7
[INFO] [stdout]                                at /rustc/6067b36314ab5eb2eb47cecc464545ba58e1ad24/library/core/src/panic/unwind_safe.rs:272:9
[INFO] [stdout]   27:     0x57c1d7479fa3 - std::panicking::try::do_call::h3da0561d9ab99c25
[INFO] [stdout]                                at /rustc/6067b36314ab5eb2eb47cecc464545ba58e1ad24/library/std/src/panicking.rs:587:40
[INFO] [stdout]   28:     0x57c1d7479fa3 - std::panicking::try::h41c9fa508bc61df6
[INFO] [stdout]                                at /rustc/6067b36314ab5eb2eb47cecc464545ba58e1ad24/library/std/src/panicking.rs:550:19
[INFO] [stdout]   29:     0x57c1d7479fa3 - std::panic::catch_unwind::h6b3ff07bb5afad93
[INFO] [stdout]                                at /rustc/6067b36314ab5eb2eb47cecc464545ba58e1ad24/library/std/src/panic.rs:358:14
[INFO] [stdout]   30:     0x57c1d7479fa3 - test::run_test_in_process::hc7253dd11b39b9f4
[INFO] [stdout]                                at /rustc/6067b36314ab5eb2eb47cecc464545ba58e1ad24/library/test/src/lib.rs:655:27
[INFO] [stdout]   31:     0x57c1d7479fa3 - test::run_test::{{closure}}::hfb2007f8649c30bb
[INFO] [stdout]                                at /rustc/6067b36314ab5eb2eb47cecc464545ba58e1ad24/library/test/src/lib.rs:576:43
[INFO] [stdout]   32:     0x57c1d743d085 - test::run_test::{{closure}}::h56a17aa7a282a9f4
[INFO] [stdout]                                at /rustc/6067b36314ab5eb2eb47cecc464545ba58e1ad24/library/test/src/lib.rs:606:41
[INFO] [stdout]   33:     0x57c1d743d085 - std::sys::backtrace::__rust_begin_short_backtrace::hd2d2d2fb8e8c6aac
[INFO] [stdout]                                at /rustc/6067b36314ab5eb2eb47cecc464545ba58e1ad24/library/std/src/sys/backtrace.rs:152:18
[INFO] [stdout]   34:     0x57c1d744096a - std::thread::Builder::spawn_unchecked_::{{closure}}::{{closure}}::h4faa3f9db6133423
[INFO] [stdout]                                at /rustc/6067b36314ab5eb2eb47cecc464545ba58e1ad24/library/std/src/thread/mod.rs:559:17
[INFO] [stdout]   35:     0x57c1d744096a - <core::panic::unwind_safe::AssertUnwindSafe<F> as core::ops::function::FnOnce<()>>::call_once::hf2e855a36a4ea846
[INFO] [stdout]                                at /rustc/6067b36314ab5eb2eb47cecc464545ba58e1ad24/library/core/src/panic/unwind_safe.rs:272:9
[INFO] [stdout]   36:     0x57c1d744096a - std::panicking::try::do_call::h2f73af3616c35465
[INFO] [stdout]                                at /rustc/6067b36314ab5eb2eb47cecc464545ba58e1ad24/library/std/src/panicking.rs:587:40
[INFO] [stdout]   37:     0x57c1d744096a - std::panicking::try::hd1660ce9efadef5a
[INFO] [stdout]                                at /rustc/6067b36314ab5eb2eb47cecc464545ba58e1ad24/library/std/src/panicking.rs:550:19
[INFO] [stdout]   38:     0x57c1d744096a - std::panic::catch_unwind::h5ee8d7823b8ca744
[INFO] [stdout]                                at /rustc/6067b36314ab5eb2eb47cecc464545ba58e1ad24/library/std/src/panic.rs:358:14
[INFO] [stdout]   39:     0x57c1d744096a - std::thread::Builder::spawn_unchecked_::{{closure}}::h53c3a1894dce8407
[INFO] [stdout]                                at /rustc/6067b36314ab5eb2eb47cecc464545ba58e1ad24/library/std/src/thread/mod.rs:557:30
[INFO] [stdout]   40:     0x57c1d744096a - core::ops::function::FnOnce::call_once{{vtable.shim}}::h048ce291ad4f62bf
[INFO] [stdout]                                at /rustc/6067b36314ab5eb2eb47cecc464545ba58e1ad24/library/core/src/ops/function.rs:250:5
[INFO] [stdout]   41:     0x57c1d74b31cb - <alloc::boxed::Box<F,A> as core::ops::function::FnOnce<Args>>::call_once::ha52bedf99a3b4981
[INFO] [stdout]                                at /rustc/6067b36314ab5eb2eb47cecc464545ba58e1ad24/library/alloc/src/boxed.rs:2013:9
[INFO] [stdout]   42:     0x57c1d74b31cb - <alloc::boxed::Box<F,A> as core::ops::function::FnOnce<Args>>::call_once::h567748934d80ccf8
[INFO] [stdout]                                at /rustc/6067b36314ab5eb2eb47cecc464545ba58e1ad24/library/alloc/src/boxed.rs:2013:9
[INFO] [stdout]   43:     0x57c1d74b31cb - std::sys::pal::unix::thread::Thread::new::thread_start::h2d970728ae887adc
[INFO] [stdout]                                at /rustc/6067b36314ab5eb2eb47cecc464545ba58e1ad24/library/std/src/sys/pal/unix/thread.rs:106:17
[INFO] [stdout]   44:     0x7a124740dac3 - <unknown>
[INFO] [stdout]   45:     0x7a124749ea04 - clone
[INFO] [stdout]   46:                0x0 - <unknown>
[INFO] [stdout] 
[INFO] [stdout] 
[INFO] [stdout] failures:
[INFO] [stdout]     template::tests::check_template_folder
[INFO] [stdout] 
[INFO] [stdout] test result: FAILED. 0 passed; 1 failed; 0 ignored; 0 measured; 0 filtered out; finished in 0.04s
[INFO] [stdout] 
[INFO] [stderr] error: test failed, to rerun pass `--lib`
[INFO] running `Command { std: "docker" "inspect" "895db1813dc61f4a3136e0ccda47f83e6a63f6a98ffc7c2e45b093242e8a51ce", kill_on_drop: false }`
[INFO] running `Command { std: "docker" "rm" "-f" "895db1813dc61f4a3136e0ccda47f83e6a63f6a98ffc7c2e45b093242e8a51ce", kill_on_drop: false }`
[INFO] [stdout] 895db1813dc61f4a3136e0ccda47f83e6a63f6a98ffc7c2e45b093242e8a51ce
