[INFO] cloning repository https://github.com/dev-formata-io/stof
[INFO] running `Command { std: "git" "-c" "credential.helper=" "-c" "credential.helper=/workspace/cargo-home/bin/git-credential-null" "clone" "--bare" "https://github.com/dev-formata-io/stof" "/workspace/cache/git-repos/https%3A%2F%2Fgithub.com%2Fdev-formata-io%2Fstof", kill_on_drop: false }`
[INFO] [stderr] Cloning into bare repository '/workspace/cache/git-repos/https%3A%2F%2Fgithub.com%2Fdev-formata-io%2Fstof'...
[INFO] running `Command { std: "git" "rev-parse" "HEAD", kill_on_drop: false }`
[INFO] [stdout] a6dc79d5f35c4ba4b0a205d8aea5c6f3ab622014
[INFO] testing dev-formata-io/stof against nightly-2025-01-18 for randomize-layout-2
[INFO] running `Command { std: "git" "clone" "/workspace/cache/git-repos/https%3A%2F%2Fgithub.com%2Fdev-formata-io%2Fstof" "/workspace/builds/worker-3-tc1/source", kill_on_drop: false }`
[INFO] [stderr] Cloning into '/workspace/builds/worker-3-tc1/source'...
[INFO] [stderr] done.
[INFO] validating manifest of git repo https://github.com/dev-formata-io/stof on toolchain nightly-2025-01-18
[INFO] running `Command { std: CARGO_HOME="/workspace/cargo-home" RUSTUP_HOME="/workspace/rustup-home" "/workspace/cargo-home/bin/cargo" "+nightly-2025-01-18" "metadata" "--manifest-path" "Cargo.toml" "--no-deps", kill_on_drop: false }`
[INFO] started tweaking git repo https://github.com/dev-formata-io/stof
[INFO] finished tweaking git repo https://github.com/dev-formata-io/stof
[INFO] tweaked toml for git repo https://github.com/dev-formata-io/stof written to /workspace/builds/worker-3-tc1/source/Cargo.toml
[INFO] crate git repo https://github.com/dev-formata-io/stof already has a lockfile, it will not be regenerated
[INFO] running `Command { std: CARGO_HOME="/workspace/cargo-home" RUSTUP_HOME="/workspace/rustup-home" "/workspace/cargo-home/bin/cargo" "+nightly-2025-01-18" "fetch" "--manifest-path" "Cargo.toml", kill_on_drop: false }`
[INFO] running `Command { std: "docker" "create" "-v" "/var/lib/crater-agent-workspace/builds/worker-3-tc1/target:/opt/rustwide/target:rw,Z" "-v" "/var/lib/crater-agent-workspace/builds/worker-3-tc1/source:/opt/rustwide/workdir:ro,Z" "-v" "/var/lib/crater-agent-workspace/cargo-home:/opt/rustwide/cargo-home:ro,Z" "-v" "/var/lib/crater-agent-workspace/rustup-home:/opt/rustwide/rustup-home:ro,Z" "-e" "SOURCE_DIR=/opt/rustwide/workdir" "-e" "CARGO_TARGET_DIR=/opt/rustwide/target" "-e" "CARGO_HOME=/opt/rustwide/cargo-home" "-e" "RUSTUP_HOME=/opt/rustwide/rustup-home" "-w" "/opt/rustwide/workdir" "-m" "1610612736" "--user" "0:0" "--network" "none" "ghcr.io/rust-lang/crates-build-env/linux@sha256:819108c5571ea2e421544af4d832f968d213c87fbe3707a016657f43d2f853bc" "/opt/rustwide/cargo-home/bin/cargo" "+nightly-2025-01-18" "metadata" "--no-deps" "--format-version=1", kill_on_drop: false }`
[INFO] [stdout] 9081dd01950ca61b2c60837cd8ac6d340ff70234850d7d3f7df320597776f364
[INFO] running `Command { std: "docker" "start" "-a" "9081dd01950ca61b2c60837cd8ac6d340ff70234850d7d3f7df320597776f364", kill_on_drop: false }`
[INFO] running `Command { std: "docker" "inspect" "9081dd01950ca61b2c60837cd8ac6d340ff70234850d7d3f7df320597776f364", kill_on_drop: false }`
[INFO] running `Command { std: "docker" "rm" "-f" "9081dd01950ca61b2c60837cd8ac6d340ff70234850d7d3f7df320597776f364", kill_on_drop: false }`
[INFO] [stdout] 9081dd01950ca61b2c60837cd8ac6d340ff70234850d7d3f7df320597776f364
[INFO] running `Command { std: "docker" "create" "-v" "/var/lib/crater-agent-workspace/builds/worker-3-tc1/target:/opt/rustwide/target:rw,Z" "-v" "/var/lib/crater-agent-workspace/builds/worker-3-tc1/source:/opt/rustwide/workdir:ro,Z" "-v" "/var/lib/crater-agent-workspace/cargo-home:/opt/rustwide/cargo-home:ro,Z" "-v" "/var/lib/crater-agent-workspace/rustup-home:/opt/rustwide/rustup-home:ro,Z" "-e" "SOURCE_DIR=/opt/rustwide/workdir" "-e" "CARGO_TARGET_DIR=/opt/rustwide/target" "-e" "CARGO_INCREMENTAL=0" "-e" "RUST_BACKTRACE=full" "-e" "RUSTFLAGS=--cap-lints=forbid" "-e" "RUSTDOCFLAGS=--cap-lints=forbid" "-e" "CARGO_HOME=/opt/rustwide/cargo-home" "-e" "RUSTUP_HOME=/opt/rustwide/rustup-home" "-w" "/opt/rustwide/workdir" "-m" "1610612736" "--user" "0:0" "--network" "none" "ghcr.io/rust-lang/crates-build-env/linux@sha256:819108c5571ea2e421544af4d832f968d213c87fbe3707a016657f43d2f853bc" "/opt/rustwide/cargo-home/bin/cargo" "+nightly-2025-01-18" "build" "--frozen" "--message-format=json", kill_on_drop: false }`
[INFO] [stdout] 832feb5d236d92c4042cda466638e4e1a07a67ee0de883a646354cd2838333aa
[INFO] running `Command { std: "docker" "start" "-a" "832feb5d236d92c4042cda466638e4e1a07a67ee0de883a646354cd2838333aa", kill_on_drop: false }`
[INFO] [stderr]    Compiling proc-macro2 v1.0.92
[INFO] [stderr]    Compiling unicode-ident v1.0.14
[INFO] [stderr]    Compiling serde v1.0.215
[INFO] [stderr]    Compiling libc v0.2.167
[INFO] [stderr]    Compiling thiserror v2.0.5
[INFO] [stderr]    Compiling memchr v2.7.4
[INFO] [stderr]    Compiling cfg-if v1.0.0
[INFO] [stderr]    Compiling byteorder v1.5.0
[INFO] [stderr]    Compiling equivalent v1.0.1
[INFO] [stderr]    Compiling hashbrown v0.15.2
[INFO] [stderr]    Compiling ucd-trie v0.1.7
[INFO] [stderr]    Compiling once_cell v1.20.2
[INFO] [stderr]    Compiling thiserror v1.0.69
[INFO] [stderr]    Compiling serde_json v1.0.133
[INFO] [stderr]    Compiling ryu v1.0.18
[INFO] [stderr]    Compiling snap v1.1.1
[INFO] [stderr]    Compiling winnow v0.6.20
[INFO] [stderr]    Compiling anyhow v1.0.94
[INFO] [stderr]    Compiling itoa v1.0.14
[INFO] [stderr]    Compiling log v0.4.22
[INFO] [stderr]    Compiling lazy_static v1.5.0
[INFO] [stderr]    Compiling xml-rs v0.8.24
[INFO] [stderr]    Compiling unsafe-libyaml v0.2.11
[INFO] [stderr]    Compiling colored v2.1.0
[INFO] [stderr]    Compiling bytes v1.9.0
[INFO] [stderr]    Compiling urlencoding v2.1.3
[INFO] [stderr]    Compiling indexmap v2.7.0
[INFO] [stderr]    Compiling quote v1.0.37
[INFO] [stderr]    Compiling quick-xml v0.37.1
[INFO] [stderr]    Compiling syn v2.0.90
[INFO] [stderr]    Compiling getrandom v0.2.15
[INFO] [stderr]    Compiling rand_core v0.6.4
[INFO] [stderr]    Compiling serde_derive v1.0.215
[INFO] [stderr]    Compiling zerocopy-derive v0.7.35
[INFO] [stderr]    Compiling thiserror-impl v2.0.5
[INFO] [stderr]    Compiling thiserror-impl v1.0.69
[INFO] [stderr]    Compiling zerocopy v0.7.35
[INFO] [stderr]    Compiling pest v2.7.15
[INFO] [stderr]    Compiling ppv-lite86 v0.2.20
[INFO] [stderr]    Compiling rand_chacha v0.3.1
[INFO] [stderr]    Compiling rand v0.8.5
[INFO] [stderr]    Compiling pest_meta v2.7.15
[INFO] [stderr]    Compiling nanoid v0.4.0
[INFO] [stderr]    Compiling pest_generator v2.7.15
[INFO] [stderr]    Compiling pest_derive v2.7.15
[INFO] [stderr]    Compiling serde_spanned v0.6.8
[INFO] [stderr]    Compiling toml_datetime v0.6.8
[INFO] [stderr]    Compiling bincode v1.3.3
[INFO] [stderr]    Compiling serde_yaml v0.9.34+deprecated
[INFO] [stderr]    Compiling serde-xml-rs v0.6.0
[INFO] [stderr]    Compiling toml_edit v0.22.22
[INFO] [stderr]    Compiling toml v0.8.19
[INFO] [stderr]    Compiling stof v0.2.9 (/opt/rustwide/workdir)
[INFO] [stderr]     Finished `dev` profile [unoptimized + debuginfo] target(s) in 29.06s
[INFO] running `Command { std: "docker" "inspect" "832feb5d236d92c4042cda466638e4e1a07a67ee0de883a646354cd2838333aa", kill_on_drop: false }`
[INFO] running `Command { std: "docker" "rm" "-f" "832feb5d236d92c4042cda466638e4e1a07a67ee0de883a646354cd2838333aa", kill_on_drop: false }`
[INFO] [stdout] 832feb5d236d92c4042cda466638e4e1a07a67ee0de883a646354cd2838333aa
[INFO] running `Command { std: "docker" "create" "-v" "/var/lib/crater-agent-workspace/builds/worker-3-tc1/target:/opt/rustwide/target:rw,Z" "-v" "/var/lib/crater-agent-workspace/builds/worker-3-tc1/source:/opt/rustwide/workdir:ro,Z" "-v" "/var/lib/crater-agent-workspace/cargo-home:/opt/rustwide/cargo-home:ro,Z" "-v" "/var/lib/crater-agent-workspace/rustup-home:/opt/rustwide/rustup-home:ro,Z" "-e" "SOURCE_DIR=/opt/rustwide/workdir" "-e" "CARGO_TARGET_DIR=/opt/rustwide/target" "-e" "CARGO_INCREMENTAL=0" "-e" "RUST_BACKTRACE=full" "-e" "RUSTFLAGS=--cap-lints=forbid" "-e" "RUSTDOCFLAGS=--cap-lints=forbid" "-e" "CARGO_HOME=/opt/rustwide/cargo-home" "-e" "RUSTUP_HOME=/opt/rustwide/rustup-home" "-w" "/opt/rustwide/workdir" "-m" "1610612736" "--user" "0:0" "--network" "none" "ghcr.io/rust-lang/crates-build-env/linux@sha256:819108c5571ea2e421544af4d832f968d213c87fbe3707a016657f43d2f853bc" "/opt/rustwide/cargo-home/bin/cargo" "+nightly-2025-01-18" "test" "--frozen" "--no-run" "--message-format=json", kill_on_drop: false }`
[INFO] [stdout] 9e591e30b829223fec2d808e31dcefd0fc912f7373a251da6995ee72acea3c45
[INFO] running `Command { std: "docker" "start" "-a" "9e591e30b829223fec2d808e31dcefd0fc912f7373a251da6995ee72acea3c45", kill_on_drop: false }`
[INFO] [stderr]    Compiling stof v0.2.9 (/opt/rustwide/workdir)
[INFO] [stderr]     Finished `test` profile [unoptimized + debuginfo] target(s) in 10.06s
[INFO] running `Command { std: "docker" "inspect" "9e591e30b829223fec2d808e31dcefd0fc912f7373a251da6995ee72acea3c45", kill_on_drop: false }`
[INFO] running `Command { std: "docker" "rm" "-f" "9e591e30b829223fec2d808e31dcefd0fc912f7373a251da6995ee72acea3c45", kill_on_drop: false }`
[INFO] [stdout] 9e591e30b829223fec2d808e31dcefd0fc912f7373a251da6995ee72acea3c45
[INFO] running `Command { std: "docker" "create" "-v" "/var/lib/crater-agent-workspace/builds/worker-3-tc1/target:/opt/rustwide/target:rw,Z" "-v" "/var/lib/crater-agent-workspace/builds/worker-3-tc1/source:/opt/rustwide/workdir:ro,Z" "-v" "/var/lib/crater-agent-workspace/cargo-home:/opt/rustwide/cargo-home:ro,Z" "-v" "/var/lib/crater-agent-workspace/rustup-home:/opt/rustwide/rustup-home:ro,Z" "-e" "SOURCE_DIR=/opt/rustwide/workdir" "-e" "CARGO_TARGET_DIR=/opt/rustwide/target" "-e" "CARGO_INCREMENTAL=0" "-e" "RUST_BACKTRACE=full" "-e" "RUSTFLAGS=--cap-lints=forbid" "-e" "RUSTDOCFLAGS=--cap-lints=forbid" "-e" "CARGO_HOME=/opt/rustwide/cargo-home" "-e" "RUSTUP_HOME=/opt/rustwide/rustup-home" "-w" "/opt/rustwide/workdir" "-m" "1610612736" "--user" "0:0" "--network" "none" "ghcr.io/rust-lang/crates-build-env/linux@sha256:819108c5571ea2e421544af4d832f968d213c87fbe3707a016657f43d2f853bc" "/opt/rustwide/cargo-home/bin/cargo" "+nightly-2025-01-18" "test" "--frozen", kill_on_drop: false }`
[INFO] [stdout] be5fcb691ddbdf7d3e83753d4b875a667bb5282e01ca5f48fa921669cfce8056
[INFO] running `Command { std: "docker" "start" "-a" "be5fcb691ddbdf7d3e83753d4b875a667bb5282e01ca5f48fa921669cfce8056", kill_on_drop: false }`
[INFO] [stderr]     Finished `test` profile [unoptimized + debuginfo] target(s) in 0.10s
[INFO] [stderr]      Running unittests src/lib.rs (/opt/rustwide/target/debug/deps/stof-094cd0fed99c47ec)
[INFO] [stdout] 
[INFO] [stdout] running 19 tests
[INFO] [stdout] test core::graph::tests::default_constructor ... ok
[INFO] [stdout] test core::graph::tests::construct_graph ... ok
[INFO] [stdout] test json::inner_tests::from_json_string ... ok
[INFO] [stdout] test core::graph::tests::node_path ... ok
[INFO] [stdout] test core::graph::tests::insert_root ... ok
[INFO] [stdout] test json::inner_tests::from_json_value ... ok
[INFO] [stdout] test json::tests::import::import_json_file ... ok
[INFO] [stdout] test yaml::tests::import_export ... ok
[INFO] [stdout] test xml::reader::tests::test ... ok
[INFO] [stdout] test tests::stof_assert_true ... ok
[INFO] [stdout] test tests::stof_assert_eq_false ... ok
[INFO] [stdout] test stof::tests::bstof::hello_file_roundtrip ... FAILED
[INFO] [stdout] test tests::stof_assert_false ... ok
[INFO] [stdout] test tests::stof_assert_eq_true ... ok
[INFO] [stdout] test stof::tests::stof_run_out ... ok
[INFO] [stdout] test json::tests::import::parse_stof ... ok
[INFO] [stdout] test json::tests::import::parse_json ... ok
[INFO] [stdout] test stof::tests::export::export_type ... ok
[INFO] [stdout] test tests::stof_test_suite ... FAILED
[INFO] [stdout] 
[INFO] [stdout] failures:
[INFO] [stdout] 
[INFO] [stdout] ---- stof::tests::bstof::hello_file_roundtrip stdout ----
[INFO] [stdout] 
[INFO] [stdout] thread 'stof::tests::bstof::hello_file_roundtrip' panicked at src/stof/tests/bstof.rs:24:9:
[INFO] [stdout] assertion failed: doc.bin_file_out("src/stof/tests/hello.bstof", "bstof").is_ok()
[INFO] [stdout] stack backtrace:
[INFO] [stdout]    0:     0x56216f5ca71a - std::backtrace_rs::backtrace::libunwind::trace::hb059275cfc8d6126
[INFO] [stdout]                                at /rustc/6067b36314ab5eb2eb47cecc464545ba58e1ad24/library/std/src/../../backtrace/src/backtrace/libunwind.rs:116:5
[INFO] [stdout]    1:     0x56216f5ca71a - std::backtrace_rs::backtrace::trace_unsynchronized::h2da071e4327ce3ee
[INFO] [stdout]                                at /rustc/6067b36314ab5eb2eb47cecc464545ba58e1ad24/library/std/src/../../backtrace/src/backtrace/mod.rs:66:5
[INFO] [stdout]    2:     0x56216f5ca71a - std::sys::backtrace::_print_fmt::h842a1474e6f8d23f
[INFO] [stdout]                                at /rustc/6067b36314ab5eb2eb47cecc464545ba58e1ad24/library/std/src/sys/backtrace.rs:66:9
[INFO] [stdout]    3:     0x56216f5ca71a - <std::sys::backtrace::BacktraceLock::print::DisplayBacktrace as core::fmt::Display>::fmt::h71a62eb3b9696b12
[INFO] [stdout]                                at /rustc/6067b36314ab5eb2eb47cecc464545ba58e1ad24/library/std/src/sys/backtrace.rs:39:26
[INFO] [stdout]    4:     0x56216f5f6063 - core::fmt::rt::Argument::fmt::hdb6b616786b41dc1
[INFO] [stdout]                                at /rustc/6067b36314ab5eb2eb47cecc464545ba58e1ad24/library/core/src/fmt/rt.rs:177:76
[INFO] [stdout]    5:     0x56216f5f6063 - core::fmt::write::h2cc1698af7e2d686
[INFO] [stdout]                                at /rustc/6067b36314ab5eb2eb47cecc464545ba58e1ad24/library/core/src/fmt/mod.rs:1440:21
[INFO] [stdout]    6:     0x56216f5c7023 - std::io::Write::write_fmt::hab1b4cd059a79022
[INFO] [stdout]                                at /rustc/6067b36314ab5eb2eb47cecc464545ba58e1ad24/library/std/src/io/mod.rs:1887:15
[INFO] [stdout]    7:     0x56216f5ca562 - std::sys::backtrace::BacktraceLock::print::h147fe35b4ea13b08
[INFO] [stdout]                                at /rustc/6067b36314ab5eb2eb47cecc464545ba58e1ad24/library/std/src/sys/backtrace.rs:42:9
[INFO] [stdout]    8:     0x56216f5cbb3f - std::panicking::default_hook::{{closure}}::hbd44223dbdc0d208
[INFO] [stdout]                                at /rustc/6067b36314ab5eb2eb47cecc464545ba58e1ad24/library/std/src/panicking.rs:298:22
[INFO] [stdout]    9:     0x56216f5cb958 - std::panicking::default_hook::h20f81eb0576efcec
[INFO] [stdout]                                at /rustc/6067b36314ab5eb2eb47cecc464545ba58e1ad24/library/std/src/panicking.rs:322:9
[INFO] [stdout]   10:     0x56216f3cef03 - <alloc::boxed::Box<F,A> as core::ops::function::Fn<Args>>::call::hdb53814c496a4d34
[INFO] [stdout]                                at /rustc/6067b36314ab5eb2eb47cecc464545ba58e1ad24/library/alloc/src/boxed.rs:2027:9
[INFO] [stdout]   11:     0x56216f3cef03 - test::test_main::{{closure}}::hc0a4963c59427c24
[INFO] [stdout]                                at /rustc/6067b36314ab5eb2eb47cecc464545ba58e1ad24/library/test/src/lib.rs:134:21
[INFO] [stdout]   12:     0x56216f5cc633 - <alloc::boxed::Box<F,A> as core::ops::function::Fn<Args>>::call::h591b2225413a77e9
[INFO] [stdout]                                at /rustc/6067b36314ab5eb2eb47cecc464545ba58e1ad24/library/alloc/src/boxed.rs:2027:9
[INFO] [stdout]   13:     0x56216f5cc633 - std::panicking::rust_panic_with_hook::h625eea43051b2edc
[INFO] [stdout]                                at /rustc/6067b36314ab5eb2eb47cecc464545ba58e1ad24/library/std/src/panicking.rs:839:13
[INFO] [stdout]   14:     0x56216f5cc2b6 - std::panicking::begin_panic_handler::{{closure}}::h4f9159cfbc3f6bd3
[INFO] [stdout]                                at /rustc/6067b36314ab5eb2eb47cecc464545ba58e1ad24/library/std/src/panicking.rs:697:13
[INFO] [stdout]   15:     0x56216f5cac19 - std::sys::backtrace::__rust_end_short_backtrace::h0390abce48353151
[INFO] [stdout]                                at /rustc/6067b36314ab5eb2eb47cecc464545ba58e1ad24/library/std/src/sys/backtrace.rs:168:18
[INFO] [stdout]   16:     0x56216f5cbf7d - rust_begin_unwind
[INFO] [stdout]                                at /rustc/6067b36314ab5eb2eb47cecc464545ba58e1ad24/library/std/src/panicking.rs:695:5
[INFO] [stdout]   17:     0x56216f5f3690 - core::panicking::panic_fmt::h9e7c637e9e5f29c9
[INFO] [stdout]                                at /rustc/6067b36314ab5eb2eb47cecc464545ba58e1ad24/library/core/src/panicking.rs:75:14
[INFO] [stdout]   18:     0x56216f5f371c - core::panicking::panic::haa3255ea20181a33
[INFO] [stdout]                                at /rustc/6067b36314ab5eb2eb47cecc464545ba58e1ad24/library/core/src/panicking.rs:145:5
[INFO] [stdout]   19:     0x56216f245235 - stof::stof::tests::bstof::hello_file_roundtrip::h9633d1dac2dca6f6
[INFO] [stdout]                                at /opt/rustwide/workdir/src/stof/tests/bstof.rs:24:9
[INFO] [stdout]   20:     0x56216f245057 - stof::stof::tests::bstof::hello_file_roundtrip::{{closure}}::hfd560d5f332ec46b
[INFO] [stdout]                                at /opt/rustwide/workdir/src/stof/tests/bstof.rs:21:26
[INFO] [stdout]   21:     0x56216f278eb6 - core::ops::function::FnOnce::call_once::hca272dfbf4ec6223
[INFO] [stdout]                                at /rustc/6067b36314ab5eb2eb47cecc464545ba58e1ad24/library/core/src/ops/function.rs:250:5
[INFO] [stdout]   22:     0x56216f3d465b - core::ops::function::FnOnce::call_once::he27718dfdd183f43
[INFO] [stdout]                                at /rustc/6067b36314ab5eb2eb47cecc464545ba58e1ad24/library/core/src/ops/function.rs:250:5
[INFO] [stdout]   23:     0x56216f3d465b - test::__rust_begin_short_backtrace::h4e84902998457a5d
[INFO] [stdout]                                at /rustc/6067b36314ab5eb2eb47cecc464545ba58e1ad24/library/test/src/lib.rs:632:18
[INFO] [stdout]   24:     0x56216f3d3593 - test::run_test_in_process::{{closure}}::h7176fd18fc1feca0
[INFO] [stdout]                                at /rustc/6067b36314ab5eb2eb47cecc464545ba58e1ad24/library/test/src/lib.rs:655:60
[INFO] [stdout]   25:     0x56216f3d3593 - <core::panic::unwind_safe::AssertUnwindSafe<F> as core::ops::function::FnOnce<()>>::call_once::hf79cff2a624d8cf7
[INFO] [stdout]                                at /rustc/6067b36314ab5eb2eb47cecc464545ba58e1ad24/library/core/src/panic/unwind_safe.rs:272:9
[INFO] [stdout]   26:     0x56216f3d3593 - std::panicking::try::do_call::h3da0561d9ab99c25
[INFO] [stdout]                                at /rustc/6067b36314ab5eb2eb47cecc464545ba58e1ad24/library/std/src/panicking.rs:587:40
[INFO] [stdout]   27:     0x56216f3d3593 - std::panicking::try::h41c9fa508bc61df6
[INFO] [stdout]                                at /rustc/6067b36314ab5eb2eb47cecc464545ba58e1ad24/library/std/src/panicking.rs:550:19
[INFO] [stdout]   28:     0x56216f3d3593 - std::panic::catch_unwind::h6b3ff07bb5afad93
[INFO] [stdout]                                at /rustc/6067b36314ab5eb2eb47cecc464545ba58e1ad24/library/std/src/panic.rs:358:14
[INFO] [stdout]   29:     0x56216f3d3593 - test::run_test_in_process::hc7253dd11b39b9f4
[INFO] [stdout]                                at /rustc/6067b36314ab5eb2eb47cecc464545ba58e1ad24/library/test/src/lib.rs:655:27
[INFO] [stdout]   30:     0x56216f3d3593 - test::run_test::{{closure}}::hfb2007f8649c30bb
[INFO] [stdout]                                at /rustc/6067b36314ab5eb2eb47cecc464545ba58e1ad24/library/test/src/lib.rs:576:43
[INFO] [stdout]   31:     0x56216f396675 - test::run_test::{{closure}}::h56a17aa7a282a9f4
[INFO] [stdout]                                at /rustc/6067b36314ab5eb2eb47cecc464545ba58e1ad24/library/test/src/lib.rs:606:41
[INFO] [stdout]   32:     0x56216f396675 - std::sys::backtrace::__rust_begin_short_backtrace::hd2d2d2fb8e8c6aac
[INFO] [stdout]                                at /rustc/6067b36314ab5eb2eb47cecc464545ba58e1ad24/library/std/src/sys/backtrace.rs:152:18
[INFO] [stdout]   33:     0x56216f399f5a - std::thread::Builder::spawn_unchecked_::{{closure}}::{{closure}}::h4faa3f9db6133423
[INFO] [stdout]                                at /rustc/6067b36314ab5eb2eb47cecc464545ba58e1ad24/library/std/src/thread/mod.rs:559:17
[INFO] [stdout]   34:     0x56216f399f5a - <core::panic::unwind_safe::AssertUnwindSafe<F> as core::ops::function::FnOnce<()>>::call_once::hf2e855a36a4ea846
[INFO] [stdout]                                at /rustc/6067b36314ab5eb2eb47cecc464545ba58e1ad24/library/core/src/panic/unwind_safe.rs:272:9
[INFO] [stdout]   35:     0x56216f399f5a - std::panicking::try::do_call::h2f73af3616c35465
[INFO] [stdout]                                at /rustc/6067b36314ab5eb2eb47cecc464545ba58e1ad24/library/std/src/panicking.rs:587:40
[INFO] [stdout]   36:     0x56216f399f5a - std::panicking::try::hd1660ce9efadef5a
[INFO] [stdout]                                at /rustc/6067b36314ab5eb2eb47cecc464545ba58e1ad24/library/std/src/panicking.rs:550:19
[INFO] [stdout]   37:     0x56216f399f5a - std::panic::catch_unwind::h5ee8d7823b8ca744
[INFO] [stdout]                                at /rustc/6067b36314ab5eb2eb47cecc464545ba58e1ad24/library/std/src/panic.rs:358:14
[INFO] [stdout]   38:     0x56216f399f5a - std::thread::Builder::spawn_unchecked_::{{closure}}::h53c3a1894dce8407
[INFO] [stdout]                                at /rustc/6067b36314ab5eb2eb47cecc464545ba58e1ad24/library/std/src/thread/mod.rs:557:30
[INFO] [stdout]   39:     0x56216f399f5a - core::ops::function::FnOnce::call_once{{vtable.shim}}::h048ce291ad4f62bf
[INFO] [stdout]                                at /rustc/6067b36314ab5eb2eb47cecc464545ba58e1ad24/library/core/src/ops/function.rs:250:5
[INFO] [stdout]   40:     0x56216f5d056b - <alloc::boxed::Box<F,A> as core::ops::function::FnOnce<Args>>::call_once::ha52bedf99a3b4981
[INFO] [stdout]                                at /rustc/6067b36314ab5eb2eb47cecc464545ba58e1ad24/library/alloc/src/boxed.rs:2013:9
[INFO] [stdout]   41:     0x56216f5d056b - <alloc::boxed::Box<F,A> as core::ops::function::FnOnce<Args>>::call_once::h567748934d80ccf8
[INFO] [stdout]                                at /rustc/6067b36314ab5eb2eb47cecc464545ba58e1ad24/library/alloc/src/boxed.rs:2013:9
[INFO] [stdout]   42:     0x56216f5d056b - std::sys::pal::unix::thread::Thread::new::thread_start::h2d970728ae887adc
[INFO] [stdout]                                at /rustc/6067b36314ab5eb2eb47cecc464545ba58e1ad24/library/std/src/sys/pal/unix/thread.rs:106:17
[INFO] [stdout]   43:     0x7fd0ec9ccac3 - <unknown>
[INFO] [stdout]   44:     0x7fd0eca5da04 - clone
[INFO] [stdout]   45:                0x0 - <unknown>
[INFO] [stdout] 
[INFO] [stdout] ---- tests::stof_test_suite stdout ----
[INFO] [stdout] stof compiled in 56.64s
[INFO] [stdout] running 406 Stof tests
[INFO] [stdout] test root/stdlib assert_not_errors ... ok
[INFO] [stdout] test root/stdlib assert_array ... ok
[INFO] [stdout] pln exists
[INFO] [stdout] test root/stdlib println ... ok
[INFO] [stdout] test root/stdlib assert_obj ... ok
[INFO] [stdout] test root/stdlib assert_neq_errors ... ok
[INFO] [stdout] test root/stdlib assert_errors ... ok
[INFO] [stdout] test root/stdlib assert_tuple_errors ... ok
[INFO] [stdout] err exists
[INFO] [stdout] test root/stdlib error ... ok
[INFO] [stdout] test root/stdlib assert_obj_errors ... ok
[INFO] [stdout] "dbg exists"
[INFO] [stdout] test root/stdlib dbgln ... ok
[INFO] [stdout] test root/stdlib has_lib ... ok
[INFO] [stdout] test root/stdlib has_format ... ok
[INFO] [stdout] test root/stdlib throw ... ok
[INFO] [stdout] test root/stdlib libraries ... ok
[INFO] [stdout] test root/stdlib assert_number ... ok
[INFO] [stdout] test root/stdlib assert ... ok
[INFO] [stdout] test root/stdlib assert_eq ... ok
[INFO] [stdout] test root/stdlib/parse std_parse ... ok
[INFO] [stdout] test root/stdlib assert_tuple ... ok
[INFO] [stdout] test root/stdlib assert_null ... ok
[INFO] [stdout] test root/stdlib assert_null_errors ... ok
[INFO] [stdout] test root/stdlib assert_number_errors ... ok
[INFO] [stdout] test root/stdlib assert_array_errors ... ok
[INFO] [stdout] test root/stdlib/blobify std_blobify ... ok
[INFO] [stdout] test root/stdlib assert_eq_errors ... ok
[INFO] [stdout] test root/init initialized ... ok
[INFO] [stdout] test root/stdlib assert_not ... ok
[INFO] [stdout] test root/stdlib/stringify std_stringify ... ok
[INFO] [stdout] test root/stdlib formats ... ok
[INFO] [stdout] test root/stdlib assert_neq ... ok
[INFO] [stdout] test Numbers/StdLib test ... ok
[INFO] [stdout] test Numbers/Units/length mul_other ... ok
[INFO] [stdout] test Numbers/StdLib cbrt ... ok
[INFO] [stdout] test Numbers/Iteration/ranges array_range ... ok
[INFO] [stdout] test Numbers/Operations/order_of_ops right_to_left_add_sub ... ok
[INFO] [stdout] test Numbers/Units/length/add_two add_no_units ... ok
[INFO] [stdout] test Numbers/Operations/add add_negative ... ok
[INFO] [stdout] test Numbers/Units/temperature kelvin ... ok
[INFO] [stdout] test Numbers/Units/length/add_two add_diff_units ... ok
[INFO] [stdout] test Numbers/Operations/order_of_ops right_to_left_mul_div ... ok
[INFO] [stdout] test Numbers/Operations/sub subtract_ints ... ok
[INFO] [stdout] test Numbers/Units/angles positive_clamped ... ok
[INFO] [stdout] test Numbers/Units/time minutes ... ok
[INFO] [stdout] test Numbers/StdLib remove_units ... ok
[INFO] [stdout] test Numbers/Units/angles subtraction ... ok
[INFO] [stdout] test Numbers/StdLib is_angle ... ok
[INFO] [stdout] test Numbers/Operations/mod mod_ints ... ok
[INFO] [stdout] test Numbers/Units/time/any convert ... ok
[INFO] [stdout] test Numbers/Operations/order_of_ops mod_before_sub ... ok
[INFO] [stdout] test Numbers/Units/time millis ... ok
[INFO] [stdout] test Numbers/StdLib fract ... ok
[INFO] [stdout] test Numbers/Units/time to_days ... ok
[INFO] [stdout] test Numbers/StdLib log ... ok
[INFO] [stdout] test Numbers/Operations/sub subtract_floats ... ok
[INFO] [stdout] test Numbers/Units/length/imperial km_to_miles ... ok
[INFO] [stdout] test Numbers/Operations/order_of_ops multiply_before_sub ... ok
[INFO] [stdout] test Numbers/Units/length km_to_cm ... ok
[INFO] [stdout] test Numbers/StdLib is_temperature ... ok
[INFO] [stdout] test Numbers/Units/angles non_positive_clamped ... ok
[INFO] [stdout] test Numbers/Iteration/ranges number_as_range ... ok
[INFO] [stdout] test Numbers/Units/length sub_other ... ok
[INFO] [stdout] test Numbers/Units/length/imperial to_yards ... ok
[INFO] [stdout] test Numbers/Operations/order_of_ops parans_priority ... ok
[INFO] [stdout] test Numbers/StdLib abs ... ok
[INFO] [stdout] test Numbers/StdLib angles_trig ... ok
[INFO] [stdout] test Numbers/Operations/order_of_ops multiply_before_add ... ok
[INFO] [stdout] test Numbers/StdLib pow ... ok
[INFO] [stdout] test Numbers/StdLib floor ... ok
[INFO] [stdout] test Numbers/StdLib sqrt ... ok
[INFO] [stdout] test Numbers/Units/length add_other ... ok
[INFO] [stdout] test Numbers/Units/time seconds_to_ns ... ok
[INFO] [stdout] test Numbers/Units/length km_to_string ... ok
[INFO] [stdout] test Numbers/Units/length/imperial inches ... ok
[INFO] [stdout] test Numbers/StdLib is_time ... ok
[INFO] [stdout] test Numbers/Operations/mult multipy_floats ... ok
[INFO] [stdout] test Numbers/Operations/add add_ints ... ok
[INFO] [stdout] test Numbers/Units/time microseconds_to_minutes ... ok
[INFO] [stdout] test Numbers/Operations/add add_floats ... ok
[INFO] [stdout] test Numbers/StdLib length ... ok
[INFO] [stdout] test Numbers/StdLib exponent ... ok
[INFO] [stdout] test Numbers/Operations/div divide_ints ... ok
[INFO] [stdout] test Numbers/Units/mass lbs_to_kg ... ok
[INFO] [stdout] test Numbers/Units/temperature f_to_c ... ok
[INFO] [stdout] test Numbers/StdLib ln ... ok
[INFO] [stdout] test Numbers/Units/temperature f_to_k ... ok
[INFO] [stdout] test Numbers/StdLib exponent_2 ... ok
[INFO] [stdout] test Numbers/Units/length km_to_hm ... ok
[INFO] [stdout] test Numbers/Operations/order_of_ops divide_before_add ... ok
[INFO] [stdout] test Numbers/StdLib units ... ok
[INFO] [stdout] test Numbers/StdLib ceil ... ok
[INFO] [stdout] test Numbers/Iteration/ranges step_range ... ok
[INFO] [stdout] test Numbers/StdLib indexing ... ok
[INFO] [stdout] test Numbers/Operations/mult multiply_ints ... ok
[INFO] [stdout] test Numbers/Units/length/add_two eq_no_units ... ok
[INFO] [stdout] test Numbers/StdLib is_mass ... ok
[INFO] [stdout] test Numbers/StdLib signum ... ok
[INFO] [stdout] test Numbers/StdLib is_length ... ok
[INFO] [stdout] test Numbers/Operations/order_of_ops divide_before_sub ... ok
[INFO] [stdout] test Numbers/Operations/order_of_ops mod_before_add ... ok
[INFO] [stdout] test Numbers/Units/length/imperial miles ... ok
[INFO] [stdout] test Numbers/Units/length/add_two add_same_units ... ok
[INFO] [stdout] test Numbers/Operations/calls add_two ... ok
[INFO] [stdout] test Numbers/Operations/mod mod_floats ... ok
[INFO] [stdout] test Numbers/Operations/div divide_floats ... ok
[INFO] [stdout] test Numbers/StdLib round ... ok
[INFO] [stdout] test Numbers/Units/mass oz_to_g ... ok
[INFO] [stdout] test Numbers/Units/mass lbs_to_oz ... ok
[INFO] [stdout] test Numbers/Units/angles addition ... ok
[INFO] [stdout] test Numbers/Units/temperature c_to_k ... ok
[INFO] [stdout] test Numbers/Units/temperature c_to_f ... ok
[INFO] [stdout] test Numbers/StdLib atan2 ... ok
[INFO] [stdout] test Strings/Escaped escaped_tab ... ok
[INFO] [stdout] test Strings/StdLib starts_with ... ok
[INFO] [stdout] test Strings/Escaped escaped_single_double_quote ... ok
[INFO] [stdout] test Strings/Escaped escaped_newline ... failed
[INFO] [stdout] test Strings/StdLib trim ... ok
[INFO] [stdout] test Strings/StdLib contains ... ok
[INFO] [stdout] test Strings/StdLib to_lower ... ok
[INFO] [stdout] test Strings/Escaped escaped_backslash ... ok
[INFO] [stdout] test Strings/Escaped escaped_double_quote ... ok
[INFO] [stdout] test Strings/Escaped escaped_single_quote ... ok
[INFO] [stdout] test Strings/StdLib replace_all ... ok
[INFO] [stdout] test Strings/StdLib length ... ok
[INFO] [stdout] test Strings/StdLib to_upper ... ok
[INFO] [stdout] test Strings/StdLib push ... ok
[INFO] [stdout] test Strings/StdLib substring ... ok
[INFO] [stdout] test Strings/Iteration reverse ... ok
[INFO] [stdout] test Strings/StdLib indexing ... ok
[INFO] [stdout] test Strings/Iteration iteration ... ok
[INFO] [stdout] test Strings/StdLib index_of ... ok
[INFO] [stdout] test Strings/StdLib ends_with ... ok
[INFO] [stdout] test Strings/StdLib split ... ok
[INFO] [stdout] test Functions/Arrows vars ... ok
[INFO] [stdout] test Functions/StdLib/attributes has_attribute ... ok
[INFO] [stdout] test Functions/StdLib function_name ... ok
[INFO] [stdout] test Functions/StdLib/attributes main ... ok
[INFO] [stdout] test Functions/StdLib function_return_type ... ok
[INFO] [stdout] test Functions/Arrows arrow_with_parameter ... ok
[INFO] [stdout] test Functions/Arrows arrow_function ... ok
[INFO] [stdout] test Functions/Decorators add_decorator ... ok
[INFO] [stdout] test Functions/Decorators/decorated_type_func test ... ok
[INFO] [stdout] test Functions/Arrows/field call_arrow_field ... ok
[INFO] [stdout] test Functions/Arrows array_retain ... ok
[INFO] [stdout] test Functions/StdLib function_call ... ok
[INFO] [stdout] test Functions/StdLib/attributes get_attrs ... ok
[INFO] [stdout] test Functions/Arrows/passing pass_arrow ... ok
[INFO] [stdout] test Functions/Arrows/test_outer no_outer ... ok
[INFO] [stdout] test Functions/Decorators/keeps_attrs test ... ok
[INFO] [stdout] test Functions/StdLib function_object ... ok
[INFO] [stdout] test Functions/StdLib function_objects ... ok
[INFO] [stdout] test Functions/StdLib function_parameters ... ok
[INFO] [stdout] test Functions/Arrows/test_outer yes_outer ... ok
[INFO] [stdout] test Functions/Arrows/test_outer no_declared_outer ... ok
[INFO] [stdout] test Arrays/StdLib/boxed_values boxed_array_value ... ok
[INFO] [stdout] test Arrays/StdLib pop_at ... ok
[INFO] [stdout] test Arrays/StdLib remove_last_occurence ... ok
[INFO] [stdout] test Arrays/StdLib remove_first_occurence ... ok
[INFO] [stdout] test Arrays/StdLib last ... ok
[INFO] [stdout] test Arrays/StdLib pop ... ok
[INFO] [stdout] test Arrays/StdLib reversed ... ok
[INFO] [stdout] test Arrays/StdLib at ... ok
[INFO] [stdout] test Arrays/StdLib pop_val ... ok
[INFO] [stdout] test Arrays/StdLib set ... ok
[INFO] [stdout] test Arrays/StdLib append_boxed ... ok
[INFO] [stdout] test Arrays/StdLib append ... ok
[INFO] [stdout] test Arrays/StdLib push ... ok
[INFO] [stdout] test Arrays/StdLib sort ... ok
[INFO] [stdout] test Arrays/StdLib reverse ... ok
[INFO] [stdout] test Arrays/Iteration while_iteration ... ok
[INFO] [stdout] test Arrays/StdLib any ... ok
[INFO] [stdout] test Arrays/StdLib join ... ok
[INFO] [stdout] test Arrays/StdLib len ... ok
[INFO] [stdout] test Arrays/StdLib retain_evens ... ok
[INFO] [stdout] test Arrays/Fields/Attributes/private cannot_access ... ok
[INFO] [stdout] test Arrays/StdLib insert ... ok
[INFO] [stdout] test Arrays/StdLib/boxed_values boxed_array ... ok
[INFO] [stdout] test Arrays/StdLib first ... ok
[INFO] [stdout] test Arrays/StdLib has ... ok
[INFO] [stdout] test Arrays/Fields/Attributes/readonly cannot_modify ... ok
[INFO] [stdout] test Arrays/StdLib empty ... ok
[INFO] [stdout] test Arrays/StdLib remove_all ... ok
[INFO] [stdout] test Arrays/StdLib retain_numbers ... ok
[INFO] [stdout] test Arrays/StdLib find ... ok
[INFO] [stdout] test Arrays/Fields array_objs_of_type ... ok
[INFO] [stdout] test Arrays/Fields/Attributes/private/child/grandchild cannot_access ... ok
[INFO] [stdout] test Arrays/Fields/Attributes/private/child can_access ... ok
[INFO] [stdout] test Arrays/Iteration standard_iteration ... ok
[INFO] [stdout] test Arrays/StdLib iter ... ok
[INFO] [stdout] test Arrays/Iteration mutate ... ok
[INFO] [stdout] test Arrays/StdLib sort_by ... ok
[INFO] [stdout] test Arrays/StdLib nested_at ... ok
[INFO] [stdout] test Maps/StdLib/set_operations intersect_vec ... ok
[INFO] [stdout] test Maps/StdLib/lib first_last ... ok
[INFO] [stdout] test Maps/StdLib/lib clear ... ok
[INFO] [stdout] test Maps/StdLib map_constructor ... ok
[INFO] [stdout] test Maps/StdLib/set_operations no_div ... ok
[INFO] [stdout] test Maps/StdLib/set_operations diff_map ... ok
[INFO] [stdout] test Maps/StdLib/object_construction docobj_map ... ok
[INFO] [stdout] test Maps/StdLib/lib remove ... ok
[INFO] [stdout] test Maps/StdLib empty_constructor ... ok
[INFO] [stdout] test Maps/StdLib/lib len ... ok
[INFO] [stdout] test Maps/StdLib/lib pop_last ... ok
[INFO] [stdout] test Maps/StdLib/lib empty_any ... ok
[INFO] [stdout] test Maps/StdLib/lib keys_values ... ok
[INFO] [stdout] test Maps/StdLib/set_operations union ... ok
[INFO] [stdout] test Maps/StdLib/set_operations symmetric_difference ... ok
[INFO] [stdout] test Maps/StdLib/lib get ... ok
[INFO] [stdout] test Maps/StdLib/set_operations diff_vec ... ok
[INFO] [stdout] test Maps/StdLib/lib retain ... ok
[INFO] [stdout] test Maps/StdLib/lib at_non_index ... ok
[INFO] [stdout] test Maps/StdLib array_constructor ... ok
[INFO] [stdout] test Maps/StdLib/lib pop_first ... ok
[INFO] [stdout] test Maps/StdLib/lib at ... ok
[INFO] [stdout] test Maps/StdLib/set_operations intersect_map ... ok
[INFO] [stdout] test Maps/StdLib/lib insert ... ok
[INFO] [stdout] test Maps/StdLib/lib contains ... ok
[INFO] [stdout] test Maps/StdLib bad_array_val_constructor ... ok
[INFO] [stdout] test Maps/StdLib/lib append ... ok
[INFO] [stdout] test Sets/StdLib retain ... ok
[INFO] [stdout] test Sets/StdLib first_last ... ok
[INFO] [stdout] test Sets/StdLib contains ... ok
[INFO] [stdout] test Sets/StdLib subset ... ok
[INFO] [stdout] test Sets/StdLib intersection ... ok
[INFO] [stdout] test Sets/StdLib clear ... ok
[INFO] [stdout] test Sets/StdLib set_constructor ... ok
[INFO] [stdout] test Sets/StdLib insert ... ok
[INFO] [stdout] test Sets/StdLib symmetric_diff ... ok
[INFO] [stdout] test Sets/StdLib at ... ok
[INFO] [stdout] test Sets/StdLib append ... ok
[INFO] [stdout] test Sets/StdLib take ... ok
[INFO] [stdout] test Sets/StdLib difference ... ok
[INFO] [stdout] test Sets/StdLib empty_any ... ok
[INFO] [stdout] test Sets/StdLib superset ... ok
[INFO] [stdout] test Sets/StdLib disjoint ... ok
[INFO] [stdout] test Sets/StdLib remove ... ok
[INFO] [stdout] test Sets/StdLib pop_last ... ok
[INFO] [stdout] test Sets/StdLib pop_first ... ok
[INFO] [stdout] test Sets/StdLib append_boxed ... ok
[INFO] [stdout] test Sets/StdLib len ... ok
[INFO] [stdout] test Sets/StdLib split ... ok
[INFO] [stdout] test Sets/StdLib union ... ok
[INFO] [stdout] test Blobs/StdLib at ... ok
[INFO] [stdout] test Blobs/StdLib size_len ... ok
[INFO] [stdout] test Blobs/StdLib iteration ... ok
[INFO] [stdout] test Objects/StdLib get_values ... ok
[INFO] [stdout] test Objects/StdLib/cloned_objects shallow_copy ... ok
[INFO] [stdout] test Objects/StdLib/remove_fields_funcs remove_field_obj ... ok
[INFO] [stdout] test Objects/StdLib/remove_fields_funcs remove_func ... ok
[INFO] [stdout] test Objects/StdLib is_root ... ok
[INFO] [stdout] test Objects/Paths/absolute paths ... ok
[INFO] [stdout] test Objects/StdLib/search searchDown ... ok
[INFO] [stdout] test Objects/StdLib get_fields ... ok
[INFO] [stdout] test Objects/StdLib obj_len ... ok
[INFO] [stdout] test Objects/StdLib/remove_fields_funcs remove_field_path ... ok
[INFO] [stdout] test Objects/StdLib/rename_move rename_in_place ... ok
[INFO] [stdout] test Objects/StdLib get_parent ... ok
[INFO] [stdout] test Objects/StdLib/rename_move rename_field ... ok
[INFO] [stdout] test Objects/StdLib/cloned_objects deep_copy ... ok
[INFO] [stdout] test Objects/StdLib/set_prototype get_set ... ok
[INFO] [stdout] test Objects/StdLib create_references ... ok
[INFO] [stdout] test Objects/StdLib/remove_fields_funcs remove_field ... ok
[INFO] [stdout] test Objects/StdLib/rename_move move_field ... ok
[INFO] [stdout] test Objects/StdLib get_name ... ok
[INFO] [stdout] test Objects/StdLib/cloned_objects shallow_copy_helper ... ok
[INFO] [stdout] test Objects/Paths/refpath/refchild refpath ... ok
[INFO] [stdout] test Objects/StdLib/map_fields source_to_dest ... ok
[INFO] [stdout] test Objects/StdLib get_root ... ok
[INFO] [stdout] test Objects/StdLib/search searchUp ... ok
[INFO] [stdout] test Objects/StdLib/search search ... ok
[INFO] [stdout] test Objects/StdLib get_keys ... ok
[INFO] [stdout] test Objects/StdLib set_fields ... ok
[INFO] [stdout] test Objects/Paths/refpath/fieldchild fieldpath ... ok
[INFO] [stdout] test Objects/StdLib get_funcs ... ok
[INFO] [stdout] test Objects/StdLib get_at ... ok
[INFO] [stdout] test Objects/Paths/relative/child/another paths ... ok
[INFO] [stdout] test Objects/StdLib get_children ... ok
[INFO] [stdout] test Objects/StdLib get_attributes ... ok
[INFO] [stdout] test Objects/StdLib get_path ... ok
[INFO] [stdout] test Types/Casting/errors no_defaults ... ok
[INFO] [stdout] test Types/Casting/errors wrong_types ... ok
[INFO] [stdout] test Types/Unknown unknown_type ... ok
[INFO] [stdout] test Types/Unknown unknown_object_type ... ok
[INFO] [stdout] test Types/Casting/poly instance_of_catch ... ok
[INFO] [stdout] test Types/Casting/return cast_on_return ... ok
[INFO] [stdout] test Types/Geometry/fields instance_of ... ok
[INFO] [stdout] test Types/Casting/default_values extends_cast_defaults ... ok
[INFO] [stdout] test Types/Casting/default_values downcast_defaults ... ok
[INFO] [stdout] test Types/Attributes object_field_attributes ... ok
[INFO] [stdout] test Types/Casting/as cast_on_as ... ok
[INFO] [stdout] test Types/Casting/errors has_defaults ... ok
[INFO] [stdout] test Types/Geometry/defaults default_2d_values ... ok
[INFO] [stdout] test Types/Geometry/defaults default_point_values ... ok
[INFO] [stdout] test Types/Geometry/fields untyped_point_field_as ... ok
[INFO] [stdout] test Types/Geometry/fields untyped_point_field ... ok
[INFO] [stdout] test Types/Casting/default_values create_defaults ... ok
[INFO] [stdout] test Types/Geometry/local create_local_point_type ... ok
[INFO] [stdout] test Types/Casting/default_values cast_defaults ... ok
[INFO] [stdout] test Types/Geometry/private/dec can_create_point ... ok
[INFO] [stdout] test Types/Attributes private_field_attribute ... ok
[INFO] [stdout] test Types/Casting/upcast upcast_extends ... ok
[INFO] [stdout] test Types/Geometry/extends my_type ... ok
[INFO] [stdout] test Types/Geometry/fields typestack ... ok
[INFO] [stdout] test Types/Casting/default_values field_cast ... ok
[INFO] [stdout] test Types/Attributes has_attr ... ok
[INFO] [stdout] test Types/Geometry/local create_local_point ... ok
[INFO] [stdout] test Types/Geometry/fields typed_point_field ... ok
[INFO] [stdout] test Types/Attributes multiple ... ok
[INFO] [stdout] test Types/Attributes constructed ... ok
[INFO] [stdout] test Types/Unknown unknown_parameters ... ok
[INFO] [stdout] test Types/Geometry/local create_local_point_as ... ok
[INFO] [stdout] test Control/Flow/continue continue_in_for ... ok
[INFO] [stdout] test Control/Flow/return return_from_nested ... ok
[INFO] [stdout] test Control/Flow/break break_in_while ... ok
[INFO] [stdout] test Control/Flow/break break_in_if ... ok
[INFO] [stdout] test Control/Switch switch_or ... ok
[INFO] [stdout] test Control/Switch switch_default ... ok
[INFO] [stdout] test Control/Try try_catch ... ok
[INFO] [stdout] test Control/Flow/return return_from_for ... ok
[INFO] [stdout] test Control/Switch switch_objects ... ok
[INFO] [stdout] test Control/Flow/return return_from_for_in ... ok
[INFO] [stdout] test Control/Flow/break break_in_block ... ok
[INFO] [stdout] test Control/Flow/continue continue_for_in ... ok
[INFO] [stdout] test Control/Flow/continue continue_in_nested ... ok
[INFO] [stdout] test Control/Flow/break break_for_in ... ok
[INFO] [stdout] test Control/Flow/continue continue_in_while ... ok
[INFO] [stdout] test Control/Switch switch_tuples ... ok
[INFO] [stdout] test Control/Flow/break break_in_nested ... ok
[INFO] [stdout] test Control/Try try_catch_error ... ok
[INFO] [stdout] test Control/Try try_catch_no_catch ... ok
[INFO] [stdout] test Control/Switch switch_statement ... ok
[INFO] [stdout] test Control/Switch switch_on_strings ... ok
[INFO] [stdout] test Control/Flow/return return_from_while ... ok
[INFO] [stdout] test Control/Flow/break break_in_for ... ok
[INFO] [stdout] test Control/Flow/continue continue_in_block ... ok
[INFO] [stdout] test Control/Flow/return return_from_if ... ok
[INFO] [stdout] test Control/Flow/continue continue_in_if ... ok
[INFO] [stdout] test Language/Boxed/add_one add_one_reference ... ok
[INFO] [stdout] test Language/Boxed boxed_unknown ... ok
[INFO] [stdout] test Language/Ranges step_range ... ok
[INFO] [stdout] test Language/Null practical_or ... ok
[INFO] [stdout] test Language/Boxed/field_types no_boxed_object_fields ... ok
[INFO] [stdout] test Language/Null blob_or ... ok
[INFO] [stdout] test Language/Ranges backwards ... ok
[INFO] [stdout] test Language/Ranges backwards_negative_step ... ok
[INFO] [stdout] test Language/Boxed/add_one unboxed ... ok
[INFO] [stdout] test Language/ShortCircuits and_short_circuit ... ok
[INFO] [stdout] test Language/Null bool_or ... ok
[INFO] [stdout] test Language/Drop drop_field ... ok
[INFO] [stdout] test Language/Null fn_or ... ok
[INFO] [stdout] test Language/Null set_or ... ok
[INFO] [stdout] test Language/Null null_or ... ok
[INFO] [stdout] test Language/Ranges negative_step ... ok
[INFO] [stdout] test Language/Null obj_or ... ok
[INFO] [stdout] test Language/Null null_or_many ... ok
[INFO] [stdout] test Language/Drop drop_function ... ok
[INFO] [stdout] test Language/Boxed/add_one add_one_failed ... ok
[INFO] [stdout] test Language/ShortCircuits or_short_circuit ... ok
[INFO] [stdout] test Language/ShortCircuits and_short_circuit_truthy ... ok
[INFO] [stdout] test Language/Boxed/field_types no_boxed_fields ... ok
[INFO] [stdout] test Language/Null null_boxed_or ... ok
[INFO] [stdout] test Language/Null str_or ... ok
[INFO] [stdout] test Language/Boxed boxed_unknown_as ... ok
[INFO] [stdout] test Language/Null map_or ... ok
[INFO] [stdout] test Language/Drop drop_symbol ... ok
[INFO] [stdout] test Language/Null number_or ... ok
[INFO] [stdout] test Language/Null tuple_or ... ok
[INFO] [stdout] test Language/Ranges basic_range ... ok
[INFO] [stdout] test Language/Null array_or ... ok
[INFO] [stdout] test Imports/Location/local_imports location_specifier ... ok
[INFO] [stdout] test Imports/Location basic_import ... ok
[INFO] [stdout] test Imports/Location/local_imports local_import ... ok
[INFO] [stdout] test Imports/Location format_specifier ... ok
[INFO] [stdout] test Imports/Location root_import ... ok
[INFO] [stdout] test Imports/Location location_specifier ... ok
[INFO] [stdout] test Formats/YAML import_yaml ... ok
[INFO] [stdout] test Formats/JSON/parse parse_json_with_stof ... ok
[INFO] [stdout] test Formats/TEXT export_text_bytes ... ok
[INFO] [stdout] test Formats/BYTES import_bytes ... ok
[INFO] [stdout] test Formats/JSON/parse parse_json_string ... ok
[INFO] [stdout] test Formats/XML import_xml ... ok
[INFO] [stdout] test Formats/JSON/parse parse_json_with_stof_add_types ... ok
[INFO] [stdout] test Formats/JSON import_nd_json ... ok
[INFO] [stdout] test Formats/YAML export_yaml ... ok
[INFO] [stdout] test Formats/TOML/cargo package_info ... ok
[INFO] [stdout] test Formats/BYTES export_bytes ... ok
[INFO] [stdout] test Formats/URL export_url_encoding ... ok
[INFO] [stdout] test Formats/JSON/bytes export_bytes ... ok
[INFO] [stdout] test Formats/TEXT import_text ... ok
[INFO] [stdout] test Formats/XML export_xml ... ok
[INFO] [stdout] test Formats/URL import_url_encoding ... ok
[INFO] [stdout] test Formats/JSON sort_as ... ok
[INFO] [stdout] test Formats/TEXT export_text ... ok
[INFO] [stdout] test Formats/TOML/cargo dependencies ... ok
[INFO] [stdout] test Practical/Merge/objects/obj_obj collision ... ok
[INFO] [stdout] test Practical/Merge/objects/obj_array collision ... ok
[INFO] [stdout] test Practical/Merge/values/int_int collide_toml_ints ... ok
[INFO] [stdout] test Practical/Merge/values/int_int collide_yaml_ints ... ok
[INFO] [stdout] test Practical/Merge/values/int_int collide_json_ints ... ok
[INFO] [stdout] test Practical/Merge/arrays/array_obj collision ... ok
[INFO] [stdout] test Practical/Merge/arrays/array_value collision ... ok
[INFO] [stdout] test Practical/Merge/objects/obj_value collision ... ok
[INFO] [stdout] test Practical/Merge/values/int_int collide_uml_ints ... ok
[INFO] [stdout] test Practical/Docs/example full_names ... ok
[INFO] [stdout] test Practical/Docs/example get_oldest ... ok
[INFO] [stdout] test Practical/Merge/values/int_int collide_xml_ints ... ok
[INFO] [stdout] test Practical/Merge/values/int_int collide_stof_ints ... ok
[INFO] [stdout] 
[INFO] [stdout] thread 'tests::stof_test_suite' panicked at src/core/doc.rs:481:17:
[INFO] [stdout] 
[INFO] [stdout] 1 failures:
[INFO] [stdout] 	failed: escaped_newline at Strings/Escaped: Assert equals failed - String("\r\n") != String("\n")
[INFO] [stdout] 
[INFO] [stdout] test result: failed. 405 passed; 1 failed; finished in 0.62s
[INFO] [stdout] stack backtrace:
[INFO] [stdout]    0:     0x56216f5ca71a - std::backtrace_rs::backtrace::libunwind::trace::hb059275cfc8d6126
[INFO] [stdout]                                at /rustc/6067b36314ab5eb2eb47cecc464545ba58e1ad24/library/std/src/../../backtrace/src/backtrace/libunwind.rs:116:5
[INFO] [stdout]    1:     0x56216f5ca71a - std::backtrace_rs::backtrace::trace_unsynchronized::h2da071e4327ce3ee
[INFO] [stdout]                                at /rustc/6067b36314ab5eb2eb47cecc464545ba58e1ad24/library/std/src/../../backtrace/src/backtrace/mod.rs:66:5
[INFO] [stdout]    2:     0x56216f5ca71a - std::sys::backtrace::_print_fmt::h842a1474e6f8d23f
[INFO] [stdout]                                at /rustc/6067b36314ab5eb2eb47cecc464545ba58e1ad24/library/std/src/sys/backtrace.rs:66:9
[INFO] [stdout]    3:     0x56216f5ca71a - <std::sys::backtrace::BacktraceLock::print::DisplayBacktrace as core::fmt::Display>::fmt::h71a62eb3b9696b12
[INFO] [stdout]                                at /rustc/6067b36314ab5eb2eb47cecc464545ba58e1ad24/library/std/src/sys/backtrace.rs:39:26
[INFO] [stdout]    4:     0x56216f5f6063 - core::fmt::rt::Argument::fmt::hdb6b616786b41dc1
[INFO] [stdout]                                at /rustc/6067b36314ab5eb2eb47cecc464545ba58e1ad24/library/core/src/fmt/rt.rs:177:76
[INFO] [stdout]    5:     0x56216f5f6063 - core::fmt::write::h2cc1698af7e2d686
[INFO] [stdout]                                at /rustc/6067b36314ab5eb2eb47cecc464545ba58e1ad24/library/core/src/fmt/mod.rs:1440:21
[INFO] [stdout]    6:     0x56216f5c7023 - std::io::Write::write_fmt::hab1b4cd059a79022
[INFO] [stdout]                                at /rustc/6067b36314ab5eb2eb47cecc464545ba58e1ad24/library/std/src/io/mod.rs:1887:15
[INFO] [stdout]    7:     0x56216f5ca562 - std::sys::backtrace::BacktraceLock::print::h147fe35b4ea13b08
[INFO] [stdout]                                at /rustc/6067b36314ab5eb2eb47cecc464545ba58e1ad24/library/std/src/sys/backtrace.rs:42:9
[INFO] [stdout]    8:     0x56216f5cbb3f - std::panicking::default_hook::{{closure}}::hbd44223dbdc0d208
[INFO] [stdout]                                at /rustc/6067b36314ab5eb2eb47cecc464545ba58e1ad24/library/std/src/panicking.rs:298:22
[INFO] [stdout]    9:     0x56216f5cb958 - std::panicking::default_hook::h20f81eb0576efcec
[INFO] [stdout]                                at /rustc/6067b36314ab5eb2eb47cecc464545ba58e1ad24/library/std/src/panicking.rs:322:9
[INFO] [stdout]   10:     0x56216f3cef03 - <alloc::boxed::Box<F,A> as core::ops::function::Fn<Args>>::call::hdb53814c496a4d34
[INFO] [stdout]                                at /rustc/6067b36314ab5eb2eb47cecc464545ba58e1ad24/library/alloc/src/boxed.rs:2027:9
[INFO] [stdout]   11:     0x56216f3cef03 - test::test_main::{{closure}}::hc0a4963c59427c24
[INFO] [stdout]                                at /rustc/6067b36314ab5eb2eb47cecc464545ba58e1ad24/library/test/src/lib.rs:134:21
[INFO] [stdout]   12:     0x56216f5cc633 - <alloc::boxed::Box<F,A> as core::ops::function::Fn<Args>>::call::h591b2225413a77e9
[INFO] [stdout]                                at /rustc/6067b36314ab5eb2eb47cecc464545ba58e1ad24/library/alloc/src/boxed.rs:2027:9
[INFO] [stdout]   13:     0x56216f5cc633 - std::panicking::rust_panic_with_hook::h625eea43051b2edc
[INFO] [stdout]                                at /rustc/6067b36314ab5eb2eb47cecc464545ba58e1ad24/library/std/src/panicking.rs:839:13
[INFO] [stdout]   14:     0x56216f5cc2ea - std::panicking::begin_panic_handler::{{closure}}::h4f9159cfbc3f6bd3
[INFO] [stdout]                                at /rustc/6067b36314ab5eb2eb47cecc464545ba58e1ad24/library/std/src/panicking.rs:704:13
[INFO] [stdout]   15:     0x56216f5cac19 - std::sys::backtrace::__rust_end_short_backtrace::h0390abce48353151
[INFO] [stdout]                                at /rustc/6067b36314ab5eb2eb47cecc464545ba58e1ad24/library/std/src/sys/backtrace.rs:168:18
[INFO] [stdout]   16:     0x56216f5cbf7d - rust_begin_unwind
[INFO] [stdout]                                at /rustc/6067b36314ab5eb2eb47cecc464545ba58e1ad24/library/std/src/panicking.rs:695:5
[INFO] [stdout]   17:     0x56216f5f3690 - core::panicking::panic_fmt::h9e7c637e9e5f29c9
[INFO] [stdout]                                at /rustc/6067b36314ab5eb2eb47cecc464545ba58e1ad24/library/core/src/panicking.rs:75:14
[INFO] [stdout]   18:     0x56216f267423 - stof::core::doc::SDoc::test_file::h1ad345be34fe2aa8
[INFO] [stdout]                                at /opt/rustwide/workdir/src/core/doc.rs:481:17
[INFO] [stdout]   19:     0x56216f24aa07 - stof::tests::stof_test_suite::hfc0ecee0414067dc
[INFO] [stdout]                                at /opt/rustwide/workdir/src/tests/mod.rs:82:5
[INFO] [stdout]   20:     0x56216f24a9d7 - stof::tests::stof_test_suite::{{closure}}::h7a42f8df41ec67ad
[INFO] [stdout]                                at /opt/rustwide/workdir/src/tests/mod.rs:81:21
[INFO] [stdout]   21:     0x56216f277846 - core::ops::function::FnOnce::call_once::h788c9f1e422834a4
[INFO] [stdout]                                at /rustc/6067b36314ab5eb2eb47cecc464545ba58e1ad24/library/core/src/ops/function.rs:250:5
[INFO] [stdout]   22:     0x56216f3d465b - core::ops::function::FnOnce::call_once::he27718dfdd183f43
[INFO] [stdout]                                at /rustc/6067b36314ab5eb2eb47cecc464545ba58e1ad24/library/core/src/ops/function.rs:250:5
[INFO] [stdout]   23:     0x56216f3d465b - test::__rust_begin_short_backtrace::h4e84902998457a5d
[INFO] [stdout]                                at /rustc/6067b36314ab5eb2eb47cecc464545ba58e1ad24/library/test/src/lib.rs:632:18
[INFO] [stdout]   24:     0x56216f3d3593 - test::run_test_in_process::{{closure}}::h7176fd18fc1feca0
[INFO] [stdout]                                at /rustc/6067b36314ab5eb2eb47cecc464545ba58e1ad24/library/test/src/lib.rs:655:60
[INFO] [stdout]   25:     0x56216f3d3593 - <core::panic::unwind_safe::AssertUnwindSafe<F> as core::ops::function::FnOnce<()>>::call_once::hf79cff2a624d8cf7
[INFO] [stdout]                                at /rustc/6067b36314ab5eb2eb47cecc464545ba58e1ad24/library/core/src/panic/unwind_safe.rs:272:9
[INFO] [stdout]   26:     0x56216f3d3593 - std::panicking::try::do_call::h3da0561d9ab99c25
[INFO] [stdout]                                at /rustc/6067b36314ab5eb2eb47cecc464545ba58e1ad24/library/std/src/panicking.rs:587:40
[INFO] [stdout]   27:     0x56216f3d3593 - std::panicking::try::h41c9fa508bc61df6
[INFO] [stdout]                                at /rustc/6067b36314ab5eb2eb47cecc464545ba58e1ad24/library/std/src/panicking.rs:550:19
[INFO] [stderr] error: test failed, to rerun pass `--lib`
[INFO] [stdout]   28:     0x56216f3d3593 - std::panic::catch_unwind::h6b3ff07bb5afad93
[INFO] [stdout]                                at /rustc/6067b36314ab5eb2eb47cecc464545ba58e1ad24/library/std/src/panic.rs:358:14
[INFO] [stdout]   29:     0x56216f3d3593 - test::run_test_in_process::hc7253dd11b39b9f4
[INFO] [stdout]                                at /rustc/6067b36314ab5eb2eb47cecc464545ba58e1ad24/library/test/src/lib.rs:655:27
[INFO] [stdout]   30:     0x56216f3d3593 - test::run_test::{{closure}}::hfb2007f8649c30bb
[INFO] [stdout]                                at /rustc/6067b36314ab5eb2eb47cecc464545ba58e1ad24/library/test/src/lib.rs:576:43
[INFO] [stdout]   31:     0x56216f396675 - test::run_test::{{closure}}::h56a17aa7a282a9f4
[INFO] [stdout]                                at /rustc/6067b36314ab5eb2eb47cecc464545ba58e1ad24/library/test/src/lib.rs:606:41
[INFO] [stdout]   32:     0x56216f396675 - std::sys::backtrace::__rust_begin_short_backtrace::hd2d2d2fb8e8c6aac
[INFO] [stdout]                                at /rustc/6067b36314ab5eb2eb47cecc464545ba58e1ad24/library/std/src/sys/backtrace.rs:152:18
[INFO] [stdout]   33:     0x56216f399f5a - std::thread::Builder::spawn_unchecked_::{{closure}}::{{closure}}::h4faa3f9db6133423
[INFO] [stdout]                                at /rustc/6067b36314ab5eb2eb47cecc464545ba58e1ad24/library/std/src/thread/mod.rs:559:17
[INFO] [stdout]   34:     0x56216f399f5a - <core::panic::unwind_safe::AssertUnwindSafe<F> as core::ops::function::FnOnce<()>>::call_once::hf2e855a36a4ea846
[INFO] [stdout]                                at /rustc/6067b36314ab5eb2eb47cecc464545ba58e1ad24/library/core/src/panic/unwind_safe.rs:272:9
[INFO] [stdout]   35:     0x56216f399f5a - std::panicking::try::do_call::h2f73af3616c35465
[INFO] [stdout]                                at /rustc/6067b36314ab5eb2eb47cecc464545ba58e1ad24/library/std/src/panicking.rs:587:40
[INFO] [stdout]   36:     0x56216f399f5a - std::panicking::try::hd1660ce9efadef5a
[INFO] [stdout]                                at /rustc/6067b36314ab5eb2eb47cecc464545ba58e1ad24/library/std/src/panicking.rs:550:19
[INFO] [stdout]   37:     0x56216f399f5a - std::panic::catch_unwind::h5ee8d7823b8ca744
[INFO] [stdout]                                at /rustc/6067b36314ab5eb2eb47cecc464545ba58e1ad24/library/std/src/panic.rs:358:14
[INFO] [stdout]   38:     0x56216f399f5a - std::thread::Builder::spawn_unchecked_::{{closure}}::h53c3a1894dce8407
[INFO] [stdout]                                at /rustc/6067b36314ab5eb2eb47cecc464545ba58e1ad24/library/std/src/thread/mod.rs:557:30
[INFO] [stdout]   39:     0x56216f399f5a - core::ops::function::FnOnce::call_once{{vtable.shim}}::h048ce291ad4f62bf
[INFO] [stdout]                                at /rustc/6067b36314ab5eb2eb47cecc464545ba58e1ad24/library/core/src/ops/function.rs:250:5
[INFO] [stdout]   40:     0x56216f5d056b - <alloc::boxed::Box<F,A> as core::ops::function::FnOnce<Args>>::call_once::ha52bedf99a3b4981
[INFO] [stdout]                                at /rustc/6067b36314ab5eb2eb47cecc464545ba58e1ad24/library/alloc/src/boxed.rs:2013:9
[INFO] [stdout]   41:     0x56216f5d056b - <alloc::boxed::Box<F,A> as core::ops::function::FnOnce<Args>>::call_once::h567748934d80ccf8
[INFO] [stdout]                                at /rustc/6067b36314ab5eb2eb47cecc464545ba58e1ad24/library/alloc/src/boxed.rs:2013:9
[INFO] [stdout]   42:     0x56216f5d056b - std::sys::pal::unix::thread::Thread::new::thread_start::h2d970728ae887adc
[INFO] [stdout]                                at /rustc/6067b36314ab5eb2eb47cecc464545ba58e1ad24/library/std/src/sys/pal/unix/thread.rs:106:17
[INFO] [stdout]   43:     0x7fd0ec9ccac3 - <unknown>
[INFO] [stdout]   44:     0x7fd0eca5da04 - clone
[INFO] [stdout]   45:                0x0 - <unknown>
[INFO] [stdout] 
[INFO] [stdout] 
[INFO] [stdout] failures:
[INFO] [stdout]     stof::tests::bstof::hello_file_roundtrip
[INFO] [stdout]     tests::stof_test_suite
[INFO] [stdout] 
[INFO] [stdout] test result: FAILED. 17 passed; 2 failed; 0 ignored; 0 measured; 0 filtered out; finished in 57.30s
[INFO] [stdout] 
[INFO] running `Command { std: "docker" "inspect" "be5fcb691ddbdf7d3e83753d4b875a667bb5282e01ca5f48fa921669cfce8056", kill_on_drop: false }`
[INFO] running `Command { std: "docker" "rm" "-f" "be5fcb691ddbdf7d3e83753d4b875a667bb5282e01ca5f48fa921669cfce8056", kill_on_drop: false }`
[INFO] [stdout] be5fcb691ddbdf7d3e83753d4b875a667bb5282e01ca5f48fa921669cfce8056
