[INFO] cloning repository https://github.com/defihook/yellhole
[INFO] running `Command { std: "git" "-c" "credential.helper=" "-c" "credential.helper=/workspace/cargo-home/bin/git-credential-null" "clone" "--bare" "https://github.com/defihook/yellhole" "/workspace/cache/git-repos/https%3A%2F%2Fgithub.com%2Fdefihook%2Fyellhole", kill_on_drop: false }`
[INFO] [stderr] Cloning into bare repository '/workspace/cache/git-repos/https%3A%2F%2Fgithub.com%2Fdefihook%2Fyellhole'...
[INFO] running `Command { std: "git" "rev-parse" "HEAD", kill_on_drop: false }`
[INFO] [stdout] 67393a1ebf0bee33d9df77b1a6119a09585969f9
[INFO] testing defihook/yellhole against nightly-2025-01-18+rustflags=-Zrandomize-layout for randomize-layout-2
[INFO] running `Command { std: "git" "clone" "/workspace/cache/git-repos/https%3A%2F%2Fgithub.com%2Fdefihook%2Fyellhole" "/workspace/builds/worker-1-tc2/source", kill_on_drop: false }`
[INFO] [stderr] Cloning into '/workspace/builds/worker-1-tc2/source'...
[INFO] [stderr] done.
[INFO] validating manifest of git repo https://github.com/defihook/yellhole on toolchain nightly-2025-01-18
[INFO] running `Command { std: CARGO_HOME="/workspace/cargo-home" RUSTUP_HOME="/workspace/rustup-home" "/workspace/cargo-home/bin/cargo" "+nightly-2025-01-18" "metadata" "--manifest-path" "Cargo.toml" "--no-deps", kill_on_drop: false }`
[INFO] removed /workspace/builds/worker-1-tc2/source/.cargo/config.toml
[INFO] started tweaking git repo https://github.com/defihook/yellhole
[INFO] finished tweaking git repo https://github.com/defihook/yellhole
[INFO] tweaked toml for git repo https://github.com/defihook/yellhole written to /workspace/builds/worker-1-tc2/source/Cargo.toml
[INFO] crate git repo https://github.com/defihook/yellhole already has a lockfile, it will not be regenerated
[INFO] running `Command { std: CARGO_HOME="/workspace/cargo-home" RUSTUP_HOME="/workspace/rustup-home" "/workspace/cargo-home/bin/cargo" "+nightly-2025-01-18" "fetch" "--manifest-path" "Cargo.toml", kill_on_drop: false }`
[INFO] running `Command { std: "docker" "create" "-v" "/var/lib/crater-agent-workspace/builds/worker-1-tc2/target:/opt/rustwide/target:rw,Z" "-v" "/var/lib/crater-agent-workspace/builds/worker-1-tc2/source:/opt/rustwide/workdir:ro,Z" "-v" "/var/lib/crater-agent-workspace/cargo-home:/opt/rustwide/cargo-home:ro,Z" "-v" "/var/lib/crater-agent-workspace/rustup-home:/opt/rustwide/rustup-home:ro,Z" "-e" "SOURCE_DIR=/opt/rustwide/workdir" "-e" "CARGO_TARGET_DIR=/opt/rustwide/target" "-e" "CARGO_HOME=/opt/rustwide/cargo-home" "-e" "RUSTUP_HOME=/opt/rustwide/rustup-home" "-w" "/opt/rustwide/workdir" "-m" "1610612736" "--user" "0:0" "--network" "none" "ghcr.io/rust-lang/crates-build-env/linux@sha256:819108c5571ea2e421544af4d832f968d213c87fbe3707a016657f43d2f853bc" "/opt/rustwide/cargo-home/bin/cargo" "+nightly-2025-01-18" "metadata" "--no-deps" "--format-version=1", kill_on_drop: false }`
[INFO] [stdout] a61796e7198af4948deaa00d80169b934ffa74f2cf84f94620615dc6417664e1
[INFO] running `Command { std: "docker" "start" "-a" "a61796e7198af4948deaa00d80169b934ffa74f2cf84f94620615dc6417664e1", kill_on_drop: false }`
[INFO] running `Command { std: "docker" "inspect" "a61796e7198af4948deaa00d80169b934ffa74f2cf84f94620615dc6417664e1", kill_on_drop: false }`
[INFO] running `Command { std: "docker" "rm" "-f" "a61796e7198af4948deaa00d80169b934ffa74f2cf84f94620615dc6417664e1", kill_on_drop: false }`
[INFO] [stdout] a61796e7198af4948deaa00d80169b934ffa74f2cf84f94620615dc6417664e1
[INFO] running `Command { std: "docker" "create" "-v" "/var/lib/crater-agent-workspace/builds/worker-1-tc2/target:/opt/rustwide/target:rw,Z" "-v" "/var/lib/crater-agent-workspace/builds/worker-1-tc2/source:/opt/rustwide/workdir:ro,Z" "-v" "/var/lib/crater-agent-workspace/cargo-home:/opt/rustwide/cargo-home:ro,Z" "-v" "/var/lib/crater-agent-workspace/rustup-home:/opt/rustwide/rustup-home:ro,Z" "-e" "SOURCE_DIR=/opt/rustwide/workdir" "-e" "CARGO_TARGET_DIR=/opt/rustwide/target" "-e" "CARGO_INCREMENTAL=0" "-e" "RUST_BACKTRACE=full" "-e" "RUSTFLAGS=--cap-lints=forbid -Zrandomize-layout" "-e" "RUSTDOCFLAGS=--cap-lints=forbid" "-e" "CARGO_HOME=/opt/rustwide/cargo-home" "-e" "RUSTUP_HOME=/opt/rustwide/rustup-home" "-w" "/opt/rustwide/workdir" "-m" "1610612736" "--user" "0:0" "--network" "none" "ghcr.io/rust-lang/crates-build-env/linux@sha256:819108c5571ea2e421544af4d832f968d213c87fbe3707a016657f43d2f853bc" "/opt/rustwide/cargo-home/bin/cargo" "+nightly-2025-01-18" "build" "--frozen" "--message-format=json", kill_on_drop: false }`
[INFO] [stdout] 4a9261635b8419fc51e48013fa294c31c565e16321cd7b077e45b4a451165ff6
[INFO] running `Command { std: "docker" "start" "-a" "4a9261635b8419fc51e48013fa294c31c565e16321cd7b077e45b4a451165ff6", kill_on_drop: false }`
[INFO] [stderr]    Compiling proc-macro2 v1.0.79
[INFO] [stderr]    Compiling libc v0.2.153
[INFO] [stderr]    Compiling autocfg v1.2.0
[INFO] [stderr]    Compiling once_cell v1.19.0
[INFO] [stderr]    Compiling pin-project-lite v0.2.14
[INFO] [stderr]    Compiling zeroize v1.7.0
[INFO] [stderr]    Compiling itoa v1.0.11
[INFO] [stderr]    Compiling bytes v1.6.0
[INFO] [stderr]    Compiling cc v1.0.90
[INFO] [stderr]    Compiling log v0.4.21
[INFO] [stderr]    Compiling smallvec v1.13.2
[INFO] [stderr]    Compiling serde v1.0.197
[INFO] [stderr]    Compiling futures-core v0.3.30
[INFO] [stderr]    Compiling lock_api v0.4.11
[INFO] [stderr]    Compiling subtle v2.5.0
[INFO] [stderr]    Compiling slab v0.4.9
[INFO] [stderr]    Compiling futures-sink v0.3.30
[INFO] [stderr]    Compiling memchr v2.7.2
[INFO] [stderr]    Compiling ahash v0.8.11
[INFO] [stderr]    Compiling generic-array v0.14.7
[INFO] [stderr]    Compiling futures-channel v0.3.30
[INFO] [stderr]    Compiling tracing-core v0.1.32
[INFO] [stderr]    Compiling futures-task v0.3.30
[INFO] [stderr]    Compiling futures-io v0.3.30
[INFO] [stderr]    Compiling quote v1.0.35
[INFO] [stderr]    Compiling getrandom v0.2.12
[INFO] [stderr]    Compiling parking_lot_core v0.9.9
[INFO] [stderr]    Compiling syn v2.0.58
[INFO] [stderr]    Compiling parking_lot v0.12.1
[INFO] [stderr]    Compiling signal-hook-registry v1.4.1
[INFO] [stderr]    Compiling num_cpus v1.16.0
[INFO] [stderr]    Compiling socket2 v0.5.6
[INFO] [stderr]    Compiling mio v0.8.11
[INFO] [stderr]    Compiling const-oid v0.9.6
[INFO] [stderr]    Compiling hashbrown v0.14.3
[INFO] [stderr]    Compiling http v1.1.0
[INFO] [stderr]    Compiling unicase v2.7.0
[INFO] [stderr]    Compiling rand_core v0.6.4
[INFO] [stderr]    Compiling mime v0.3.17
[INFO] [stderr]    Compiling block-buffer v0.10.4
[INFO] [stderr]    Compiling crypto-common v0.1.6
[INFO] [stderr]    Compiling spin v0.9.8
[INFO] [stderr]    Compiling percent-encoding v2.3.1
[INFO] [stderr]    Compiling base64ct v1.6.0
[INFO] [stderr]    Compiling http-body v1.0.0
[INFO] [stderr]    Compiling httparse v1.8.0
[INFO] [stderr]    Compiling digest v0.10.7
[INFO] [stderr]    Compiling ring v0.17.8
[INFO] [stderr]    Compiling tower-layer v0.3.2
[INFO] [stderr]    Compiling tower-service v0.3.2
[INFO] [stderr]    Compiling indexmap v2.2.6
[INFO] [stderr]    Compiling rustversion v1.0.14
[INFO] [stderr]    Compiling pem-rfc7468 v0.7.0
[INFO] [stderr]    Compiling httpdate v1.0.3
[INFO] [stderr]    Compiling rustls-pki-types v1.4.1
[INFO] [stderr]    Compiling der v0.7.9
[INFO] [stderr]    Compiling try-lock v0.2.5
[INFO] [stderr]    Compiling powerfmt v0.2.0
[INFO] [stderr]    Compiling num-conv v0.1.0
[INFO] [stderr]    Compiling time-core v0.1.2
[INFO] [stderr]    Compiling bitflags v2.5.0
[INFO] [stderr]    Compiling want v0.3.1
[INFO] [stderr]    Compiling untrusted v0.9.0
[INFO] [stderr]    Compiling time-macros v0.2.18
[INFO] [stderr]    Compiling pkg-config v0.3.30
[INFO] [stderr]    Compiling vcpkg v0.2.15
[INFO] [stderr]    Compiling http-body-util v0.1.1
[INFO] [stderr]    Compiling form_urlencoded v1.2.1
[INFO] [stderr]    Compiling ff v0.13.0
[INFO] [stderr]    Compiling tinyvec_macros v0.1.1
[INFO] [stderr]    Compiling async-trait v0.1.79
[INFO] [stderr]    Compiling rustls v0.22.3
[INFO] [stderr]    Compiling strsim v0.10.0
[INFO] [stderr]    Compiling spki v0.7.3
[INFO] [stderr]    Compiling crossbeam-utils v0.8.19
[INFO] [stderr]    Compiling pkcs8 v0.10.2
[INFO] [stderr]    Compiling base16ct v0.2.0
[INFO] [stderr]    Compiling ryu v1.0.17
[INFO] [stderr]    Compiling ident_case v1.0.1
[INFO] [stderr]    Compiling sec1 v0.7.3
[INFO] [stderr]    Compiling libsqlite3-sys v0.28.0
[INFO] [stderr]    Compiling group v0.13.0
[INFO] [stderr]    Compiling tinyvec v1.6.0
[INFO] [stderr]    Compiling axum-core v0.4.3
[INFO] [stderr]    Compiling mime_guess v2.0.4
[INFO] [stderr]    Compiling crypto-bigint v0.5.5
[INFO] [stderr]    Compiling multer v3.0.0
[INFO] [stderr]    Compiling minimal-lexical v0.2.1
[INFO] [stderr]    Compiling libm v0.2.8
[INFO] [stderr]    Compiling sync_wrapper v0.1.2
[INFO] [stderr]    Compiling utf8parse v0.2.1
[INFO] [stderr]    Compiling serde_json v1.0.115
[INFO] [stderr]    Compiling anstyle-parse v0.2.3
[INFO] [stderr]    Compiling unicode-normalization v0.1.23
[INFO] [stderr]    Compiling nom v7.1.3
[INFO] [stderr]    Compiling axum v0.7.5
[INFO] [stderr]    Compiling hmac v0.12.1
[INFO] [stderr]    Compiling hashlink v0.9.0
[INFO] [stderr]    Compiling tikv-jemalloc-sys v0.5.4+5.3.0-patched
[INFO] [stderr]    Compiling darling_core v0.20.8
[INFO] [stderr]    Compiling num-traits v0.2.18
[INFO] [stderr]    Compiling elliptic-curve v0.13.8
[INFO] [stderr]    Compiling cookie v0.18.1
[INFO] [stderr]    Compiling encoding_rs v0.8.33
[INFO] [stderr]    Compiling anstyle v1.0.6
[INFO] [stderr]    Compiling anstyle-query v1.0.2
[INFO] [stderr]    Compiling regex-syntax v0.6.29
[INFO] [stderr]    Compiling colorchoice v1.0.0
[INFO] [stderr]    Compiling regex-syntax v0.8.3
[INFO] [stderr]    Compiling rustls-webpki v0.102.2
[INFO] [stderr]    Compiling serde_derive v1.0.197
[INFO] [stderr]    Compiling futures-macro v0.3.30
[INFO] [stderr]    Compiling tokio-macros v2.2.0
[INFO] [stderr]    Compiling tracing-attributes v0.1.27
[INFO] [stderr]    Compiling pin-project-internal v1.1.5
[INFO] [stderr]    Compiling darling_macro v0.20.8
[INFO] [stderr]    Compiling futures-util v0.3.30
[INFO] [stderr]    Compiling tokio v1.37.0
[INFO] [stderr]    Compiling const_fn v0.4.9
[INFO] [stderr]    Compiling tracing v0.1.40
[INFO] [stderr]    Compiling pin-project v1.1.5
[INFO] [stderr]    Compiling fallible-iterator v0.3.0
[INFO] [stderr]    Compiling fallible-streaming-iterator v0.1.9
[INFO] [stderr]    Compiling base64 v0.21.7
[INFO] [stderr]    Compiling rustix v0.38.32
[INFO] [stderr]    Compiling unicode-bidi v0.3.15
[INFO] [stderr]    Compiling darling v0.20.8
[INFO] [stderr]    Compiling regex-automata v0.1.10
[INFO] [stderr]    Compiling regex-automata v0.4.6
[INFO] [stderr]    Compiling idna v0.5.0
[INFO] [stderr]    Compiling askama_parser v0.2.1
[INFO] [stderr]    Compiling anstream v0.6.13
[INFO] [stderr]    Compiling rfc6979 v0.4.0
[INFO] [stderr]    Compiling crossbeam-channel v0.5.12
[INFO] [stderr]    Compiling tokio-util v0.7.10
[INFO] [stderr]    Compiling tower v0.4.13
[INFO] [stderr]    Compiling tokio-rustls v0.25.0
[INFO] [stderr]    Compiling h2 v0.4.4
[INFO] [stderr]    Compiling deranged v0.3.11
[INFO] [stderr]    Compiling serde_urlencoded v0.7.1
[INFO] [stderr]    Compiling basic-toml v0.1.9
[INFO] [stderr]    Compiling serde_path_to_error v0.1.16
[INFO] [stderr]    Compiling signature v2.2.0
[INFO] [stderr]    Compiling include_dir_macros v0.7.3
[INFO] [stderr]    Compiling ppv-lite86 v0.2.17
[INFO] [stderr]    Compiling anyhow v1.0.82
[INFO] [stderr]    Compiling time v0.3.36
[INFO] [stderr]    Compiling cpufeatures v0.2.12
[INFO] [stderr]    Compiling overload v0.1.1
[INFO] [stderr]    Compiling strsim v0.11.1
[INFO] [stderr]    Compiling thiserror v1.0.58
[INFO] [stderr]    Compiling sync_wrapper v1.0.0
[INFO] [stderr]    Compiling clap_lex v0.7.0
[INFO] [stderr]    Compiling matchit v0.7.3
[INFO] [stderr]    Compiling rusqlite_migration v1.2.0
[INFO] [stderr]    Compiling pulldown-cmark v0.10.2
[INFO] [stderr]    Compiling linux-raw-sys v0.4.13
[INFO] [stderr]    Compiling heck v0.5.0
[INFO] [stderr]    Compiling clap_builder v4.5.2
[INFO] [stderr]    Compiling sharded-slab v0.1.7
[INFO] [stderr]    Compiling clap_derive v4.5.4
[INFO] [stderr]    Compiling askama_derive v0.12.5
[INFO] [stderr]    Compiling rusqlite v0.31.0
[INFO] [stderr]    Compiling rand_chacha v0.3.1
[INFO] [stderr]    Compiling tokio-rusqlite v0.5.1
[INFO] [stderr]    Compiling nu-ansi-term v0.46.0
[INFO] [stderr]    Compiling sha2 v0.10.8
[INFO] [stderr]    Compiling include_dir v0.7.3
[INFO] [stderr]    Compiling ecdsa v0.16.9
[INFO] [stderr]    Compiling humansize v2.1.3
[INFO] [stderr]    Compiling url v2.5.0
[INFO] [stderr]    Compiling uuid v1.8.0
[INFO] [stderr]    Compiling regex v1.10.4
[INFO] [stderr]    Compiling hyper v1.2.0
[INFO] [stderr]    Compiling matchers v0.1.0
[INFO] [stderr]    Compiling futures-executor v0.3.30
[INFO] [stderr]    Compiling serde_with_macros v3.7.0
[INFO] [stderr]    Compiling rustls-pemfile v2.1.1
[INFO] [stderr]    Compiling thiserror-impl v1.0.58
[INFO] [stderr]    Compiling primeorder v0.13.6
[INFO] [stderr]    Compiling webpki-roots v0.26.1
[INFO] [stderr]    Compiling tracing-log v0.2.0
[INFO] [stderr]    Compiling thread_local v1.1.8
[INFO] [stderr]    Compiling askama_escape v0.10.3
[INFO] [stderr]    Compiling http-range-header v0.4.0
[INFO] [stderr]    Compiling pulldown-cmark-escape v0.10.0
[INFO] [stderr]    Compiling ipnet v2.9.0
[INFO] [stderr]    Compiling fastrand v2.0.2
[INFO] [stderr]    Compiling hyper-util v0.1.3
[INFO] [stderr]    Compiling base64 v0.22.0
[INFO] [stderr]    Compiling yellhole v0.1.0 (/opt/rustwide/workdir)
[INFO] [stderr]    Compiling tempfile v3.10.1
[INFO] [stderr]    Compiling tower-http v0.5.2
[INFO] [stderr]    Compiling serde_with v3.7.0
[INFO] [stderr]    Compiling askama v0.12.1
[INFO] [stderr]    Compiling tracing-subscriber v0.3.18
[INFO] [stderr]    Compiling p256 v0.13.2
[INFO] [stderr]    Compiling tz-rs v0.6.14
[INFO] [stderr]    Compiling futures v0.3.30
[INFO] [stderr]    Compiling hyper-rustls v0.26.0
[INFO] [stderr]    Compiling reqwest v0.12.3
[INFO] [stderr]    Compiling rand v0.8.5
[INFO] [stderr]    Compiling clap v4.5.4
[INFO] [stderr]    Compiling quick-xml v0.31.0
[INFO] [stderr]    Compiling axum-extra v0.9.3
[INFO] [stderr]    Compiling tikv-jemallocator v0.5.4
[INFO] [stderr]     Finished `dev` profile [unoptimized + debuginfo] target(s) in 5m 06s
[INFO] running `Command { std: "docker" "inspect" "4a9261635b8419fc51e48013fa294c31c565e16321cd7b077e45b4a451165ff6", kill_on_drop: false }`
[INFO] running `Command { std: "docker" "rm" "-f" "4a9261635b8419fc51e48013fa294c31c565e16321cd7b077e45b4a451165ff6", kill_on_drop: false }`
[INFO] [stdout] 4a9261635b8419fc51e48013fa294c31c565e16321cd7b077e45b4a451165ff6
[INFO] running `Command { std: "docker" "create" "-v" "/var/lib/crater-agent-workspace/builds/worker-1-tc2/target:/opt/rustwide/target:rw,Z" "-v" "/var/lib/crater-agent-workspace/builds/worker-1-tc2/source:/opt/rustwide/workdir:ro,Z" "-v" "/var/lib/crater-agent-workspace/cargo-home:/opt/rustwide/cargo-home:ro,Z" "-v" "/var/lib/crater-agent-workspace/rustup-home:/opt/rustwide/rustup-home:ro,Z" "-e" "SOURCE_DIR=/opt/rustwide/workdir" "-e" "CARGO_TARGET_DIR=/opt/rustwide/target" "-e" "CARGO_INCREMENTAL=0" "-e" "RUST_BACKTRACE=full" "-e" "RUSTFLAGS=--cap-lints=forbid -Zrandomize-layout" "-e" "RUSTDOCFLAGS=--cap-lints=forbid" "-e" "CARGO_HOME=/opt/rustwide/cargo-home" "-e" "RUSTUP_HOME=/opt/rustwide/rustup-home" "-w" "/opt/rustwide/workdir" "-m" "1610612736" "--user" "0:0" "--network" "none" "ghcr.io/rust-lang/crates-build-env/linux@sha256:819108c5571ea2e421544af4d832f968d213c87fbe3707a016657f43d2f853bc" "/opt/rustwide/cargo-home/bin/cargo" "+nightly-2025-01-18" "test" "--frozen" "--no-run" "--message-format=json", kill_on_drop: false }`
[INFO] [stdout] ac24532f31ef72f9078cf23851975d53ec0dc0198a864112d2d9d3386baf4b79
[INFO] running `Command { std: "docker" "start" "-a" "ac24532f31ef72f9078cf23851975d53ec0dc0198a864112d2d9d3386baf4b79", kill_on_drop: false }`
[INFO] [stderr]    Compiling unicode-normalization v0.1.23
[INFO] [stderr]    Compiling unicode-bidi v0.3.15
[INFO] [stderr]    Compiling cookie v0.17.0
[INFO] [stderr]    Compiling psl-types v2.0.11
[INFO] [stderr]    Compiling chrono v0.4.37
[INFO] [stderr]    Compiling quick-xml v0.30.0
[INFO] [stderr]    Compiling diligent-date-parser v0.1.4
[INFO] [stderr]    Compiling idna v0.5.0
[INFO] [stderr]    Compiling idna v0.3.0
[INFO] [stderr]    Compiling atom_syndication v0.12.2
[INFO] [stderr]    Compiling url v2.5.0
[INFO] [stderr]    Compiling publicsuffix v2.2.3
[INFO] [stderr]    Compiling cookie_store v0.20.0
[INFO] [stderr]    Compiling reqwest v0.12.3
[INFO] [stderr]    Compiling yellhole v0.1.0 (/opt/rustwide/workdir)
[INFO] [stderr]     Finished `test` profile [unoptimized + debuginfo] target(s) in 28.48s
[INFO] running `Command { std: "docker" "inspect" "ac24532f31ef72f9078cf23851975d53ec0dc0198a864112d2d9d3386baf4b79", kill_on_drop: false }`
[INFO] running `Command { std: "docker" "rm" "-f" "ac24532f31ef72f9078cf23851975d53ec0dc0198a864112d2d9d3386baf4b79", kill_on_drop: false }`
[INFO] [stdout] ac24532f31ef72f9078cf23851975d53ec0dc0198a864112d2d9d3386baf4b79
[INFO] running `Command { std: "docker" "create" "-v" "/var/lib/crater-agent-workspace/builds/worker-1-tc2/target:/opt/rustwide/target:rw,Z" "-v" "/var/lib/crater-agent-workspace/builds/worker-1-tc2/source:/opt/rustwide/workdir:ro,Z" "-v" "/var/lib/crater-agent-workspace/cargo-home:/opt/rustwide/cargo-home:ro,Z" "-v" "/var/lib/crater-agent-workspace/rustup-home:/opt/rustwide/rustup-home:ro,Z" "-e" "SOURCE_DIR=/opt/rustwide/workdir" "-e" "CARGO_TARGET_DIR=/opt/rustwide/target" "-e" "CARGO_INCREMENTAL=0" "-e" "RUST_BACKTRACE=full" "-e" "RUSTFLAGS=--cap-lints=forbid -Zrandomize-layout" "-e" "RUSTDOCFLAGS=--cap-lints=forbid" "-e" "CARGO_HOME=/opt/rustwide/cargo-home" "-e" "RUSTUP_HOME=/opt/rustwide/rustup-home" "-w" "/opt/rustwide/workdir" "-m" "1610612736" "--user" "0:0" "--network" "none" "ghcr.io/rust-lang/crates-build-env/linux@sha256:819108c5571ea2e421544af4d832f968d213c87fbe3707a016657f43d2f853bc" "/opt/rustwide/cargo-home/bin/cargo" "+nightly-2025-01-18" "test" "--frozen", kill_on_drop: false }`
[INFO] [stdout] 1a942bdda6c636af0a657e61f0418e9d11d45793d83436a6f04a02c143d6c170
[INFO] running `Command { std: "docker" "start" "-a" "1a942bdda6c636af0a657e61f0418e9d11d45793d83436a6f04a02c143d6c170", kill_on_drop: false }`
[INFO] [stderr]     Finished `test` profile [unoptimized + debuginfo] target(s) in 0.31s
[INFO] [stderr]      Running unittests src/main.rs (/opt/rustwide/target/debug/deps/yellhole-867039ccb88a2242)
[INFO] [stdout] 
[INFO] [stdout] running 17 tests
[INFO] [stdout] test services::notes::tests::body_to_description ... ok
[INFO] [stdout] test services::notes::tests::body_to_html ... ok
[INFO] [stdout] test web::admin::tests::new_note_ui ... ok
[INFO] [stdout] test web::admin::tests::creating_a_note ... ok
[INFO] [stdout] test web::asset::tests::static_asset ... ok
[INFO] [stdout] test web::asset::tests::image ... ok
[INFO] [stdout] test web::auth::tests::registered_pages ... ok
[INFO] [stdout] test web::feed::tests::main ... ok
[INFO] [stdout] test web::feed::tests::bad_note_id ... ok
[INFO] [stdout] test web::auth::tests::fresh_pages ... ok
[INFO] [stdout] test web::feed::tests::atom_feed ... ok
[INFO] [stdout] test web::feed::tests::missing_note_id ... ok
[INFO] [stdout] test web::feed::tests::single_note ... ok
[INFO] [stdout] test web::feed::tests::weekly_view ... ok
[INFO] [stdout] test web::auth::tests::passkey_registration_and_login ... ok
[INFO] [stdout] test web::admin::tests::downloading_an_image ... FAILED
[INFO] [stdout] test web::admin::tests::uploading_an_image ... FAILED
[INFO] [stdout] 
[INFO] [stdout] failures:
[INFO] [stdout] 
[INFO] [stdout] ---- web::admin::tests::downloading_an_image stdout ----
[INFO] [stdout] 
[INFO] [stdout] thread 'web::admin::tests::downloading_an_image' panicked at src/web/admin.rs:194:9:
[INFO] [stdout] assertion `left == right` failed
[INFO] [stdout]   left: 500
[INFO] [stdout]  right: 303
[INFO] [stdout] stack backtrace:
[INFO] [stdout]    0:     0x638cbb93781a - std::backtrace_rs::backtrace::libunwind::trace::hb059275cfc8d6126
[INFO] [stdout]                                at /rustc/6067b36314ab5eb2eb47cecc464545ba58e1ad24/library/std/src/../../backtrace/src/backtrace/libunwind.rs:116:5
[INFO] [stdout]    1:     0x638cbb93781a - std::backtrace_rs::backtrace::trace_unsynchronized::h2da071e4327ce3ee
[INFO] [stdout]                                at /rustc/6067b36314ab5eb2eb47cecc464545ba58e1ad24/library/std/src/../../backtrace/src/backtrace/mod.rs:66:5
[INFO] [stdout]    2:     0x638cbb93781a - std::sys::backtrace::_print_fmt::h842a1474e6f8d23f
[INFO] [stdout]                                at /rustc/6067b36314ab5eb2eb47cecc464545ba58e1ad24/library/std/src/sys/backtrace.rs:66:9
[INFO] [stdout]    3:     0x638cbb93781a - <std::sys::backtrace::BacktraceLock::print::DisplayBacktrace as core::fmt::Display>::fmt::h71a62eb3b9696b12
[INFO] [stdout]                                at /rustc/6067b36314ab5eb2eb47cecc464545ba58e1ad24/library/std/src/sys/backtrace.rs:39:26
[INFO] [stdout]    4:     0x638cbb965913 - core::fmt::rt::Argument::fmt::hdb6b616786b41dc1
[INFO] [stdout]                                at /rustc/6067b36314ab5eb2eb47cecc464545ba58e1ad24/library/core/src/fmt/rt.rs:177:76
[INFO] [stdout]    5:     0x638cbb965913 - core::fmt::write::h2cc1698af7e2d686
[INFO] [stdout]                                at /rustc/6067b36314ab5eb2eb47cecc464545ba58e1ad24/library/core/src/fmt/mod.rs:1440:21
[INFO] [stdout]    6:     0x638cbb932f53 - std::io::Write::write_fmt::hab1b4cd059a79022
[INFO] [stdout]                                at /rustc/6067b36314ab5eb2eb47cecc464545ba58e1ad24/library/std/src/io/mod.rs:1887:15
[INFO] [stdout]    7:     0x638cbb937662 - std::sys::backtrace::BacktraceLock::print::h147fe35b4ea13b08
[INFO] [stdout]                                at /rustc/6067b36314ab5eb2eb47cecc464545ba58e1ad24/library/std/src/sys/backtrace.rs:42:9
[INFO] [stdout]    8:     0x638cbb938a8f - std::panicking::default_hook::{{closure}}::hbd44223dbdc0d208
[INFO] [stdout]                                at /rustc/6067b36314ab5eb2eb47cecc464545ba58e1ad24/library/std/src/panicking.rs:298:22
[INFO] [stdout]    9:     0x638cbb9388a8 - std::panicking::default_hook::h20f81eb0576efcec
[INFO] [stdout]                                at /rustc/6067b36314ab5eb2eb47cecc464545ba58e1ad24/library/std/src/panicking.rs:322:9
[INFO] [stdout]   10:     0x638cba8de1d3 - <alloc::boxed::Box<F,A> as core::ops::function::Fn<Args>>::call::hdb53814c496a4d34
[INFO] [stdout]                                at /rustc/6067b36314ab5eb2eb47cecc464545ba58e1ad24/library/alloc/src/boxed.rs:2027:9
[INFO] [stdout]   11:     0x638cba8de1d3 - test::test_main::{{closure}}::hc0a4963c59427c24
[INFO] [stdout]                                at /rustc/6067b36314ab5eb2eb47cecc464545ba58e1ad24/library/test/src/lib.rs:134:21
[INFO] [stdout]   12:     0x638cbb939583 - <alloc::boxed::Box<F,A> as core::ops::function::Fn<Args>>::call::h591b2225413a77e9
[INFO] [stdout]                                at /rustc/6067b36314ab5eb2eb47cecc464545ba58e1ad24/library/alloc/src/boxed.rs:2027:9
[INFO] [stdout]   13:     0x638cbb939583 - std::panicking::rust_panic_with_hook::h625eea43051b2edc
[INFO] [stdout]                                at /rustc/6067b36314ab5eb2eb47cecc464545ba58e1ad24/library/std/src/panicking.rs:839:13
[INFO] [stdout]   14:     0x638cbb93923a - std::panicking::begin_panic_handler::{{closure}}::h4f9159cfbc3f6bd3
[INFO] [stdout]                                at /rustc/6067b36314ab5eb2eb47cecc464545ba58e1ad24/library/std/src/panicking.rs:704:13
[INFO] [stdout]   15:     0x638cbb937d19 - std::sys::backtrace::__rust_end_short_backtrace::h0390abce48353151
[INFO] [stdout]                                at /rustc/6067b36314ab5eb2eb47cecc464545ba58e1ad24/library/std/src/sys/backtrace.rs:168:18
[INFO] [stdout]   16:     0x638cbb938ecd - rust_begin_unwind
[INFO] [stdout]                                at /rustc/6067b36314ab5eb2eb47cecc464545ba58e1ad24/library/std/src/panicking.rs:695:5
[INFO] [stdout]   17:     0x638cbb9631c0 - core::panicking::panic_fmt::h9e7c637e9e5f29c9
[INFO] [stdout]                                at /rustc/6067b36314ab5eb2eb47cecc464545ba58e1ad24/library/core/src/panicking.rs:75:14
[INFO] [stdout]   18:     0x638cbb963613 - core::panicking::assert_failed_inner::h538bec7c1374cd9c
[INFO] [stdout]   19:     0x638cba792bbc - core::panicking::assert_failed::h41510d9d1cee37d9
[INFO] [stdout]                                at /rustc/6067b36314ab5eb2eb47cecc464545ba58e1ad24/library/core/src/panicking.rs:364:5
[INFO] [stdout]   20:     0x638cba78332d - yellhole::web::admin::tests::downloading_an_image::{{closure}}::h17ba79a7674df775
[INFO] [stdout]                                at /opt/rustwide/workdir/src/web/admin.rs:194:9
[INFO] [stdout]   21:     0x638cba771a35 - <core::pin::Pin<P> as core::future::future::Future>::poll::heed1811e818dff3b
[INFO] [stdout]                                at /rustc/6067b36314ab5eb2eb47cecc464545ba58e1ad24/library/core/src/future/future.rs:124:9
[INFO] [stdout]   22:     0x638cba771aad - <core::pin::Pin<P> as core::future::future::Future>::poll::hf949a11bafbb862b
[INFO] [stdout]                                at /rustc/6067b36314ab5eb2eb47cecc464545ba58e1ad24/library/core/src/future/future.rs:124:9
[INFO] [stdout]   23:     0x638cba61295f - tokio::runtime::scheduler::current_thread::CoreGuard::block_on::{{closure}}::{{closure}}::{{closure}}::h3bff60aae8b5b795
[INFO] [stdout]                                at /opt/rustwide/cargo-home/registry/src/index.crates.io-1949cf8c6b5b557f/tokio-1.37.0/src/runtime/scheduler/current_thread/mod.rs:659:57
[INFO] [stdout]   24:     0x638cba612886 - tokio::runtime::coop::with_budget::hfb22a250c04e3b92
[INFO] [stdout]                                at /opt/rustwide/cargo-home/registry/src/index.crates.io-1949cf8c6b5b557f/tokio-1.37.0/src/runtime/coop.rs:107:5
[INFO] [stdout]   25:     0x638cba612886 - tokio::runtime::coop::budget::h669eb3d199e3ee02
[INFO] [stdout]                                at /opt/rustwide/cargo-home/registry/src/index.crates.io-1949cf8c6b5b557f/tokio-1.37.0/src/runtime/coop.rs:73:5
[INFO] [stdout]   26:     0x638cba612886 - tokio::runtime::scheduler::current_thread::CoreGuard::block_on::{{closure}}::{{closure}}::h8d98a9154a5144bf
[INFO] [stdout]                                at /opt/rustwide/cargo-home/registry/src/index.crates.io-1949cf8c6b5b557f/tokio-1.37.0/src/runtime/scheduler/current_thread/mod.rs:659:25
[INFO] [stdout]   27:     0x638cba611206 - tokio::runtime::scheduler::current_thread::Context::enter::had869f654df32e28
[INFO] [stdout]                                at /opt/rustwide/cargo-home/registry/src/index.crates.io-1949cf8c6b5b557f/tokio-1.37.0/src/runtime/scheduler/current_thread/mod.rs:404:19
[INFO] [stdout]   28:     0x638cba61205e - tokio::runtime::scheduler::current_thread::CoreGuard::block_on::{{closure}}::ha69aeb03377a5508
[INFO] [stdout]                                at /opt/rustwide/cargo-home/registry/src/index.crates.io-1949cf8c6b5b557f/tokio-1.37.0/src/runtime/scheduler/current_thread/mod.rs:658:36
[INFO] [stdout]   29:     0x638cba611d9b - tokio::runtime::scheduler::current_thread::CoreGuard::enter::{{closure}}::hbdb2752d74dd0ae1
[INFO] [stdout]                                at /opt/rustwide/cargo-home/registry/src/index.crates.io-1949cf8c6b5b557f/tokio-1.37.0/src/runtime/scheduler/current_thread/mod.rs:737:68
[INFO] [stdout]   30:     0x638cba657e6a - tokio::runtime::context::scoped::Scoped<T>::set::had64c4174a6b6bb0
[INFO] [stdout]                                at /opt/rustwide/cargo-home/registry/src/index.crates.io-1949cf8c6b5b557f/tokio-1.37.0/src/runtime/context/scoped.rs:40:9
[INFO] [stdout]   31:     0x638cba7490fa - tokio::runtime::context::set_scheduler::{{closure}}::hae6a1b08012e56b9
[INFO] [stdout]                                at /opt/rustwide/cargo-home/registry/src/index.crates.io-1949cf8c6b5b557f/tokio-1.37.0/src/runtime/context.rs:176:26
[INFO] [stdout]   32:     0x638cba72a626 - std::thread::local::LocalKey<T>::try_with::h36f727a4f2ddd133
[INFO] [stdout]                                at /rustc/6067b36314ab5eb2eb47cecc464545ba58e1ad24/library/std/src/thread/local.rs:308:12
[INFO] [stdout]   33:     0x638cba72a0ed - std::thread::local::LocalKey<T>::with::h3209059fa5aba96f
[INFO] [stdout]                                at /rustc/6067b36314ab5eb2eb47cecc464545ba58e1ad24/library/std/src/thread/local.rs:272:9
[INFO] [stdout]   34:     0x638cba7490a1 - tokio::runtime::context::set_scheduler::hbdb0a50e2ef53d41
[INFO] [stdout]                                at /opt/rustwide/cargo-home/registry/src/index.crates.io-1949cf8c6b5b557f/tokio-1.37.0/src/runtime/context.rs:176:9
[INFO] [stdout]   35:     0x638cba611b0d - tokio::runtime::scheduler::current_thread::CoreGuard::enter::had8f1292b4c2b165
[INFO] [stdout]                                at /opt/rustwide/cargo-home/registry/src/index.crates.io-1949cf8c6b5b557f/tokio-1.37.0/src/runtime/scheduler/current_thread/mod.rs:737:27
[INFO] [stdout]   36:     0x638cba611dc3 - tokio::runtime::scheduler::current_thread::CoreGuard::block_on::h5dbee3dee5873d27
[INFO] [stdout]                                at /opt/rustwide/cargo-home/registry/src/index.crates.io-1949cf8c6b5b557f/tokio-1.37.0/src/runtime/scheduler/current_thread/mod.rs:646:19
[INFO] [stdout]   37:     0x638cba60fd23 - tokio::runtime::scheduler::current_thread::CurrentThread::block_on::{{closure}}::h42a5a1994deb9c2d
[INFO] [stdout]                                at /opt/rustwide/cargo-home/registry/src/index.crates.io-1949cf8c6b5b557f/tokio-1.37.0/src/runtime/scheduler/current_thread/mod.rs:175:28
[INFO] [stdout]   38:     0x638cba60f536 - tokio::runtime::context::runtime::enter_runtime::hc6a8e0d38520e742
[INFO] [stdout]                                at /opt/rustwide/cargo-home/registry/src/index.crates.io-1949cf8c6b5b557f/tokio-1.37.0/src/runtime/context/runtime.rs:65:16
[INFO] [stdout]   39:     0x638cba60fc21 - tokio::runtime::scheduler::current_thread::CurrentThread::block_on::h4d0268a9c3aa8aeb
[INFO] [stdout]                                at /opt/rustwide/cargo-home/registry/src/index.crates.io-1949cf8c6b5b557f/tokio-1.37.0/src/runtime/scheduler/current_thread/mod.rs:167:9
[INFO] [stdout]   40:     0x638cba7cf7c9 - tokio::runtime::runtime::Runtime::block_on::h267ef8103f68ac60
[INFO] [stdout]                                at /opt/rustwide/cargo-home/registry/src/index.crates.io-1949cf8c6b5b557f/tokio-1.37.0/src/runtime/runtime.rs:349:47
[INFO] [stdout]   41:     0x638cba7825d3 - yellhole::web::admin::tests::downloading_an_image::h4958d83caa2d37df
[INFO] [stdout]                                at /opt/rustwide/workdir/src/web/admin.rs:199:9
[INFO] [stdout]   42:     0x638cba782477 - yellhole::web::admin::tests::downloading_an_image::{{closure}}::h7a6ccb0387b8c140
[INFO] [stdout]                                at /opt/rustwide/workdir/src/web/admin.rs:180:40
[INFO] [stdout]   43:     0x638cba5b14a6 - core::ops::function::FnOnce::call_once::hfc4c66d4c6820f9f
[INFO] [stdout]                                at /rustc/6067b36314ab5eb2eb47cecc464545ba58e1ad24/library/core/src/ops/function.rs:250:5
[INFO] [stdout]   44:     0x638cba8e392b - core::ops::function::FnOnce::call_once::he27718dfdd183f43
[INFO] [stdout]                                at /rustc/6067b36314ab5eb2eb47cecc464545ba58e1ad24/library/core/src/ops/function.rs:250:5
[INFO] [stdout]   45:     0x638cba8e392b - test::__rust_begin_short_backtrace::h4e84902998457a5d
[INFO] [stdout]                                at /rustc/6067b36314ab5eb2eb47cecc464545ba58e1ad24/library/test/src/lib.rs:632:18
[INFO] [stdout]   46:     0x638cba8e2863 - test::run_test_in_process::{{closure}}::h7176fd18fc1feca0
[INFO] [stdout]                                at /rustc/6067b36314ab5eb2eb47cecc464545ba58e1ad24/library/test/src/lib.rs:655:60
[INFO] [stdout]   47:     0x638cba8e2863 - <core::panic::unwind_safe::AssertUnwindSafe<F> as core::ops::function::FnOnce<()>>::call_once::hf79cff2a624d8cf7
[INFO] [stdout]                                at /rustc/6067b36314ab5eb2eb47cecc464545ba58e1ad24/library/core/src/panic/unwind_safe.rs:272:9
[INFO] [stdout]   48:     0x638cba8e2863 - std::panicking::try::do_call::h3da0561d9ab99c25
[INFO] [stdout]                                at /rustc/6067b36314ab5eb2eb47cecc464545ba58e1ad24/library/std/src/panicking.rs:587:40
[INFO] [stdout]   49:     0x638cba8e2863 - std::panicking::try::h41c9fa508bc61df6
[INFO] [stdout]                                at /rustc/6067b36314ab5eb2eb47cecc464545ba58e1ad24/library/std/src/panicking.rs:550:19
[INFO] [stdout]   50:     0x638cba8e2863 - std::panic::catch_unwind::h6b3ff07bb5afad93
[INFO] [stdout]                                at /rustc/6067b36314ab5eb2eb47cecc464545ba58e1ad24/library/std/src/panic.rs:358:14
[INFO] [stdout]   51:     0x638cba8e2863 - test::run_test_in_process::hc7253dd11b39b9f4
[INFO] [stdout]                                at /rustc/6067b36314ab5eb2eb47cecc464545ba58e1ad24/library/test/src/lib.rs:655:27
[INFO] [stdout]   52:     0x638cba8e2863 - test::run_test::{{closure}}::hfb2007f8649c30bb
[INFO] [stdout]                                at /rustc/6067b36314ab5eb2eb47cecc464545ba58e1ad24/library/test/src/lib.rs:576:43
[INFO] [stdout]   53:     0x638cba8a5945 - test::run_test::{{closure}}::h56a17aa7a282a9f4
[INFO] [stdout]                                at /rustc/6067b36314ab5eb2eb47cecc464545ba58e1ad24/library/test/src/lib.rs:606:41
[INFO] [stdout]   54:     0x638cba8a5945 - std::sys::backtrace::__rust_begin_short_backtrace::hd2d2d2fb8e8c6aac
[INFO] [stdout]                                at /rustc/6067b36314ab5eb2eb47cecc464545ba58e1ad24/library/std/src/sys/backtrace.rs:152:18
[INFO] [stdout]   55:     0x638cba8a922a - std::thread::Builder::spawn_unchecked_::{{closure}}::{{closure}}::h4faa3f9db6133423
[INFO] [stdout]                                at /rustc/6067b36314ab5eb2eb47cecc464545ba58e1ad24/library/std/src/thread/mod.rs:559:17
[INFO] [stdout]   56:     0x638cba8a922a - <core::panic::unwind_safe::AssertUnwindSafe<F> as core::ops::function::FnOnce<()>>::call_once::hf2e855a36a4ea846
[INFO] [stdout]                                at /rustc/6067b36314ab5eb2eb47cecc464545ba58e1ad24/library/core/src/panic/unwind_safe.rs:272:9
[INFO] [stdout]   57:     0x638cba8a922a - std::panicking::try::do_call::h2f73af3616c35465
[INFO] [stdout]                                at /rustc/6067b36314ab5eb2eb47cecc464545ba58e1ad24/library/std/src/panicking.rs:587:40
[INFO] [stdout]   58:     0x638cba8a922a - std::panicking::try::hd1660ce9efadef5a
[INFO] [stdout]                                at /rustc/6067b36314ab5eb2eb47cecc464545ba58e1ad24/library/std/src/panicking.rs:550:19
[INFO] [stdout]   59:     0x638cba8a922a - std::panic::catch_unwind::h5ee8d7823b8ca744
[INFO] [stdout]                                at /rustc/6067b36314ab5eb2eb47cecc464545ba58e1ad24/library/std/src/panic.rs:358:14
[INFO] [stdout]   60:     0x638cba8a922a - std::thread::Builder::spawn_unchecked_::{{closure}}::h53c3a1894dce8407
[INFO] [stdout]                                at /rustc/6067b36314ab5eb2eb47cecc464545ba58e1ad24/library/std/src/thread/mod.rs:557:30
[INFO] [stdout]   61:     0x638cba8a922a - core::ops::function::FnOnce::call_once{{vtable.shim}}::h048ce291ad4f62bf
[INFO] [stdout]                                at /rustc/6067b36314ab5eb2eb47cecc464545ba58e1ad24/library/core/src/ops/function.rs:250:5
[INFO] [stdout]   62:     0x638cbb93ed9b - <alloc::boxed::Box<F,A> as core::ops::function::FnOnce<Args>>::call_once::ha52bedf99a3b4981
[INFO] [stdout]                                at /rustc/6067b36314ab5eb2eb47cecc464545ba58e1ad24/library/alloc/src/boxed.rs:2013:9
[INFO] [stdout]   63:     0x638cbb93ed9b - <alloc::boxed::Box<F,A> as core::ops::function::FnOnce<Args>>::call_once::h567748934d80ccf8
[INFO] [stdout]                                at /rustc/6067b36314ab5eb2eb47cecc464545ba58e1ad24/library/alloc/src/boxed.rs:2013:9
[INFO] [stdout]   64:     0x638cbb93ed9b - std::sys::pal::unix::thread::Thread::new::thread_start::h2d970728ae887adc
[INFO] [stdout]                                at /rustc/6067b36314ab5eb2eb47cecc464545ba58e1ad24/library/std/src/sys/pal/unix/thread.rs:106:17
[INFO] [stdout]   65:     0x7cfebc5c7ac3 - <unknown>
[INFO] [stdout]   66:     0x7cfebc658a04 - clone
[INFO] [stdout]   67:                0x0 - <unknown>
[INFO] [stdout] 
[INFO] [stdout] ---- web::admin::tests::uploading_an_image stdout ----
[INFO] [stdout] 
[INFO] [stdout] thread 'web::admin::tests::uploading_an_image' panicked at src/web/admin.rs:171:9:
[INFO] [stdout] assertion `left == right` failed
[INFO] [stdout]   left: 500
[INFO] [stdout]  right: 303
[INFO] [stdout] stack backtrace:
[INFO] [stdout]    0:     0x638cbb93781a - std::backtrace_rs::backtrace::libunwind::trace::hb059275cfc8d6126
[INFO] [stdout]                                at /rustc/6067b36314ab5eb2eb47cecc464545ba58e1ad24/library/std/src/../../backtrace/src/backtrace/libunwind.rs:116:5
[INFO] [stdout]    1:     0x638cbb93781a - std::backtrace_rs::backtrace::trace_unsynchronized::h2da071e4327ce3ee
[INFO] [stdout]                                at /rustc/6067b36314ab5eb2eb47cecc464545ba58e1ad24/library/std/src/../../backtrace/src/backtrace/mod.rs:66:5
[INFO] [stdout]    2:     0x638cbb93781a - std::sys::backtrace::_print_fmt::h842a1474e6f8d23f
[INFO] [stdout]                                at /rustc/6067b36314ab5eb2eb47cecc464545ba58e1ad24/library/std/src/sys/backtrace.rs:66:9
[INFO] [stdout]    3:     0x638cbb93781a - <std::sys::backtrace::BacktraceLock::print::DisplayBacktrace as core::fmt::Display>::fmt::h71a62eb3b9696b12
[INFO] [stdout]                                at /rustc/6067b36314ab5eb2eb47cecc464545ba58e1ad24/library/std/src/sys/backtrace.rs:39:26
[INFO] [stdout]    4:     0x638cbb965913 - core::fmt::rt::Argument::fmt::hdb6b616786b41dc1
[INFO] [stdout]                                at /rustc/6067b36314ab5eb2eb47cecc464545ba58e1ad24/library/core/src/fmt/rt.rs:177:76
[INFO] [stdout]    5:     0x638cbb965913 - core::fmt::write::h2cc1698af7e2d686
[INFO] [stdout]                                at /rustc/6067b36314ab5eb2eb47cecc464545ba58e1ad24/library/core/src/fmt/mod.rs:1440:21
[INFO] [stdout]    6:     0x638cbb932f53 - std::io::Write::write_fmt::hab1b4cd059a79022
[INFO] [stdout]                                at /rustc/6067b36314ab5eb2eb47cecc464545ba58e1ad24/library/std/src/io/mod.rs:1887:15
[INFO] [stdout]    7:     0x638cbb937662 - std::sys::backtrace::BacktraceLock::print::h147fe35b4ea13b08
[INFO] [stdout]                                at /rustc/6067b36314ab5eb2eb47cecc464545ba58e1ad24/library/std/src/sys/backtrace.rs:42:9
[INFO] [stdout]    8:     0x638cbb938a8f - std::panicking::default_hook::{{closure}}::hbd44223dbdc0d208
[INFO] [stdout]                                at /rustc/6067b36314ab5eb2eb47cecc464545ba58e1ad24/library/std/src/panicking.rs:298:22
[INFO] [stdout]    9:     0x638cbb9388a8 - std::panicking::default_hook::h20f81eb0576efcec
[INFO] [stdout]                                at /rustc/6067b36314ab5eb2eb47cecc464545ba58e1ad24/library/std/src/panicking.rs:322:9
[INFO] [stdout]   10:     0x638cba8de1d3 - <alloc::boxed::Box<F,A> as core::ops::function::Fn<Args>>::call::hdb53814c496a4d34
[INFO] [stdout]                                at /rustc/6067b36314ab5eb2eb47cecc464545ba58e1ad24/library/alloc/src/boxed.rs:2027:9
[INFO] [stdout]   11:     0x638cba8de1d3 - test::test_main::{{closure}}::hc0a4963c59427c24
[INFO] [stdout]                                at /rustc/6067b36314ab5eb2eb47cecc464545ba58e1ad24/library/test/src/lib.rs:134:21
[INFO] [stdout]   12:     0x638cbb939583 - <alloc::boxed::Box<F,A> as core::ops::function::Fn<Args>>::call::h591b2225413a77e9
[INFO] [stdout]                                at /rustc/6067b36314ab5eb2eb47cecc464545ba58e1ad24/library/alloc/src/boxed.rs:2027:9
[INFO] [stdout]   13:     0x638cbb939583 - std::panicking::rust_panic_with_hook::h625eea43051b2edc
[INFO] [stdout]                                at /rustc/6067b36314ab5eb2eb47cecc464545ba58e1ad24/library/std/src/panicking.rs:839:13
[INFO] [stdout]   14:     0x638cbb93923a - std::panicking::begin_panic_handler::{{closure}}::h4f9159cfbc3f6bd3
[INFO] [stdout]                                at /rustc/6067b36314ab5eb2eb47cecc464545ba58e1ad24/library/std/src/panicking.rs:704:13
[INFO] [stdout]   15:     0x638cbb937d19 - std::sys::backtrace::__rust_end_short_backtrace::h0390abce48353151
[INFO] [stdout]                                at /rustc/6067b36314ab5eb2eb47cecc464545ba58e1ad24/library/std/src/sys/backtrace.rs:168:18
[INFO] [stdout]   16:     0x638cbb938ecd - rust_begin_unwind
[INFO] [stdout]                                at /rustc/6067b36314ab5eb2eb47cecc464545ba58e1ad24/library/std/src/panicking.rs:695:5
[INFO] [stdout]   17:     0x638cbb9631c0 - core::panicking::panic_fmt::h9e7c637e9e5f29c9
[INFO] [stdout]                                at /rustc/6067b36314ab5eb2eb47cecc464545ba58e1ad24/library/core/src/panicking.rs:75:14
[INFO] [stdout]   18:     0x638cbb963613 - core::panicking::assert_failed_inner::h538bec7c1374cd9c
[INFO] [stdout]   19:     0x638cba792bbc - core::panicking::assert_failed::h41510d9d1cee37d9
[INFO] [stdout]                                at /rustc/6067b36314ab5eb2eb47cecc464545ba58e1ad24/library/core/src/panicking.rs:364:5
[INFO] [stdout]   20:     0x638cba782072 - yellhole::web::admin::tests::uploading_an_image::{{closure}}::h47106b7a0098366f
[INFO] [stdout]                                at /opt/rustwide/workdir/src/web/admin.rs:171:9
[INFO] [stdout]   21:     0x638cba771a35 - <core::pin::Pin<P> as core::future::future::Future>::poll::heed1811e818dff3b
[INFO] [stdout]                                at /rustc/6067b36314ab5eb2eb47cecc464545ba58e1ad24/library/core/src/future/future.rs:124:9
[INFO] [stdout]   22:     0x638cba771aad - <core::pin::Pin<P> as core::future::future::Future>::poll::hf949a11bafbb862b
[INFO] [stdout]                                at /rustc/6067b36314ab5eb2eb47cecc464545ba58e1ad24/library/core/src/future/future.rs:124:9
[INFO] [stdout]   23:     0x638cba61295f - tokio::runtime::scheduler::current_thread::CoreGuard::block_on::{{closure}}::{{closure}}::{{closure}}::h3bff60aae8b5b795
[INFO] [stdout]                                at /opt/rustwide/cargo-home/registry/src/index.crates.io-1949cf8c6b5b557f/tokio-1.37.0/src/runtime/scheduler/current_thread/mod.rs:659:57
[INFO] [stdout]   24:     0x638cba612886 - tokio::runtime::coop::with_budget::hfb22a250c04e3b92
[INFO] [stdout]                                at /opt/rustwide/cargo-home/registry/src/index.crates.io-1949cf8c6b5b557f/tokio-1.37.0/src/runtime/coop.rs:107:5
[INFO] [stdout]   25:     0x638cba612886 - tokio::runtime::coop::budget::h669eb3d199e3ee02
[INFO] [stdout]                                at /opt/rustwide/cargo-home/registry/src/index.crates.io-1949cf8c6b5b557f/tokio-1.37.0/src/runtime/coop.rs:73:5
[INFO] [stdout]   26:     0x638cba612886 - tokio::runtime::scheduler::current_thread::CoreGuard::block_on::{{closure}}::{{closure}}::h8d98a9154a5144bf
[INFO] [stdout]                                at /opt/rustwide/cargo-home/registry/src/index.crates.io-1949cf8c6b5b557f/tokio-1.37.0/src/runtime/scheduler/current_thread/mod.rs:659:25
[INFO] [stdout]   27:     0x638cba611206 - tokio::runtime::scheduler::current_thread::Context::enter::had869f654df32e28
[INFO] [stdout]                                at /opt/rustwide/cargo-home/registry/src/index.crates.io-1949cf8c6b5b557f/tokio-1.37.0/src/runtime/scheduler/current_thread/mod.rs:404:19
[INFO] [stdout]   28:     0x638cba61205e - tokio::runtime::scheduler::current_thread::CoreGuard::block_on::{{closure}}::ha69aeb03377a5508
[INFO] [stdout]                                at /opt/rustwide/cargo-home/registry/src/index.crates.io-1949cf8c6b5b557f/tokio-1.37.0/src/runtime/scheduler/current_thread/mod.rs:658:36
[INFO] [stdout]   29:     0x638cba611d9b - tokio::runtime::scheduler::current_thread::CoreGuard::enter::{{closure}}::hbdb2752d74dd0ae1
[INFO] [stdout]                                at /opt/rustwide/cargo-home/registry/src/index.crates.io-1949cf8c6b5b557f/tokio-1.37.0/src/runtime/scheduler/current_thread/mod.rs:737:68
[INFO] [stdout]   30:     0x638cba657e6a - tokio::runtime::context::scoped::Scoped<T>::set::had64c4174a6b6bb0
[INFO] [stdout]                                at /opt/rustwide/cargo-home/registry/src/index.crates.io-1949cf8c6b5b557f/tokio-1.37.0/src/runtime/context/scoped.rs:40:9
[INFO] [stdout]   31:     0x638cba7490fa - tokio::runtime::context::set_scheduler::{{closure}}::hae6a1b08012e56b9
[INFO] [stdout]                                at /opt/rustwide/cargo-home/registry/src/index.crates.io-1949cf8c6b5b557f/tokio-1.37.0/src/runtime/context.rs:176:26
[INFO] [stdout]   32:     0x638cba72a626 - std::thread::local::LocalKey<T>::try_with::h36f727a4f2ddd133
[INFO] [stdout]                                at /rustc/6067b36314ab5eb2eb47cecc464545ba58e1ad24/library/std/src/thread/local.rs:308:12
[INFO] [stdout]   33:     0x638cba72a0ed - std::thread::local::LocalKey<T>::with::h3209059fa5aba96f
[INFO] [stdout]                                at /rustc/6067b36314ab5eb2eb47cecc464545ba58e1ad24/library/std/src/thread/local.rs:272:9
[INFO] [stdout]   34:     0x638cba7490a1 - tokio::runtime::context::set_scheduler::hbdb0a50e2ef53d41
[INFO] [stdout]                                at /opt/rustwide/cargo-home/registry/src/index.crates.io-1949cf8c6b5b557f/tokio-1.37.0/src/runtime/context.rs:176:9
[INFO] [stdout]   35:     0x638cba611b0d - tokio::runtime::scheduler::current_thread::CoreGuard::enter::had8f1292b4c2b165
[INFO] [stdout]                                at /opt/rustwide/cargo-home/registry/src/index.crates.io-1949cf8c6b5b557f/tokio-1.37.0/src/runtime/scheduler/current_thread/mod.rs:737:27
[INFO] [stdout]   36:     0x638cba611dc3 - tokio::runtime::scheduler::current_thread::CoreGuard::block_on::h5dbee3dee5873d27
[INFO] [stdout]                                at /opt/rustwide/cargo-home/registry/src/index.crates.io-1949cf8c6b5b557f/tokio-1.37.0/src/runtime/scheduler/current_thread/mod.rs:646:19
[INFO] [stdout]   37:     0x638cba60fd23 - tokio::runtime::scheduler::current_thread::CurrentThread::block_on::{{closure}}::h42a5a1994deb9c2d
[INFO] [stdout]                                at /opt/rustwide/cargo-home/registry/src/index.crates.io-1949cf8c6b5b557f/tokio-1.37.0/src/runtime/scheduler/current_thread/mod.rs:175:28
[INFO] [stdout]   38:     0x638cba60f536 - tokio::runtime::context::runtime::enter_runtime::hc6a8e0d38520e742
[INFO] [stdout]                                at /opt/rustwide/cargo-home/registry/src/index.crates.io-1949cf8c6b5b557f/tokio-1.37.0/src/runtime/context/runtime.rs:65:16
[INFO] [stdout]   39:     0x638cba60fc21 - tokio::runtime::scheduler::current_thread::CurrentThread::block_on::h4d0268a9c3aa8aeb
[INFO] [stdout]                                at /opt/rustwide/cargo-home/registry/src/index.crates.io-1949cf8c6b5b557f/tokio-1.37.0/src/runtime/scheduler/current_thread/mod.rs:167:9
[INFO] [stdout]   40:     0x638cba7cf7c9 - tokio::runtime::runtime::Runtime::block_on::h267ef8103f68ac60
[INFO] [stdout]                                at /opt/rustwide/cargo-home/registry/src/index.crates.io-1949cf8c6b5b557f/tokio-1.37.0/src/runtime/runtime.rs:349:47
[INFO] [stdout]   41:     0x638cba781093 - yellhole::web::admin::tests::uploading_an_image::h25a2fbcc28be5f85
[INFO] [stdout]                                at /opt/rustwide/workdir/src/web/admin.rs:176:9
[INFO] [stdout]   42:     0x638cba780f37 - yellhole::web::admin::tests::uploading_an_image::{{closure}}::h7f31064dd68a542e
[INFO] [stdout]                                at /opt/rustwide/workdir/src/web/admin.rs:162:38
[INFO] [stdout]   43:     0x638cba5b0df6 - core::ops::function::FnOnce::call_once::hde797519eba67c83
[INFO] [stdout]                                at /rustc/6067b36314ab5eb2eb47cecc464545ba58e1ad24/library/core/src/ops/function.rs:250:5
[INFO] [stdout]   44:     0x638cba8e392b - core::ops::function::FnOnce::call_once::he27718dfdd183f43
[INFO] [stdout]                                at /rustc/6067b36314ab5eb2eb47cecc464545ba58e1ad24/library/core/src/ops/function.rs:250:5
[INFO] [stdout]   45:     0x638cba8e392b - test::__rust_begin_short_backtrace::h4e84902998457a5d
[INFO] [stdout]                                at /rustc/6067b36314ab5eb2eb47cecc464545ba58e1ad24/library/test/src/lib.rs:632:18
[INFO] [stdout]   46:     0x638cba8e2863 - test::run_test_in_process::{{closure}}::h7176fd18fc1feca0
[INFO] [stdout]                                at /rustc/6067b36314ab5eb2eb47cecc464545ba58e1ad24/library/test/src/lib.rs:655:60
[INFO] [stdout]   47:     0x638cba8e2863 - <core::panic::unwind_safe::AssertUnwindSafe<F> as core::ops::function::FnOnce<()>>::call_once::hf79cff2a624d8cf7
[INFO] [stdout]                                at /rustc/6067b36314ab5eb2eb47cecc464545ba58e1ad24/library/core/src/panic/unwind_safe.rs:272:9
[INFO] [stdout]   48:     0x638cba8e2863 - std::panicking::try::do_call::h3da0561d9ab99c25
[INFO] [stdout]                                at /rustc/6067b36314ab5eb2eb47cecc464545ba58e1ad24/library/std/src/panicking.rs:587:40
[INFO] [stdout]   49:     0x638cba8e2863 - std::panicking::try::h41c9fa508bc61df6
[INFO] [stdout]                                at /rustc/6067b36314ab5eb2eb47cecc464545ba58e1ad24/library/std/src/panicking.rs:550:19
[INFO] [stdout]   50:     0x638cba8e2863 - std::panic::catch_unwind::h6b3ff07bb5afad93
[INFO] [stdout]                                at /rustc/6067b36314ab5eb2eb47cecc464545ba58e1ad24/library/std/src/panic.rs:358:14
[INFO] [stdout]   51:     0x638cba8e2863 - test::run_test_in_process::hc7253dd11b39b9f4
[INFO] [stdout]                                at /rustc/6067b36314ab5eb2eb47cecc464545ba58e1ad24/library/test/src/lib.rs:655:27
[INFO] [stdout]   52:     0x638cba8e2863 - test::run_test::{{closure}}::hfb2007f8649c30bb
[INFO] [stdout]                                at /rustc/6067b36314ab5eb2eb47cecc464545ba58e1ad24/library/test/src/lib.rs:576:43
[INFO] [stdout]   53:     0x638cba8a5945 - test::run_test::{{closure}}::h56a17aa7a282a9f4
[INFO] [stdout]                                at /rustc/6067b36314ab5eb2eb47cecc464545ba58e1ad24/library/test/src/lib.rs:606:41
[INFO] [stdout]   54:     0x638cba8a5945 - std::sys::backtrace::__rust_begin_short_backtrace::hd2d2d2fb8e8c6aac
[INFO] [stdout]                                at /rustc/6067b36314ab5eb2eb47cecc464545ba58e1ad24/library/std/src/sys/backtrace.rs:152:18
[INFO] [stdout]   55:     0x638cba8a922a - std::thread::Builder::spawn_unchecked_::{{closure}}::{{closure}}::h4faa3f9db6133423
[INFO] [stdout]                                at /rustc/6067b36314ab5eb2eb47cecc464545ba58e1ad24/library/std/src/thread/mod.rs:559:17
[INFO] [stdout]   56:     0x638cba8a922a - <core::panic::unwind_safe::AssertUnwindSafe<F> as core::ops::function::FnOnce<()>>::call_once::hf2e855a36a4ea846
[INFO] [stdout]                                at /rustc/6067b36314ab5eb2eb47cecc464545ba58e1ad24/library/core/src/panic/unwind_safe.rs:272:9
[INFO] [stdout]   57:     0x638cba8a922a - std::panicking::try::do_call::h2f73af3616c35465
[INFO] [stdout]                                at /rustc/6067b36314ab5eb2eb47cecc464545ba58e1ad24/library/std/src/panicking.rs:587:40
[INFO] [stdout]   58:     0x638cba8a922a - std::panicking::try::hd1660ce9efadef5a
[INFO] [stdout]                                at /rustc/6067b36314ab5eb2eb47cecc464545ba58e1ad24/library/std/src/panicking.rs:550:19
[INFO] [stdout]   59:     0x638cba8a922a - std::panic::catch_unwind::h5ee8d7823b8ca744
[INFO] [stdout]                                at /rustc/6067b36314ab5eb2eb47cecc464545ba58e1ad24/library/std/src/panic.rs:358:14
[INFO] [stdout]   60:     0x638cba8a922a - std::thread::Builder::spawn_unchecked_::{{closure}}::h53c3a1894dce8407
[INFO] [stdout]                                at /rustc/6067b36314ab5eb2eb47cecc464545ba58e1ad24/library/std/src/thread/mod.rs:557:30
[INFO] [stdout]   61:     0x638cba8a922a - core::ops::function::FnOnce::call_once{{vtable.shim}}::h048ce291ad4f62bf
[INFO] [stdout]                                at /rustc/6067b36314ab5eb2eb47cecc464545ba58e1ad24/library/core/src/ops/function.rs:250:5
[INFO] [stdout]   62:     0x638cbb93ed9b - <alloc::boxed::Box<F,A> as core::ops::function::FnOnce<Args>>::call_once::ha52bedf99a3b4981
[INFO] [stdout]                                at /rustc/6067b36314ab5eb2eb47cecc464545ba58e1ad24/library/alloc/src/boxed.rs:2013:9
[INFO] [stdout]   63:     0x638cbb93ed9b - <alloc::boxed::Box<F,A> as core::ops::function::FnOnce<Args>>::call_once::h567748934d80ccf8
[INFO] [stdout]                                at /rustc/6067b36314ab5eb2eb47cecc464545ba58e1ad24/library/alloc/src/boxed.rs:2013:9
[INFO] [stdout]   64:     0x638cbb93ed9b - std::sys::pal::unix::thread::Thread::new::thread_start::h2d970728ae887adc
[INFO] [stdout]                                at /rustc/6067b36314ab5eb2eb47cecc464545ba58e1ad24/library/std/src/sys/pal/unix/thread.rs:106:17
[INFO] [stdout]   65:     0x7cfebc5c7ac3 - <unknown>
[INFO] [stdout]   66:     0x7cfebc658a04 - clone
[INFO] [stdout]   67:                0x0 - <unknown>
[INFO] [stdout] 
[INFO] [stdout] 
[INFO] [stdout] failures:
[INFO] [stdout]     web::admin::tests::downloading_an_image
[INFO] [stdout]     web::admin::tests::uploading_an_image
[INFO] [stdout] 
[INFO] [stdout] test result: FAILED. 15 passed; 2 failed; 0 ignored; 0 measured; 0 filtered out; finished in 0.33s
[INFO] [stdout] 
[INFO] [stderr] error: test failed, to rerun pass `--bin yellhole`
[INFO] running `Command { std: "docker" "inspect" "1a942bdda6c636af0a657e61f0418e9d11d45793d83436a6f04a02c143d6c170", kill_on_drop: false }`
[INFO] running `Command { std: "docker" "rm" "-f" "1a942bdda6c636af0a657e61f0418e9d11d45793d83436a6f04a02c143d6c170", kill_on_drop: false }`
[INFO] [stdout] 1a942bdda6c636af0a657e61f0418e9d11d45793d83436a6f04a02c143d6c170
