[INFO] cloning repository https://github.com/debater-coder/rust-tracer
[INFO] running `Command { std: "git" "-c" "credential.helper=" "-c" "credential.helper=/workspace/cargo-home/bin/git-credential-null" "clone" "--bare" "https://github.com/debater-coder/rust-tracer" "/workspace/cache/git-repos/https%3A%2F%2Fgithub.com%2Fdebater-coder%2Frust-tracer", kill_on_drop: false }`
[INFO] [stderr] Cloning into bare repository '/workspace/cache/git-repos/https%3A%2F%2Fgithub.com%2Fdebater-coder%2Frust-tracer'...
[INFO] running `Command { std: "git" "rev-parse" "HEAD", kill_on_drop: false }`
[INFO] [stdout] e9360745d99a7f975be6d2a6bfdce5f30093b870
[INFO] testing debater-coder/rust-tracer against nightly-2025-01-18+rustflags=-Zrandomize-layout for randomize-layout-2
[INFO] running `Command { std: "git" "clone" "/workspace/cache/git-repos/https%3A%2F%2Fgithub.com%2Fdebater-coder%2Frust-tracer" "/workspace/builds/worker-6-tc2/source", kill_on_drop: false }`
[INFO] [stderr] Cloning into '/workspace/builds/worker-6-tc2/source'...
[INFO] [stderr] done.
[INFO] validating manifest of git repo https://github.com/debater-coder/rust-tracer on toolchain nightly-2025-01-18
[INFO] running `Command { std: CARGO_HOME="/workspace/cargo-home" RUSTUP_HOME="/workspace/rustup-home" "/workspace/cargo-home/bin/cargo" "+nightly-2025-01-18" "metadata" "--manifest-path" "Cargo.toml" "--no-deps", kill_on_drop: false }`
[INFO] started tweaking git repo https://github.com/debater-coder/rust-tracer
[INFO] finished tweaking git repo https://github.com/debater-coder/rust-tracer
[INFO] tweaked toml for git repo https://github.com/debater-coder/rust-tracer written to /workspace/builds/worker-6-tc2/source/Cargo.toml
[INFO] crate git repo https://github.com/debater-coder/rust-tracer already has a lockfile, it will not be regenerated
[INFO] running `Command { std: CARGO_HOME="/workspace/cargo-home" RUSTUP_HOME="/workspace/rustup-home" "/workspace/cargo-home/bin/cargo" "+nightly-2025-01-18" "fetch" "--manifest-path" "Cargo.toml", kill_on_drop: false }`
[INFO] running `Command { std: "docker" "create" "-v" "/var/lib/crater-agent-workspace/builds/worker-6-tc2/target:/opt/rustwide/target:rw,Z" "-v" "/var/lib/crater-agent-workspace/builds/worker-6-tc2/source:/opt/rustwide/workdir:ro,Z" "-v" "/var/lib/crater-agent-workspace/cargo-home:/opt/rustwide/cargo-home:ro,Z" "-v" "/var/lib/crater-agent-workspace/rustup-home:/opt/rustwide/rustup-home:ro,Z" "-e" "SOURCE_DIR=/opt/rustwide/workdir" "-e" "CARGO_TARGET_DIR=/opt/rustwide/target" "-e" "CARGO_HOME=/opt/rustwide/cargo-home" "-e" "RUSTUP_HOME=/opt/rustwide/rustup-home" "-w" "/opt/rustwide/workdir" "-m" "1610612736" "--user" "0:0" "--network" "none" "ghcr.io/rust-lang/crates-build-env/linux@sha256:819108c5571ea2e421544af4d832f968d213c87fbe3707a016657f43d2f853bc" "/opt/rustwide/cargo-home/bin/cargo" "+nightly-2025-01-18" "metadata" "--no-deps" "--format-version=1", kill_on_drop: false }`
[INFO] [stdout] 0ddf86f7fa27217f8d5d31920757c230f07fbd220403604f89901ebde3f83305
[INFO] running `Command { std: "docker" "start" "-a" "0ddf86f7fa27217f8d5d31920757c230f07fbd220403604f89901ebde3f83305", kill_on_drop: false }`
[INFO] running `Command { std: "docker" "inspect" "0ddf86f7fa27217f8d5d31920757c230f07fbd220403604f89901ebde3f83305", kill_on_drop: false }`
[INFO] running `Command { std: "docker" "rm" "-f" "0ddf86f7fa27217f8d5d31920757c230f07fbd220403604f89901ebde3f83305", kill_on_drop: false }`
[INFO] [stdout] 0ddf86f7fa27217f8d5d31920757c230f07fbd220403604f89901ebde3f83305
[INFO] running `Command { std: "docker" "create" "-v" "/var/lib/crater-agent-workspace/builds/worker-6-tc2/target:/opt/rustwide/target:rw,Z" "-v" "/var/lib/crater-agent-workspace/builds/worker-6-tc2/source:/opt/rustwide/workdir:ro,Z" "-v" "/var/lib/crater-agent-workspace/cargo-home:/opt/rustwide/cargo-home:ro,Z" "-v" "/var/lib/crater-agent-workspace/rustup-home:/opt/rustwide/rustup-home:ro,Z" "-e" "SOURCE_DIR=/opt/rustwide/workdir" "-e" "CARGO_TARGET_DIR=/opt/rustwide/target" "-e" "CARGO_INCREMENTAL=0" "-e" "RUST_BACKTRACE=full" "-e" "RUSTFLAGS=--cap-lints=forbid -Zrandomize-layout" "-e" "RUSTDOCFLAGS=--cap-lints=forbid" "-e" "CARGO_HOME=/opt/rustwide/cargo-home" "-e" "RUSTUP_HOME=/opt/rustwide/rustup-home" "-w" "/opt/rustwide/workdir" "-m" "1610612736" "--user" "0:0" "--network" "none" "ghcr.io/rust-lang/crates-build-env/linux@sha256:819108c5571ea2e421544af4d832f968d213c87fbe3707a016657f43d2f853bc" "/opt/rustwide/cargo-home/bin/cargo" "+nightly-2025-01-18" "build" "--frozen" "--message-format=json", kill_on_drop: false }`
[INFO] [stdout] 663fa2e8473d6c0f1b1b2ac126c062a54192405f517aaa65c881e881d87af3f5
[INFO] running `Command { std: "docker" "start" "-a" "663fa2e8473d6c0f1b1b2ac126c062a54192405f517aaa65c881e881d87af3f5", kill_on_drop: false }`
[INFO] [stderr]    Compiling libc v0.2.139
[INFO] [stderr]    Compiling cfg-if v1.0.0
[INFO] [stderr]    Compiling ppv-lite86 v0.2.17
[INFO] [stderr]    Compiling getrandom v0.2.8
[INFO] [stderr]    Compiling rand_core v0.6.4
[INFO] [stderr]    Compiling rand_chacha v0.3.1
[INFO] [stderr]    Compiling rand v0.8.5
[INFO] [stderr]    Compiling rust-tracer v0.5.0 (/opt/rustwide/workdir)
[INFO] [stderr]     Finished `dev` profile [unoptimized + debuginfo] target(s) in 3.67s
[INFO] running `Command { std: "docker" "inspect" "663fa2e8473d6c0f1b1b2ac126c062a54192405f517aaa65c881e881d87af3f5", kill_on_drop: false }`
[INFO] running `Command { std: "docker" "rm" "-f" "663fa2e8473d6c0f1b1b2ac126c062a54192405f517aaa65c881e881d87af3f5", kill_on_drop: false }`
[INFO] [stdout] 663fa2e8473d6c0f1b1b2ac126c062a54192405f517aaa65c881e881d87af3f5
[INFO] running `Command { std: "docker" "create" "-v" "/var/lib/crater-agent-workspace/builds/worker-6-tc2/target:/opt/rustwide/target:rw,Z" "-v" "/var/lib/crater-agent-workspace/builds/worker-6-tc2/source:/opt/rustwide/workdir:ro,Z" "-v" "/var/lib/crater-agent-workspace/cargo-home:/opt/rustwide/cargo-home:ro,Z" "-v" "/var/lib/crater-agent-workspace/rustup-home:/opt/rustwide/rustup-home:ro,Z" "-e" "SOURCE_DIR=/opt/rustwide/workdir" "-e" "CARGO_TARGET_DIR=/opt/rustwide/target" "-e" "CARGO_INCREMENTAL=0" "-e" "RUST_BACKTRACE=full" "-e" "RUSTFLAGS=--cap-lints=forbid -Zrandomize-layout" "-e" "RUSTDOCFLAGS=--cap-lints=forbid" "-e" "CARGO_HOME=/opt/rustwide/cargo-home" "-e" "RUSTUP_HOME=/opt/rustwide/rustup-home" "-w" "/opt/rustwide/workdir" "-m" "1610612736" "--user" "0:0" "--network" "none" "ghcr.io/rust-lang/crates-build-env/linux@sha256:819108c5571ea2e421544af4d832f968d213c87fbe3707a016657f43d2f853bc" "/opt/rustwide/cargo-home/bin/cargo" "+nightly-2025-01-18" "test" "--frozen" "--no-run" "--message-format=json", kill_on_drop: false }`
[INFO] [stdout] 8659842ecb6d8997e85cf12486ec6753cbe011dcfa2ab73fe1078d2a2e2458c3
[INFO] running `Command { std: "docker" "start" "-a" "8659842ecb6d8997e85cf12486ec6753cbe011dcfa2ab73fe1078d2a2e2458c3", kill_on_drop: false }`
[INFO] [stderr]    Compiling rust-tracer v0.5.0 (/opt/rustwide/workdir)
[INFO] [stderr]     Finished `test` profile [unoptimized + debuginfo] target(s) in 0.52s
[INFO] running `Command { std: "docker" "inspect" "8659842ecb6d8997e85cf12486ec6753cbe011dcfa2ab73fe1078d2a2e2458c3", kill_on_drop: false }`
[INFO] running `Command { std: "docker" "rm" "-f" "8659842ecb6d8997e85cf12486ec6753cbe011dcfa2ab73fe1078d2a2e2458c3", kill_on_drop: false }`
[INFO] [stdout] 8659842ecb6d8997e85cf12486ec6753cbe011dcfa2ab73fe1078d2a2e2458c3
[INFO] running `Command { std: "docker" "create" "-v" "/var/lib/crater-agent-workspace/builds/worker-6-tc2/target:/opt/rustwide/target:rw,Z" "-v" "/var/lib/crater-agent-workspace/builds/worker-6-tc2/source:/opt/rustwide/workdir:ro,Z" "-v" "/var/lib/crater-agent-workspace/cargo-home:/opt/rustwide/cargo-home:ro,Z" "-v" "/var/lib/crater-agent-workspace/rustup-home:/opt/rustwide/rustup-home:ro,Z" "-e" "SOURCE_DIR=/opt/rustwide/workdir" "-e" "CARGO_TARGET_DIR=/opt/rustwide/target" "-e" "CARGO_INCREMENTAL=0" "-e" "RUST_BACKTRACE=full" "-e" "RUSTFLAGS=--cap-lints=forbid -Zrandomize-layout" "-e" "RUSTDOCFLAGS=--cap-lints=forbid" "-e" "CARGO_HOME=/opt/rustwide/cargo-home" "-e" "RUSTUP_HOME=/opt/rustwide/rustup-home" "-w" "/opt/rustwide/workdir" "-m" "1610612736" "--user" "0:0" "--network" "none" "ghcr.io/rust-lang/crates-build-env/linux@sha256:819108c5571ea2e421544af4d832f968d213c87fbe3707a016657f43d2f853bc" "/opt/rustwide/cargo-home/bin/cargo" "+nightly-2025-01-18" "test" "--frozen", kill_on_drop: false }`
[INFO] [stdout] 1808109d4dd0a5e873ff363c1d3db7309ff1300494e88e71cc732bf77e15d894
[INFO] running `Command { std: "docker" "start" "-a" "1808109d4dd0a5e873ff363c1d3db7309ff1300494e88e71cc732bf77e15d894", kill_on_drop: false }`
[INFO] [stderr]     Finished `test` profile [unoptimized + debuginfo] target(s) in 0.02s
[INFO] [stderr]      Running unittests src/lib.rs (/opt/rustwide/target/debug/deps/rust_tracer-673e15304299eeac)
[INFO] [stdout] 
[INFO] [stdout] running 10 tests
[INFO] [stdout] test math::tests::vector_add ... ok
[INFO] [stdout] test math::tests::vector_add_assign ... ok
[INFO] [stderr]      Running unittests src/main.rs (/opt/rustwide/target/debug/deps/rust_tracer-2037e4d8cf6c93ad)
[INFO] [stdout] test math::tests::vector_div ... ok
[INFO] [stdout] test math::tests::vector_div_assign ... ok
[INFO] [stdout] test math::tests::vector_eq ... ok
[INFO] [stdout] test math::tests::vector_mul ... ok
[INFO] [stdout] test math::tests::vector_mul_assign ... ok
[INFO] [stdout] test math::tests::vector_neg ... ok
[INFO] [stdout] test math::tests::vector_sub ... ok
[INFO] [stdout] test math::tests::vector_sub_assign ... ok
[INFO] [stdout] 
[INFO] [stdout] test result: ok. 10 passed; 0 failed; 0 ignored; 0 measured; 0 filtered out; finished in 0.00s
[INFO] [stdout] 
[INFO] [stdout] 
[INFO] [stdout] running 0 tests
[INFO] [stdout] 
[INFO] [stdout] test result: ok. 0 passed; 0 failed; 0 ignored; 0 measured; 0 filtered out; finished in 0.00s
[INFO] [stdout] 
[INFO] [stderr]    Doc-tests rust_tracer
[INFO] [stdout] 
[INFO] [stdout] running 1 test
[INFO] [stdout] test src/lib.rs - render_to_stdout (line 82) ... FAILED
[INFO] [stdout] 
[INFO] [stdout] failures:
[INFO] [stdout] 
[INFO] [stdout] ---- src/lib.rs - render_to_stdout (line 82) stdout ----
[INFO] [stdout] error[E0277]: expected a `Fn()` closure, found `HittableList`
[INFO] [stdout]    --> src/lib.rs:137:46
[INFO] [stdout]     |
[INFO] [stdout] 58  | rust_tracer::render_to_stdout(400, 100, 50, &world, &camera);
[INFO] [stdout]     | -----------------------------                ^^^^^ expected an `Fn()` closure, found `HittableList`
[INFO] [stdout]     | |
[INFO] [stdout]     | required by a bound introduced by this call
[INFO] [stdout]     |
[INFO] [stdout]     = help: the trait `Fn()` is not implemented for `HittableList`
[INFO] [stdout]     = note: wrap the `HittableList` in a closure with no arguments: `|| { /* code */ }`
[INFO] [stdout]     = note: required for `&HittableList` to implement `Fn()`
[INFO] [stdout] note: required by a bound in `render_to_stdout`
[INFO] [stdout]    --> /opt/rustwide/workdir/src/lib.rs:147:8
[INFO] [stdout]     |
[INFO] [stdout] 138 | pub fn render_to_stdout<F>(
[INFO] [stdout]     |        ---------------- required by a bound in this function
[INFO] [stdout] ...
[INFO] [stdout] 147 |     F: Fn() -> HittableList + Send + 'static + Copy,
[INFO] [stdout]     |        ^^^^^^^^^^^^^^^^^^^^ required by this bound in `render_to_stdout`
[INFO] [stdout] 
[INFO] [stdout] error[E0277]: expected a `FnOnce()` closure, found `HittableList`
[INFO] [stdout]    --> src/lib.rs:137:45
[INFO] [stdout]     |
[INFO] [stdout] 58  | rust_tracer::render_to_stdout(400, 100, 50, &world, &camera);
[INFO] [stdout]     | -----------------------------               ^^^^^^ expected an `FnOnce()` closure, found `HittableList`
[INFO] [stdout]     | |
[INFO] [stdout]     | required by a bound introduced by this call
[INFO] [stdout]     |
[INFO] [stdout]     = help: the trait `FnOnce()` is not implemented for `HittableList`
[INFO] [stdout]     = note: wrap the `HittableList` in a closure with no arguments: `|| { /* code */ }`
[INFO] [stdout] note: required by a bound in `render_to_stdout`
[INFO] [stdout]    --> /opt/rustwide/workdir/src/lib.rs:147:16
[INFO] [stdout]     |
[INFO] [stdout] 138 | pub fn render_to_stdout<F>(
[INFO] [stdout]     |        ---------------- required by a bound in this function
[INFO] [stdout] ...
[INFO] [stdout] 147 |     F: Fn() -> HittableList + Send + 'static + Copy,
[INFO] [stdout]     |                ^^^^^^^^^^^^ required by this bound in `render_to_stdout`
[INFO] [stdout] 
[INFO] [stdout] error[E0061]: this function takes 6 arguments but 5 arguments were supplied
[INFO] [stdout]    --> src/lib.rs:137:1
[INFO] [stdout]     |
[INFO] [stdout] 58  | rust_tracer::render_to_stdout(400, 100, 50, &world, &camera);
[INFO] [stdout]     | ^^^^^^^^^^^^^^^^^^^^^^^^^^^^^-------------------------------
[INFO] [stdout]     |                              |                      |
[INFO] [stdout]     |                              |                      expected `Camera`, found `&Camera`
[INFO] [stdout]     |                              argument #6 of type `usize` is missing
[INFO] [stdout]     |
[INFO] [stdout] note: function defined here
[INFO] [stdout]    --> /opt/rustwide/workdir/src/lib.rs:138:8
[INFO] [stdout]     |
[INFO] [stdout] 138 | pub fn render_to_stdout<F>(
[INFO] [stdout]     |        ^^^^^^^^^^^^^^^^
[INFO] [stdout] help: consider removing the borrow
[INFO] [stdout]     |
[INFO] [stdout] 58  - rust_tracer::render_to_stdout(400, 100, 50, &world, &camera);
[INFO] [stdout] 58  + rust_tracer::render_to_stdout(400, 100, 50, &world, camera);
[INFO] [stdout]     |
[INFO] [stdout] help: provide the argument
[INFO] [stdout]     |
[INFO] [stdout] 58  | rust_tracer::render_to_stdout(400, 100, 50, &world, /* Camera */, /* usize */);
[INFO] [stdout]     |                              ~~~~~~~~~~~~~~~~~~~~~~~~~~~~~~~~~~~~~~~~~~~~~~~~~
[INFO] [stdout] 
[INFO] [stdout] error: aborting due to 3 previous errors
[INFO] [stdout] 
[INFO] [stdout] Some errors have detailed explanations: E0061, E0277.
[INFO] [stdout] For more information about an error, try `rustc --explain E0061`.
[INFO] [stdout] Couldn't compile the test.
[INFO] [stdout] 
[INFO] [stdout] failures:
[INFO] [stdout]     src/lib.rs - render_to_stdout (line 82)
[INFO] [stdout] 
[INFO] [stdout] test result: FAILED. 0 passed; 1 failed; 0 ignored; 0 measured; 0 filtered out; finished in 0.07s
[INFO] [stdout] 
[INFO] [stderr] error: doctest failed, to rerun pass `--doc`
[INFO] running `Command { std: "docker" "inspect" "1808109d4dd0a5e873ff363c1d3db7309ff1300494e88e71cc732bf77e15d894", kill_on_drop: false }`
[INFO] running `Command { std: "docker" "rm" "-f" "1808109d4dd0a5e873ff363c1d3db7309ff1300494e88e71cc732bf77e15d894", kill_on_drop: false }`
[INFO] [stdout] 1808109d4dd0a5e873ff363c1d3db7309ff1300494e88e71cc732bf77e15d894
