[INFO] cloning repository https://github.com/ddnnife/d-dnnf-reasoner
[INFO] running `Command { std: "git" "-c" "credential.helper=" "-c" "credential.helper=/workspace/cargo-home/bin/git-credential-null" "clone" "--bare" "https://github.com/ddnnife/d-dnnf-reasoner" "/workspace/cache/git-repos/https%3A%2F%2Fgithub.com%2Fddnnife%2Fd-dnnf-reasoner", kill_on_drop: false }`
[INFO] [stderr] Cloning into bare repository '/workspace/cache/git-repos/https%3A%2F%2Fgithub.com%2Fddnnife%2Fd-dnnf-reasoner'...
[INFO] running `Command { std: "git" "rev-parse" "HEAD", kill_on_drop: false }`
[INFO] [stdout] e9294370f05bd7c2dfea8618f8c5be6abd2a33b1
[INFO] testing ddnnife/d-dnnf-reasoner against nightly-2025-01-18 for randomize-layout-2
[INFO] running `Command { std: "git" "clone" "/workspace/cache/git-repos/https%3A%2F%2Fgithub.com%2Fddnnife%2Fd-dnnf-reasoner" "/workspace/builds/worker-3-tc1/source", kill_on_drop: false }`
[INFO] [stderr] Cloning into '/workspace/builds/worker-3-tc1/source'...
[INFO] [stderr] done.
[INFO] validating manifest of git repo https://github.com/ddnnife/d-dnnf-reasoner on toolchain nightly-2025-01-18
[INFO] running `Command { std: CARGO_HOME="/workspace/cargo-home" RUSTUP_HOME="/workspace/rustup-home" "/workspace/cargo-home/bin/cargo" "+nightly-2025-01-18" "metadata" "--manifest-path" "Cargo.toml" "--no-deps", kill_on_drop: false }`
[INFO] started tweaking git repo https://github.com/ddnnife/d-dnnf-reasoner
[INFO] finished tweaking git repo https://github.com/ddnnife/d-dnnf-reasoner
[INFO] tweaked toml for git repo https://github.com/ddnnife/d-dnnf-reasoner written to /workspace/builds/worker-3-tc1/source/Cargo.toml
[INFO] crate git repo https://github.com/ddnnife/d-dnnf-reasoner already has a lockfile, it will not be regenerated
[INFO] running `Command { std: CARGO_HOME="/workspace/cargo-home" RUSTUP_HOME="/workspace/rustup-home" "/workspace/cargo-home/bin/cargo" "+nightly-2025-01-18" "fetch" "--manifest-path" "Cargo.toml", kill_on_drop: false }`
[INFO] [stderr]     Blocking waiting for file lock on package cache
[INFO] [stderr]     Updating crates.io index
[INFO] [stderr]  Downloading crates ...
[INFO] [stderr]   Downloaded endian-type v0.1.2
[INFO] [stderr]   Downloaded nibble_vec v0.1.0
[INFO] [stderr]   Downloaded workctl v0.2.0
[INFO] [stderr]   Downloaded rustyline v9.1.2
[INFO] [stderr]   Downloaded crossterm_winapi v0.7.0
[INFO] [stderr]   Downloaded colour v0.6.0
[INFO] [stderr]   Downloaded wyz v0.2.0
[INFO] [stderr]   Downloaded clipboard-win v4.4.1
[INFO] [stderr]   Downloaded csv-core v0.1.10
[INFO] [stderr]   Downloaded az v1.2.0
[INFO] [stderr]   Downloaded signal-hook v0.1.17
[INFO] [stderr]   Downloaded mio v0.7.14
[INFO] [stderr]   Downloaded getrandom v0.2.5
[INFO] [stderr]   Downloaded crossterm v0.19.0
[INFO] [stderr]   Downloaded io-lifetimes v0.5.3
[INFO] [stderr]   Downloaded dirs-sys-next v0.1.2
[INFO] [stderr]   Downloaded bitvec v0.19.6
[INFO] [stderr]   Downloaded petgraph v0.6.2
[INFO] [stderr]   Downloaded nom v6.2.1
[INFO] [stderr]   Downloaded dirs-next v2.0.0
[INFO] [stderr]   Downloaded nix v0.23.1
[INFO] [stderr]   Downloaded rustix v0.33.4
[INFO] [stderr]   Downloaded radix_trie v0.2.1
[INFO] [stderr]   Downloaded file_diff v1.0.0
[INFO] [stderr]   Downloaded rug v1.15.0
[INFO] [stderr]   Downloaded errno v0.2.8
[INFO] [stderr]   Downloaded bstr v0.2.15
[INFO] [stderr]   Downloaded fd-lock v3.0.4
[INFO] [stderr]   Downloaded utf8parse v0.2.0
[INFO] [stderr]   Downloaded mimalloc v0.1.28
[INFO] [stderr]   Downloaded radium v0.5.3
[INFO] [stderr]   Downloaded funty v1.1.0
[INFO] [stderr]   Downloaded str-buf v1.0.5
[INFO] [stderr]   Downloaded lexical-core v0.7.6
[INFO] [stderr]   Downloaded windows_aarch64_msvc v0.30.0
[INFO] [stderr]   Downloaded windows_x86_64_msvc v0.30.0
[INFO] [stderr]   Downloaded windows_x86_64_gnu v0.30.0
[INFO] [stderr]   Downloaded linux-raw-sys v0.0.42
[INFO] [stderr]   Downloaded windows_i686_msvc v0.30.0
[INFO] [stderr]   Downloaded windows_i686_gnu v0.30.0
[INFO] [stderr]   Downloaded csv v1.1.6
[INFO] [stderr]   Downloaded libmimalloc-sys v0.1.24
[INFO] [stderr]   Downloaded windows-sys v0.30.0
[INFO] [stderr]   Downloaded gmp-mpfr-sys v1.4.7
[INFO] running `Command { std: "docker" "create" "-v" "/var/lib/crater-agent-workspace/builds/worker-3-tc1/target:/opt/rustwide/target:rw,Z" "-v" "/var/lib/crater-agent-workspace/builds/worker-3-tc1/source:/opt/rustwide/workdir:ro,Z" "-v" "/var/lib/crater-agent-workspace/cargo-home:/opt/rustwide/cargo-home:ro,Z" "-v" "/var/lib/crater-agent-workspace/rustup-home:/opt/rustwide/rustup-home:ro,Z" "-e" "SOURCE_DIR=/opt/rustwide/workdir" "-e" "CARGO_TARGET_DIR=/opt/rustwide/target" "-e" "CARGO_HOME=/opt/rustwide/cargo-home" "-e" "RUSTUP_HOME=/opt/rustwide/rustup-home" "-w" "/opt/rustwide/workdir" "-m" "1610612736" "--user" "0:0" "--network" "none" "ghcr.io/rust-lang/crates-build-env/linux@sha256:819108c5571ea2e421544af4d832f968d213c87fbe3707a016657f43d2f853bc" "/opt/rustwide/cargo-home/bin/cargo" "+nightly-2025-01-18" "metadata" "--no-deps" "--format-version=1", kill_on_drop: false }`
[INFO] [stdout] f59d9ae7869911ea142f1a98a5e61f2697438f83d899b37b5301b4f6bf708fca
[INFO] running `Command { std: "docker" "start" "-a" "f59d9ae7869911ea142f1a98a5e61f2697438f83d899b37b5301b4f6bf708fca", kill_on_drop: false }`
[INFO] running `Command { std: "docker" "inspect" "f59d9ae7869911ea142f1a98a5e61f2697438f83d899b37b5301b4f6bf708fca", kill_on_drop: false }`
[INFO] running `Command { std: "docker" "rm" "-f" "f59d9ae7869911ea142f1a98a5e61f2697438f83d899b37b5301b4f6bf708fca", kill_on_drop: false }`
[INFO] [stdout] f59d9ae7869911ea142f1a98a5e61f2697438f83d899b37b5301b4f6bf708fca
[INFO] running `Command { std: "docker" "create" "-v" "/var/lib/crater-agent-workspace/builds/worker-3-tc1/target:/opt/rustwide/target:rw,Z" "-v" "/var/lib/crater-agent-workspace/builds/worker-3-tc1/source:/opt/rustwide/workdir:ro,Z" "-v" "/var/lib/crater-agent-workspace/cargo-home:/opt/rustwide/cargo-home:ro,Z" "-v" "/var/lib/crater-agent-workspace/rustup-home:/opt/rustwide/rustup-home:ro,Z" "-e" "SOURCE_DIR=/opt/rustwide/workdir" "-e" "CARGO_TARGET_DIR=/opt/rustwide/target" "-e" "CARGO_INCREMENTAL=0" "-e" "RUST_BACKTRACE=full" "-e" "RUSTFLAGS=--cap-lints=forbid" "-e" "RUSTDOCFLAGS=--cap-lints=forbid" "-e" "CARGO_HOME=/opt/rustwide/cargo-home" "-e" "RUSTUP_HOME=/opt/rustwide/rustup-home" "-w" "/opt/rustwide/workdir" "-m" "1610612736" "--user" "0:0" "--network" "none" "ghcr.io/rust-lang/crates-build-env/linux@sha256:819108c5571ea2e421544af4d832f968d213c87fbe3707a016657f43d2f853bc" "/opt/rustwide/cargo-home/bin/cargo" "+nightly-2025-01-18" "build" "--frozen" "--message-format=json", kill_on_drop: false }`
[INFO] [stdout] f4b70386a10f2de96f7213a89acd5db1faf65067879167c0696a488f7c38b250
[INFO] running `Command { std: "docker" "start" "-a" "f4b70386a10f2de96f7213a89acd5db1faf65067879167c0696a488f7c38b250", kill_on_drop: false }`
[INFO] [stderr]    Compiling libc v0.2.120
[INFO] [stderr]    Compiling memchr v2.3.4
[INFO] [stderr]    Compiling smallvec v1.8.0
[INFO] [stderr]    Compiling io-lifetimes v0.5.3
[INFO] [stderr]    Compiling serde v1.0.136
[INFO] [stderr]    Compiling rustix v0.33.4
[INFO] [stderr]    Compiling radium v0.5.3
[INFO] [stderr]    Compiling gmp-mpfr-sys v1.4.7
[INFO] [stderr]    Compiling scopeguard v1.1.0
[INFO] [stderr]    Compiling memoffset v0.6.5
[INFO] [stderr]    Compiling libmimalloc-sys v0.1.24
[INFO] [stderr]    Compiling indexmap v1.9.1
[INFO] [stderr]    Compiling unicode-width v0.1.9
[INFO] [stderr]    Compiling linux-raw-sys v0.0.42
[INFO] [stderr]    Compiling ryu v1.0.9
[INFO] [stderr]    Compiling az v1.2.0
[INFO] [stderr]    Compiling lock_api v0.4.6
[INFO] [stderr]    Compiling lexical-core v0.7.6
[INFO] [stderr]    Compiling nom v6.2.1
[INFO] [stderr]    Compiling nibble_vec v0.1.0
[INFO] [stderr]    Compiling rug v1.15.0
[INFO] [stderr]    Compiling endian-type v0.1.2
[INFO] [stderr]    Compiling wyz v0.2.0
[INFO] [stderr]    Compiling hashbrown v0.12.3
[INFO] [stderr]    Compiling arrayvec v0.5.2
[INFO] [stderr]    Compiling funty v1.1.0
[INFO] [stderr]    Compiling regex-automata v0.1.10
[INFO] [stderr]    Compiling tap v1.0.1
[INFO] [stderr]    Compiling radix_trie v0.2.1
[INFO] [stderr]    Compiling textwrap v0.11.0
[INFO] [stderr]    Compiling utf8parse v0.2.0
[INFO] [stderr]    Compiling fixedbitset v0.4.2
[INFO] [stderr]    Compiling csv-core v0.1.10
[INFO] [stderr]    Compiling unicode-segmentation v1.9.0
[INFO] [stderr]    Compiling bitvec v0.19.6
[INFO] [stderr]    Compiling workctl v0.2.0
[INFO] [stderr]    Compiling file_diff v1.0.0
[INFO] [stderr]    Compiling mimalloc v0.1.28
[INFO] [stderr]    Compiling mio v0.7.14
[INFO] [stderr]    Compiling parking_lot_core v0.8.5
[INFO] [stderr]    Compiling signal-hook-registry v1.4.0
[INFO] [stderr]    Compiling dirs-sys-next v0.1.2
[INFO] [stderr]    Compiling nix v0.23.1
[INFO] [stderr]    Compiling atty v0.2.14
[INFO] [stderr]    Compiling clap v2.34.0
[INFO] [stderr]    Compiling dirs-next v2.0.0
[INFO] [stderr]    Compiling parking_lot v0.11.2
[INFO] [stderr]    Compiling signal-hook v0.1.17
[INFO] [stderr]    Compiling petgraph v0.6.2
[INFO] [stderr]    Compiling crossterm v0.19.0
[INFO] [stderr]    Compiling colour v0.6.0
[INFO] [stderr]    Compiling fd-lock v3.0.4
[INFO] [stderr]    Compiling bstr v0.2.15
[INFO] [stderr]    Compiling csv v1.1.6
[INFO] [stderr]    Compiling rustyline v9.1.2
[INFO] [stderr]    Compiling ddnnf_reasoning v0.4.0 (/opt/rustwide/workdir)
[INFO] [stdout] warning: unexpected `cfg` condition value: `benchmarks`
[INFO] [stdout]  --> src/lib.rs:7:17
[INFO] [stdout]   |
[INFO] [stdout] 7 | #[cfg(all(test, feature = "benchmarks"))]
[INFO] [stdout]   |                 ^^^^^^^^^^^^^^^^^^^^^^ help: remove the condition
[INFO] [stdout]   |
[INFO] [stdout]   = note: no expected values for `feature`
[INFO] [stdout]   = help: consider adding `benchmarks` as a feature in `Cargo.toml`
[INFO] [stdout]   = note: see <https://doc.rust-lang.org/nightly/rustc/check-cfg/cargo-specifics.html> for more information about checking conditional configuration
[INFO] [stdout]   = note: `#[warn(unexpected_cfgs)]` on by default
[INFO] [stdout] 
[INFO] [stdout] 
[INFO] [stdout] warning: unnecessary qualification
[INFO] [stdout]    --> src/data_structure/mod.rs:654:17
[INFO] [stdout]     |
[INFO] [stdout] 654 |                 std::thread::yield_now();
[INFO] [stdout]     |                 ^^^^^^^^^^^^^^^^^^^^^^
[INFO] [stdout]     |
[INFO] [stdout] note: the lint level is defined here
[INFO] [stdout]    --> src/lib.rs:2:9
[INFO] [stdout]     |
[INFO] [stdout] 2   | #![warn(unused_qualifications)]
[INFO] [stdout]     |         ^^^^^^^^^^^^^^^^^^^^^
[INFO] [stdout] help: remove the unnecessary path segments
[INFO] [stdout]     |
[INFO] [stdout] 654 -                 std::thread::yield_now();
[INFO] [stdout] 654 +                 thread::yield_now();
[INFO] [stdout]     |
[INFO] [stdout] 
[INFO] [stdout] 
[INFO] [stdout] warning: unnecessary qualification
[INFO] [stdout]    --> src/data_structure/mod.rs:785:17
[INFO] [stdout]     |
[INFO] [stdout] 785 |                 std::thread::yield_now();
[INFO] [stdout]     |                 ^^^^^^^^^^^^^^^^^^^^^^
[INFO] [stdout]     |
[INFO] [stdout] help: remove the unnecessary path segments
[INFO] [stdout]     |
[INFO] [stdout] 785 -                 std::thread::yield_now();
[INFO] [stdout] 785 +                 thread::yield_now();
[INFO] [stdout]     |
[INFO] [stdout] 
[INFO] [stdout] 
[INFO] [stderr]     Finished `dev` profile [unoptimized + debuginfo] target(s) in 4m 41s
[INFO] [stderr] warning: the following packages contain code that will be rejected by a future version of Rust: nom v6.2.1
[INFO] [stderr] note: to see what the problems were, use the option `--future-incompat-report`, or run `cargo report future-incompatibilities --id 1`
[INFO] running `Command { std: "docker" "inspect" "f4b70386a10f2de96f7213a89acd5db1faf65067879167c0696a488f7c38b250", kill_on_drop: false }`
[INFO] running `Command { std: "docker" "rm" "-f" "f4b70386a10f2de96f7213a89acd5db1faf65067879167c0696a488f7c38b250", kill_on_drop: false }`
[INFO] [stdout] f4b70386a10f2de96f7213a89acd5db1faf65067879167c0696a488f7c38b250
[INFO] running `Command { std: "docker" "create" "-v" "/var/lib/crater-agent-workspace/builds/worker-3-tc1/target:/opt/rustwide/target:rw,Z" "-v" "/var/lib/crater-agent-workspace/builds/worker-3-tc1/source:/opt/rustwide/workdir:ro,Z" "-v" "/var/lib/crater-agent-workspace/cargo-home:/opt/rustwide/cargo-home:ro,Z" "-v" "/var/lib/crater-agent-workspace/rustup-home:/opt/rustwide/rustup-home:ro,Z" "-e" "SOURCE_DIR=/opt/rustwide/workdir" "-e" "CARGO_TARGET_DIR=/opt/rustwide/target" "-e" "CARGO_INCREMENTAL=0" "-e" "RUST_BACKTRACE=full" "-e" "RUSTFLAGS=--cap-lints=forbid" "-e" "RUSTDOCFLAGS=--cap-lints=forbid" "-e" "CARGO_HOME=/opt/rustwide/cargo-home" "-e" "RUSTUP_HOME=/opt/rustwide/rustup-home" "-w" "/opt/rustwide/workdir" "-m" "1610612736" "--user" "0:0" "--network" "none" "ghcr.io/rust-lang/crates-build-env/linux@sha256:819108c5571ea2e421544af4d832f968d213c87fbe3707a016657f43d2f853bc" "/opt/rustwide/cargo-home/bin/cargo" "+nightly-2025-01-18" "test" "--frozen" "--no-run" "--message-format=json", kill_on_drop: false }`
[INFO] [stdout] fe99f74a8309f91887899d7fe18a81278c1b3a8f51afdce2113a5c463deaf4ab
[INFO] running `Command { std: "docker" "start" "-a" "fe99f74a8309f91887899d7fe18a81278c1b3a8f51afdce2113a5c463deaf4ab", kill_on_drop: false }`
[INFO] [stdout] warning: unexpected `cfg` condition value: `benchmarks`
[INFO] [stdout]  --> src/lib.rs:7:17
[INFO] [stdout]   |
[INFO] [stdout] 7 | #[cfg(all(test, feature = "benchmarks"))]
[INFO] [stdout]   |                 ^^^^^^^^^^^^^^^^^^^^^^ help: remove the condition
[INFO] [stdout]   |
[INFO] [stdout]   = note: no expected values for `feature`
[INFO] [stdout]   = help: consider adding `benchmarks` as a feature in `Cargo.toml`
[INFO] [stdout]   = note: see <https://doc.rust-lang.org/nightly/rustc/check-cfg/cargo-specifics.html> for more information about checking conditional configuration
[INFO] [stdout]   = note: `#[warn(unexpected_cfgs)]` on by default
[INFO] [stdout] 
[INFO] [stdout] 
[INFO] [stdout] warning: unnecessary qualification
[INFO] [stdout]    --> src/data_structure/mod.rs:654:17
[INFO] [stdout]     |
[INFO] [stdout] 654 |                 std::thread::yield_now();
[INFO] [stdout]     |                 ^^^^^^^^^^^^^^^^^^^^^^
[INFO] [stdout]     |
[INFO] [stdout] note: the lint level is defined here
[INFO] [stdout]    --> src/lib.rs:2:9
[INFO] [stdout]     |
[INFO] [stdout] 2   | #![warn(unused_qualifications)]
[INFO] [stdout]     |         ^^^^^^^^^^^^^^^^^^^^^
[INFO] [stdout] help: remove the unnecessary path segments
[INFO] [stdout]     |
[INFO] [stdout] 654 -                 std::thread::yield_now();
[INFO] [stdout] 654 +                 thread::yield_now();
[INFO] [stdout]     |
[INFO] [stdout] 
[INFO] [stdout] 
[INFO] [stdout] warning: unnecessary qualification
[INFO] [stdout]    --> src/data_structure/mod.rs:785:17
[INFO] [stdout]     |
[INFO] [stdout] 785 |                 std::thread::yield_now();
[INFO] [stdout]     |                 ^^^^^^^^^^^^^^^^^^^^^^
[INFO] [stdout]     |
[INFO] [stdout] help: remove the unnecessary path segments
[INFO] [stdout]     |
[INFO] [stdout] 785 -                 std::thread::yield_now();
[INFO] [stdout] 785 +                 thread::yield_now();
[INFO] [stdout]     |
[INFO] [stdout] 
[INFO] [stdout] 
[INFO] [stderr]    Compiling ddnnf_reasoning v0.4.0 (/opt/rustwide/workdir)
[INFO] [stdout] warning: unexpected `cfg` condition value: `benchmarks`
[INFO] [stdout]  --> src/lib.rs:7:17
[INFO] [stdout]   |
[INFO] [stdout] 7 | #[cfg(all(test, feature = "benchmarks"))]
[INFO] [stdout]   |                 ^^^^^^^^^^^^^^^^^^^^^^ help: remove the condition
[INFO] [stdout]   |
[INFO] [stdout]   = note: no expected values for `feature`
[INFO] [stdout]   = help: consider adding `benchmarks` as a feature in `Cargo.toml`
[INFO] [stdout]   = note: see <https://doc.rust-lang.org/nightly/rustc/check-cfg/cargo-specifics.html> for more information about checking conditional configuration
[INFO] [stdout]   = note: `#[warn(unexpected_cfgs)]` on by default
[INFO] [stdout] 
[INFO] [stdout] 
[INFO] [stdout] warning: unnecessary qualification
[INFO] [stdout]    --> src/data_structure/mod.rs:654:17
[INFO] [stdout]     |
[INFO] [stdout] 654 |                 std::thread::yield_now();
[INFO] [stdout]     |                 ^^^^^^^^^^^^^^^^^^^^^^
[INFO] [stdout]     |
[INFO] [stdout] note: the lint level is defined here
[INFO] [stdout]    --> src/lib.rs:2:9
[INFO] [stdout]     |
[INFO] [stdout] 2   | #![warn(unused_qualifications)]
[INFO] [stdout]     |         ^^^^^^^^^^^^^^^^^^^^^
[INFO] [stdout] help: remove the unnecessary path segments
[INFO] [stdout]     |
[INFO] [stdout] 654 -                 std::thread::yield_now();
[INFO] [stdout] 654 +                 thread::yield_now();
[INFO] [stdout]     |
[INFO] [stdout] 
[INFO] [stdout] 
[INFO] [stdout] warning: unnecessary qualification
[INFO] [stdout]    --> src/data_structure/mod.rs:785:17
[INFO] [stdout]     |
[INFO] [stdout] 785 |                 std::thread::yield_now();
[INFO] [stdout]     |                 ^^^^^^^^^^^^^^^^^^^^^^
[INFO] [stdout]     |
[INFO] [stdout] help: remove the unnecessary path segments
[INFO] [stdout]     |
[INFO] [stdout] 785 -                 std::thread::yield_now();
[INFO] [stdout] 785 +                 thread::yield_now();
[INFO] [stdout]     |
[INFO] [stdout] 
[INFO] [stdout] 
[INFO] [stderr]     Finished `test` profile [unoptimized + debuginfo] target(s) in 2.34s
[INFO] [stderr] warning: the following packages contain code that will be rejected by a future version of Rust: nom v6.2.1
[INFO] [stderr] note: to see what the problems were, use the option `--future-incompat-report`, or run `cargo report future-incompatibilities --id 1`
[INFO] running `Command { std: "docker" "inspect" "fe99f74a8309f91887899d7fe18a81278c1b3a8f51afdce2113a5c463deaf4ab", kill_on_drop: false }`
[INFO] running `Command { std: "docker" "rm" "-f" "fe99f74a8309f91887899d7fe18a81278c1b3a8f51afdce2113a5c463deaf4ab", kill_on_drop: false }`
[INFO] [stdout] fe99f74a8309f91887899d7fe18a81278c1b3a8f51afdce2113a5c463deaf4ab
[INFO] running `Command { std: "docker" "create" "-v" "/var/lib/crater-agent-workspace/builds/worker-3-tc1/target:/opt/rustwide/target:rw,Z" "-v" "/var/lib/crater-agent-workspace/builds/worker-3-tc1/source:/opt/rustwide/workdir:ro,Z" "-v" "/var/lib/crater-agent-workspace/cargo-home:/opt/rustwide/cargo-home:ro,Z" "-v" "/var/lib/crater-agent-workspace/rustup-home:/opt/rustwide/rustup-home:ro,Z" "-e" "SOURCE_DIR=/opt/rustwide/workdir" "-e" "CARGO_TARGET_DIR=/opt/rustwide/target" "-e" "CARGO_INCREMENTAL=0" "-e" "RUST_BACKTRACE=full" "-e" "RUSTFLAGS=--cap-lints=forbid" "-e" "RUSTDOCFLAGS=--cap-lints=forbid" "-e" "CARGO_HOME=/opt/rustwide/cargo-home" "-e" "RUSTUP_HOME=/opt/rustwide/rustup-home" "-w" "/opt/rustwide/workdir" "-m" "1610612736" "--user" "0:0" "--network" "none" "ghcr.io/rust-lang/crates-build-env/linux@sha256:819108c5571ea2e421544af4d832f968d213c87fbe3707a016657f43d2f853bc" "/opt/rustwide/cargo-home/bin/cargo" "+nightly-2025-01-18" "test" "--frozen", kill_on_drop: false }`
[INFO] [stdout] f800d7aa4c8c1d8c60d80bbdf9e0b7c12e5a49e9501b934827047128fa8d5dbd
[INFO] running `Command { std: "docker" "start" "-a" "f800d7aa4c8c1d8c60d80bbdf9e0b7c12e5a49e9501b934827047128fa8d5dbd", kill_on_drop: false }`
[INFO] [stderr] warning: unexpected `cfg` condition value: `benchmarks`
[INFO] [stderr]  --> src/lib.rs:7:17
[INFO] [stderr]   |
[INFO] [stderr] 7 | #[cfg(all(test, feature = "benchmarks"))]
[INFO] [stderr]   |                 ^^^^^^^^^^^^^^^^^^^^^^ help: remove the condition
[INFO] [stderr]   |
[INFO] [stderr]   = note: no expected values for `feature`
[INFO] [stderr]   = help: consider adding `benchmarks` as a feature in `Cargo.toml`
[INFO] [stderr]   = note: see <https://doc.rust-lang.org/nightly/rustc/check-cfg/cargo-specifics.html> for more information about checking conditional configuration
[INFO] [stderr]   = note: `#[warn(unexpected_cfgs)]` on by default
[INFO] [stderr] 
[INFO] [stderr] warning: unnecessary qualification
[INFO] [stderr]    --> src/data_structure/mod.rs:654:17
[INFO] [stderr]     |
[INFO] [stderr] 654 |                 std::thread::yield_now();
[INFO] [stderr]     |                 ^^^^^^^^^^^^^^^^^^^^^^
[INFO] [stderr]     |
[INFO] [stderr] note: the lint level is defined here
[INFO] [stderr]    --> src/lib.rs:2:9
[INFO] [stderr]     |
[INFO] [stderr] 2   | #![warn(unused_qualifications)]
[INFO] [stderr]     |         ^^^^^^^^^^^^^^^^^^^^^
[INFO] [stderr] help: remove the unnecessary path segments
[INFO] [stderr]     |
[INFO] [stderr] 654 -                 std::thread::yield_now();
[INFO] [stderr] 654 +                 thread::yield_now();
[INFO] [stderr]     |
[INFO] [stderr] 
[INFO] [stderr] warning: unnecessary qualification
[INFO] [stderr]    --> src/data_structure/mod.rs:785:17
[INFO] [stderr]     |
[INFO] [stderr] 785 |                 std::thread::yield_now();
[INFO] [stderr]     |                 ^^^^^^^^^^^^^^^^^^^^^^
[INFO] [stderr]     |
[INFO] [stderr] help: remove the unnecessary path segments
[INFO] [stderr]     |
[INFO] [stderr] 785 -                 std::thread::yield_now();
[INFO] [stderr] 785 +                 thread::yield_now();
[INFO] [stderr]     |
[INFO] [stderr] 
[INFO] [stderr] warning: `ddnnf_reasoning` (lib) generated 3 warnings (run `cargo fix --lib -p ddnnf_reasoning` to apply 2 suggestions)
[INFO] [stderr] warning: `ddnnf_reasoning` (lib test) generated 3 warnings (3 duplicates)
[INFO] [stderr]     Finished `test` profile [unoptimized + debuginfo] target(s) in 0.17s
[INFO] [stderr] warning: the following packages contain code that will be rejected by a future version of Rust: nom v6.2.1
[INFO] [stderr] note: to see what the problems were, use the option `--future-incompat-report`, or run `cargo report future-incompatibilities --id 1`
[INFO] [stderr]      Running unittests src/lib.rs (/opt/rustwide/target/debug/deps/ddnnf_lib-836213707a10c45f)
[INFO] [stdout] 
[INFO] [stdout] running 4 tests
[INFO] [stdout] test parser::d4_lexer::test::test_individual_lexer_d4 ... ok
[INFO] [stdout] test parser::lexer::test::test_lex_lines ... ok
[INFO] [stdout] test parser::lexer::test::test_individual_lexer ... ok
[INFO] [stdout] test parser::lexer::test::test_serialization ... ok
[INFO] [stdout] 
[INFO] [stdout] test result: ok. 4 passed; 0 failed; 0 ignored; 0 measured; 0 filtered out; finished in 0.00s
[INFO] [stdout] 
[INFO] [stderr]      Running unittests src/bin/ddnnife.rs (/opt/rustwide/target/debug/deps/ddnnife-d7a4f279269b626e)
[INFO] [stdout] 
[INFO] [stdout] running 0 tests
[INFO] [stdout] 
[INFO] [stdout] test result: ok. 0 passed; 0 failed; 0 ignored; 0 measured; 0 filtered out; finished in 0.00s
[INFO] [stdout] 
[INFO] [stderr]      Running unittests src/bin/dhone.rs (/opt/rustwide/target/debug/deps/dhone-857d039b76a9a7ad)
[INFO] [stdout] 
[INFO] [stdout] running 0 tests
[INFO] [stdout] 
[INFO] [stderr]      Running tests/data_structure.rs (/opt/rustwide/target/debug/deps/data_structure-0a30bda8a92e6a28)
[INFO] [stdout] test result: ok. 0 passed; 0 failed; 0 ignored; 0 measured; 0 filtered out; finished in 0.00s
[INFO] [stdout] 
[INFO] [stdout] 
[INFO] [stdout] running 3 tests
[INFO] [stdout] test card_of_pc_test ... FAILED
[INFO] [stdout] test card_of_features_test ... FAILED
[INFO] [stdout] test heuristics_test ... ok
[INFO] [stdout] 
[INFO] [stdout] failures:
[INFO] [stdout] 
[INFO] [stdout] ---- card_of_pc_test stdout ----
[INFO] [stdout] 
[INFO] [stdout] thread 'card_of_pc_test' panicked at /opt/rustwide/workdir/src/data_structure/mod.rs:793:40:
[INFO] [stdout] Unable to create file: Os { code: 30, kind: ReadOnlyFilesystem, message: "Read-only file system" }
[INFO] [stdout] stack backtrace:
[INFO] [stdout]    0:     0x5980754fc65a - std::backtrace_rs::backtrace::libunwind::trace::hb059275cfc8d6126
[INFO] [stdout]                                at /rustc/6067b36314ab5eb2eb47cecc464545ba58e1ad24/library/std/src/../../backtrace/src/backtrace/libunwind.rs:116:5
[INFO] [stdout]    1:     0x5980754fc65a - std::backtrace_rs::backtrace::trace_unsynchronized::h2da071e4327ce3ee
[INFO] [stdout]                                at /rustc/6067b36314ab5eb2eb47cecc464545ba58e1ad24/library/std/src/../../backtrace/src/backtrace/mod.rs:66:5
[INFO] [stdout]    2:     0x5980754fc65a - std::sys::backtrace::_print_fmt::h842a1474e6f8d23f
[INFO] [stdout]                                at /rustc/6067b36314ab5eb2eb47cecc464545ba58e1ad24/library/std/src/sys/backtrace.rs:66:9
[INFO] [stdout]    3:     0x5980754fc65a - <std::sys::backtrace::BacktraceLock::print::DisplayBacktrace as core::fmt::Display>::fmt::h71a62eb3b9696b12
[INFO] [stdout]                                at /rustc/6067b36314ab5eb2eb47cecc464545ba58e1ad24/library/std/src/sys/backtrace.rs:39:26
[INFO] [stdout]    4:     0x5980755255a3 - core::fmt::rt::Argument::fmt::hdb6b616786b41dc1
[INFO] [stdout]                                at /rustc/6067b36314ab5eb2eb47cecc464545ba58e1ad24/library/core/src/fmt/rt.rs:177:76
[INFO] [stdout]    5:     0x5980755255a3 - core::fmt::write::h2cc1698af7e2d686
[INFO] [stdout]                                at /rustc/6067b36314ab5eb2eb47cecc464545ba58e1ad24/library/core/src/fmt/mod.rs:1440:21
[INFO] [stdout]    6:     0x5980754f9103 - std::io::Write::write_fmt::hab1b4cd059a79022
[INFO] [stdout]                                at /rustc/6067b36314ab5eb2eb47cecc464545ba58e1ad24/library/std/src/io/mod.rs:1887:15
[INFO] [stdout]    7:     0x5980754fc4a2 - std::sys::backtrace::BacktraceLock::print::h147fe35b4ea13b08
[INFO] [stdout]                                at /rustc/6067b36314ab5eb2eb47cecc464545ba58e1ad24/library/std/src/sys/backtrace.rs:42:9
[INFO] [stdout]    8:     0x5980754fda7f - std::panicking::default_hook::{{closure}}::hbd44223dbdc0d208
[INFO] [stdout]                                at /rustc/6067b36314ab5eb2eb47cecc464545ba58e1ad24/library/std/src/panicking.rs:298:22
[INFO] [stdout]    9:     0x5980754fd898 - std::panicking::default_hook::h20f81eb0576efcec
[INFO] [stdout]                                at /rustc/6067b36314ab5eb2eb47cecc464545ba58e1ad24/library/std/src/panicking.rs:322:9
[INFO] [stdout]   10:     0x598075423173 - <alloc::boxed::Box<F,A> as core::ops::function::Fn<Args>>::call::hdb53814c496a4d34
[INFO] [stdout]                                at /rustc/6067b36314ab5eb2eb47cecc464545ba58e1ad24/library/alloc/src/boxed.rs:2027:9
[INFO] [stdout]   11:     0x598075423173 - test::test_main::{{closure}}::hc0a4963c59427c24
[INFO] [stdout]                                at /rustc/6067b36314ab5eb2eb47cecc464545ba58e1ad24/library/test/src/lib.rs:134:21
[INFO] [stdout]   12:     0x5980754fe573 - <alloc::boxed::Box<F,A> as core::ops::function::Fn<Args>>::call::h591b2225413a77e9
[INFO] [stdout]                                at /rustc/6067b36314ab5eb2eb47cecc464545ba58e1ad24/library/alloc/src/boxed.rs:2027:9
[INFO] [stdout]   13:     0x5980754fe573 - std::panicking::rust_panic_with_hook::h625eea43051b2edc
[INFO] [stdout]                                at /rustc/6067b36314ab5eb2eb47cecc464545ba58e1ad24/library/std/src/panicking.rs:839:13
[INFO] [stdout]   14:     0x5980754fe22a - std::panicking::begin_panic_handler::{{closure}}::h4f9159cfbc3f6bd3
[INFO] [stdout]                                at /rustc/6067b36314ab5eb2eb47cecc464545ba58e1ad24/library/std/src/panicking.rs:704:13
[INFO] [stdout]   15:     0x5980754fcb59 - std::sys::backtrace::__rust_end_short_backtrace::h0390abce48353151
[INFO] [stdout]                                at /rustc/6067b36314ab5eb2eb47cecc464545ba58e1ad24/library/std/src/sys/backtrace.rs:168:18
[INFO] [stdout]   16:     0x5980754fdebd - rust_begin_unwind
[INFO] [stdout]                                at /rustc/6067b36314ab5eb2eb47cecc464545ba58e1ad24/library/std/src/panicking.rs:695:5
[INFO] [stdout]   17:     0x598075523f80 - core::panicking::panic_fmt::h9e7c637e9e5f29c9
[INFO] [stdout]                                at /rustc/6067b36314ab5eb2eb47cecc464545ba58e1ad24/library/core/src/panicking.rs:75:14
[INFO] [stdout]   18:     0x5980755243f6 - core::result::unwrap_failed::h7979f09313fe1849
[INFO] [stdout]                                at /rustc/6067b36314ab5eb2eb47cecc464545ba58e1ad24/library/core/src/result.rs:1704:5
[INFO] [stdout]   19:     0x5980753dd23d - core::result::Result<T,E>::expect::h934abc0613c804ad
[INFO] [stdout]                                at /rustc/6067b36314ab5eb2eb47cecc464545ba58e1ad24/library/core/src/result.rs:1061:23
[INFO] [stdout]   20:     0x5980753d2298 - ddnnf_lib::data_structure::Ddnnf::card_multi_queries::h48b614f0b750d7aa
[INFO] [stdout]                                at /opt/rustwide/workdir/src/data_structure/mod.rs:793:17
[INFO] [stdout]   21:     0x5980753b61fa - data_structure::card_of_pc_test::ha82243b25fb152df
[INFO] [stdout]                                at /opt/rustwide/workdir/tests/data_structure.rs:51:5
[INFO] [stdout]   22:     0x5980753b6117 - data_structure::card_of_pc_test::{{closure}}::ha6fef3030e4b1066
[INFO] [stdout]                                at /opt/rustwide/workdir/tests/data_structure.rs:42:21
[INFO] [stdout]   23:     0x5980753dfc66 - core::ops::function::FnOnce::call_once::hd55460e213294b69
[INFO] [stdout]                                at /rustc/6067b36314ab5eb2eb47cecc464545ba58e1ad24/library/core/src/ops/function.rs:250:5
[INFO] [stdout]   24:     0x5980754288cb - core::ops::function::FnOnce::call_once::he27718dfdd183f43
[INFO] [stdout]                                at /rustc/6067b36314ab5eb2eb47cecc464545ba58e1ad24/library/core/src/ops/function.rs:250:5
[INFO] [stdout]   25:     0x5980754288cb - test::__rust_begin_short_backtrace::h4e84902998457a5d
[INFO] [stdout]                                at /rustc/6067b36314ab5eb2eb47cecc464545ba58e1ad24/library/test/src/lib.rs:632:18
[INFO] [stdout]   26:     0x598075427803 - test::run_test_in_process::{{closure}}::h7176fd18fc1feca0
[INFO] [stdout]                                at /rustc/6067b36314ab5eb2eb47cecc464545ba58e1ad24/library/test/src/lib.rs:655:60
[INFO] [stdout]   27:     0x598075427803 - <core::panic::unwind_safe::AssertUnwindSafe<F> as core::ops::function::FnOnce<()>>::call_once::hf79cff2a624d8cf7
[INFO] [stdout]                                at /rustc/6067b36314ab5eb2eb47cecc464545ba58e1ad24/library/core/src/panic/unwind_safe.rs:272:9
[INFO] [stdout]   28:     0x598075427803 - std::panicking::try::do_call::h3da0561d9ab99c25
[INFO] [stdout]                                at /rustc/6067b36314ab5eb2eb47cecc464545ba58e1ad24/library/std/src/panicking.rs:587:40
[INFO] [stdout]   29:     0x598075427803 - std::panicking::try::h41c9fa508bc61df6
[INFO] [stdout]                                at /rustc/6067b36314ab5eb2eb47cecc464545ba58e1ad24/library/std/src/panicking.rs:550:19
[INFO] [stdout]   30:     0x598075427803 - std::panic::catch_unwind::h6b3ff07bb5afad93
[INFO] [stdout]                                at /rustc/6067b36314ab5eb2eb47cecc464545ba58e1ad24/library/std/src/panic.rs:358:14
[INFO] [stdout]   31:     0x598075427803 - test::run_test_in_process::hc7253dd11b39b9f4
[INFO] [stdout]                                at /rustc/6067b36314ab5eb2eb47cecc464545ba58e1ad24/library/test/src/lib.rs:655:27
[INFO] [stdout]   32:     0x598075427803 - test::run_test::{{closure}}::hfb2007f8649c30bb
[INFO] [stdout]                                at /rustc/6067b36314ab5eb2eb47cecc464545ba58e1ad24/library/test/src/lib.rs:576:43
[INFO] [stdout]   33:     0x5980753ea8e5 - test::run_test::{{closure}}::h56a17aa7a282a9f4
[INFO] [stdout]                                at /rustc/6067b36314ab5eb2eb47cecc464545ba58e1ad24/library/test/src/lib.rs:606:41
[INFO] [stdout]   34:     0x5980753ea8e5 - std::sys::backtrace::__rust_begin_short_backtrace::hd2d2d2fb8e8c6aac
[INFO] [stdout]                                at /rustc/6067b36314ab5eb2eb47cecc464545ba58e1ad24/library/std/src/sys/backtrace.rs:152:18
[INFO] [stdout]   35:     0x5980753ee1ca - std::thread::Builder::spawn_unchecked_::{{closure}}::{{closure}}::h4faa3f9db6133423
[INFO] [stdout]                                at /rustc/6067b36314ab5eb2eb47cecc464545ba58e1ad24/library/std/src/thread/mod.rs:559:17
[INFO] [stdout]   36:     0x5980753ee1ca - <core::panic::unwind_safe::AssertUnwindSafe<F> as core::ops::function::FnOnce<()>>::call_once::hf2e855a36a4ea846
[INFO] [stdout]                                at /rustc/6067b36314ab5eb2eb47cecc464545ba58e1ad24/library/core/src/panic/unwind_safe.rs:272:9
[INFO] [stdout]   37:     0x5980753ee1ca - std::panicking::try::do_call::h2f73af3616c35465
[INFO] [stdout]                                at /rustc/6067b36314ab5eb2eb47cecc464545ba58e1ad24/library/std/src/panicking.rs:587:40
[INFO] [stdout]   38:     0x5980753ee1ca - std::panicking::try::hd1660ce9efadef5a
[INFO] [stdout]                                at /rustc/6067b36314ab5eb2eb47cecc464545ba58e1ad24/library/std/src/panicking.rs:550:19
[INFO] [stdout]   39:     0x5980753ee1ca - std::panic::catch_unwind::h5ee8d7823b8ca744
[INFO] [stdout]                                at /rustc/6067b36314ab5eb2eb47cecc464545ba58e1ad24/library/std/src/panic.rs:358:14
[INFO] [stdout]   40:     0x5980753ee1ca - std::thread::Builder::spawn_unchecked_::{{closure}}::h53c3a1894dce8407
[INFO] [stdout]                                at /rustc/6067b36314ab5eb2eb47cecc464545ba58e1ad24/library/std/src/thread/mod.rs:557:30
[INFO] [stdout]   41:     0x5980753ee1ca - core::ops::function::FnOnce::call_once{{vtable.shim}}::h048ce291ad4f62bf
[INFO] [stdout]                                at /rustc/6067b36314ab5eb2eb47cecc464545ba58e1ad24/library/core/src/ops/function.rs:250:5
[INFO] [stdout]   42:     0x59807550259b - <alloc::boxed::Box<F,A> as core::ops::function::FnOnce<Args>>::call_once::ha52bedf99a3b4981
[INFO] [stdout]                                at /rustc/6067b36314ab5eb2eb47cecc464545ba58e1ad24/library/alloc/src/boxed.rs:2013:9
[INFO] [stdout]   43:     0x59807550259b - <alloc::boxed::Box<F,A> as core::ops::function::FnOnce<Args>>::call_once::h567748934d80ccf8
[INFO] [stdout]                                at /rustc/6067b36314ab5eb2eb47cecc464545ba58e1ad24/library/alloc/src/boxed.rs:2013:9
[INFO] [stdout]   44:     0x59807550259b - std::sys::pal::unix::thread::Thread::new::thread_start::h2d970728ae887adc
[INFO] [stdout]                                at /rustc/6067b36314ab5eb2eb47cecc464545ba58e1ad24/library/std/src/sys/pal/unix/thread.rs:106:17
[INFO] [stdout]   45:     0x72051add4ac3 - <unknown>
[INFO] [stdout]   46:     0x72051ae65a04 - clone
[INFO] [stdout]   47:                0x0 - <unknown>
[INFO] [stdout] 
[INFO] [stdout] ---- card_of_features_test stdout ----
[INFO] [stdout] 
[INFO] [stdout] thread 'card_of_features_test' panicked at tests/data_structure.rs:20:38:
[INFO] [stdout] called `Result::unwrap()` on an `Err` value: Os { code: 2, kind: NotFound, message: "No such file or directory" }
[INFO] [stdout] stack backtrace:
[INFO] [stdout]    0:     0x5980754fc65a - std::backtrace_rs::backtrace::libunwind::trace::hb059275cfc8d6126
[INFO] [stdout]                                at /rustc/6067b36314ab5eb2eb47cecc464545ba58e1ad24/library/std/src/../../backtrace/src/backtrace/libunwind.rs:116:5
[INFO] [stdout]    1:     0x5980754fc65a - std::backtrace_rs::backtrace::trace_unsynchronized::h2da071e4327ce3ee
[INFO] [stdout]                                at /rustc/6067b36314ab5eb2eb47cecc464545ba58e1ad24/library/std/src/../../backtrace/src/backtrace/mod.rs:66:5
[INFO] [stdout]    2:     0x5980754fc65a - std::sys::backtrace::_print_fmt::h842a1474e6f8d23f
[INFO] [stdout]                                at /rustc/6067b36314ab5eb2eb47cecc464545ba58e1ad24/library/std/src/sys/backtrace.rs:66:9
[INFO] [stdout]    3:     0x5980754fc65a - <std::sys::backtrace::BacktraceLock::print::DisplayBacktrace as core::fmt::Display>::fmt::h71a62eb3b9696b12
[INFO] [stdout]                                at /rustc/6067b36314ab5eb2eb47cecc464545ba58e1ad24/library/std/src/sys/backtrace.rs:39:26
[INFO] [stdout]    4:     0x5980755255a3 - core::fmt::rt::Argument::fmt::hdb6b616786b41dc1
[INFO] [stdout]                                at /rustc/6067b36314ab5eb2eb47cecc464545ba58e1ad24/library/core/src/fmt/rt.rs:177:76
[INFO] [stdout]    5:     0x5980755255a3 - core::fmt::write::h2cc1698af7e2d686
[INFO] [stdout]                                at /rustc/6067b36314ab5eb2eb47cecc464545ba58e1ad24/library/core/src/fmt/mod.rs:1440:21
[INFO] [stdout]    6:     0x5980754f9103 - std::io::Write::write_fmt::hab1b4cd059a79022
[INFO] [stdout]                                at /rustc/6067b36314ab5eb2eb47cecc464545ba58e1ad24/library/std/src/io/mod.rs:1887:15
[INFO] [stdout]    7:     0x5980754fc4a2 - std::sys::backtrace::BacktraceLock::print::h147fe35b4ea13b08
[INFO] [stdout]                                at /rustc/6067b36314ab5eb2eb47cecc464545ba58e1ad24/library/std/src/sys/backtrace.rs:42:9
[INFO] [stdout]    8:     0x5980754fda7f - std::panicking::default_hook::{{closure}}::hbd44223dbdc0d208
[INFO] [stdout]                                at /rustc/6067b36314ab5eb2eb47cecc464545ba58e1ad24/library/std/src/panicking.rs:298:22
[INFO] [stdout]    9:     0x5980754fd898 - std::panicking::default_hook::h20f81eb0576efcec
[INFO] [stdout]                                at /rustc/6067b36314ab5eb2eb47cecc464545ba58e1ad24/library/std/src/panicking.rs:322:9
[INFO] [stdout]   10:     0x598075423173 - <alloc::boxed::Box<F,A> as core::ops::function::Fn<Args>>::call::hdb53814c496a4d34
[INFO] [stdout]                                at /rustc/6067b36314ab5eb2eb47cecc464545ba58e1ad24/library/alloc/src/boxed.rs:2027:9
[INFO] [stdout]   11:     0x598075423173 - test::test_main::{{closure}}::hc0a4963c59427c24
[INFO] [stdout]                                at /rustc/6067b36314ab5eb2eb47cecc464545ba58e1ad24/library/test/src/lib.rs:134:21
[INFO] [stdout]   12:     0x5980754fe573 - <alloc::boxed::Box<F,A> as core::ops::function::Fn<Args>>::call::h591b2225413a77e9
[INFO] [stdout]                                at /rustc/6067b36314ab5eb2eb47cecc464545ba58e1ad24/library/alloc/src/boxed.rs:2027:9
[INFO] [stdout]   13:     0x5980754fe573 - std::panicking::rust_panic_with_hook::h625eea43051b2edc
[INFO] [stdout]                                at /rustc/6067b36314ab5eb2eb47cecc464545ba58e1ad24/library/std/src/panicking.rs:839:13
[INFO] [stdout]   14:     0x5980754fe22a - std::panicking::begin_panic_handler::{{closure}}::h4f9159cfbc3f6bd3
[INFO] [stdout]                                at /rustc/6067b36314ab5eb2eb47cecc464545ba58e1ad24/library/std/src/panicking.rs:704:13
[INFO] [stdout]   15:     0x5980754fcb59 - std::sys::backtrace::__rust_end_short_backtrace::h0390abce48353151
[INFO] [stdout]                                at /rustc/6067b36314ab5eb2eb47cecc464545ba58e1ad24/library/std/src/sys/backtrace.rs:168:18
[INFO] [stdout]   16:     0x5980754fdebd - rust_begin_unwind
[INFO] [stdout]                                at /rustc/6067b36314ab5eb2eb47cecc464545ba58e1ad24/library/std/src/panicking.rs:695:5
[INFO] [stdout]   17:     0x598075523f80 - core::panicking::panic_fmt::h9e7c637e9e5f29c9
[INFO] [stdout]                                at /rustc/6067b36314ab5eb2eb47cecc464545ba58e1ad24/library/core/src/panicking.rs:75:14
[INFO] [stdout]   18:     0x5980755243f6 - core::result::unwrap_failed::h7979f09313fe1849
[INFO] [stdout]                                at /rustc/6067b36314ab5eb2eb47cecc464545ba58e1ad24/library/core/src/result.rs:1704:5
[INFO] [stdout]   19:     0x5980753b5bdc - core::result::Result<T,E>::unwrap::hec0a64f0222775f9
[INFO] [stdout]                                at /rustc/6067b36314ab5eb2eb47cecc464545ba58e1ad24/library/core/src/result.rs:1109:23
[INFO] [stdout]   20:     0x5980753b5bdc - data_structure::card_of_features_test::hb41c80bebbedf6aa
[INFO] [stdout]                                at /opt/rustwide/workdir/tests/data_structure.rs:20:18
[INFO] [stdout]   21:     0x5980753b5977 - data_structure::card_of_features_test::{{closure}}::h00393abd95128f73
[INFO] [stdout]                                at /opt/rustwide/workdir/tests/data_structure.rs:11:27
[INFO] [stdout]   22:     0x5980753dfbe6 - core::ops::function::FnOnce::call_once::hcbce743d8359545b
[INFO] [stdout]                                at /rustc/6067b36314ab5eb2eb47cecc464545ba58e1ad24/library/core/src/ops/function.rs:250:5
[INFO] [stdout]   23:     0x5980754288cb - core::ops::function::FnOnce::call_once::he27718dfdd183f43
[INFO] [stdout]                                at /rustc/6067b36314ab5eb2eb47cecc464545ba58e1ad24/library/core/src/ops/function.rs:250:5
[INFO] [stdout]   24:     0x5980754288cb - test::__rust_begin_short_backtrace::h4e84902998457a5d
[INFO] [stdout]                                at /rustc/6067b36314ab5eb2eb47cecc464545ba58e1ad24/library/test/src/lib.rs:632:18
[INFO] [stdout]   25:     0x598075427803 - test::run_test_in_process::{{closure}}::h7176fd18fc1feca0
[INFO] [stdout]                                at /rustc/6067b36314ab5eb2eb47cecc464545ba58e1ad24/library/test/src/lib.rs:655:60
[INFO] [stdout]   26:     0x598075427803 - <core::panic::unwind_safe::AssertUnwindSafe<F> as core::ops::function::FnOnce<()>>::call_once::hf79cff2a624d8cf7
[INFO] [stdout]                                at /rustc/6067b36314ab5eb2eb47cecc464545ba58e1ad24/library/core/src/panic/unwind_safe.rs:272:9
[INFO] [stdout]   27:     0x598075427803 - std::panicking::try::do_call::h3da0561d9ab99c25
[INFO] [stdout]                                at /rustc/6067b36314ab5eb2eb47cecc464545ba58e1ad24/library/std/src/panicking.rs:587:40
[INFO] [stdout]   28:     0x598075427803 - std::panicking::try::h41c9fa508bc61df6
[INFO] [stdout]                                at /rustc/6067b36314ab5eb2eb47cecc464545ba58e1ad24/library/std/src/panicking.rs:550:19
[INFO] [stdout]   29:     0x598075427803 - std::panic::catch_unwind::h6b3ff07bb5afad93
[INFO] [stdout]                                at /rustc/6067b36314ab5eb2eb47cecc464545ba58e1ad24/library/std/src/panic.rs:358:14
[INFO] [stdout]   30:     0x598075427803 - test::run_test_in_process::hc7253dd11b39b9f4
[INFO] [stdout]                                at /rustc/6067b36314ab5eb2eb47cecc464545ba58e1ad24/library/test/src/lib.rs:655:27
[INFO] [stdout]   31:     0x598075427803 - test::run_test::{{closure}}::hfb2007f8649c30bb
[INFO] [stdout]                                at /rustc/6067b36314ab5eb2eb47cecc464545ba58e1ad24/library/test/src/lib.rs:576:43
[INFO] [stdout]   32:     0x5980753ea8e5 - test::run_test::{{closure}}::h56a17aa7a282a9f4
[INFO] [stdout]                                at /rustc/6067b36314ab5eb2eb47cecc464545ba58e1ad24/library/test/src/lib.rs:606:41
[INFO] [stdout]   33:     0x5980753ea8e5 - std::sys::backtrace::__rust_begin_short_backtrace::hd2d2d2fb8e8c6aac
[INFO] [stdout]                                at /rustc/6067b36314ab5eb2eb47cecc464545ba58e1ad24/library/std/src/sys/backtrace.rs:152:18
[INFO] [stdout]   34:     0x5980753ee1ca - std::thread::Builder::spawn_unchecked_::{{closure}}::{{closure}}::h4faa3f9db6133423
[INFO] [stdout]                                at /rustc/6067b36314ab5eb2eb47cecc464545ba58e1ad24/library/std/src/thread/mod.rs:559:17
[INFO] [stdout]   35:     0x5980753ee1ca - <core::panic::unwind_safe::AssertUnwindSafe<F> as core::ops::function::FnOnce<()>>::call_once::hf2e855a36a4ea846
[INFO] [stdout]                                at /rustc/6067b36314ab5eb2eb47cecc464545ba58e1ad24/library/core/src/panic/unwind_safe.rs:272:9
[INFO] [stdout]   36:     0x5980753ee1ca - std::panicking::try::do_call::h2f73af3616c35465
[INFO] [stdout]                                at /rustc/6067b36314ab5eb2eb47cecc464545ba58e1ad24/library/std/src/panicking.rs:587:40
[INFO] [stdout]   37:     0x5980753ee1ca - std::panicking::try::hd1660ce9efadef5a
[INFO] [stdout]                                at /rustc/6067b36314ab5eb2eb47cecc464545ba58e1ad24/library/std/src/panicking.rs:550:19
[INFO] [stdout]   38:     0x5980753ee1ca - std::panic::catch_unwind::h5ee8d7823b8ca744
[INFO] [stdout]                                at /rustc/6067b36314ab5eb2eb47cecc464545ba58e1ad24/library/std/src/panic.rs:358:14
[INFO] [stdout]   39:     0x5980753ee1ca - std::thread::Builder::spawn_unchecked_::{{closure}}::h53c3a1894dce8407
[INFO] [stdout]                                at /rustc/6067b36314ab5eb2eb47cecc464545ba58e1ad24/library/std/src/thread/mod.rs:557:30
[INFO] [stdout]   40:     0x5980753ee1ca - core::ops::function::FnOnce::call_once{{vtable.shim}}::h048ce291ad4f62bf
[INFO] [stdout]                                at /rustc/6067b36314ab5eb2eb47cecc464545ba58e1ad24/library/core/src/ops/function.rs:250:5
[INFO] [stdout]   41:     0x59807550259b - <alloc::boxed::Box<F,A> as core::ops::function::FnOnce<Args>>::call_once::ha52bedf99a3b4981
[INFO] [stdout]                                at /rustc/6067b36314ab5eb2eb47cecc464545ba58e1ad24/library/alloc/src/boxed.rs:2013:9
[INFO] [stdout]   42:     0x59807550259b - <alloc::boxed::Box<F,A> as core::ops::function::FnOnce<Args>>::call_once::h567748934d80ccf8
[INFO] [stdout]                                at /rustc/6067b36314ab5eb2eb47cecc464545ba58e1ad24/library/alloc/src/boxed.rs:2013:9
[INFO] [stdout]   43:     0x59807550259b - std::sys::pal::unix::thread::Thread::new::thread_start::h2d970728ae887adc
[INFO] [stdout]                                at /rustc/6067b36314ab5eb2eb47cecc464545ba58e1ad24/library/std/src/sys/pal/unix/thread.rs:106:17
[INFO] [stdout]   44:     0x72051add4ac3 - <unknown>
[INFO] [stdout]   45:     0x72051ae65a04 - clone
[INFO] [stdout]   46:                0x0 - <unknown>
[INFO] [stdout] 
[INFO] [stdout] 
[INFO] [stdout] failures:
[INFO] [stdout]     card_of_features_test
[INFO] [stdout]     card_of_pc_test
[INFO] [stdout] 
[INFO] [stdout] test result: FAILED. 1 passed; 2 failed; 0 ignored; 0 measured; 0 filtered out; finished in 11.55s
[INFO] [stdout] 
[INFO] [stderr] error: test failed, to rerun pass `--test data_structure`
[INFO] running `Command { std: "docker" "inspect" "f800d7aa4c8c1d8c60d80bbdf9e0b7c12e5a49e9501b934827047128fa8d5dbd", kill_on_drop: false }`
[INFO] running `Command { std: "docker" "rm" "-f" "f800d7aa4c8c1d8c60d80bbdf9e0b7c12e5a49e9501b934827047128fa8d5dbd", kill_on_drop: false }`
[INFO] [stdout] f800d7aa4c8c1d8c60d80bbdf9e0b7c12e5a49e9501b934827047128fa8d5dbd
