[INFO] cloning repository https://github.com/daxartio/mockser
[INFO] running `Command { std: "git" "-c" "credential.helper=" "-c" "credential.helper=/workspace/cargo-home/bin/git-credential-null" "clone" "--bare" "https://github.com/daxartio/mockser" "/workspace/cache/git-repos/https%3A%2F%2Fgithub.com%2Fdaxartio%2Fmockser", kill_on_drop: false }`
[INFO] [stderr] Cloning into bare repository '/workspace/cache/git-repos/https%3A%2F%2Fgithub.com%2Fdaxartio%2Fmockser'...
[INFO] running `Command { std: "git" "rev-parse" "HEAD", kill_on_drop: false }`
[INFO] [stdout] c946354a71184c495fc24b8ae88985933911dead
[INFO] testing daxartio/mockser against nightly-2025-01-18+rustflags=-Zrandomize-layout for randomize-layout-2
[INFO] running `Command { std: "git" "clone" "/workspace/cache/git-repos/https%3A%2F%2Fgithub.com%2Fdaxartio%2Fmockser" "/workspace/builds/worker-5-tc2/source", kill_on_drop: false }`
[INFO] [stderr] Cloning into '/workspace/builds/worker-5-tc2/source'...
[INFO] [stderr] done.
[INFO] validating manifest of git repo https://github.com/daxartio/mockser on toolchain nightly-2025-01-18
[INFO] running `Command { std: CARGO_HOME="/workspace/cargo-home" RUSTUP_HOME="/workspace/rustup-home" "/workspace/cargo-home/bin/cargo" "+nightly-2025-01-18" "metadata" "--manifest-path" "Cargo.toml" "--no-deps", kill_on_drop: false }`
[INFO] started tweaking git repo https://github.com/daxartio/mockser
[INFO] finished tweaking git repo https://github.com/daxartio/mockser
[INFO] tweaked toml for git repo https://github.com/daxartio/mockser written to /workspace/builds/worker-5-tc2/source/Cargo.toml
[INFO] crate git repo https://github.com/daxartio/mockser already has a lockfile, it will not be regenerated
[INFO] running `Command { std: CARGO_HOME="/workspace/cargo-home" RUSTUP_HOME="/workspace/rustup-home" "/workspace/cargo-home/bin/cargo" "+nightly-2025-01-18" "fetch" "--manifest-path" "Cargo.toml", kill_on_drop: false }`
[INFO] [stderr]     Blocking waiting for file lock on package cache
[INFO] [stderr]     Blocking waiting for file lock on package cache
[INFO] running `Command { std: "docker" "create" "-v" "/var/lib/crater-agent-workspace/builds/worker-5-tc2/target:/opt/rustwide/target:rw,Z" "-v" "/var/lib/crater-agent-workspace/builds/worker-5-tc2/source:/opt/rustwide/workdir:ro,Z" "-v" "/var/lib/crater-agent-workspace/cargo-home:/opt/rustwide/cargo-home:ro,Z" "-v" "/var/lib/crater-agent-workspace/rustup-home:/opt/rustwide/rustup-home:ro,Z" "-e" "SOURCE_DIR=/opt/rustwide/workdir" "-e" "CARGO_TARGET_DIR=/opt/rustwide/target" "-e" "CARGO_HOME=/opt/rustwide/cargo-home" "-e" "RUSTUP_HOME=/opt/rustwide/rustup-home" "-w" "/opt/rustwide/workdir" "-m" "1610612736" "--user" "0:0" "--network" "none" "ghcr.io/rust-lang/crates-build-env/linux@sha256:819108c5571ea2e421544af4d832f968d213c87fbe3707a016657f43d2f853bc" "/opt/rustwide/cargo-home/bin/cargo" "+nightly-2025-01-18" "metadata" "--no-deps" "--format-version=1", kill_on_drop: false }`
[INFO] [stdout] 923692b83f9b8943e67b03dfe1655517725859bd245cc6fbfe465cc70fdfda1b
[INFO] running `Command { std: "docker" "start" "-a" "923692b83f9b8943e67b03dfe1655517725859bd245cc6fbfe465cc70fdfda1b", kill_on_drop: false }`
[INFO] running `Command { std: "docker" "inspect" "923692b83f9b8943e67b03dfe1655517725859bd245cc6fbfe465cc70fdfda1b", kill_on_drop: false }`
[INFO] running `Command { std: "docker" "rm" "-f" "923692b83f9b8943e67b03dfe1655517725859bd245cc6fbfe465cc70fdfda1b", kill_on_drop: false }`
[INFO] [stdout] 923692b83f9b8943e67b03dfe1655517725859bd245cc6fbfe465cc70fdfda1b
[INFO] running `Command { std: "docker" "create" "-v" "/var/lib/crater-agent-workspace/builds/worker-5-tc2/target:/opt/rustwide/target:rw,Z" "-v" "/var/lib/crater-agent-workspace/builds/worker-5-tc2/source:/opt/rustwide/workdir:ro,Z" "-v" "/var/lib/crater-agent-workspace/cargo-home:/opt/rustwide/cargo-home:ro,Z" "-v" "/var/lib/crater-agent-workspace/rustup-home:/opt/rustwide/rustup-home:ro,Z" "-e" "SOURCE_DIR=/opt/rustwide/workdir" "-e" "CARGO_TARGET_DIR=/opt/rustwide/target" "-e" "CARGO_INCREMENTAL=0" "-e" "RUST_BACKTRACE=full" "-e" "RUSTFLAGS=--cap-lints=forbid -Zrandomize-layout" "-e" "RUSTDOCFLAGS=--cap-lints=forbid" "-e" "CARGO_HOME=/opt/rustwide/cargo-home" "-e" "RUSTUP_HOME=/opt/rustwide/rustup-home" "-w" "/opt/rustwide/workdir" "-m" "1610612736" "--user" "0:0" "--network" "none" "ghcr.io/rust-lang/crates-build-env/linux@sha256:819108c5571ea2e421544af4d832f968d213c87fbe3707a016657f43d2f853bc" "/opt/rustwide/cargo-home/bin/cargo" "+nightly-2025-01-18" "build" "--frozen" "--message-format=json", kill_on_drop: false }`
[INFO] [stdout] d8a44c75c2e3712e7769be7901f9cc642877bc97f163c459198fdec69e079c47
[INFO] running `Command { std: "docker" "start" "-a" "d8a44c75c2e3712e7769be7901f9cc642877bc97f163c459198fdec69e079c47", kill_on_drop: false }`
[INFO] [stderr]    Compiling proc-macro2 v1.0.78
[INFO] [stderr]    Compiling unicode-ident v1.0.12
[INFO] [stderr]    Compiling serde v1.0.209
[INFO] [stderr]    Compiling once_cell v1.19.0
[INFO] [stderr]    Compiling memchr v2.7.1
[INFO] [stderr]    Compiling libc v0.2.153
[INFO] [stderr]    Compiling cfg-if v1.0.0
[INFO] [stderr]    Compiling itoa v1.0.10
[INFO] [stderr]    Compiling pin-project-lite v0.2.13
[INFO] [stderr]    Compiling crunchy v0.2.2
[INFO] [stderr]    Compiling tiny-keccak v2.0.2
[INFO] [stderr]    Compiling futures-core v0.3.30
[INFO] [stderr]    Compiling rustversion v1.0.14
[INFO] [stderr]    Compiling thiserror v1.0.56
[INFO] [stderr]    Compiling bytes v1.5.0
[INFO] [stderr]    Compiling futures-task v0.3.30
[INFO] [stderr]    Compiling pin-utils v0.1.0
[INFO] [stderr]    Compiling fnv v1.0.7
[INFO] [stderr]    Compiling ucd-trie v0.1.6
[INFO] [stderr]    Compiling httparse v1.8.0
[INFO] [stderr]    Compiling futures-util v0.3.30
[INFO] [stderr]    Compiling tracing-core v0.1.32
[INFO] [stderr]    Compiling equivalent v1.0.1
[INFO] [stderr]    Compiling async-trait v0.1.77
[INFO] [stderr]    Compiling hashbrown v0.14.3
[INFO] [stderr]    Compiling serde_json v1.0.125
[INFO] [stderr]    Compiling regex-syntax v0.8.2
[INFO] [stderr]    Compiling winnow v0.5.37
[INFO] [stderr]    Compiling cc v1.0.97
[INFO] [stderr]    Compiling ryu v1.0.16
[INFO] [stderr]    Compiling utf8parse v0.2.1
[INFO] [stderr]    Compiling anstyle-parse v0.2.3
[INFO] [stderr]    Compiling futures-channel v0.3.30
[INFO] [stderr]    Compiling percent-encoding v2.3.1
[INFO] [stderr]    Compiling mio v1.0.1
[INFO] [stderr]    Compiling http v1.0.0
[INFO] [stderr]    Compiling socket2 v0.5.5
[INFO] [stderr]    Compiling quote v1.0.35
[INFO] [stderr]    Compiling signal-hook-registry v1.4.1
[INFO] [stderr]    Compiling aho-corasick v1.1.2
[INFO] [stderr]    Compiling indexmap v2.2.2
[INFO] [stderr]    Compiling axum-core v0.4.3
[INFO] [stderr]    Compiling syn v2.0.48
[INFO] [stderr]    Compiling colorchoice v1.0.0
[INFO] [stderr]    Compiling tower-layer v0.3.2
[INFO] [stderr]    Compiling anstyle-query v1.0.2
[INFO] [stderr]    Compiling tower-service v0.3.2
[INFO] [stderr]    Compiling httpdate v1.0.3
[INFO] [stderr]    Compiling getrandom v0.2.12
[INFO] [stderr]    Compiling hashbrown v0.13.2
[INFO] [stderr]    Compiling lazy_static v1.4.0
[INFO] [stderr]    Compiling anstyle v1.0.6
[INFO] [stderr]    Compiling gimli v0.28.1
[INFO] [stderr]    Compiling const-random-macro v0.1.16
[INFO] [stderr]    Compiling adler v1.0.2
[INFO] [stderr]    Compiling miniz_oxide v0.7.1
[INFO] [stderr]    Compiling http-body v1.0.0
[INFO] [stderr]    Compiling axum v0.7.5
[INFO] [stderr]    Compiling form_urlencoded v1.2.1
[INFO] [stderr]    Compiling anstream v0.6.11
[INFO] [stderr]    Compiling object v0.32.2
[INFO] [stderr]    Compiling overload v0.1.1
[INFO] [stderr]    Compiling base64 v0.21.7
[INFO] [stderr]    Compiling const-random v0.1.17
[INFO] [stderr]    Compiling sync_wrapper v0.1.2
[INFO] [stderr]    Compiling backtrace v0.3.69
[INFO] [stderr]    Compiling dlv-list v0.5.2
[INFO] [stderr]    Compiling linked-hash-map v0.5.6
[INFO] [stderr]    Compiling rustc-demangle v0.1.23
[INFO] [stderr]    Compiling minimal-lexical v0.2.1
[INFO] [stderr]    Compiling mime v0.3.17
[INFO] [stderr]    Compiling unicode-segmentation v1.10.1
[INFO] [stderr]    Compiling uuid v1.8.0
[INFO] [stderr]    Compiling nu-ansi-term v0.46.0
[INFO] [stderr]    Compiling yaml-rust v0.4.5
[INFO] [stderr]    Compiling ordered-multimap v0.6.0
[INFO] [stderr]    Compiling nom v7.1.3
[INFO] [stderr]    Compiling sharded-slab v0.1.7
[INFO] [stderr]    Compiling thread_local v1.1.7
[INFO] [stderr]    Compiling convert_case v0.6.0
[INFO] [stderr]    Compiling rust-ini v0.19.0
[INFO] [stderr]    Compiling pathdiff v0.2.1
[INFO] [stderr]    Compiling humantime v2.1.0
[INFO] [stderr]    Compiling smallvec v1.13.1
[INFO] [stderr]    Compiling matchit v0.7.3
[INFO] [stderr]    Compiling regex-automata v0.4.5
[INFO] [stderr]    Compiling sync_wrapper v1.0.0
[INFO] [stderr]    Compiling http-body-util v0.1.0
[INFO] [stderr]    Compiling addr2line v0.21.0
[INFO] [stderr]    Compiling regex v1.10.4
[INFO] [stderr]    Compiling serde_derive v1.0.209
[INFO] [stderr]    Compiling thiserror-impl v1.0.56
[INFO] [stderr]    Compiling tokio-macros v2.4.0
[INFO] [stderr]    Compiling tracing-attributes v0.1.27
[INFO] [stderr]    Compiling pin-project-internal v1.1.4
[INFO] [stderr]    Compiling tokio v1.39.2
[INFO] [stderr]    Compiling pest v2.7.6
[INFO] [stderr]    Compiling pin-project v1.1.4
[INFO] [stderr]    Compiling pest_meta v2.7.6
[INFO] [stderr]    Compiling pest_generator v2.7.6
[INFO] [stderr]    Compiling hyper v1.1.0
[INFO] [stderr]    Compiling pest_derive v2.7.6
[INFO] [stderr]    Compiling hyper-util v0.1.3
[INFO] [stderr]    Compiling serde_fmt v1.0.3
[INFO] [stderr]    Compiling erased-serde v0.4.4
[INFO] [stderr]    Compiling toml_datetime v0.6.5
[INFO] [stderr]    Compiling serde_spanned v0.6.5
[INFO] [stderr]    Compiling bitflags v2.4.2
[INFO] [stderr]    Compiling serde_path_to_error v0.1.15
[INFO] [stderr]    Compiling serde_urlencoded v0.7.1
[INFO] [stderr]    Compiling json5 v0.4.1
[INFO] [stderr]    Compiling toml_edit v0.21.1
[INFO] [stderr]    Compiling ron v0.8.1
[INFO] [stderr]    Compiling value-bag-serde1 v1.9.0
[INFO] [stderr]    Compiling value-bag v1.9.0
[INFO] [stderr]    Compiling log v0.4.22
[INFO] [stderr]    Compiling tracing v0.1.40
[INFO] [stderr]    Compiling env_filter v0.1.0
[INFO] [stderr]    Compiling os_info v3.7.0
[INFO] [stderr]    Compiling tracing-log v0.2.0
[INFO] [stderr]    Compiling tracing-subscriber v0.3.18
[INFO] [stderr]    Compiling env_logger v0.11.5
[INFO] [stderr]    Compiling tower v0.4.13
[INFO] [stderr]    Compiling toml v0.8.9
[INFO] [stderr]    Compiling human-panic v2.0.1
[INFO] [stderr]    Compiling config v0.14.0
[INFO] [stderr]    Compiling mockser v0.1.6 (/opt/rustwide/workdir)
[INFO] [stderr]     Finished `dev` profile [unoptimized + debuginfo] target(s) in 56.47s
[INFO] running `Command { std: "docker" "inspect" "d8a44c75c2e3712e7769be7901f9cc642877bc97f163c459198fdec69e079c47", kill_on_drop: false }`
[INFO] running `Command { std: "docker" "rm" "-f" "d8a44c75c2e3712e7769be7901f9cc642877bc97f163c459198fdec69e079c47", kill_on_drop: false }`
[INFO] [stdout] d8a44c75c2e3712e7769be7901f9cc642877bc97f163c459198fdec69e079c47
[INFO] running `Command { std: "docker" "create" "-v" "/var/lib/crater-agent-workspace/builds/worker-5-tc2/target:/opt/rustwide/target:rw,Z" "-v" "/var/lib/crater-agent-workspace/builds/worker-5-tc2/source:/opt/rustwide/workdir:ro,Z" "-v" "/var/lib/crater-agent-workspace/cargo-home:/opt/rustwide/cargo-home:ro,Z" "-v" "/var/lib/crater-agent-workspace/rustup-home:/opt/rustwide/rustup-home:ro,Z" "-e" "SOURCE_DIR=/opt/rustwide/workdir" "-e" "CARGO_TARGET_DIR=/opt/rustwide/target" "-e" "CARGO_INCREMENTAL=0" "-e" "RUST_BACKTRACE=full" "-e" "RUSTFLAGS=--cap-lints=forbid -Zrandomize-layout" "-e" "RUSTDOCFLAGS=--cap-lints=forbid" "-e" "CARGO_HOME=/opt/rustwide/cargo-home" "-e" "RUSTUP_HOME=/opt/rustwide/rustup-home" "-w" "/opt/rustwide/workdir" "-m" "1610612736" "--user" "0:0" "--network" "none" "ghcr.io/rust-lang/crates-build-env/linux@sha256:819108c5571ea2e421544af4d832f968d213c87fbe3707a016657f43d2f853bc" "/opt/rustwide/cargo-home/bin/cargo" "+nightly-2025-01-18" "test" "--frozen" "--no-run" "--message-format=json", kill_on_drop: false }`
[INFO] [stdout] fefd5a7ee6a885c486df8e261b1cc5e4139274c1818f11902549919607da1cf2
[INFO] running `Command { std: "docker" "start" "-a" "fefd5a7ee6a885c486df8e261b1cc5e4139274c1818f11902549919607da1cf2", kill_on_drop: false }`
[INFO] [stderr]    Compiling syn v2.0.48
[INFO] [stderr]    Compiling autocfg v1.1.0
[INFO] [stderr]    Compiling version_check v0.9.4
[INFO] [stderr]    Compiling pkg-config v0.3.30
[INFO] [stderr]    Compiling futures-sink v0.3.30
[INFO] [stderr]    Compiling futures-io v0.3.30
[INFO] [stderr]    Compiling vcpkg v0.2.15
[INFO] [stderr]    Compiling futures-task v0.3.30
[INFO] [stderr]    Compiling zerocopy v0.7.32
[INFO] [stderr]    Compiling regex-syntax v0.8.2
[INFO] [stderr]    Compiling getrandom v0.2.12
[INFO] [stderr]    Compiling typenum v1.17.0
[INFO] [stderr]    Compiling semver v1.0.22
[INFO] [stderr]    Compiling serde_json v1.0.125
[INFO] [stderr]    Compiling ppv-lite86 v0.2.17
[INFO] [stderr]    Compiling futures-channel v0.3.30
[INFO] [stderr]    Compiling encoding_index_tests v0.1.4
[INFO] [stderr]    Compiling rustix v0.38.31
[INFO] [stderr]    Compiling const-random-macro v0.1.16
[INFO] [stderr]    Compiling tinyvec_macros v0.1.1
[INFO] [stderr]    Compiling linux-raw-sys v0.4.13
[INFO] [stderr]    Compiling toml_datetime v0.6.5
[INFO] [stderr]    Compiling rand_core v0.6.4
[INFO] [stderr]    Compiling tinyvec v1.6.0
[INFO] [stderr]    Compiling crc32fast v1.4.0
[INFO] [stderr]    Compiling ahash v0.8.10
[INFO] [stderr]    Compiling generic-array v0.14.7
[INFO] [stderr]    Compiling slab v0.4.9
[INFO] [stderr]    Compiling num-traits v0.2.18
[INFO] [stderr]    Compiling const-random v0.1.17
[INFO] [stderr]    Compiling dlv-list v0.5.2
[INFO] [stderr]    Compiling alloc-no-stdlib v2.0.4
[INFO] [stderr]    Compiling toml_edit v0.21.1
[INFO] [stderr]    Compiling rand_chacha v0.3.1
[INFO] [stderr]    Compiling rustc_version v0.4.0
[INFO] [stderr]    Compiling alloc-stdlib v0.2.2
[INFO] [stderr]    Compiling core2 v0.4.0
[INFO] [stderr]    Compiling unicode-bidi v0.3.15
[INFO] [stderr]    Compiling hashbrown v0.13.2
[INFO] [stderr]    Compiling curl v0.4.46
[INFO] [stderr]    Compiling strsim v0.11.0
[INFO] [stderr]    Compiling glob v0.3.1
[INFO] [stderr]    Compiling clap_lex v0.7.0
[INFO] [stderr]    Compiling rand v0.8.5
[INFO] [stderr]    Compiling rstest_macros v0.22.0
[INFO] [stderr]    Compiling curl-sys v0.4.72+curl-8.6.0
[INFO] [stderr]    Compiling openssl-sys v0.9.101
[INFO] [stderr]    Compiling libz-sys v1.1.15
[INFO] [stderr]    Compiling libxml v0.3.3
[INFO] [stderr]    Compiling rle-decode-fast v1.0.3
[INFO] [stderr]    Compiling unicode-normalization v0.1.23
[INFO] [stderr]    Compiling brotli-decompressor v4.0.0
[INFO] [stderr]    Compiling encoding-index-singlebyte v1.20141219.5
[INFO] [stderr]    Compiling encoding-index-simpchinese v1.20141219.5
[INFO] [stderr]    Compiling encoding-index-tradchinese v1.20141219.5
[INFO] [stderr]    Compiling encoding-index-japanese v1.20141219.5
[INFO] [stderr]    Compiling ordered-multimap v0.6.0
[INFO] [stderr]    Compiling libflate_lz77 v2.0.0
[INFO] [stderr]    Compiling encoding-index-korean v1.20141219.5
[INFO] [stderr]    Compiling hurl v4.3.0
[INFO] [stderr]    Compiling iana-time-zone v0.1.60
[INFO] [stderr]    Compiling adler32 v1.2.0
[INFO] [stderr]    Compiling cpufeatures v0.2.12
[INFO] [stderr]    Compiling numtoa v0.1.0
[INFO] [stderr]    Compiling dary_heap v0.3.6
[INFO] [stderr]    Compiling idna v0.5.0
[INFO] [stderr]    Compiling rust-ini v0.19.0
[INFO] [stderr]    Compiling relative-path v1.9.2
[INFO] [stderr]    Compiling openssl-probe v0.1.5
[INFO] [stderr]    Compiling encoding v0.2.33
[INFO] [stderr]    Compiling libflate v2.0.0
[INFO] [stderr]    Compiling termion v3.0.0
[INFO] [stderr]    Compiling colored v2.1.0
[INFO] [stderr]    Compiling uuid v1.8.0
[INFO] [stderr]    Compiling url v2.5.0
[INFO] [stderr]    Compiling float-cmp v0.9.0
[INFO] [stderr]    Compiling chrono v0.4.38
[INFO] [stderr]    Compiling md5 v0.7.0
[INFO] [stderr]    Compiling base64 v0.22.1
[INFO] [stderr]    Compiling hex-literal v0.4.1
[INFO] [stderr]    Compiling xml-rs v0.8.20
[INFO] [stderr]    Compiling hex v0.4.3
[INFO] [stderr]    Compiling crypto-common v0.1.6
[INFO] [stderr]    Compiling block-buffer v0.10.4
[INFO] [stderr]    Compiling brotli v5.0.0
[INFO] [stderr]    Compiling futures-timer v3.0.3
[INFO] [stderr]    Compiling digest v0.10.7
[INFO] [stderr]    Compiling sha2 v0.10.8
[INFO] [stderr]    Compiling proc-macro-crate v3.1.0
[INFO] [stderr]    Compiling regex-automata v0.4.5
[INFO] [stderr]    Compiling serde_derive v1.0.209
[INFO] [stderr]    Compiling futures-macro v0.3.30
[INFO] [stderr]    Compiling thiserror-impl v1.0.56
[INFO] [stderr]    Compiling tokio-macros v2.4.0
[INFO] [stderr]    Compiling tracing-attributes v0.1.27
[INFO] [stderr]    Compiling async-trait v0.1.77
[INFO] [stderr]    Compiling pin-project-internal v1.1.4
[INFO] [stderr]    Compiling tokio v1.39.2
[INFO] [stderr]    Compiling thiserror v1.0.56
[INFO] [stderr]    Compiling pest v2.7.6
[INFO] [stderr]    Compiling futures-util v0.3.30
[INFO] [stderr]    Compiling pin-project v1.1.4
[INFO] [stderr]    Compiling regex v1.10.4
[INFO] [stderr]    Compiling hurl_core v4.3.0
[INFO] [stderr]    Compiling pest_meta v2.7.6
[INFO] [stderr]    Compiling serde v1.0.209
[INFO] [stderr]    Compiling pest_generator v2.7.6
[INFO] [stderr]    Compiling pest_derive v2.7.6
[INFO] [stderr]    Compiling http-body-util v0.1.0
[INFO] [stderr]    Compiling futures-executor v0.3.30
[INFO] [stderr]    Compiling futures v0.3.30
[INFO] [stderr]    Compiling hyper v1.1.0
[INFO] [stderr]    Compiling rstest v0.22.0
[INFO] [stderr]    Compiling hyper-util v0.1.3
[INFO] [stderr]    Compiling serde_fmt v1.0.3
[INFO] [stderr]    Compiling erased-serde v0.4.4
[INFO] [stderr]    Compiling bitflags v2.4.2
[INFO] [stderr]    Compiling serde_spanned v0.6.5
[INFO] [stderr]    Compiling serde_urlencoded v0.7.1
[INFO] [stderr]    Compiling json5 v0.4.1
[INFO] [stderr]    Compiling serde_path_to_error v0.1.15
[INFO] [stderr]    Compiling ron v0.8.1
[INFO] [stderr]    Compiling value-bag-serde1 v1.9.0
[INFO] [stderr]    Compiling terminal_size v0.3.0
[INFO] [stderr]    Compiling value-bag v1.9.0
[INFO] [stderr]    Compiling clap_builder v4.5.2
[INFO] [stderr]    Compiling log v0.4.22
[INFO] [stderr]    Compiling tracing v0.1.40
[INFO] [stderr]    Compiling env_filter v0.1.0
[INFO] [stderr]    Compiling tracing-log v0.2.0
[INFO] [stderr]    Compiling os_info v3.7.0
[INFO] [stderr]    Compiling tracing-subscriber v0.3.18
[INFO] [stderr]    Compiling env_logger v0.11.5
[INFO] [stderr]    Compiling axum-core v0.4.3
[INFO] [stderr]    Compiling tower v0.4.13
[INFO] [stderr]    Compiling toml v0.8.9
[INFO] [stderr]    Compiling human-panic v2.0.1
[INFO] [stderr]    Compiling config v0.14.0
[INFO] [stderr]    Compiling clap v4.5.4
[INFO] [stderr]    Compiling axum v0.7.5
[INFO] [stderr]    Compiling mockser v0.1.6 (/opt/rustwide/workdir)
[INFO] [stderr]     Finished `test` profile [unoptimized + debuginfo] target(s) in 56.10s
[INFO] running `Command { std: "docker" "inspect" "fefd5a7ee6a885c486df8e261b1cc5e4139274c1818f11902549919607da1cf2", kill_on_drop: false }`
[INFO] running `Command { std: "docker" "rm" "-f" "fefd5a7ee6a885c486df8e261b1cc5e4139274c1818f11902549919607da1cf2", kill_on_drop: false }`
[INFO] [stdout] fefd5a7ee6a885c486df8e261b1cc5e4139274c1818f11902549919607da1cf2
[INFO] running `Command { std: "docker" "create" "-v" "/var/lib/crater-agent-workspace/builds/worker-5-tc2/target:/opt/rustwide/target:rw,Z" "-v" "/var/lib/crater-agent-workspace/builds/worker-5-tc2/source:/opt/rustwide/workdir:ro,Z" "-v" "/var/lib/crater-agent-workspace/cargo-home:/opt/rustwide/cargo-home:ro,Z" "-v" "/var/lib/crater-agent-workspace/rustup-home:/opt/rustwide/rustup-home:ro,Z" "-e" "SOURCE_DIR=/opt/rustwide/workdir" "-e" "CARGO_TARGET_DIR=/opt/rustwide/target" "-e" "CARGO_INCREMENTAL=0" "-e" "RUST_BACKTRACE=full" "-e" "RUSTFLAGS=--cap-lints=forbid -Zrandomize-layout" "-e" "RUSTDOCFLAGS=--cap-lints=forbid" "-e" "CARGO_HOME=/opt/rustwide/cargo-home" "-e" "RUSTUP_HOME=/opt/rustwide/rustup-home" "-w" "/opt/rustwide/workdir" "-m" "1610612736" "--user" "0:0" "--network" "none" "ghcr.io/rust-lang/crates-build-env/linux@sha256:819108c5571ea2e421544af4d832f968d213c87fbe3707a016657f43d2f853bc" "/opt/rustwide/cargo-home/bin/cargo" "+nightly-2025-01-18" "test" "--frozen", kill_on_drop: false }`
[INFO] [stdout] 557ea2572bfce0ad25b5488d265d76e43267eb9e6b22bfd6db5f9adcf6b65441
[INFO] running `Command { std: "docker" "start" "-a" "557ea2572bfce0ad25b5488d265d76e43267eb9e6b22bfd6db5f9adcf6b65441", kill_on_drop: false }`
[INFO] [stderr]     Finished `test` profile [unoptimized + debuginfo] target(s) in 0.35s
[INFO] [stderr]      Running unittests src/lib.rs (/opt/rustwide/target/debug/deps/mockser-5f5542ceb69b0ea8)
[INFO] [stdout] 
[INFO] [stdout] running 0 tests
[INFO] [stdout] 
[INFO] [stdout] test result: ok. 0 passed; 0 failed; 0 ignored; 0 measured; 0 filtered out; finished in 0.00s
[INFO] [stdout] 
[INFO] [stderr]      Running unittests src/main.rs (/opt/rustwide/target/debug/deps/mockser-0cdeb625ff51e405)
[INFO] [stdout] 
[INFO] [stdout] running 0 tests
[INFO] [stdout] 
[INFO] [stdout] test result: ok. 0 passed; 0 failed; 0 ignored; 0 measured; 0 filtered out; finished in 0.00s
[INFO] [stdout] 
[INFO] [stderr]      Running tests/main.rs (/opt/rustwide/target/debug/deps/main-d93285db0b612a6c)
[INFO] [stdout] 
[INFO] [stdout] running 1 test
[INFO] [stdout] test test_hurl::case_1 ... FAILED
[INFO] [stdout] 
[INFO] [stdout] failures:
[INFO] [stdout] 
[INFO] [stdout] ---- test_hurl::case_1 stdout ----
[INFO] [stdout] error: HTTP connection
[INFO] [stdout]    --> -:2:6
[INFO] [stdout]     |
[INFO] [stdout]   2 | POST http://127.0.0.1:3001/configure
[INFO] [stdout]     |      ^^^^^^^^^^^^^^^^^^^^^^^^^^^^^^^ (7) Failed to connect to 127.0.0.1 port 3001 after 0 ms: Connection refused
[INFO] [stdout]     |
[INFO] [stdout] 
[INFO] [stderr] error: test failed, to rerun pass `--test main`
[INFO] [stdout] error: HTTP connection
[INFO] [stdout]    --> -:25:6
[INFO] [stdout]     |
[INFO] [stdout]  25 | POST http://127.0.0.1:3000/test?param1=value1&param2=value2
[INFO] [stdout]     |      ^^^^^^^^^^^^^^^^^^^^^^^^^^^^^^^^^^^^^^^^^^^^^^^^^^^^^^ (7) Failed to connect to 127.0.0.1 port 3000 after 0 ms: Connection refused
[INFO] [stdout]     |
[INFO] [stdout] 
[INFO] [stdout] error: HTTP connection
[INFO] [stdout]    --> -:37:5
[INFO] [stdout]     |
[INFO] [stdout]  37 | GET http://127.0.0.1:3000/unknown-test
[INFO] [stdout]     |     ^^^^^^^^^^^^^^^^^^^^^^^^^^^^^^^^^^ (7) Failed to connect to 127.0.0.1 port 3000 after 0 ms: Connection refused
[INFO] [stdout]     |
[INFO] [stdout] 
[INFO] [stdout] error: HTTP connection
[INFO] [stdout]    --> -:41:6
[INFO] [stdout]     |
[INFO] [stdout]  41 | POST http://127.0.0.1:3001/configure
[INFO] [stdout]     |      ^^^^^^^^^^^^^^^^^^^^^^^^^^^^^^^ (7) Failed to connect to 127.0.0.1 port 3001 after 0 ms: Connection refused
[INFO] [stdout]     |
[INFO] [stdout] 
[INFO] [stdout] error: HTTP connection
[INFO] [stdout]    --> -:59:6
[INFO] [stdout]     |
[INFO] [stdout]  59 | POST http://127.0.0.1:3000/test-with-no-body
[INFO] [stdout]     |      ^^^^^^^^^^^^^^^^^^^^^^^^^^^^^^^^^^^^^^^ (7) Failed to connect to 127.0.0.1 port 3000 after 0 ms: Connection refused
[INFO] [stdout]     |
[INFO] [stdout] 
[INFO] [stdout] error: HTTP connection
[INFO] [stdout]    --> -:67:6
[INFO] [stdout]     |
[INFO] [stdout]  67 | POST http://127.0.0.1:3001/configure
[INFO] [stdout]     |      ^^^^^^^^^^^^^^^^^^^^^^^^^^^^^^^ (7) Failed to connect to 127.0.0.1 port 3001 after 0 ms: Connection refused
[INFO] [stdout]     |
[INFO] [stdout] 
[INFO] [stdout] error: HTTP connection
[INFO] [stdout]    --> -:85:5
[INFO] [stdout]     |
[INFO] [stdout]  85 | GET http://127.0.0.1:3000/test-method-get
[INFO] [stdout]     |     ^^^^^^^^^^^^^^^^^^^^^^^^^^^^^^^^^^^^^ (7) Failed to connect to 127.0.0.1 port 3000 after 0 ms: Connection refused
[INFO] [stdout]     |
[INFO] [stdout] 
[INFO] [stdout] error: HTTP connection
[INFO] [stdout]    --> -:93:6
[INFO] [stdout]     |
[INFO] [stdout]  93 | POST http://127.0.0.1:3001/configure
[INFO] [stdout]     |      ^^^^^^^^^^^^^^^^^^^^^^^^^^^^^^^ (7) Failed to connect to 127.0.0.1 port 3001 after 0 ms: Connection refused
[INFO] [stdout]     |
[INFO] [stdout] 
[INFO] [stdout] error: HTTP connection
[INFO] [stdout]    --> -:111:8
[INFO] [stdout]     |
[INFO] [stdout] 111 | DELETE http://127.0.0.1:3000/test-method-delete
[INFO] [stdout]     |        ^^^^^^^^^^^^^^^^^^^^^^^^^^^^^^^^^^^^^^^^ (7) Failed to connect to 127.0.0.1 port 3000 after 0 ms: Connection refused
[INFO] [stdout]     |
[INFO] [stdout] 
[INFO] [stdout] error: HTTP connection
[INFO] [stdout]    --> -:119:6
[INFO] [stdout]     |
[INFO] [stdout] 119 | POST http://127.0.0.1:3001/configure
[INFO] [stdout]     |      ^^^^^^^^^^^^^^^^^^^^^^^^^^^^^^^ (7) Failed to connect to 127.0.0.1 port 3001 after 0 ms: Connection refused
[INFO] [stdout]     |
[INFO] [stdout] 
[INFO] [stdout] error: HTTP connection
[INFO] [stdout]    --> -:137:7
[INFO] [stdout]     |
[INFO] [stdout] 137 | PATCH http://127.0.0.1:3000/test-method-patch
[INFO] [stdout]     |       ^^^^^^^^^^^^^^^^^^^^^^^^^^^^^^^^^^^^^^^ (7) Failed to connect to 127.0.0.1 port 3000 after 0 ms: Connection refused
[INFO] [stdout]     |
[INFO] [stdout] 
[INFO] [stdout] error: HTTP connection
[INFO] [stdout]    --> -:145:6
[INFO] [stdout]     |
[INFO] [stdout] 145 | POST http://127.0.0.1:3001/configure
[INFO] [stdout]     |      ^^^^^^^^^^^^^^^^^^^^^^^^^^^^^^^ (7) Failed to connect to 127.0.0.1 port 3001 after 0 ms: Connection refused
[INFO] [stdout]     |
[INFO] [stdout] 
[INFO] [stdout] error: HTTP connection
[INFO] [stdout]    --> -:163:5
[INFO] [stdout]     |
[INFO] [stdout] 163 | PUT http://127.0.0.1:3000/test-method-put
[INFO] [stdout]     |     ^^^^^^^^^^^^^^^^^^^^^^^^^^^^^^^^^^^^^ (7) Failed to connect to 127.0.0.1 port 3000 after 0 ms: Connection refused
[INFO] [stdout]     |
[INFO] [stdout] 
[INFO] [stdout] error: HTTP connection
[INFO] [stdout]    --> -:171:6
[INFO] [stdout]     |
[INFO] [stdout] 171 | POST http://127.0.0.1:3001/configure
[INFO] [stdout]     |      ^^^^^^^^^^^^^^^^^^^^^^^^^^^^^^^ (7) Failed to connect to 127.0.0.1 port 3001 after 0 ms: Connection refused
[INFO] [stdout]     |
[INFO] [stdout] 
[INFO] [stdout] error: HTTP connection
[INFO] [stdout]    --> -:189:5
[INFO] [stdout]     |
[INFO] [stdout] 189 | GET http://127.0.0.1:3000
[INFO] [stdout]     |     ^^^^^^^^^^^^^^^^^^^^^ (7) Failed to connect to 127.0.0.1 port 3000 after 0 ms: Connection refused
[INFO] [stdout]     |
[INFO] [stdout] 
[INFO] [stdout] error: HTTP connection
[INFO] [stdout]    --> -:197:6
[INFO] [stdout]     |
[INFO] [stdout] 197 | POST http://127.0.0.1:3001/configure
[INFO] [stdout]     |      ^^^^^^^^^^^^^^^^^^^^^^^^^^^^^^^ (7) Failed to connect to 127.0.0.1 port 3001 after 0 ms: Connection refused
[INFO] [stdout]     |
[INFO] [stdout] 
[INFO] [stdout] error: HTTP connection
[INFO] [stdout]    --> -:218:5
[INFO] [stdout]     |
[INFO] [stdout] 218 | GET http://127.0.0.1:3000
[INFO] [stdout]     |     ^^^^^^^^^^^^^^^^^^^^^ (7) Failed to connect to 127.0.0.1 port 3000 after 0 ms: Connection refused
[INFO] [stdout]     |
[INFO] [stdout] 
[INFO] [stdout] error: HTTP connection
[INFO] [stdout]    --> -:224:6
[INFO] [stdout]     |
[INFO] [stdout] 224 | POST http://127.0.0.1:3001/configure
[INFO] [stdout]     |      ^^^^^^^^^^^^^^^^^^^^^^^^^^^^^^^ (7) Failed to connect to 127.0.0.1 port 3001 after 0 ms: Connection refused
[INFO] [stdout]     |
[INFO] [stdout] 
[INFO] [stdout] error: HTTP connection
[INFO] [stdout]    --> -:242:6
[INFO] [stdout]     |
[INFO] [stdout] 242 | POST http://127.0.0.1:3001/delete
[INFO] [stdout]     |      ^^^^^^^^^^^^^^^^^^^^^^^^^^^^ (7) Failed to connect to 127.0.0.1 port 3001 after 0 ms: Connection refused
[INFO] [stdout]     |
[INFO] [stdout] 
[INFO] [stdout] error: HTTP connection
[INFO] [stdout]    --> -:252:5
[INFO] [stdout]     |
[INFO] [stdout] 252 | GET http://127.0.0.1:3000/will-be-deleted
[INFO] [stdout]     |     ^^^^^^^^^^^^^^^^^^^^^^^^^^^^^^^^^^^^^ (7) Failed to connect to 127.0.0.1 port 3000 after 0 ms: Connection refused
[INFO] [stdout]     |
[INFO] [stdout] 
[INFO] [stdout] error: HTTP connection
[INFO] [stdout]    --> -:257:6
[INFO] [stdout]     |
[INFO] [stdout] 257 | POST http://127.0.0.1:3001/configure
[INFO] [stdout]     |      ^^^^^^^^^^^^^^^^^^^^^^^^^^^^^^^ (7) Failed to connect to 127.0.0.1 port 3001 after 0 ms: Connection refused
[INFO] [stdout]     |
[INFO] [stdout] 
[INFO] [stdout] error: HTTP connection
[INFO] [stdout]    --> -:275:6
[INFO] [stdout]     |
[INFO] [stdout] 275 | POST http://127.0.0.1:3001/clear
[INFO] [stdout]     |      ^^^^^^^^^^^^^^^^^^^^^^^^^^^ (7) Failed to connect to 127.0.0.1 port 3001 after 0 ms: Connection refused
[INFO] [stdout]     |
[INFO] [stdout] 
[INFO] [stdout] error: HTTP connection
[INFO] [stdout]    --> -:279:5
[INFO] [stdout]     |
[INFO] [stdout] 279 | GET http://127.0.0.1:3000/will-be-deleted
[INFO] [stdout]     |     ^^^^^^^^^^^^^^^^^^^^^^^^^^^^^^^^^^^^^ (7) Failed to connect to 127.0.0.1 port 3000 after 0 ms: Connection refused
[INFO] [stdout]     |
[INFO] [stdout] 
[INFO] [stdout] 
[INFO] [stdout] thread 'test_hurl::case_1' panicked at tests/main.rs:49:5:
[INFO] [stdout] assertion failed: result.success
[INFO] [stdout] stack backtrace:
[INFO] [stdout]    0:     0x57df49ab934a - std::backtrace_rs::backtrace::libunwind::trace::hb059275cfc8d6126
[INFO] [stdout]                                at /rustc/6067b36314ab5eb2eb47cecc464545ba58e1ad24/library/std/src/../../backtrace/src/backtrace/libunwind.rs:116:5
[INFO] [stdout]    1:     0x57df49ab934a - std::backtrace_rs::backtrace::trace_unsynchronized::h2da071e4327ce3ee
[INFO] [stdout]                                at /rustc/6067b36314ab5eb2eb47cecc464545ba58e1ad24/library/std/src/../../backtrace/src/backtrace/mod.rs:66:5
[INFO] [stdout]    2:     0x57df49ab934a - std::sys::backtrace::_print_fmt::h842a1474e6f8d23f
[INFO] [stdout]                                at /rustc/6067b36314ab5eb2eb47cecc464545ba58e1ad24/library/std/src/sys/backtrace.rs:66:9
[INFO] [stdout]    3:     0x57df49ab934a - <std::sys::backtrace::BacktraceLock::print::DisplayBacktrace as core::fmt::Display>::fmt::h71a62eb3b9696b12
[INFO] [stdout]                                at /rustc/6067b36314ab5eb2eb47cecc464545ba58e1ad24/library/std/src/sys/backtrace.rs:39:26
[INFO] [stdout]    4:     0x57df49ae4833 - core::fmt::rt::Argument::fmt::hdb6b616786b41dc1
[INFO] [stdout]                                at /rustc/6067b36314ab5eb2eb47cecc464545ba58e1ad24/library/core/src/fmt/rt.rs:177:76
[INFO] [stdout]    5:     0x57df49ae4833 - core::fmt::write::h2cc1698af7e2d686
[INFO] [stdout]                                at /rustc/6067b36314ab5eb2eb47cecc464545ba58e1ad24/library/core/src/fmt/mod.rs:1440:21
[INFO] [stdout]    6:     0x57df49ab5b23 - std::io::Write::write_fmt::hab1b4cd059a79022
[INFO] [stdout]                                at /rustc/6067b36314ab5eb2eb47cecc464545ba58e1ad24/library/std/src/io/mod.rs:1887:15
[INFO] [stdout]    7:     0x57df49ab9192 - std::sys::backtrace::BacktraceLock::print::h147fe35b4ea13b08
[INFO] [stdout]                                at /rustc/6067b36314ab5eb2eb47cecc464545ba58e1ad24/library/std/src/sys/backtrace.rs:42:9
[INFO] [stdout]    8:     0x57df49aba76f - std::panicking::default_hook::{{closure}}::hbd44223dbdc0d208
[INFO] [stdout]                                at /rustc/6067b36314ab5eb2eb47cecc464545ba58e1ad24/library/std/src/panicking.rs:298:22
[INFO] [stdout]    9:     0x57df49aba588 - std::panicking::default_hook::h20f81eb0576efcec
[INFO] [stdout]                                at /rustc/6067b36314ab5eb2eb47cecc464545ba58e1ad24/library/std/src/panicking.rs:322:9
[INFO] [stdout]   10:     0x57df49537773 - <alloc::boxed::Box<F,A> as core::ops::function::Fn<Args>>::call::hdb53814c496a4d34
[INFO] [stdout]                                at /rustc/6067b36314ab5eb2eb47cecc464545ba58e1ad24/library/alloc/src/boxed.rs:2027:9
[INFO] [stdout]   11:     0x57df49537773 - test::test_main::{{closure}}::hc0a4963c59427c24
[INFO] [stdout]                                at /rustc/6067b36314ab5eb2eb47cecc464545ba58e1ad24/library/test/src/lib.rs:134:21
[INFO] [stdout]   12:     0x57df49abb263 - <alloc::boxed::Box<F,A> as core::ops::function::Fn<Args>>::call::h591b2225413a77e9
[INFO] [stdout]                                at /rustc/6067b36314ab5eb2eb47cecc464545ba58e1ad24/library/alloc/src/boxed.rs:2027:9
[INFO] [stdout]   13:     0x57df49abb263 - std::panicking::rust_panic_with_hook::h625eea43051b2edc
[INFO] [stdout]                                at /rustc/6067b36314ab5eb2eb47cecc464545ba58e1ad24/library/std/src/panicking.rs:839:13
[INFO] [stdout]   14:     0x57df49abaee6 - std::panicking::begin_panic_handler::{{closure}}::h4f9159cfbc3f6bd3
[INFO] [stdout]                                at /rustc/6067b36314ab5eb2eb47cecc464545ba58e1ad24/library/std/src/panicking.rs:697:13
[INFO] [stdout]   15:     0x57df49ab9849 - std::sys::backtrace::__rust_end_short_backtrace::h0390abce48353151
[INFO] [stdout]                                at /rustc/6067b36314ab5eb2eb47cecc464545ba58e1ad24/library/std/src/sys/backtrace.rs:168:18
[INFO] [stdout]   16:     0x57df49ababad - rust_begin_unwind
[INFO] [stdout]                                at /rustc/6067b36314ab5eb2eb47cecc464545ba58e1ad24/library/std/src/panicking.rs:695:5
[INFO] [stdout]   17:     0x57df49ae2870 - core::panicking::panic_fmt::h9e7c637e9e5f29c9
[INFO] [stdout]                                at /rustc/6067b36314ab5eb2eb47cecc464545ba58e1ad24/library/core/src/panicking.rs:75:14
[INFO] [stdout]   18:     0x57df49ae28fc - core::panicking::panic::haa3255ea20181a33
[INFO] [stdout]                                at /rustc/6067b36314ab5eb2eb47cecc464545ba58e1ad24/library/core/src/panicking.rs:145:5
[INFO] [stdout]   19:     0x57df494fd556 - main::test_hurl::he675a62e42e1dde7
[INFO] [stdout]                                at /opt/rustwide/workdir/tests/main.rs:49:5
[INFO] [stdout]   20:     0x57df494fd662 - main::test_hurl::case_1::h5ec1aafbf0be9690
[INFO] [stdout]                                at /opt/rustwide/workdir/tests/main.rs:11:1
[INFO] [stdout]   21:     0x57df494fd617 - main::test_hurl::case_1::{{closure}}::h991747a449b93da1
[INFO] [stdout]                                at /opt/rustwide/workdir/tests/main.rs:11:10
[INFO] [stdout]   22:     0x57df494fc636 - core::ops::function::FnOnce::call_once::h6d090a15e228134f
[INFO] [stdout]                                at /rustc/6067b36314ab5eb2eb47cecc464545ba58e1ad24/library/core/src/ops/function.rs:250:5
[INFO] [stdout]   23:     0x57df4953cecb - core::ops::function::FnOnce::call_once::he27718dfdd183f43
[INFO] [stdout]                                at /rustc/6067b36314ab5eb2eb47cecc464545ba58e1ad24/library/core/src/ops/function.rs:250:5
[INFO] [stdout]   24:     0x57df4953cecb - test::__rust_begin_short_backtrace::h4e84902998457a5d
[INFO] [stdout]                                at /rustc/6067b36314ab5eb2eb47cecc464545ba58e1ad24/library/test/src/lib.rs:632:18
[INFO] [stdout]   25:     0x57df4953be03 - test::run_test_in_process::{{closure}}::h7176fd18fc1feca0
[INFO] [stdout]                                at /rustc/6067b36314ab5eb2eb47cecc464545ba58e1ad24/library/test/src/lib.rs:655:60
[INFO] [stdout]   26:     0x57df4953be03 - <core::panic::unwind_safe::AssertUnwindSafe<F> as core::ops::function::FnOnce<()>>::call_once::hf79cff2a624d8cf7
[INFO] [stdout]                                at /rustc/6067b36314ab5eb2eb47cecc464545ba58e1ad24/library/core/src/panic/unwind_safe.rs:272:9
[INFO] [stdout]   27:     0x57df4953be03 - std::panicking::try::do_call::h3da0561d9ab99c25
[INFO] [stdout]                                at /rustc/6067b36314ab5eb2eb47cecc464545ba58e1ad24/library/std/src/panicking.rs:587:40
[INFO] [stdout]   28:     0x57df4953be03 - std::panicking::try::h41c9fa508bc61df6
[INFO] [stdout]                                at /rustc/6067b36314ab5eb2eb47cecc464545ba58e1ad24/library/std/src/panicking.rs:550:19
[INFO] [stdout]   29:     0x57df4953be03 - std::panic::catch_unwind::h6b3ff07bb5afad93
[INFO] [stdout]                                at /rustc/6067b36314ab5eb2eb47cecc464545ba58e1ad24/library/std/src/panic.rs:358:14
[INFO] [stdout]   30:     0x57df4953be03 - test::run_test_in_process::hc7253dd11b39b9f4
[INFO] [stdout]                                at /rustc/6067b36314ab5eb2eb47cecc464545ba58e1ad24/library/test/src/lib.rs:655:27
[INFO] [stdout]   31:     0x57df4953be03 - test::run_test::{{closure}}::hfb2007f8649c30bb
[INFO] [stdout]                                at /rustc/6067b36314ab5eb2eb47cecc464545ba58e1ad24/library/test/src/lib.rs:576:43
[INFO] [stdout]   32:     0x57df494feee5 - test::run_test::{{closure}}::h56a17aa7a282a9f4
[INFO] [stdout]                                at /rustc/6067b36314ab5eb2eb47cecc464545ba58e1ad24/library/test/src/lib.rs:606:41
[INFO] [stdout]   33:     0x57df494feee5 - std::sys::backtrace::__rust_begin_short_backtrace::hd2d2d2fb8e8c6aac
[INFO] [stdout]                                at /rustc/6067b36314ab5eb2eb47cecc464545ba58e1ad24/library/std/src/sys/backtrace.rs:152:18
[INFO] [stdout]   34:     0x57df495027ca - std::thread::Builder::spawn_unchecked_::{{closure}}::{{closure}}::h4faa3f9db6133423
[INFO] [stdout]                                at /rustc/6067b36314ab5eb2eb47cecc464545ba58e1ad24/library/std/src/thread/mod.rs:559:17
[INFO] [stdout]   35:     0x57df495027ca - <core::panic::unwind_safe::AssertUnwindSafe<F> as core::ops::function::FnOnce<()>>::call_once::hf2e855a36a4ea846
[INFO] [stdout]                                at /rustc/6067b36314ab5eb2eb47cecc464545ba58e1ad24/library/core/src/panic/unwind_safe.rs:272:9
[INFO] [stdout]   36:     0x57df495027ca - std::panicking::try::do_call::h2f73af3616c35465
[INFO] [stdout]                                at /rustc/6067b36314ab5eb2eb47cecc464545ba58e1ad24/library/std/src/panicking.rs:587:40
[INFO] [stdout]   37:     0x57df495027ca - std::panicking::try::hd1660ce9efadef5a
[INFO] [stdout]                                at /rustc/6067b36314ab5eb2eb47cecc464545ba58e1ad24/library/std/src/panicking.rs:550:19
[INFO] [stdout]   38:     0x57df495027ca - std::panic::catch_unwind::h5ee8d7823b8ca744
[INFO] [stdout]                                at /rustc/6067b36314ab5eb2eb47cecc464545ba58e1ad24/library/std/src/panic.rs:358:14
[INFO] [stdout]   39:     0x57df495027ca - std::thread::Builder::spawn_unchecked_::{{closure}}::h53c3a1894dce8407
[INFO] [stdout]                                at /rustc/6067b36314ab5eb2eb47cecc464545ba58e1ad24/library/std/src/thread/mod.rs:557:30
[INFO] [stdout]   40:     0x57df495027ca - core::ops::function::FnOnce::call_once{{vtable.shim}}::h048ce291ad4f62bf
[INFO] [stdout]                                at /rustc/6067b36314ab5eb2eb47cecc464545ba58e1ad24/library/core/src/ops/function.rs:250:5
[INFO] [stdout]   41:     0x57df49abf33b - <alloc::boxed::Box<F,A> as core::ops::function::FnOnce<Args>>::call_once::ha52bedf99a3b4981
[INFO] [stdout]                                at /rustc/6067b36314ab5eb2eb47cecc464545ba58e1ad24/library/alloc/src/boxed.rs:2013:9
[INFO] [stdout]   42:     0x57df49abf33b - <alloc::boxed::Box<F,A> as core::ops::function::FnOnce<Args>>::call_once::h567748934d80ccf8
[INFO] [stdout]                                at /rustc/6067b36314ab5eb2eb47cecc464545ba58e1ad24/library/alloc/src/boxed.rs:2013:9
[INFO] [stdout]   43:     0x57df49abf33b - std::sys::pal::unix::thread::Thread::new::thread_start::h2d970728ae887adc
[INFO] [stdout]                                at /rustc/6067b36314ab5eb2eb47cecc464545ba58e1ad24/library/std/src/sys/pal/unix/thread.rs:106:17
[INFO] [stdout]   44:     0x7914839e1ac3 - <unknown>
[INFO] [stdout]   45:     0x791483a72a04 - clone
[INFO] [stdout]   46:                0x0 - <unknown>
[INFO] [stdout] 
[INFO] [stdout] 
[INFO] [stdout] failures:
[INFO] [stdout]     test_hurl::case_1
[INFO] [stdout] 
[INFO] [stdout] test result: FAILED. 0 passed; 1 failed; 0 ignored; 0 measured; 0 filtered out; finished in 0.11s
[INFO] [stdout] 
[INFO] running `Command { std: "docker" "inspect" "557ea2572bfce0ad25b5488d265d76e43267eb9e6b22bfd6db5f9adcf6b65441", kill_on_drop: false }`
[INFO] running `Command { std: "docker" "rm" "-f" "557ea2572bfce0ad25b5488d265d76e43267eb9e6b22bfd6db5f9adcf6b65441", kill_on_drop: false }`
[INFO] [stdout] 557ea2572bfce0ad25b5488d265d76e43267eb9e6b22bfd6db5f9adcf6b65441
