[INFO] cloning repository https://github.com/davnav/rust-virtualdom
[INFO] running `Command { std: "git" "-c" "credential.helper=" "-c" "credential.helper=/workspace/cargo-home/bin/git-credential-null" "clone" "--bare" "https://github.com/davnav/rust-virtualdom" "/workspace/cache/git-repos/https%3A%2F%2Fgithub.com%2Fdavnav%2Frust-virtualdom", kill_on_drop: false }`
[INFO] [stderr] Cloning into bare repository '/workspace/cache/git-repos/https%3A%2F%2Fgithub.com%2Fdavnav%2Frust-virtualdom'...
[INFO] running `Command { std: "git" "rev-parse" "HEAD", kill_on_drop: false }`
[INFO] [stdout] 4699dec192aa5069a215efcf4a1e6be89c03e3e4
[INFO] testing davnav/rust-virtualdom against nightly-2025-01-18 for randomize-layout-2
[INFO] running `Command { std: "git" "clone" "/workspace/cache/git-repos/https%3A%2F%2Fgithub.com%2Fdavnav%2Frust-virtualdom" "/workspace/builds/worker-3-tc1/source", kill_on_drop: false }`
[INFO] [stderr] Cloning into '/workspace/builds/worker-3-tc1/source'...
[INFO] [stderr] done.
[INFO] validating manifest of git repo https://github.com/davnav/rust-virtualdom on toolchain nightly-2025-01-18
[INFO] running `Command { std: CARGO_HOME="/workspace/cargo-home" RUSTUP_HOME="/workspace/rustup-home" "/workspace/cargo-home/bin/cargo" "+nightly-2025-01-18" "metadata" "--manifest-path" "Cargo.toml" "--no-deps", kill_on_drop: false }`
[INFO] started tweaking git repo https://github.com/davnav/rust-virtualdom
[INFO] finished tweaking git repo https://github.com/davnav/rust-virtualdom
[INFO] tweaked toml for git repo https://github.com/davnav/rust-virtualdom written to /workspace/builds/worker-3-tc1/source/Cargo.toml
[INFO] crate git repo https://github.com/davnav/rust-virtualdom already has a lockfile, it will not be regenerated
[INFO] running `Command { std: CARGO_HOME="/workspace/cargo-home" RUSTUP_HOME="/workspace/rustup-home" "/workspace/cargo-home/bin/cargo" "+nightly-2025-01-18" "fetch" "--manifest-path" "Cargo.toml", kill_on_drop: false }`
[INFO] [stderr]     Blocking waiting for file lock on package cache
[INFO] [stderr]     Updating crates.io index
[INFO] [stderr]  Downloading crates ...
[INFO] [stderr]   Downloaded wasm-bindgen-shared v0.2.69
[INFO] [stderr]   Downloaded wasm-bindgen-test-macro v0.3.19
[INFO] [stderr]   Downloaded wasm-bindgen-macro-support v0.2.69
[INFO] [stderr]   Downloaded thiserror v1.0.22
[INFO] [stderr]   Downloaded thiserror-impl v1.0.22
[INFO] [stderr]   Downloaded serde_derive v1.0.117
[INFO] [stderr]   Downloaded js-sys v0.3.46
[INFO] [stderr]   Downloaded serde v1.0.117
[INFO] [stderr]   Downloaded html_parser v0.5.0
[INFO] [stderr]   Downloaded serde_json v1.0.59
[INFO] [stderr]   Downloaded syn v1.0.53
[INFO] [stderr]   Downloaded wasm-bindgen v0.2.69
[INFO] [stderr]   Downloaded wasm-bindgen-backend v0.2.69
[INFO] [stderr]   Downloaded wasm-bindgen-futures v0.4.19
[INFO] [stderr]   Downloaded wasm-bindgen-test v0.3.19
[INFO] [stderr]   Downloaded wasm-bindgen-macro v0.2.69
[INFO] [stderr]   Downloaded web-sys v0.3.46
[INFO] running `Command { std: "docker" "create" "-v" "/var/lib/crater-agent-workspace/builds/worker-3-tc1/target:/opt/rustwide/target:rw,Z" "-v" "/var/lib/crater-agent-workspace/builds/worker-3-tc1/source:/opt/rustwide/workdir:ro,Z" "-v" "/var/lib/crater-agent-workspace/cargo-home:/opt/rustwide/cargo-home:ro,Z" "-v" "/var/lib/crater-agent-workspace/rustup-home:/opt/rustwide/rustup-home:ro,Z" "-e" "SOURCE_DIR=/opt/rustwide/workdir" "-e" "CARGO_TARGET_DIR=/opt/rustwide/target" "-e" "CARGO_HOME=/opt/rustwide/cargo-home" "-e" "RUSTUP_HOME=/opt/rustwide/rustup-home" "-w" "/opt/rustwide/workdir" "-m" "1610612736" "--user" "0:0" "--network" "none" "ghcr.io/rust-lang/crates-build-env/linux@sha256:819108c5571ea2e421544af4d832f968d213c87fbe3707a016657f43d2f853bc" "/opt/rustwide/cargo-home/bin/cargo" "+nightly-2025-01-18" "metadata" "--no-deps" "--format-version=1", kill_on_drop: false }`
[INFO] [stdout] 31709b13d5b94e0d586e97026d647cc7873730d8ec85ddab028efefb461409bf
[INFO] running `Command { std: "docker" "start" "-a" "31709b13d5b94e0d586e97026d647cc7873730d8ec85ddab028efefb461409bf", kill_on_drop: false }`
[INFO] running `Command { std: "docker" "inspect" "31709b13d5b94e0d586e97026d647cc7873730d8ec85ddab028efefb461409bf", kill_on_drop: false }`
[INFO] running `Command { std: "docker" "rm" "-f" "31709b13d5b94e0d586e97026d647cc7873730d8ec85ddab028efefb461409bf", kill_on_drop: false }`
[INFO] [stdout] 31709b13d5b94e0d586e97026d647cc7873730d8ec85ddab028efefb461409bf
[INFO] running `Command { std: "docker" "create" "-v" "/var/lib/crater-agent-workspace/builds/worker-3-tc1/target:/opt/rustwide/target:rw,Z" "-v" "/var/lib/crater-agent-workspace/builds/worker-3-tc1/source:/opt/rustwide/workdir:ro,Z" "-v" "/var/lib/crater-agent-workspace/cargo-home:/opt/rustwide/cargo-home:ro,Z" "-v" "/var/lib/crater-agent-workspace/rustup-home:/opt/rustwide/rustup-home:ro,Z" "-e" "SOURCE_DIR=/opt/rustwide/workdir" "-e" "CARGO_TARGET_DIR=/opt/rustwide/target" "-e" "CARGO_INCREMENTAL=0" "-e" "RUST_BACKTRACE=full" "-e" "RUSTFLAGS=--cap-lints=forbid" "-e" "RUSTDOCFLAGS=--cap-lints=forbid" "-e" "CARGO_HOME=/opt/rustwide/cargo-home" "-e" "RUSTUP_HOME=/opt/rustwide/rustup-home" "-w" "/opt/rustwide/workdir" "-m" "1610612736" "--user" "0:0" "--network" "none" "ghcr.io/rust-lang/crates-build-env/linux@sha256:819108c5571ea2e421544af4d832f968d213c87fbe3707a016657f43d2f853bc" "/opt/rustwide/cargo-home/bin/cargo" "+nightly-2025-01-18" "build" "--frozen" "--message-format=json", kill_on_drop: false }`
[INFO] [stdout] 281f23a89deb6f52595e3f130bf4d80d9b4d4bdd9c328a18913cdd432e7a92a2
[INFO] running `Command { std: "docker" "start" "-a" "281f23a89deb6f52595e3f130bf4d80d9b4d4bdd9c328a18913cdd432e7a92a2", kill_on_drop: false }`
[INFO] [stderr]    Compiling proc-macro2 v1.0.24
[INFO] [stderr]    Compiling syn v1.0.53
[INFO] [stderr]    Compiling version_check v0.9.2
[INFO] [stderr]    Compiling wasm-bindgen-shared v0.2.69
[INFO] [stderr]    Compiling log v0.4.11
[INFO] [stderr]    Compiling cfg-if v0.1.10
[INFO] [stderr]    Compiling libc v0.2.80
[INFO] [stderr]    Compiling bumpalo v3.4.0
[INFO] [stderr]    Compiling serde_derive v1.0.117
[INFO] [stderr]    Compiling ucd-trie v0.1.3
[INFO] [stderr]    Compiling serde v1.0.117
[INFO] [stderr]    Compiling ryu v1.0.5
[INFO] [stderr]    Compiling maplit v1.0.2
[INFO] [stderr]    Compiling wasm-bindgen v0.2.69
[INFO] [stderr]    Compiling unicode-width v0.1.8
[INFO] [stderr]    Compiling unicode-segmentation v1.7.1
[INFO] [stderr]    Compiling cfg-if v1.0.0
[INFO] [stderr]    Compiling vec_map v0.8.2
[INFO] [stderr]    Compiling serde_json v1.0.59
[INFO] [stderr]    Compiling textwrap v0.11.0
[INFO] [stderr]    Compiling ansi_term v0.11.0
[INFO] [stderr]    Compiling strsim v0.8.0
[INFO] [stderr]    Compiling pest v2.1.3
[INFO] [stderr]    Compiling itoa v0.4.6
[INFO] [stderr]    Compiling proc-macro-error-attr v1.0.4
[INFO] [stderr]    Compiling proc-macro-error v1.0.4
[INFO] [stderr]    Compiling heck v0.3.1
[INFO] [stderr]    Compiling quote v1.0.7
[INFO] [stderr]    Compiling atty v0.2.14
[INFO] [stderr]    Compiling clap v2.33.3
[INFO] [stderr]    Compiling pest_meta v2.1.3
[INFO] [stderr]    Compiling wasm-bindgen-backend v0.2.69
[INFO] [stderr]    Compiling pest_generator v2.1.3
[INFO] [stderr]    Compiling thiserror-impl v1.0.22
[INFO] [stderr]    Compiling structopt-derive v0.4.14
[INFO] [stderr]    Compiling pest_derive v2.1.0
[INFO] [stderr]    Compiling thiserror v1.0.22
[INFO] [stderr]    Compiling wasm-bindgen-macro-support v0.2.69
[INFO] [stderr]    Compiling structopt v0.3.21
[INFO] [stderr]    Compiling wasm-bindgen-macro v0.2.69
[INFO] [stderr]    Compiling js-sys v0.3.46
[INFO] [stderr]    Compiling web-sys v0.3.46
[INFO] [stderr]    Compiling html_parser v0.5.0
[INFO] [stderr]    Compiling virtualdom v0.1.0 (/opt/rustwide/workdir)
[INFO] [stdout] warning: unused import: `html_parser::Element`
[INFO] [stdout]  --> src/lib.rs:5:5
[INFO] [stdout]   |
[INFO] [stdout] 5 | use html_parser::Element;
[INFO] [stdout]   |     ^^^^^^^^^^^^^^^^^^^^
[INFO] [stdout]   |
[INFO] [stdout]   = note: `#[warn(unused_imports)]` on by default
[INFO] [stdout] 
[INFO] [stdout] 
[INFO] [stdout] warning: unused import: `std::panic`
[INFO] [stdout]  --> src/lib.rs:7:5
[INFO] [stdout]   |
[INFO] [stdout] 7 | use std::panic;
[INFO] [stdout]   |     ^^^^^^^^^^
[INFO] [stdout] 
[INFO] [stdout] 
[INFO] [stdout] warning: unused macro definition: `log`
[INFO] [stdout]   --> src/lib.rs:10:14
[INFO] [stdout]    |
[INFO] [stdout] 10 | macro_rules! log {
[INFO] [stdout]    |              ^^^
[INFO] [stdout]    |
[INFO] [stdout]    = note: `#[warn(unused_macros)]` on by default
[INFO] [stdout] 
[INFO] [stdout] 
[INFO] [stdout] warning: unused variable: `i`
[INFO] [stdout]   --> src/lib.rs:60:17
[INFO] [stdout]    |
[INFO] [stdout] 60 |         let mut i = 0;
[INFO] [stdout]    |                 ^ help: if this is intentional, prefix it with an underscore: `_i`
[INFO] [stdout]    |
[INFO] [stdout]    = note: `#[warn(unused_variables)]` on by default
[INFO] [stdout] 
[INFO] [stdout] 
[INFO] [stdout] warning: variable does not need to be mutable
[INFO] [stdout]   --> src/lib.rs:60:13
[INFO] [stdout]    |
[INFO] [stdout] 60 |         let mut i = 0;
[INFO] [stdout]    |             ----^
[INFO] [stdout]    |             |
[INFO] [stdout]    |             help: remove this `mut`
[INFO] [stdout]    |
[INFO] [stdout]    = note: `#[warn(unused_mut)]` on by default
[INFO] [stdout] 
[INFO] [stdout] 
[INFO] [stdout] warning: variable does not need to be mutable
[INFO] [stdout]   --> src/lib.rs:63:13
[INFO] [stdout]    |
[INFO] [stdout] 63 |         let mut parentchild = dm.children.clone();
[INFO] [stdout]    |             ----^^^^^^^^^^^
[INFO] [stdout]    |             |
[INFO] [stdout]    |             help: remove this `mut`
[INFO] [stdout] 
[INFO] [stdout] 
[INFO] [stdout] warning: field `parent` is never read
[INFO] [stdout]   --> src/lib.rs:34:5
[INFO] [stdout]    |
[INFO] [stdout] 33 | pub struct VirtualDom{
[INFO] [stdout]    |            ---------- field in this struct
[INFO] [stdout] 34 |     parent:Node1,
[INFO] [stdout]    |     ^^^^^^
[INFO] [stdout]    |
[INFO] [stdout]    = note: `#[warn(dead_code)]` on by default
[INFO] [stdout] 
[INFO] [stdout] 
[INFO] [stdout] warning: associated function `new` is never used
[INFO] [stdout]   --> src/lib.rs:39:8
[INFO] [stdout]    |
[INFO] [stdout] 38 | impl VirtualDom{
[INFO] [stdout]    | --------------- associated function in this implementation
[INFO] [stdout] 39 |     fn new(root:Node1) ->Self{
[INFO] [stdout]    |        ^^^
[INFO] [stdout] 
[INFO] [stdout] 
[INFO] [stdout] warning: fields `tag`, `props`, and `children` are never read
[INFO] [stdout]   --> src/lib.rs:49:5
[INFO] [stdout]    |
[INFO] [stdout] 48 | pub struct Node1{
[INFO] [stdout]    |            ----- fields in this struct
[INFO] [stdout] 49 |     tag:String,
[INFO] [stdout]    |     ^^^
[INFO] [stdout] 50 |     props:Vec<String>,
[INFO] [stdout]    |     ^^^^^
[INFO] [stdout] 51 |     children:Vec<Node>,
[INFO] [stdout]    |     ^^^^^^^^
[INFO] [stdout]    |
[INFO] [stdout]    = note: `Node1` has a derived impl for the trait `Debug`, but this is intentionally ignored during dead code analysis
[INFO] [stdout] 
[INFO] [stdout] 
[INFO] [stdout] warning: static variable `html` should have an upper case name
[INFO] [stdout]   --> src/lib.rs:18:8
[INFO] [stdout]    |
[INFO] [stdout] 18 | static html:&str = "<ul class='list'>
[INFO] [stdout]    |        ^^^^ help: convert the identifier to upper case: `HTML`
[INFO] [stdout]    |
[INFO] [stdout]    = note: `#[warn(non_upper_case_globals)]` on by default
[INFO] [stdout] 
[INFO] [stdout] 
[INFO] [stdout] warning: function `parseNode` should have a snake case name
[INFO] [stdout]   --> src/lib.rs:54:8
[INFO] [stdout]    |
[INFO] [stdout] 54 | pub fn parseNode(htl:&str)  {
[INFO] [stdout]    |        ^^^^^^^^^ help: convert the identifier to snake case: `parse_node`
[INFO] [stdout]    |
[INFO] [stdout]    = note: `#[warn(non_snake_case)]` on by default
[INFO] [stdout] 
[INFO] [stdout] 
[INFO] [stdout] warning: function `PrintElement` should have a snake case name
[INFO] [stdout]   --> src/lib.rs:68:4
[INFO] [stdout]    |
[INFO] [stdout] 68 | fn PrintElement(vecnode: Vec<Node>){
[INFO] [stdout]    |    ^^^^^^^^^^^^ help: convert the identifier to snake case: `print_element`
[INFO] [stdout] 
[INFO] [stdout] 
[INFO] [stdout] warning: unused `Result` that must be used
[INFO] [stdout]   --> src/lib.rs:75:38
[INFO] [stdout]    |
[INFO] [stdout] 75 | ...                   createElement(x.name.as_str());
[INFO] [stdout]    |                       ^^^^^^^^^^^^^^^^^^^^^^^^^^^^^^
[INFO] [stdout]    |
[INFO] [stdout]    = note: this `Result` may be an `Err` variant, which should be handled
[INFO] [stdout]    = note: `#[warn(unused_must_use)]` on by default
[INFO] [stdout] help: use `let _ = ...` to ignore the resulting value
[INFO] [stdout]    |
[INFO] [stdout] 75 |                                      let _ = createElement(x.name.as_str());
[INFO] [stdout]    |                                      +++++++
[INFO] [stdout] 
[INFO] [stdout] 
[INFO] [stdout] warning: unused `Result` that must be used
[INFO] [stdout]   --> src/lib.rs:79:38
[INFO] [stdout]    |
[INFO] [stdout] 79 | ...                   createText(x.as_str());
[INFO] [stdout]    |                       ^^^^^^^^^^^^^^^^^^^^^^
[INFO] [stdout]    |
[INFO] [stdout]    = note: this `Result` may be an `Err` variant, which should be handled
[INFO] [stdout] help: use `let _ = ...` to ignore the resulting value
[INFO] [stdout]    |
[INFO] [stdout] 79 |                                      let _ = createText(x.as_str());
[INFO] [stdout]    |                                      +++++++
[INFO] [stdout] 
[INFO] [stdout] 
[INFO] [stdout] warning: function `createElement` should have a snake case name
[INFO] [stdout]    --> src/lib.rs:133:8
[INFO] [stdout]     |
[INFO] [stdout] 133 | pub fn createElement(tag:&str) -> Result<(),JsValue> {
[INFO] [stdout]     |        ^^^^^^^^^^^^^ help: convert the identifier to snake case: `create_element`
[INFO] [stdout] 
[INFO] [stdout] 
[INFO] [stdout] warning: function `createText` should have a snake case name
[INFO] [stdout]    --> src/lib.rs:148:8
[INFO] [stdout]     |
[INFO] [stdout] 148 | pub fn createText(text:&str) -> Result<(),JsValue> {
[INFO] [stdout]     |        ^^^^^^^^^^ help: convert the identifier to snake case: `create_text`
[INFO] [stdout] 
[INFO] [stdout] 
[INFO] [stderr]     Finished `dev` profile [unoptimized + debuginfo] target(s) in 24.16s
[INFO] [stderr] warning: the following packages contain code that will be rejected by a future version of Rust: wasm-bindgen v0.2.69
[INFO] [stderr] note: to see what the problems were, use the option `--future-incompat-report`, or run `cargo report future-incompatibilities --id 1`
[INFO] running `Command { std: "docker" "inspect" "281f23a89deb6f52595e3f130bf4d80d9b4d4bdd9c328a18913cdd432e7a92a2", kill_on_drop: false }`
[INFO] running `Command { std: "docker" "rm" "-f" "281f23a89deb6f52595e3f130bf4d80d9b4d4bdd9c328a18913cdd432e7a92a2", kill_on_drop: false }`
[INFO] [stdout] 281f23a89deb6f52595e3f130bf4d80d9b4d4bdd9c328a18913cdd432e7a92a2
[INFO] running `Command { std: "docker" "create" "-v" "/var/lib/crater-agent-workspace/builds/worker-3-tc1/target:/opt/rustwide/target:rw,Z" "-v" "/var/lib/crater-agent-workspace/builds/worker-3-tc1/source:/opt/rustwide/workdir:ro,Z" "-v" "/var/lib/crater-agent-workspace/cargo-home:/opt/rustwide/cargo-home:ro,Z" "-v" "/var/lib/crater-agent-workspace/rustup-home:/opt/rustwide/rustup-home:ro,Z" "-e" "SOURCE_DIR=/opt/rustwide/workdir" "-e" "CARGO_TARGET_DIR=/opt/rustwide/target" "-e" "CARGO_INCREMENTAL=0" "-e" "RUST_BACKTRACE=full" "-e" "RUSTFLAGS=--cap-lints=forbid" "-e" "RUSTDOCFLAGS=--cap-lints=forbid" "-e" "CARGO_HOME=/opt/rustwide/cargo-home" "-e" "RUSTUP_HOME=/opt/rustwide/rustup-home" "-w" "/opt/rustwide/workdir" "-m" "1610612736" "--user" "0:0" "--network" "none" "ghcr.io/rust-lang/crates-build-env/linux@sha256:819108c5571ea2e421544af4d832f968d213c87fbe3707a016657f43d2f853bc" "/opt/rustwide/cargo-home/bin/cargo" "+nightly-2025-01-18" "test" "--frozen" "--no-run" "--message-format=json", kill_on_drop: false }`
[INFO] [stdout] b036e207e3b5b876ac2ccaeca9073fbc2aa9ba3e820e845c12acc57a1360d704
[INFO] running `Command { std: "docker" "start" "-a" "b036e207e3b5b876ac2ccaeca9073fbc2aa9ba3e820e845c12acc57a1360d704", kill_on_drop: false }`
[INFO] [stderr]    Compiling log v0.4.11
[INFO] [stderr]    Compiling wasm-bindgen-test-macro v0.3.19
[INFO] [stderr]    Compiling scoped-tls v1.0.0
[INFO] [stderr]    Compiling wasm-bindgen-backend v0.2.69
[INFO] [stderr]    Compiling wasm-bindgen-macro-support v0.2.69
[INFO] [stderr]    Compiling wasm-bindgen-macro v0.2.69
[INFO] [stderr]    Compiling wasm-bindgen v0.2.69
[INFO] [stderr]    Compiling js-sys v0.3.46
[INFO] [stderr]    Compiling console_error_panic_hook v0.1.6
[INFO] [stderr]    Compiling web-sys v0.3.46
[INFO] [stderr]    Compiling wasm-bindgen-futures v0.4.19
[INFO] [stderr]    Compiling wasm-bindgen-test v0.3.19
[INFO] [stderr]    Compiling virtualdom v0.1.0 (/opt/rustwide/workdir)
[INFO] [stdout] warning: unused import: `html_parser::Element`
[INFO] [stdout]  --> src/lib.rs:5:5
[INFO] [stdout]   |
[INFO] [stdout] 5 | use html_parser::Element;
[INFO] [stdout]   |     ^^^^^^^^^^^^^^^^^^^^
[INFO] [stdout]   |
[INFO] [stdout]   = note: `#[warn(unused_imports)]` on by default
[INFO] [stdout] 
[INFO] [stdout] 
[INFO] [stdout] warning: unused import: `std::panic`
[INFO] [stdout]  --> src/lib.rs:7:5
[INFO] [stdout]   |
[INFO] [stdout] 7 | use std::panic;
[INFO] [stdout]   |     ^^^^^^^^^^
[INFO] [stdout] 
[INFO] [stdout] 
[INFO] [stdout] warning: unused macro definition: `log`
[INFO] [stdout]   --> src/lib.rs:10:14
[INFO] [stdout]    |
[INFO] [stdout] 10 | macro_rules! log {
[INFO] [stdout]    |              ^^^
[INFO] [stdout]    |
[INFO] [stdout]    = note: `#[warn(unused_macros)]` on by default
[INFO] [stdout] 
[INFO] [stdout] 
[INFO] [stdout] warning: unused variable: `i`
[INFO] [stdout]   --> src/lib.rs:60:17
[INFO] [stdout]    |
[INFO] [stdout] 60 |         let mut i = 0;
[INFO] [stdout]    |                 ^ help: if this is intentional, prefix it with an underscore: `_i`
[INFO] [stdout]    |
[INFO] [stdout]    = note: `#[warn(unused_variables)]` on by default
[INFO] [stdout] 
[INFO] [stdout] 
[INFO] [stdout] warning: unused import: `html_parser::Element`
[INFO] [stdout]  --> src/lib.rs:5:5
[INFO] [stdout]   |
[INFO] [stdout] 5 | use html_parser::Element;
[INFO] [stdout]   |     ^^^^^^^^^^^^^^^^^^^^
[INFO] [stdout]   |
[INFO] [stdout]   = note: `#[warn(unused_imports)]` on by default
[INFO] [stdout] 
[INFO] [stdout] 
[INFO] [stdout] warning: unused import: `std::panic`
[INFO] [stdout]  --> src/lib.rs:7:5
[INFO] [stdout]   |
[INFO] [stdout] 7 | use std::panic;
[INFO] [stdout]   |     ^^^^^^^^^^
[INFO] [stdout] 
[INFO] [stdout] 
[INFO] [stdout] warning: unused macro definition: `log`
[INFO] [stdout]   --> src/lib.rs:10:14
[INFO] [stdout]    |
[INFO] [stdout] 10 | macro_rules! log {
[INFO] [stdout]    |              ^^^
[INFO] [stdout]    |
[INFO] [stdout]    = note: `#[warn(unused_macros)]` on by default
[INFO] [stdout] 
[INFO] [stdout] 
[INFO] [stdout] warning: variable does not need to be mutable
[INFO] [stdout]   --> src/lib.rs:60:13
[INFO] [stdout]    |
[INFO] [stdout] 60 |         let mut i = 0;
[INFO] [stdout]    |             ----^
[INFO] [stdout]    |             |
[INFO] [stdout]    |             help: remove this `mut`
[INFO] [stdout]    |
[INFO] [stdout]    = note: `#[warn(unused_mut)]` on by default
[INFO] [stdout] 
[INFO] [stdout] 
[INFO] [stdout] warning: variable does not need to be mutable
[INFO] [stdout]   --> src/lib.rs:63:13
[INFO] [stdout]    |
[INFO] [stdout] 63 |         let mut parentchild = dm.children.clone();
[INFO] [stdout]    |             ----^^^^^^^^^^^
[INFO] [stdout]    |             |
[INFO] [stdout]    |             help: remove this `mut`
[INFO] [stdout] 
[INFO] [stdout] 
[INFO] [stdout] warning: field `parent` is never read
[INFO] [stdout]   --> src/lib.rs:34:5
[INFO] [stdout]    |
[INFO] [stdout] 33 | pub struct VirtualDom{
[INFO] [stdout]    |            ---------- field in this struct
[INFO] [stdout] 34 |     parent:Node1,
[INFO] [stdout]    |     ^^^^^^
[INFO] [stdout]    |
[INFO] [stdout]    = note: `#[warn(dead_code)]` on by default
[INFO] [stdout] 
[INFO] [stdout] 
[INFO] [stdout] warning: associated function `new` is never used
[INFO] [stdout]   --> src/lib.rs:39:8
[INFO] [stdout]    |
[INFO] [stdout] 38 | impl VirtualDom{
[INFO] [stdout]    | --------------- associated function in this implementation
[INFO] [stdout] 39 |     fn new(root:Node1) ->Self{
[INFO] [stdout]    |        ^^^
[INFO] [stdout] 
[INFO] [stdout] 
[INFO] [stdout] warning: fields `tag`, `props`, and `children` are never read
[INFO] [stdout]   --> src/lib.rs:49:5
[INFO] [stdout]    |
[INFO] [stdout] 48 | pub struct Node1{
[INFO] [stdout]    |            ----- fields in this struct
[INFO] [stdout] 49 |     tag:String,
[INFO] [stdout]    |     ^^^
[INFO] [stdout] 50 |     props:Vec<String>,
[INFO] [stdout]    |     ^^^^^
[INFO] [stdout] 51 |     children:Vec<Node>,
[INFO] [stdout]    |     ^^^^^^^^
[INFO] [stdout]    |
[INFO] [stdout]    = note: `Node1` has a derived impl for the trait `Debug`, but this is intentionally ignored during dead code analysis
[INFO] [stdout] 
[INFO] [stdout] 
[INFO] [stdout] warning: static variable `html` should have an upper case name
[INFO] [stdout]   --> src/lib.rs:18:8
[INFO] [stdout]    |
[INFO] [stdout] 18 | static html:&str = "<ul class='list'>
[INFO] [stdout]    |        ^^^^ help: convert the identifier to upper case: `HTML`
[INFO] [stdout]    |
[INFO] [stdout]    = note: `#[warn(non_upper_case_globals)]` on by default
[INFO] [stdout] 
[INFO] [stdout] 
[INFO] [stdout] warning: function `parseNode` should have a snake case name
[INFO] [stdout]   --> src/lib.rs:54:8
[INFO] [stdout]    |
[INFO] [stdout] 54 | pub fn parseNode(htl:&str)  {
[INFO] [stdout]    |        ^^^^^^^^^ help: convert the identifier to snake case: `parse_node`
[INFO] [stdout]    |
[INFO] [stdout]    = note: `#[warn(non_snake_case)]` on by default
[INFO] [stdout] 
[INFO] [stdout] 
[INFO] [stdout] warning: function `PrintElement` should have a snake case name
[INFO] [stdout]   --> src/lib.rs:68:4
[INFO] [stdout]    |
[INFO] [stdout] 68 | fn PrintElement(vecnode: Vec<Node>){
[INFO] [stdout]    |    ^^^^^^^^^^^^ help: convert the identifier to snake case: `print_element`
[INFO] [stdout] 
[INFO] [stdout] 
[INFO] [stdout] warning: unused variable: `i`
[INFO] [stdout]   --> src/lib.rs:60:17
[INFO] [stdout]    |
[INFO] [stdout] 60 |         let mut i = 0;
[INFO] [stdout]    |                 ^ help: if this is intentional, prefix it with an underscore: `_i`
[INFO] [stdout]    |
[INFO] [stdout]    = note: `#[warn(unused_variables)]` on by default
[INFO] [stdout] 
[INFO] [stdout] 
[INFO] [stdout] warning: unused `Result` that must be used
[INFO] [stdout]   --> src/lib.rs:75:38
[INFO] [stdout]    |
[INFO] [stdout] 75 | ...                   createElement(x.name.as_str());
[INFO] [stdout]    |                       ^^^^^^^^^^^^^^^^^^^^^^^^^^^^^^
[INFO] [stdout]    |
[INFO] [stdout]    = note: this `Result` may be an `Err` variant, which should be handled
[INFO] [stdout]    = note: `#[warn(unused_must_use)]` on by default
[INFO] [stdout] help: use `let _ = ...` to ignore the resulting value
[INFO] [stdout]    |
[INFO] [stdout] 75 |                                      let _ = createElement(x.name.as_str());
[INFO] [stdout]    |                                      +++++++
[INFO] [stdout] 
[INFO] [stdout] 
[INFO] [stdout] warning: unused `Result` that must be used
[INFO] [stdout]   --> src/lib.rs:79:38
[INFO] [stdout]    |
[INFO] [stdout] 79 | ...                   createText(x.as_str());
[INFO] [stdout]    |                       ^^^^^^^^^^^^^^^^^^^^^^
[INFO] [stdout]    |
[INFO] [stdout]    = note: this `Result` may be an `Err` variant, which should be handled
[INFO] [stdout] help: use `let _ = ...` to ignore the resulting value
[INFO] [stdout]    |
[INFO] [stdout] 79 |                                      let _ = createText(x.as_str());
[INFO] [stdout]    |                                      +++++++
[INFO] [stdout] 
[INFO] [stdout] 
[INFO] [stdout] warning: function `createElement` should have a snake case name
[INFO] [stdout]    --> src/lib.rs:133:8
[INFO] [stdout]     |
[INFO] [stdout] 133 | pub fn createElement(tag:&str) -> Result<(),JsValue> {
[INFO] [stdout]     |        ^^^^^^^^^^^^^ help: convert the identifier to snake case: `create_element`
[INFO] [stdout] 
[INFO] [stdout] 
[INFO] [stdout] warning: function `createText` should have a snake case name
[INFO] [stdout]    --> src/lib.rs:148:8
[INFO] [stdout]     |
[INFO] [stdout] 148 | pub fn createText(text:&str) -> Result<(),JsValue> {
[INFO] [stdout]     |        ^^^^^^^^^^ help: convert the identifier to snake case: `create_text`
[INFO] [stdout] 
[INFO] [stdout] 
[INFO] [stdout] warning: variable does not need to be mutable
[INFO] [stdout]   --> src/lib.rs:60:13
[INFO] [stdout]    |
[INFO] [stdout] 60 |         let mut i = 0;
[INFO] [stdout]    |             ----^
[INFO] [stdout]    |             |
[INFO] [stdout]    |             help: remove this `mut`
[INFO] [stdout]    |
[INFO] [stdout]    = note: `#[warn(unused_mut)]` on by default
[INFO] [stdout] 
[INFO] [stdout] 
[INFO] [stdout] warning: variable does not need to be mutable
[INFO] [stdout]   --> src/lib.rs:63:13
[INFO] [stdout]    |
[INFO] [stdout] 63 |         let mut parentchild = dm.children.clone();
[INFO] [stdout]    |             ----^^^^^^^^^^^
[INFO] [stdout]    |             |
[INFO] [stdout]    |             help: remove this `mut`
[INFO] [stdout] 
[INFO] [stdout] 
[INFO] [stdout] warning: field `parent` is never read
[INFO] [stdout]   --> src/lib.rs:34:5
[INFO] [stdout]    |
[INFO] [stdout] 33 | pub struct VirtualDom{
[INFO] [stdout]    |            ---------- field in this struct
[INFO] [stdout] 34 |     parent:Node1,
[INFO] [stdout]    |     ^^^^^^
[INFO] [stdout]    |
[INFO] [stdout]    = note: `#[warn(dead_code)]` on by default
[INFO] [stdout] 
[INFO] [stdout] 
[INFO] [stdout] warning: associated function `new` is never used
[INFO] [stdout]   --> src/lib.rs:39:8
[INFO] [stdout]    |
[INFO] [stdout] 38 | impl VirtualDom{
[INFO] [stdout]    | --------------- associated function in this implementation
[INFO] [stdout] 39 |     fn new(root:Node1) ->Self{
[INFO] [stdout]    |        ^^^
[INFO] [stdout] 
[INFO] [stdout] 
[INFO] [stdout] warning: fields `tag`, `props`, and `children` are never read
[INFO] [stdout]   --> src/lib.rs:49:5
[INFO] [stdout]    |
[INFO] [stdout] 48 | pub struct Node1{
[INFO] [stdout]    |            ----- fields in this struct
[INFO] [stdout] 49 |     tag:String,
[INFO] [stdout]    |     ^^^
[INFO] [stdout] 50 |     props:Vec<String>,
[INFO] [stdout]    |     ^^^^^
[INFO] [stdout] 51 |     children:Vec<Node>,
[INFO] [stdout]    |     ^^^^^^^^
[INFO] [stdout]    |
[INFO] [stdout]    = note: `Node1` has a derived impl for the trait `Debug`, but this is intentionally ignored during dead code analysis
[INFO] [stdout] 
[INFO] [stdout] 
[INFO] [stdout] warning: static variable `html` should have an upper case name
[INFO] [stdout]   --> src/lib.rs:18:8
[INFO] [stdout]    |
[INFO] [stdout] 18 | static html:&str = "<ul class='list'>
[INFO] [stdout]    |        ^^^^ help: convert the identifier to upper case: `HTML`
[INFO] [stdout]    |
[INFO] [stdout]    = note: `#[warn(non_upper_case_globals)]` on by default
[INFO] [stdout] 
[INFO] [stdout] 
[INFO] [stdout] warning: function `parseNode` should have a snake case name
[INFO] [stdout]   --> src/lib.rs:54:8
[INFO] [stdout]    |
[INFO] [stdout] 54 | pub fn parseNode(htl:&str)  {
[INFO] [stdout]    |        ^^^^^^^^^ help: convert the identifier to snake case: `parse_node`
[INFO] [stdout]    |
[INFO] [stdout]    = note: `#[warn(non_snake_case)]` on by default
[INFO] [stdout] 
[INFO] [stdout] 
[INFO] [stdout] warning: function `PrintElement` should have a snake case name
[INFO] [stdout]   --> src/lib.rs:68:4
[INFO] [stdout]    |
[INFO] [stdout] 68 | fn PrintElement(vecnode: Vec<Node>){
[INFO] [stdout]    |    ^^^^^^^^^^^^ help: convert the identifier to snake case: `print_element`
[INFO] [stdout] 
[INFO] [stdout] 
[INFO] [stdout] warning: unused `Result` that must be used
[INFO] [stdout]   --> src/lib.rs:75:38
[INFO] [stdout]    |
[INFO] [stdout] 75 | ...                   createElement(x.name.as_str());
[INFO] [stdout]    |                       ^^^^^^^^^^^^^^^^^^^^^^^^^^^^^^
[INFO] [stdout]    |
[INFO] [stdout]    = note: this `Result` may be an `Err` variant, which should be handled
[INFO] [stdout]    = note: `#[warn(unused_must_use)]` on by default
[INFO] [stdout] help: use `let _ = ...` to ignore the resulting value
[INFO] [stdout]    |
[INFO] [stdout] 75 |                                      let _ = createElement(x.name.as_str());
[INFO] [stdout]    |                                      +++++++
[INFO] [stdout] 
[INFO] [stdout] 
[INFO] [stdout] warning: unused `Result` that must be used
[INFO] [stdout]   --> src/lib.rs:79:38
[INFO] [stdout]    |
[INFO] [stdout] 79 | ...                   createText(x.as_str());
[INFO] [stdout]    |                       ^^^^^^^^^^^^^^^^^^^^^^
[INFO] [stdout]    |
[INFO] [stdout]    = note: this `Result` may be an `Err` variant, which should be handled
[INFO] [stdout] help: use `let _ = ...` to ignore the resulting value
[INFO] [stdout]    |
[INFO] [stdout] 79 |                                      let _ = createText(x.as_str());
[INFO] [stdout]    |                                      +++++++
[INFO] [stdout] 
[INFO] [stdout] 
[INFO] [stdout] warning: function `createElement` should have a snake case name
[INFO] [stdout]    --> src/lib.rs:133:8
[INFO] [stdout]     |
[INFO] [stdout] 133 | pub fn createElement(tag:&str) -> Result<(),JsValue> {
[INFO] [stdout]     |        ^^^^^^^^^^^^^ help: convert the identifier to snake case: `create_element`
[INFO] [stdout] 
[INFO] [stdout] 
[INFO] [stdout] warning: function `createText` should have a snake case name
[INFO] [stdout]    --> src/lib.rs:148:8
[INFO] [stdout]     |
[INFO] [stdout] 148 | pub fn createText(text:&str) -> Result<(),JsValue> {
[INFO] [stdout]     |        ^^^^^^^^^^ help: convert the identifier to snake case: `create_text`
[INFO] [stdout] 
[INFO] [stdout] 
[INFO] [stdout] warning: unused import: `virtualdom::*`
[INFO] [stdout]  --> tests/helloword.rs:2:5
[INFO] [stdout]   |
[INFO] [stdout] 2 | use virtualdom::*;
[INFO] [stdout]   |     ^^^^^^^^^^^^^
[INFO] [stdout]   |
[INFO] [stdout]   = note: `#[warn(unused_imports)]` on by default
[INFO] [stdout] 
[INFO] [stdout] 
[INFO] [stdout] warning: static `html` is never used
[INFO] [stdout]  --> tests/helloword.rs:3:8
[INFO] [stdout]   |
[INFO] [stdout] 3 | static html:&str = "<ul class='list'>
[INFO] [stdout]   |        ^^^^
[INFO] [stdout]   |
[INFO] [stdout]   = note: `#[warn(dead_code)]` on by default
[INFO] [stdout] 
[INFO] [stdout] 
[INFO] [stdout] warning: static variable `html` should have an upper case name
[INFO] [stdout]  --> tests/helloword.rs:3:8
[INFO] [stdout]   |
[INFO] [stdout] 3 | static html:&str = "<ul class='list'>
[INFO] [stdout]   |        ^^^^ help: convert the identifier to upper case: `HTML`
[INFO] [stdout]   |
[INFO] [stdout]   = note: `#[warn(non_upper_case_globals)]` on by default
[INFO] [stdout] 
[INFO] [stdout] 
[INFO] [stderr]     Finished `test` profile [unoptimized + debuginfo] target(s) in 10.51s
[INFO] [stderr] warning: the following packages contain code that will be rejected by a future version of Rust: wasm-bindgen v0.2.69
[INFO] [stderr] note: to see what the problems were, use the option `--future-incompat-report`, or run `cargo report future-incompatibilities --id 1`
[INFO] running `Command { std: "docker" "inspect" "b036e207e3b5b876ac2ccaeca9073fbc2aa9ba3e820e845c12acc57a1360d704", kill_on_drop: false }`
[INFO] running `Command { std: "docker" "rm" "-f" "b036e207e3b5b876ac2ccaeca9073fbc2aa9ba3e820e845c12acc57a1360d704", kill_on_drop: false }`
[INFO] [stdout] b036e207e3b5b876ac2ccaeca9073fbc2aa9ba3e820e845c12acc57a1360d704
[INFO] running `Command { std: "docker" "create" "-v" "/var/lib/crater-agent-workspace/builds/worker-3-tc1/target:/opt/rustwide/target:rw,Z" "-v" "/var/lib/crater-agent-workspace/builds/worker-3-tc1/source:/opt/rustwide/workdir:ro,Z" "-v" "/var/lib/crater-agent-workspace/cargo-home:/opt/rustwide/cargo-home:ro,Z" "-v" "/var/lib/crater-agent-workspace/rustup-home:/opt/rustwide/rustup-home:ro,Z" "-e" "SOURCE_DIR=/opt/rustwide/workdir" "-e" "CARGO_TARGET_DIR=/opt/rustwide/target" "-e" "CARGO_INCREMENTAL=0" "-e" "RUST_BACKTRACE=full" "-e" "RUSTFLAGS=--cap-lints=forbid" "-e" "RUSTDOCFLAGS=--cap-lints=forbid" "-e" "CARGO_HOME=/opt/rustwide/cargo-home" "-e" "RUSTUP_HOME=/opt/rustwide/rustup-home" "-w" "/opt/rustwide/workdir" "-m" "1610612736" "--user" "0:0" "--network" "none" "ghcr.io/rust-lang/crates-build-env/linux@sha256:819108c5571ea2e421544af4d832f968d213c87fbe3707a016657f43d2f853bc" "/opt/rustwide/cargo-home/bin/cargo" "+nightly-2025-01-18" "test" "--frozen", kill_on_drop: false }`
[INFO] [stdout] 3eb389cde716b0dfe1ce675f0d9827cc3f8a3c5a11029b221cee9146e1469065
[INFO] running `Command { std: "docker" "start" "-a" "3eb389cde716b0dfe1ce675f0d9827cc3f8a3c5a11029b221cee9146e1469065", kill_on_drop: false }`
[INFO] [stderr] warning: unused import: `html_parser::Element`
[INFO] [stderr]  --> src/lib.rs:5:5
[INFO] [stderr]   |
[INFO] [stderr] 5 | use html_parser::Element;
[INFO] [stderr]   |     ^^^^^^^^^^^^^^^^^^^^
[INFO] [stderr]   |
[INFO] [stderr]   = note: `#[warn(unused_imports)]` on by default
[INFO] [stderr] 
[INFO] [stderr] warning: unused import: `std::panic`
[INFO] [stderr]  --> src/lib.rs:7:5
[INFO] [stderr]   |
[INFO] [stderr] 7 | use std::panic;
[INFO] [stderr]   |     ^^^^^^^^^^
[INFO] [stderr] 
[INFO] [stderr] warning: unused macro definition: `log`
[INFO] [stderr]   --> src/lib.rs:10:14
[INFO] [stderr]    |
[INFO] [stderr] 10 | macro_rules! log {
[INFO] [stderr]    |              ^^^
[INFO] [stderr]    |
[INFO] [stderr]    = note: `#[warn(unused_macros)]` on by default
[INFO] [stderr] 
[INFO] [stderr] warning: unused variable: `i`
[INFO] [stderr]   --> src/lib.rs:60:17
[INFO] [stderr]    |
[INFO] [stderr] 60 |         let mut i = 0;
[INFO] [stderr]    |                 ^ help: if this is intentional, prefix it with an underscore: `_i`
[INFO] [stderr]    |
[INFO] [stderr]    = note: `#[warn(unused_variables)]` on by default
[INFO] [stderr] 
[INFO] [stderr] warning: variable does not need to be mutable
[INFO] [stderr]   --> src/lib.rs:60:13
[INFO] [stderr]    |
[INFO] [stderr] 60 |         let mut i = 0;
[INFO] [stderr]    |             ----^
[INFO] [stderr]    |             |
[INFO] [stderr]    |             help: remove this `mut`
[INFO] [stderr]    |
[INFO] [stderr]    = note: `#[warn(unused_mut)]` on by default
[INFO] [stderr] 
[INFO] [stderr] warning: variable does not need to be mutable
[INFO] [stderr]   --> src/lib.rs:63:13
[INFO] [stderr]    |
[INFO] [stderr] 63 |         let mut parentchild = dm.children.clone();
[INFO] [stderr]    |             ----^^^^^^^^^^^
[INFO] [stderr]    |             |
[INFO] [stderr]    |             help: remove this `mut`
[INFO] [stderr] 
[INFO] [stderr] warning: field `parent` is never read
[INFO] [stderr]   --> src/lib.rs:34:5
[INFO] [stderr]    |
[INFO] [stderr] 33 | pub struct VirtualDom{
[INFO] [stderr]    |            ---------- field in this struct
[INFO] [stderr] 34 |     parent:Node1,
[INFO] [stderr]    |     ^^^^^^
[INFO] [stderr]    |
[INFO] [stderr]    = note: `#[warn(dead_code)]` on by default
[INFO] [stderr] 
[INFO] [stderr] warning: associated function `new` is never used
[INFO] [stderr]   --> src/lib.rs:39:8
[INFO] [stderr]    |
[INFO] [stderr] 38 | impl VirtualDom{
[INFO] [stderr]    | --------------- associated function in this implementation
[INFO] [stderr] 39 |     fn new(root:Node1) ->Self{
[INFO] [stderr]    |        ^^^
[INFO] [stderr] 
[INFO] [stderr] warning: fields `tag`, `props`, and `children` are never read
[INFO] [stderr]   --> src/lib.rs:49:5
[INFO] [stderr]    |
[INFO] [stderr] 48 | pub struct Node1{
[INFO] [stderr]    |            ----- fields in this struct
[INFO] [stderr] 49 |     tag:String,
[INFO] [stderr]    |     ^^^
[INFO] [stderr] 50 |     props:Vec<String>,
[INFO] [stderr]    |     ^^^^^
[INFO] [stderr] 51 |     children:Vec<Node>,
[INFO] [stderr]    |     ^^^^^^^^
[INFO] [stderr]    |
[INFO] [stderr]    = note: `Node1` has a derived impl for the trait `Debug`, but this is intentionally ignored during dead code analysis
[INFO] [stderr] 
[INFO] [stderr] warning: static variable `html` should have an upper case name
[INFO] [stderr]   --> src/lib.rs:18:8
[INFO] [stderr]    |
[INFO] [stderr] 18 | static html:&str = "<ul class='list'>
[INFO] [stderr]    |        ^^^^ help: convert the identifier to upper case: `HTML`
[INFO] [stderr]    |
[INFO] [stderr]    = note: `#[warn(non_upper_case_globals)]` on by default
[INFO] [stderr] 
[INFO] [stderr] warning: function `parseNode` should have a snake case name
[INFO] [stderr]   --> src/lib.rs:54:8
[INFO] [stderr]    |
[INFO] [stderr] 54 | pub fn parseNode(htl:&str)  {
[INFO] [stderr]    |        ^^^^^^^^^ help: convert the identifier to snake case: `parse_node`
[INFO] [stderr]    |
[INFO] [stderr]    = note: `#[warn(non_snake_case)]` on by default
[INFO] [stderr] 
[INFO] [stderr] warning: function `PrintElement` should have a snake case name
[INFO] [stderr]   --> src/lib.rs:68:4
[INFO] [stderr]    |
[INFO] [stderr] 68 | fn PrintElement(vecnode: Vec<Node>){
[INFO] [stderr]    |    ^^^^^^^^^^^^ help: convert the identifier to snake case: `print_element`
[INFO] [stderr] 
[INFO] [stderr] warning: unused `Result` that must be used
[INFO] [stderr]   --> src/lib.rs:75:38
[INFO] [stderr]    |
[INFO] [stderr] 75 | ...                   createElement(x.name.as_str());
[INFO] [stderr]    |                       ^^^^^^^^^^^^^^^^^^^^^^^^^^^^^^
[INFO] [stderr]    |
[INFO] [stderr]    = note: this `Result` may be an `Err` variant, which should be handled
[INFO] [stderr]    = note: `#[warn(unused_must_use)]` on by default
[INFO] [stderr] help: use `let _ = ...` to ignore the resulting value
[INFO] [stderr]    |
[INFO] [stderr] 75 |                                      let _ = createElement(x.name.as_str());
[INFO] [stderr]    |                                      +++++++
[INFO] [stderr] 
[INFO] [stderr] warning: unused `Result` that must be used
[INFO] [stderr]   --> src/lib.rs:79:38
[INFO] [stderr]    |
[INFO] [stderr] 79 | ...                   createText(x.as_str());
[INFO] [stderr]    |                       ^^^^^^^^^^^^^^^^^^^^^^
[INFO] [stderr]    |
[INFO] [stderr]    = note: this `Result` may be an `Err` variant, which should be handled
[INFO] [stderr] help: use `let _ = ...` to ignore the resulting value
[INFO] [stderr]    |
[INFO] [stderr] 79 |                                      let _ = createText(x.as_str());
[INFO] [stderr]    |                                      +++++++
[INFO] [stderr] 
[INFO] [stderr] warning: function `createElement` should have a snake case name
[INFO] [stderr]    --> src/lib.rs:133:8
[INFO] [stderr]     |
[INFO] [stderr] 133 | pub fn createElement(tag:&str) -> Result<(),JsValue> {
[INFO] [stderr]     |        ^^^^^^^^^^^^^ help: convert the identifier to snake case: `create_element`
[INFO] [stderr] 
[INFO] [stderr] warning: function `createText` should have a snake case name
[INFO] [stderr]    --> src/lib.rs:148:8
[INFO] [stderr]     |
[INFO] [stderr] 148 | pub fn createText(text:&str) -> Result<(),JsValue> {
[INFO] [stderr]     |        ^^^^^^^^^^ help: convert the identifier to snake case: `create_text`
[INFO] [stderr] 
[INFO] [stderr] warning: `virtualdom` (lib) generated 16 warnings (run `cargo fix --lib -p virtualdom` to apply 4 suggestions)
[INFO] [stderr] warning: unused import: `virtualdom::*`
[INFO] [stderr]  --> tests/helloword.rs:2:5
[INFO] [stderr]   |
[INFO] [stderr] 2 | use virtualdom::*;
[INFO] [stderr]   |     ^^^^^^^^^^^^^
[INFO] [stderr]   |
[INFO] [stderr]   = note: `#[warn(unused_imports)]` on by default
[INFO] [stderr] 
[INFO] [stderr] warning: static `html` is never used
[INFO] [stderr]  --> tests/helloword.rs:3:8
[INFO] [stderr]   |
[INFO] [stderr] 3 | static html:&str = "<ul class='list'>
[INFO] [stderr]   |        ^^^^
[INFO] [stderr]   |
[INFO] [stderr]   = note: `#[warn(dead_code)]` on by default
[INFO] [stderr] 
[INFO] [stderr] warning: static variable `html` should have an upper case name
[INFO] [stderr]  --> tests/helloword.rs:3:8
[INFO] [stderr]   |
[INFO] [stderr] 3 | static html:&str = "<ul class='list'>
[INFO] [stderr]   |        ^^^^ help: convert the identifier to upper case: `HTML`
[INFO] [stderr]   |
[INFO] [stderr]   = note: `#[warn(non_upper_case_globals)]` on by default
[INFO] [stderr] 
[INFO] [stderr] warning: `virtualdom` (lib test) generated 16 warnings (16 duplicates)
[INFO] [stderr] warning: `virtualdom` (test "helloword") generated 3 warnings (run `cargo fix --test "helloword"` to apply 1 suggestion)
[INFO] [stderr]     Finished `test` profile [unoptimized + debuginfo] target(s) in 0.09s
[INFO] [stderr] warning: the following packages contain code that will be rejected by a future version of Rust: wasm-bindgen v0.2.69
[INFO] [stderr] note: to see what the problems were, use the option `--future-incompat-report`, or run `cargo report future-incompatibilities --id 1`
[INFO] [stderr]      Running unittests src/lib.rs (/opt/rustwide/target/debug/deps/virtualdom-7ab1a5a03469b73a)
[INFO] [stdout] 
[INFO] [stdout] running 1 test
[INFO] [stdout] test tests::it_works ... FAILED
[INFO] [stdout] 
[INFO] [stdout] failures:
[INFO] [stdout] 
[INFO] [stdout] ---- tests::it_works stdout ----
[INFO] [stdout] Dom { tree_type: DocumentFragment, children: [Element(Element { id: None, name: "ul", variant: Normal, attributes: {}, classes: ["list"], children: [Element(Element { id: None, name: "p", variant: Normal, attributes: {}, classes: [], children: [Element(Element { id: None, name: "li", variant: Normal, attributes: {}, classes: [], children: [Text("item1")] }), Element(Element { id: None, name: "li", variant: Normal, attributes: {}, classes: [], children: [Text("item2")] })] })] })], errors: [] }
[INFO] [stdout] ul
[INFO] [stdout] p
[INFO] [stdout] li
[INFO] [stdout] item1
[INFO] [stdout] 
[INFO] [stdout] thread 'tests::it_works' panicked at /opt/rustwide/cargo-home/registry/src/index.crates.io-1949cf8c6b5b557f/js-sys-0.3.46/src/lib.rs:4742:9:
[INFO] [stdout] cannot call wasm-bindgen imported functions on non-wasm targets
[INFO] [stdout] stack backtrace:
[INFO] [stdout]    0:     0x584cee01e0ca - std::backtrace_rs::backtrace::libunwind::trace::hb059275cfc8d6126
[INFO] [stdout]                                at /rustc/6067b36314ab5eb2eb47cecc464545ba58e1ad24/library/std/src/../../backtrace/src/backtrace/libunwind.rs:116:5
[INFO] [stdout]    1:     0x584cee01e0ca - std::backtrace_rs::backtrace::trace_unsynchronized::h2da071e4327ce3ee
[INFO] [stdout]                                at /rustc/6067b36314ab5eb2eb47cecc464545ba58e1ad24/library/std/src/../../backtrace/src/backtrace/mod.rs:66:5
[INFO] [stdout]    2:     0x584cee01e0ca - std::sys::backtrace::_print_fmt::h842a1474e6f8d23f
[INFO] [stdout]                                at /rustc/6067b36314ab5eb2eb47cecc464545ba58e1ad24/library/std/src/sys/backtrace.rs:66:9
[INFO] [stdout]    3:     0x584cee01e0ca - <std::sys::backtrace::BacktraceLock::print::DisplayBacktrace as core::fmt::Display>::fmt::h71a62eb3b9696b12
[INFO] [stdout]                                at /rustc/6067b36314ab5eb2eb47cecc464545ba58e1ad24/library/std/src/sys/backtrace.rs:39:26
[INFO] [stdout]    4:     0x584cee0467f3 - core::fmt::rt::Argument::fmt::hdb6b616786b41dc1
[INFO] [stdout]                                at /rustc/6067b36314ab5eb2eb47cecc464545ba58e1ad24/library/core/src/fmt/rt.rs:177:76
[INFO] [stdout]    5:     0x584cee0467f3 - core::fmt::write::h2cc1698af7e2d686
[INFO] [stdout]                                at /rustc/6067b36314ab5eb2eb47cecc464545ba58e1ad24/library/core/src/fmt/mod.rs:1440:21
[INFO] [stdout]    6:     0x584cee01ac23 - std::io::Write::write_fmt::hab1b4cd059a79022
[INFO] [stdout]                                at /rustc/6067b36314ab5eb2eb47cecc464545ba58e1ad24/library/std/src/io/mod.rs:1887:15
[INFO] [stdout]    7:     0x584cee01df12 - std::sys::backtrace::BacktraceLock::print::h147fe35b4ea13b08
[INFO] [stdout]                                at /rustc/6067b36314ab5eb2eb47cecc464545ba58e1ad24/library/std/src/sys/backtrace.rs:42:9
[INFO] [stdout]    8:     0x584cee01f4ef - std::panicking::default_hook::{{closure}}::hbd44223dbdc0d208
[INFO] [stdout]                                at /rustc/6067b36314ab5eb2eb47cecc464545ba58e1ad24/library/std/src/panicking.rs:298:22
[INFO] [stdout]    9:     0x584cee01f308 - std::panicking::default_hook::h20f81eb0576efcec
[INFO] [stdout]                                at /rustc/6067b36314ab5eb2eb47cecc464545ba58e1ad24/library/std/src/panicking.rs:322:9
[INFO] [stdout]   10:     0x584cedf95f23 - <alloc::boxed::Box<F,A> as core::ops::function::Fn<Args>>::call::hdb53814c496a4d34
[INFO] [stdout]                                at /rustc/6067b36314ab5eb2eb47cecc464545ba58e1ad24/library/alloc/src/boxed.rs:2027:9
[INFO] [stdout]   11:     0x584cedf95f23 - test::test_main::{{closure}}::hc0a4963c59427c24
[INFO] [stdout]                                at /rustc/6067b36314ab5eb2eb47cecc464545ba58e1ad24/library/test/src/lib.rs:134:21
[INFO] [stdout]   12:     0x584cee01ffe3 - <alloc::boxed::Box<F,A> as core::ops::function::Fn<Args>>::call::h591b2225413a77e9
[INFO] [stdout]                                at /rustc/6067b36314ab5eb2eb47cecc464545ba58e1ad24/library/alloc/src/boxed.rs:2027:9
[INFO] [stdout]   13:     0x584cee01ffe3 - std::panicking::rust_panic_with_hook::h625eea43051b2edc
[INFO] [stdout]                                at /rustc/6067b36314ab5eb2eb47cecc464545ba58e1ad24/library/std/src/panicking.rs:839:13
[INFO] [stdout]   14:     0x584cee01fdec - std::panicking::begin_panic::{{closure}}::hb6f83f64bbc6469c
[INFO] [stdout]                                at /rustc/6067b36314ab5eb2eb47cecc464545ba58e1ad24/library/std/src/panicking.rs:768:9
[INFO] [stdout]   15:     0x584cee01e5d9 - std::sys::backtrace::__rust_end_short_backtrace::h892ae3ae8be3daf3
[INFO] [stdout]                                at /rustc/6067b36314ab5eb2eb47cecc464545ba58e1ad24/library/std/src/sys/backtrace.rs:168:18
[INFO] [stdout]   16:     0x584cee01fcf2 - std::panicking::begin_panic::h855074417e0a5787
[INFO] [stdout]                                at /rustc/6067b36314ab5eb2eb47cecc464545ba58e1ad24/library/std/src/panicking.rs:767:5
[INFO] [stdout]   17:     0x584cedfa194d - js_sys::global::get_global_object::Global::get_self::__wbg_self_6baf3a3aa7b63415::hf6fadc95deacc101
[INFO] [stdout]                                at /opt/rustwide/cargo-home/registry/src/index.crates.io-1949cf8c6b5b557f/js-sys-0.3.46/src/lib.rs:4742:9
[INFO] [stdout]   18:     0x584cedfa18b9 - js_sys::global::get_global_object::Global::get_self::h6e13424e2037a6ff
[INFO] [stdout]                                at /opt/rustwide/cargo-home/registry/src/index.crates.io-1949cf8c6b5b557f/js-sys-0.3.46/src/lib.rs:4742:9
[INFO] [stdout]   19:     0x584cedfa10f3 - js_sys::global::get_global_object::h53f851b7c88bcd29
[INFO] [stdout]                                at /opt/rustwide/cargo-home/registry/src/index.crates.io-1949cf8c6b5b557f/js-sys-0.3.46/src/lib.rs:4761:29
[INFO] [stdout]   20:     0x584cedfa17c6 - js_sys::global::GLOBAL::__init::h7d63e8c18a1e2238
[INFO] [stdout]                                at /opt/rustwide/cargo-home/registry/src/index.crates.io-1949cf8c6b5b557f/js-sys-0.3.46/src/lib.rs:4720:43
[INFO] [stdout]   21:     0x584cedfa25a6 - core::ops::function::FnOnce::call_once::h637e47112b530f49
[INFO] [stdout]                                at /rustc/6067b36314ab5eb2eb47cecc464545ba58e1ad24/library/core/src/ops/function.rs:250:5
[INFO] [stdout]   22:     0x584cedfa2098 - core::option::Option<T>::unwrap_or_else::h43eddf78315d8994
[INFO] [stdout]                                at /rustc/6067b36314ab5eb2eb47cecc464545ba58e1ad24/library/core/src/option.rs:1023:21
[INFO] [stdout]   23:     0x584cedfa2098 - std::sys::thread_local::native::lazy::Storage<T,D>::initialize::h8e15a4f02980bbc5
[INFO] [stdout]                                at /rustc/6067b36314ab5eb2eb47cecc464545ba58e1ad24/library/std/src/sys/thread_local/native/lazy.rs:64:42
[INFO] [stdout]   24:     0x584cedfa2314 - std::sys::thread_local::native::lazy::Storage<T,D>::get_or_init::h1547de75a020e031
[INFO] [stdout]                                at /rustc/6067b36314ab5eb2eb47cecc464545ba58e1ad24/library/std/src/sys/thread_local/native/lazy.rs:56:40
[INFO] [stdout]   25:     0x584cedfa1802 - js_sys::global::GLOBAL::{{constant}}::{{closure}}::h7333edad8ea6d7d0
[INFO] [stdout]                                at /rustc/6067b36314ab5eb2eb47cecc464545ba58e1ad24/library/std/src/sys/thread_local/native/mod.rs:94:25
[INFO] [stdout]   26:     0x584cedfa2548 - core::ops::function::FnOnce::call_once::h28c043d4b13eb720
[INFO] [stdout]                                at /rustc/6067b36314ab5eb2eb47cecc464545ba58e1ad24/library/core/src/ops/function.rs:250:5
[INFO] [stdout]   27:     0x584cedfa2467 - std::thread::local::LocalKey<T>::try_with::hcfdaf6a5c118dc87
[INFO] [stdout]                                at /rustc/6067b36314ab5eb2eb47cecc464545ba58e1ad24/library/std/src/thread/local.rs:307:37
[INFO] [stdout]   28:     0x584cedfa241f - std::thread::local::LocalKey<T>::with::h7c825887b8787d85
[INFO] [stdout]                                at /rustc/6067b36314ab5eb2eb47cecc464545ba58e1ad24/library/std/src/thread/local.rs:272:9
[INFO] [stdout]   29:     0x584cedfa10be - js_sys::global::hb39a9d12f75b6112
[INFO] [stdout]                                at /opt/rustwide/cargo-home/registry/src/index.crates.io-1949cf8c6b5b557f/js-sys-0.3.46/src/lib.rs:4722:12
[INFO] [stdout]   30:     0x584cedfa0b6a - web_sys::window::hc08377721d2a6b11
[INFO] [stdout]                                at /opt/rustwide/cargo-home/registry/src/index.crates.io-1949cf8c6b5b557f/web-sys-0.3.46/src/lib.rs:31:5
[INFO] [stdout]   31:     0x584cedf5ba6a - virtualdom::createText::h22a750317cf292cd
[INFO] [stdout]                                at /opt/rustwide/workdir/src/lib.rs:150:19
[INFO] [stdout]   32:     0x584cedf5b218 - virtualdom::PrintElement::hd36498a111ff20b0
[INFO] [stdout]                                at /opt/rustwide/workdir/src/lib.rs:79:38
[INFO] [stdout]   33:     0x584cedf5b3b7 - virtualdom::PrintElement::hd36498a111ff20b0
[INFO] [stdout]                                at /opt/rustwide/workdir/src/lib.rs:74:38
[INFO] [stdout]   34:     0x584cedf5b3b7 - virtualdom::PrintElement::hd36498a111ff20b0
[INFO] [stdout]                                at /opt/rustwide/workdir/src/lib.rs:74:38
[INFO] [stdout]   35:     0x584cedf5b3b7 - virtualdom::PrintElement::hd36498a111ff20b0
[INFO] [stdout]                                at /opt/rustwide/workdir/src/lib.rs:74:38
[INFO] [stdout]   36:     0x584cedf5af55 - virtualdom::parseNode::h512b6f9e825c0a31
[INFO] [stdout]                                at /opt/rustwide/workdir/src/lib.rs:64:9
[INFO] [stdout]   37:     0x584cedf5be14 - virtualdom::tests::it_works::h2bc5c94f91d15516
[INFO] [stdout]                                at /opt/rustwide/workdir/src/lib.rs:168:9
[INFO] [stdout]   38:     0x584cedf5bde7 - virtualdom::tests::it_works::{{closure}}::h9f4918ead6df31bf
[INFO] [stdout]                                at /opt/rustwide/workdir/src/lib.rs:167:18
[INFO] [stdout]   39:     0x584cedf58086 - core::ops::function::FnOnce::call_once::h6249f20fa8b22472
[INFO] [stdout]                                at /rustc/6067b36314ab5eb2eb47cecc464545ba58e1ad24/library/core/src/ops/function.rs:250:5
[INFO] [stdout]   40:     0x584cedf9b67b - core::ops::function::FnOnce::call_once::he27718dfdd183f43
[INFO] [stdout]                                at /rustc/6067b36314ab5eb2eb47cecc464545ba58e1ad24/library/core/src/ops/function.rs:250:5
[INFO] [stdout]   41:     0x584cedf9b67b - test::__rust_begin_short_backtrace::h4e84902998457a5d
[INFO] [stdout]                                at /rustc/6067b36314ab5eb2eb47cecc464545ba58e1ad24/library/test/src/lib.rs:632:18
[INFO] [stdout]   42:     0x584cedf9a5b3 - test::run_test_in_process::{{closure}}::h7176fd18fc1feca0
[INFO] [stdout]                                at /rustc/6067b36314ab5eb2eb47cecc464545ba58e1ad24/library/test/src/lib.rs:655:60
[INFO] [stdout]   43:     0x584cedf9a5b3 - <core::panic::unwind_safe::AssertUnwindSafe<F> as core::ops::function::FnOnce<()>>::call_once::hf79cff2a624d8cf7
[INFO] [stdout]                                at /rustc/6067b36314ab5eb2eb47cecc464545ba58e1ad24/library/core/src/panic/unwind_safe.rs:272:9
[INFO] [stdout]   44:     0x584cedf9a5b3 - std::panicking::try::do_call::h3da0561d9ab99c25
[INFO] [stdout]                                at /rustc/6067b36314ab5eb2eb47cecc464545ba58e1ad24/library/std/src/panicking.rs:587:40
[INFO] [stdout]   45:     0x584cedf9a5b3 - std::panicking::try::h41c9fa508bc61df6
[INFO] [stdout]                                at /rustc/6067b36314ab5eb2eb47cecc464545ba58e1ad24/library/std/src/panicking.rs:550:19
[INFO] [stdout]   46:     0x584cedf9a5b3 - std::panic::catch_unwind::h6b3ff07bb5afad93
[INFO] [stdout]                                at /rustc/6067b36314ab5eb2eb47cecc464545ba58e1ad24/library/std/src/panic.rs:358:14
[INFO] [stdout]   47:     0x584cedf9a5b3 - test::run_test_in_process::hc7253dd11b39b9f4
[INFO] [stdout]                                at /rustc/6067b36314ab5eb2eb47cecc464545ba58e1ad24/library/test/src/lib.rs:655:27
[INFO] [stdout]   48:     0x584cedf9a5b3 - test::run_test::{{closure}}::hfb2007f8649c30bb
[INFO] [stdout]                                at /rustc/6067b36314ab5eb2eb47cecc464545ba58e1ad24/library/test/src/lib.rs:576:43
[INFO] [stdout]   49:     0x584cedf5d695 - test::run_test::{{closure}}::h56a17aa7a282a9f4
[INFO] [stdout]                                at /rustc/6067b36314ab5eb2eb47cecc464545ba58e1ad24/library/test/src/lib.rs:606:41
[INFO] [stdout]   50:     0x584cedf5d695 - std::sys::backtrace::__rust_begin_short_backtrace::hd2d2d2fb8e8c6aac
[INFO] [stdout]                                at /rustc/6067b36314ab5eb2eb47cecc464545ba58e1ad24/library/std/src/sys/backtrace.rs:152:18
[INFO] [stdout]   51:     0x584cedf60f7a - std::thread::Builder::spawn_unchecked_::{{closure}}::{{closure}}::h4faa3f9db6133423
[INFO] [stdout]                                at /rustc/6067b36314ab5eb2eb47cecc464545ba58e1ad24/library/std/src/thread/mod.rs:559:17
[INFO] [stdout]   52:     0x584cedf60f7a - <core::panic::unwind_safe::AssertUnwindSafe<F> as core::ops::function::FnOnce<()>>::call_once::hf2e855a36a4ea846
[INFO] [stdout]                                at /rustc/6067b36314ab5eb2eb47cecc464545ba58e1ad24/library/core/src/panic/unwind_safe.rs:272:9
[INFO] [stdout]   53:     0x584cedf60f7a - std::panicking::try::do_call::h2f73af3616c35465
[INFO] [stdout]                                at /rustc/6067b36314ab5eb2eb47cecc464545ba58e1ad24/library/std/src/panicking.rs:587:40
[INFO] [stdout]   54:     0x584cedf60f7a - std::panicking::try::hd1660ce9efadef5a
[INFO] [stdout]                                at /rustc/6067b36314ab5eb2eb47cecc464545ba58e1ad24/library/std/src/panicking.rs:550:19
[INFO] [stdout]   55:     0x584cedf60f7a - std::panic::catch_unwind::h5ee8d7823b8ca744
[INFO] [stdout]                                at /rustc/6067b36314ab5eb2eb47cecc464545ba58e1ad24/library/std/src/panic.rs:358:14
[INFO] [stdout]   56:     0x584cedf60f7a - std::thread::Builder::spawn_unchecked_::{{closure}}::h53c3a1894dce8407
[INFO] [stdout]                                at /rustc/6067b36314ab5eb2eb47cecc464545ba58e1ad24/library/std/src/thread/mod.rs:557:30
[INFO] [stdout]   57:     0x584cedf60f7a - core::ops::function::FnOnce::call_once{{vtable.shim}}::h048ce291ad4f62bf
[INFO] [stdout]                                at /rustc/6067b36314ab5eb2eb47cecc464545ba58e1ad24/library/core/src/ops/function.rs:250:5
[INFO] [stdout]   58:     0x584cee023f1b - <alloc::boxed::Box<F,A> as core::ops::function::FnOnce<Args>>::call_once::ha52bedf99a3b4981
[INFO] [stdout]                                at /rustc/6067b36314ab5eb2eb47cecc464545ba58e1ad24/library/alloc/src/boxed.rs:2013:9
[INFO] [stdout]   59:     0x584cee023f1b - <alloc::boxed::Box<F,A> as core::ops::function::FnOnce<Args>>::call_once::h567748934d80ccf8
[INFO] [stdout]                                at /rustc/6067b36314ab5eb2eb47cecc464545ba58e1ad24/library/alloc/src/boxed.rs:2013:9
[INFO] [stdout]   60:     0x584cee023f1b - std::sys::pal::unix::thread::Thread::new::thread_start::h2d970728ae887adc
[INFO] [stdout]                                at /rustc/6067b36314ab5eb2eb47cecc464545ba58e1ad24/library/std/src/sys/pal/unix/thread.rs:106:17
[INFO] [stdout]   61:     0x7a966aa2cac3 - <unknown>
[INFO] [stdout]   62:     0x7a966aabda04 - clone
[INFO] [stdout]   63:                0x0 - <unknown>
[INFO] [stdout] 
[INFO] [stdout] 
[INFO] [stdout] failures:
[INFO] [stdout]     tests::it_works
[INFO] [stdout] 
[INFO] [stdout] test result: FAILED. 0 passed; 1 failed; 0 ignored; 0 measured; 0 filtered out; finished in 0.04s
[INFO] [stdout] 
[INFO] [stderr] error: test failed, to rerun pass `--lib`
[INFO] running `Command { std: "docker" "inspect" "3eb389cde716b0dfe1ce675f0d9827cc3f8a3c5a11029b221cee9146e1469065", kill_on_drop: false }`
[INFO] running `Command { std: "docker" "rm" "-f" "3eb389cde716b0dfe1ce675f0d9827cc3f8a3c5a11029b221cee9146e1469065", kill_on_drop: false }`
[INFO] [stdout] 3eb389cde716b0dfe1ce675f0d9827cc3f8a3c5a11029b221cee9146e1469065
