[INFO] cloning repository https://github.com/davidB/ffizer
[INFO] running `Command { std: "git" "-c" "credential.helper=" "-c" "credential.helper=/workspace/cargo-home/bin/git-credential-null" "clone" "--bare" "https://github.com/davidB/ffizer" "/workspace/cache/git-repos/https%3A%2F%2Fgithub.com%2FdavidB%2Fffizer", kill_on_drop: false }`
[INFO] [stderr] Cloning into bare repository '/workspace/cache/git-repos/https%3A%2F%2Fgithub.com%2FdavidB%2Fffizer'...
[INFO] running `Command { std: "git" "rev-parse" "HEAD", kill_on_drop: false }`
[INFO] [stdout] ed3694a6aa158baf0b25938de2f5221d5d1b231e
[INFO] testing davidB/ffizer against nightly-2025-01-18 for randomize-layout-2
[INFO] running `Command { std: "git" "clone" "/workspace/cache/git-repos/https%3A%2F%2Fgithub.com%2FdavidB%2Fffizer" "/workspace/builds/worker-2-tc1/source", kill_on_drop: false }`
[INFO] [stderr] Cloning into '/workspace/builds/worker-2-tc1/source'...
[INFO] [stderr] done.
[INFO] validating manifest of git repo https://github.com/davidB/ffizer on toolchain nightly-2025-01-18
[INFO] running `Command { std: CARGO_HOME="/workspace/cargo-home" RUSTUP_HOME="/workspace/rustup-home" "/workspace/cargo-home/bin/cargo" "+nightly-2025-01-18" "metadata" "--manifest-path" "Cargo.toml" "--no-deps", kill_on_drop: false }`
[INFO] started tweaking git repo https://github.com/davidB/ffizer
[INFO] finished tweaking git repo https://github.com/davidB/ffizer
[INFO] tweaked toml for git repo https://github.com/davidB/ffizer written to /workspace/builds/worker-2-tc1/source/Cargo.toml
[INFO] crate git repo https://github.com/davidB/ffizer already has a lockfile, it will not be regenerated
[INFO] running `Command { std: CARGO_HOME="/workspace/cargo-home" RUSTUP_HOME="/workspace/rustup-home" "/workspace/cargo-home/bin/cargo" "+nightly-2025-01-18" "fetch" "--manifest-path" "Cargo.toml", kill_on_drop: false }`
[INFO] [stderr]     Updating crates.io index
[INFO] [stderr]  Downloading crates ...
[INFO] [stderr]   Downloaded os_info v3.9.2
[INFO] [stderr]   Downloaded float-cmp v0.10.0
[INFO] [stderr]   Downloaded test-trace-macros v0.3.0
[INFO] [stderr]   Downloaded similar-asserts v1.6.0
[INFO] [stderr]   Downloaded enquote v1.1.0
[INFO] [stderr]   Downloaded test-generator v0.3.1
[INFO] [stderr]   Downloaded test-trace v0.3.0
[INFO] [stderr]   Downloaded cruet v0.14.0
[INFO] [stderr]   Downloaded git2_credentials v0.15.0
[INFO] [stderr]   Downloaded num-modular v0.6.1
[INFO] [stderr]   Downloaded num-order v1.2.0
[INFO] [stderr]   Downloaded jmespath v0.3.0
[INFO] [stderr]   Downloaded jsonnet-rs v0.17.0
[INFO] [stderr]   Downloaded handlebars v6.3.0
[INFO] [stderr]   Downloaded handlebars_misc_helpers v0.17.0
[INFO] [stderr]   Downloaded run_script v0.11.0
[INFO] [stderr]   Downloaded git2 v0.20.0
[INFO] [stderr]   Downloaded cliclack v0.3.5
[INFO] [stderr]   Downloaded jsonnet-sys v0.17.0
[INFO] [stderr]   Downloaded libgit2-sys v0.18.0+1.9.0
[INFO] running `Command { std: "docker" "create" "-v" "/var/lib/crater-agent-workspace/builds/worker-2-tc1/target:/opt/rustwide/target:rw,Z" "-v" "/var/lib/crater-agent-workspace/builds/worker-2-tc1/source:/opt/rustwide/workdir:ro,Z" "-v" "/var/lib/crater-agent-workspace/cargo-home:/opt/rustwide/cargo-home:ro,Z" "-v" "/var/lib/crater-agent-workspace/rustup-home:/opt/rustwide/rustup-home:ro,Z" "-e" "SOURCE_DIR=/opt/rustwide/workdir" "-e" "CARGO_TARGET_DIR=/opt/rustwide/target" "-e" "CARGO_HOME=/opt/rustwide/cargo-home" "-e" "RUSTUP_HOME=/opt/rustwide/rustup-home" "-w" "/opt/rustwide/workdir" "-m" "1610612736" "--user" "0:0" "--network" "none" "ghcr.io/rust-lang/crates-build-env/linux@sha256:819108c5571ea2e421544af4d832f968d213c87fbe3707a016657f43d2f853bc" "/opt/rustwide/cargo-home/bin/cargo" "+nightly-2025-01-18" "metadata" "--no-deps" "--format-version=1", kill_on_drop: false }`
[INFO] [stdout] c02fcf6fa54c849e2275480419a569ccf041c3212c0f527ae7e9d4e30b224b8a
[INFO] running `Command { std: "docker" "start" "-a" "c02fcf6fa54c849e2275480419a569ccf041c3212c0f527ae7e9d4e30b224b8a", kill_on_drop: false }`
[INFO] running `Command { std: "docker" "inspect" "c02fcf6fa54c849e2275480419a569ccf041c3212c0f527ae7e9d4e30b224b8a", kill_on_drop: false }`
[INFO] running `Command { std: "docker" "rm" "-f" "c02fcf6fa54c849e2275480419a569ccf041c3212c0f527ae7e9d4e30b224b8a", kill_on_drop: false }`
[INFO] [stdout] c02fcf6fa54c849e2275480419a569ccf041c3212c0f527ae7e9d4e30b224b8a
[INFO] running `Command { std: "docker" "create" "-v" "/var/lib/crater-agent-workspace/builds/worker-2-tc1/target:/opt/rustwide/target:rw,Z" "-v" "/var/lib/crater-agent-workspace/builds/worker-2-tc1/source:/opt/rustwide/workdir:ro,Z" "-v" "/var/lib/crater-agent-workspace/cargo-home:/opt/rustwide/cargo-home:ro,Z" "-v" "/var/lib/crater-agent-workspace/rustup-home:/opt/rustwide/rustup-home:ro,Z" "-e" "SOURCE_DIR=/opt/rustwide/workdir" "-e" "CARGO_TARGET_DIR=/opt/rustwide/target" "-e" "CARGO_INCREMENTAL=0" "-e" "RUST_BACKTRACE=full" "-e" "RUSTFLAGS=--cap-lints=forbid" "-e" "RUSTDOCFLAGS=--cap-lints=forbid" "-e" "CARGO_HOME=/opt/rustwide/cargo-home" "-e" "RUSTUP_HOME=/opt/rustwide/rustup-home" "-w" "/opt/rustwide/workdir" "-m" "1610612736" "--user" "0:0" "--network" "none" "ghcr.io/rust-lang/crates-build-env/linux@sha256:819108c5571ea2e421544af4d832f968d213c87fbe3707a016657f43d2f853bc" "/opt/rustwide/cargo-home/bin/cargo" "+nightly-2025-01-18" "build" "--frozen" "--message-format=json", kill_on_drop: false }`
[INFO] [stdout] f8786ff7623781a6032203c05a40581576e233e1f96d81bdca7594ac7699032c
[INFO] running `Command { std: "docker" "start" "-a" "f8786ff7623781a6032203c05a40581576e233e1f96d81bdca7594ac7699032c", kill_on_drop: false }`
[INFO] [stderr]    Compiling proc-macro2 v1.0.93
[INFO] [stderr]    Compiling unicode-ident v1.0.14
[INFO] [stderr]    Compiling libc v0.2.169
[INFO] [stderr]    Compiling shlex v1.3.0
[INFO] [stderr]    Compiling memchr v2.7.4
[INFO] [stderr]    Compiling once_cell v1.20.2
[INFO] [stderr]    Compiling itoa v1.0.14
[INFO] [stderr]    Compiling serde v1.0.217
[INFO] [stderr]    Compiling pkg-config v0.3.31
[INFO] [stderr]    Compiling stable_deref_trait v1.2.0
[INFO] [stderr]    Compiling vcpkg v0.2.15
[INFO] [stderr]    Compiling smallvec v1.13.2
[INFO] [stderr]    Compiling pin-project-lite v0.2.16
[INFO] [stderr]    Compiling writeable v0.5.5
[INFO] [stderr]    Compiling litemap v0.7.4
[INFO] [stderr]    Compiling ryu v1.0.18
[INFO] [stderr]    Compiling log v0.4.22
[INFO] [stderr]    Compiling strsim v0.11.1
[INFO] [stderr]    Compiling autocfg v1.4.0
[INFO] [stderr]    Compiling bytes v1.9.0
[INFO] [stderr]    Compiling futures-core v0.3.31
[INFO] [stderr]    Compiling icu_locid_transform_data v1.5.0
[INFO] [stderr]    Compiling icu_properties_data v1.5.0
[INFO] [stderr]    Compiling quote v1.0.38
[INFO] [stderr]    Compiling serde_json v1.0.135
[INFO] [stderr]    Compiling slab v0.4.9
[INFO] [stderr]    Compiling thiserror v2.0.11
[INFO] [stderr]    Compiling futures-sink v0.3.31
[INFO] [stderr]    Compiling syn v2.0.96
[INFO] [stderr]    Compiling aho-corasick v1.1.3
[INFO] [stderr]    Compiling tracing-core v0.1.33
[INFO] [stderr]    Compiling jobserver v0.1.32
[INFO] [stderr]    Compiling getrandom v0.2.15
[INFO] [stderr]    Compiling mio v1.0.3
[INFO] [stderr]    Compiling socket2 v0.5.8
[INFO] [stderr]    Compiling ident_case v1.0.1
[INFO] [stderr]    Compiling icu_normalizer_data v1.5.0
[INFO] [stderr]    Compiling write16 v1.0.0
[INFO] [stderr]    Compiling regex-syntax v0.8.5
[INFO] [stderr]    Compiling cc v1.2.9
[INFO] [stderr]    Compiling futures-io v0.3.31
[INFO] [stderr]    Compiling rustls-pki-types v1.10.1
[INFO] [stderr]    Compiling futures-task v0.3.31
[INFO] [stderr]    Compiling utf8_iter v1.0.4
[INFO] [stderr]    Compiling utf16_iter v1.0.5
[INFO] [stderr]    Compiling futures-util v0.3.31
[INFO] [stderr]    Compiling tokio v1.43.0
[INFO] [stderr]    Compiling http v1.2.0
[INFO] [stderr]    Compiling spin v0.9.8
[INFO] [stderr]    Compiling ucd-trie v0.1.7
[INFO] [stderr]    Compiling openssl-src v300.4.1+3.4.0
[INFO] [stderr]    Compiling httparse v1.9.5
[INFO] [stderr]    Compiling openssl-sys v0.9.104
[INFO] [stderr]    Compiling ring v0.17.8
[INFO] [stderr]    Compiling libz-sys v1.1.21
[INFO] [stderr]    Compiling percent-encoding v2.3.1
[INFO] [stderr]    Compiling regex-automata v0.4.9
[INFO] [stderr]    Compiling form_urlencoded v1.2.1
[INFO] [stderr]    Compiling libssh2-sys v0.3.0
[INFO] [stderr]    Compiling http-body v1.0.1
[INFO] [stderr]    Compiling rustls v0.23.21
[INFO] [stderr]    Compiling try-lock v0.2.5
[INFO] [stderr]    Compiling thiserror v1.0.69
[INFO] [stderr]    Compiling equivalent v1.0.1
[INFO] [stderr]    Compiling bitflags v2.7.0
[INFO] [stderr]    Compiling byteorder v1.5.0
[INFO] [stderr]    Compiling hashbrown v0.15.2
[INFO] [stderr]    Compiling want v0.3.1
[INFO] [stderr]    Compiling synstructure v0.13.1
[INFO] [stderr]    Compiling darling_core v0.20.10
[INFO] [stderr]    Compiling regex v1.11.1
[INFO] [stderr]    Compiling indexmap v2.7.0
[INFO] [stderr]    Compiling futures-channel v0.3.31
[INFO] [stderr]    Compiling utf8parse v0.2.2
[INFO] [stderr]    Compiling subtle v2.6.1
[INFO] [stderr]    Compiling zerofrom-derive v0.1.5
[INFO] [stderr]    Compiling serde_derive v1.0.217
[INFO] [stderr]    Compiling yoke-derive v0.7.5
[INFO] [stderr]    Compiling zerovec-derive v0.10.3
[INFO] [stderr]    Compiling displaydoc v0.2.5
[INFO] [stderr]    Compiling icu_provider_macros v1.5.0
[INFO] [stderr]    Compiling zeroize_derive v1.4.2
[INFO] [stderr]    Compiling thiserror-impl v2.0.11
[INFO] [stderr]    Compiling zerofrom v0.1.5
[INFO] [stderr]    Compiling yoke v0.7.5
[INFO] [stderr]    Compiling tracing-attributes v0.1.28
[INFO] [stderr]    Compiling darling_macro v0.20.10
[INFO] [stderr]    Compiling zerocopy-derive v0.7.35
[INFO] [stderr]    Compiling zeroize v1.8.1
[INFO] [stderr]    Compiling darling v0.20.10
[INFO] [stderr]    Compiling rustls-webpki v0.102.8
[INFO] [stderr]    Compiling thiserror-impl v1.0.69
[INFO] [stderr]    Compiling zerovec v0.10.4
[INFO] [stderr]    Compiling zerocopy v0.7.35
[INFO] [stderr]    Compiling pest v2.7.15
[INFO] [stderr]    Compiling tracing v0.1.41
[INFO] [stderr]    Compiling tinystr v0.7.6
[INFO] [stderr]    Compiling icu_collections v1.5.0
[INFO] [stderr]    Compiling deunicode v1.6.0
[INFO] [stderr]    Compiling lazy_static v1.5.0
[INFO] [stderr]    Compiling icu_locid v1.5.0
[INFO] [stderr]    Compiling option-ext v0.2.0
[INFO] [stderr]    Compiling rustix v0.38.43
[INFO] [stderr]    Compiling unicode-width v0.2.0
[INFO] [stderr]    Compiling tower-service v0.3.3
[INFO] [stderr]    Compiling ppv-lite86 v0.2.20
[INFO] [stderr]    Compiling console v0.15.10
[INFO] [stderr]    Compiling slug v0.1.6
[INFO] [stderr]    Compiling derive_builder_core v0.20.2
[INFO] [stderr]    Compiling icu_provider v1.5.0
[INFO] [stderr]    Compiling icu_locid_transform v1.5.0
[INFO] [stderr]    Compiling pest_meta v2.7.15
[INFO] [stderr]    Compiling anstyle-parse v0.2.6
[INFO] [stderr]    Compiling pest_generator v2.7.15
[INFO] [stderr]    Compiling hyper v1.5.2
[INFO] [stderr]    Compiling icu_properties v1.5.1
[INFO] [stderr]    Compiling libgit2-sys v0.18.0+1.9.0
[INFO] [stderr]    Compiling jsonnet-sys v0.17.0
[INFO] [stderr]    Compiling rand_core v0.6.4
[INFO] [stderr]    Compiling anstyle-query v1.1.2
[INFO] [stderr]    Compiling winnow v0.6.24
[INFO] [stderr]    Compiling portable-atomic v1.10.0
[INFO] [stderr]    Compiling object v0.36.7
[INFO] [stderr]    Compiling regex-syntax v0.6.29
[INFO] [stderr]    Compiling linux-raw-sys v0.4.15
[INFO] [stderr]    Compiling colorchoice v1.0.3
[INFO] [stderr]    Compiling anstyle v1.0.10
[INFO] [stderr]    Compiling toml_datetime v0.6.8
[INFO] [stderr]    Compiling serde_spanned v0.6.8
[INFO] [stderr]    Compiling is_terminal_polyfill v1.70.1
[INFO] [stderr]    Compiling anstream v0.6.18
[INFO] [stderr]    Compiling icu_normalizer v1.5.0
[INFO] [stderr]    Compiling tokio-rustls v0.26.1
[INFO] [stderr]    Compiling rand_chacha v0.3.1
[INFO] [stderr]    Compiling idna_adapter v1.2.0
[INFO] [stderr]    Compiling idna v1.0.3
[INFO] [stderr]    Compiling toml_edit v0.22.22
[INFO] [stderr]    Compiling url v2.5.4
[INFO] [stderr]    Compiling regex-automata v0.1.10
[INFO] [stderr]    Compiling pest_derive v2.7.15
[INFO] [stderr]    Compiling hyper-util v0.1.10
[INFO] [stderr]    Compiling jmespath v0.3.0
[INFO] [stderr]    Compiling derive_builder_macro v0.20.2
[INFO] [stderr]    Compiling webpki-roots v0.26.7
[INFO] [stderr]    Compiling sync_wrapper v1.0.2
[INFO] [stderr]    Compiling adler2 v2.0.0
[INFO] [stderr]    Compiling gimli v0.31.1
[INFO] [stderr]    Compiling fastrand v2.3.0
[INFO] [stderr]    Compiling tower-layer v0.3.3
[INFO] [stderr]    Compiling num-modular v0.6.1
[INFO] [stderr]    Compiling overload v0.1.1
[INFO] [stderr]    Compiling nu-ansi-term v0.46.0
[INFO] [stderr]    Compiling toml v0.8.19
[INFO] [stderr]    Compiling num-order v1.2.0
[INFO] [stderr]    Compiling hyper-rustls v0.27.5
[INFO] [stderr]    Compiling tempfile v3.15.0
[INFO] [stderr]    Compiling tower v0.5.2
[INFO] [stderr]    Compiling miniz_oxide v0.8.2
[INFO] [stderr]    Compiling derive_builder v0.20.2
[INFO] [stderr]    Compiling matchers v0.1.0
[INFO] [stderr]    Compiling rand v0.8.5
[INFO] [stderr]    Compiling serde_urlencoded v0.7.1
[INFO] [stderr]    Compiling addr2line v0.24.2
[INFO] [stderr]    Compiling dirs-sys v0.4.1
[INFO] [stderr]    Compiling sharded-slab v0.1.7
[INFO] [stderr]    Compiling serde_derive_internals v0.29.1
[INFO] [stderr]    Compiling http-body-util v0.1.2
[INFO] [stderr]    Compiling rustls-pemfile v2.2.0
[INFO] [stderr]    Compiling tracing-log v0.2.0
[INFO] [stderr]    Compiling thread_local v1.1.8
[INFO] [stderr]    Compiling mime v0.3.17
[INFO] [stderr]    Compiling unsafe-libyaml v0.2.11
[INFO] [stderr]    Compiling unicode-width v0.1.14
[INFO] [stderr]    Compiling unicode-linebreak v0.1.5
[INFO] [stderr]    Compiling smawk v0.3.2
[INFO] [stderr]    Compiling openssl v0.10.68
[INFO] [stderr]    Compiling clap_lex v0.7.4
[INFO] [stderr]    Compiling shell-words v1.1.0
[INFO] [stderr]    Compiling schemars v0.8.21
[INFO] [stderr]    Compiling base64 v0.22.1
[INFO] [stderr]    Compiling ipnet v2.10.1
[INFO] [stderr]    Compiling number_prefix v0.4.0
[INFO] [stderr]    Compiling rustc-demangle v0.1.24
[INFO] [stderr]    Compiling indicatif v0.17.9
[INFO] [stderr]    Compiling serde_yaml v0.9.34+deprecated
[INFO] [stderr]    Compiling reqwest v0.12.12
[INFO] [stderr]    Compiling clap_builder v4.5.26
[INFO] [stderr]    Compiling dialoguer v0.11.0
[INFO] [stderr]    Compiling schemars_derive v0.8.21
[INFO] [stderr]    Compiling textwrap v0.16.1
[INFO] [stderr]    Compiling backtrace v0.3.74
[INFO] [stderr]    Compiling clap_derive v4.5.24
[INFO] [stderr]    Compiling tracing-subscriber v0.3.19
[INFO] [stderr]    Compiling fsio v0.4.0
[INFO] [stderr]    Compiling dirs v5.0.1
[INFO] [stderr]    Compiling handlebars v6.3.0
[INFO] [stderr]    Compiling os_info v3.9.2
[INFO] [stderr]    Compiling enquote v1.1.0
[INFO] [stderr]    Compiling dirs-sys v0.5.0
[INFO] [stderr]    Compiling openssl-macros v0.1.1
[INFO] [stderr]    Compiling cruet v0.14.0
[INFO] [stderr]    Compiling uuid v1.11.1
[INFO] [stderr]    Compiling bstr v1.11.3
[INFO] [stderr]    Compiling unicode-segmentation v1.12.0
[INFO] [stderr]    Compiling dyn-clone v1.0.17
[INFO] [stderr]    Compiling walkdir v2.5.0
[INFO] [stderr]    Compiling similar v2.6.0
[INFO] [stderr]    Compiling human-panic v2.0.2
[INFO] [stderr]    Compiling globset v0.4.15
[INFO] [stderr]    Compiling directories v6.0.0
[INFO] [stderr]    Compiling clap v4.5.26
[INFO] [stderr]    Compiling tracing-error v0.2.1
[INFO] [stderr]    Compiling run_script v0.11.0
[INFO] [stderr]    Compiling cliclack v0.3.5
[INFO] [stderr]    Compiling serde_plain v1.0.2
[INFO] [stderr]    Compiling md5 v0.7.0
[INFO] [stderr]    Compiling jsonnet-rs v0.17.0
[INFO] [stderr]    Compiling handlebars_misc_helpers v0.17.0
[INFO] [stderr]    Compiling git2 v0.20.0
[INFO] [stderr]    Compiling git2_credentials v0.15.0
[INFO] [stderr]    Compiling ffizer v2.13.1 (/opt/rustwide/workdir)
[INFO] [stderr]     Finished `dev` profile [unoptimized + debuginfo] target(s) in 7m 41s
[INFO] running `Command { std: "docker" "inspect" "f8786ff7623781a6032203c05a40581576e233e1f96d81bdca7594ac7699032c", kill_on_drop: false }`
[INFO] running `Command { std: "docker" "rm" "-f" "f8786ff7623781a6032203c05a40581576e233e1f96d81bdca7594ac7699032c", kill_on_drop: false }`
[INFO] [stdout] f8786ff7623781a6032203c05a40581576e233e1f96d81bdca7594ac7699032c
[INFO] running `Command { std: "docker" "create" "-v" "/var/lib/crater-agent-workspace/builds/worker-2-tc1/target:/opt/rustwide/target:rw,Z" "-v" "/var/lib/crater-agent-workspace/builds/worker-2-tc1/source:/opt/rustwide/workdir:ro,Z" "-v" "/var/lib/crater-agent-workspace/cargo-home:/opt/rustwide/cargo-home:ro,Z" "-v" "/var/lib/crater-agent-workspace/rustup-home:/opt/rustwide/rustup-home:ro,Z" "-e" "SOURCE_DIR=/opt/rustwide/workdir" "-e" "CARGO_TARGET_DIR=/opt/rustwide/target" "-e" "CARGO_INCREMENTAL=0" "-e" "RUST_BACKTRACE=full" "-e" "RUSTFLAGS=--cap-lints=forbid" "-e" "RUSTDOCFLAGS=--cap-lints=forbid" "-e" "CARGO_HOME=/opt/rustwide/cargo-home" "-e" "RUSTUP_HOME=/opt/rustwide/rustup-home" "-w" "/opt/rustwide/workdir" "-m" "1610612736" "--user" "0:0" "--network" "none" "ghcr.io/rust-lang/crates-build-env/linux@sha256:819108c5571ea2e421544af4d832f968d213c87fbe3707a016657f43d2f853bc" "/opt/rustwide/cargo-home/bin/cargo" "+nightly-2025-01-18" "test" "--frozen" "--no-run" "--message-format=json", kill_on_drop: false }`
[INFO] [stdout] 7a5fcd61b04adfb2fedd3462c54f6853109486c9cffa782c5e1131c0b76a20f0
[INFO] running `Command { std: "docker" "start" "-a" "7a5fcd61b04adfb2fedd3462c54f6853109486c9cffa782c5e1131c0b76a20f0", kill_on_drop: false }`
[INFO] [stderr]    Compiling regex-automata v0.4.9
[INFO] [stderr]    Compiling futures-macro v0.3.31
[INFO] [stderr]    Compiling semver v1.0.24
[INFO] [stderr]    Compiling num-traits v0.2.19
[INFO] [stderr]    Compiling proc-macro2 v0.4.30
[INFO] [stderr]    Compiling aho-corasick v1.1.3
[INFO] [stderr]    Compiling toml_datetime v0.6.8
[INFO] [stderr]    Compiling unicode-xid v0.1.0
[INFO] [stderr]    Compiling doc-comment v0.3.3
[INFO] [stderr]    Compiling toml_edit v0.22.22
[INFO] [stderr]    Compiling glob v0.3.2
[INFO] [stderr]    Compiling rustc_version v0.4.1
[INFO] [stderr]    Compiling rstest_macros v0.24.0
[INFO] [stderr]    Compiling predicates-core v1.0.9
[INFO] [stderr]    Compiling futures-util v0.3.31
[INFO] [stderr]    Compiling syn v0.15.44
[INFO] [stderr]    Compiling float-cmp v0.10.0
[INFO] [stderr]    Compiling quote v0.6.13
[INFO] [stderr]    Compiling termtree v0.5.1
[INFO] [stderr]    Compiling assert_cmd v2.0.16
[INFO] [stderr]    Compiling relative-path v1.9.3
[INFO] [stderr]    Compiling difflib v0.4.0
[INFO] [stderr]    Compiling normalize-line-endings v0.3.0
[INFO] [stderr]    Compiling predicates-tree v1.0.12
[INFO] [stderr]    Compiling wait-timeout v0.2.0
[INFO] [stderr]    Compiling test-trace-macros v0.3.0
[INFO] [stderr]    Compiling futures-timer v3.0.3
[INFO] [stderr]    Compiling yansi v1.0.1
[INFO] [stderr]    Compiling diff v0.1.13
[INFO] [stderr]    Compiling similar-asserts v1.6.0
[INFO] [stderr]    Compiling regex v1.11.1
[INFO] [stderr]    Compiling bstr v1.11.3
[INFO] [stderr]    Compiling proc-macro-crate v3.2.0
[INFO] [stderr]    Compiling tracing-subscriber v0.3.19
[INFO] [stderr]    Compiling cruet v0.14.0
[INFO] [stderr]    Compiling globset v0.4.15
[INFO] [stderr]    Compiling hyper v1.5.2
[INFO] [stderr]    Compiling tower v0.5.2
[INFO] [stderr]    Compiling http-body-util v0.1.2
[INFO] [stderr]    Compiling git2_credentials v0.15.0
[INFO] [stderr]    Compiling predicates v3.1.3
[INFO] [stderr]    Compiling tracing-error v0.2.1
[INFO] [stderr]    Compiling hyper-util v0.1.10
[INFO] [stderr]    Compiling test-trace v0.3.0
[INFO] [stderr]    Compiling test-generator v0.3.1
[INFO] [stderr]    Compiling pretty_assertions v1.4.1
[INFO] [stderr]    Compiling hyper-rustls v0.27.5
[INFO] [stderr]    Compiling reqwest v0.12.12
[INFO] [stderr]    Compiling handlebars_misc_helpers v0.17.0
[INFO] [stderr]    Compiling rstest v0.24.0
[INFO] [stderr]    Compiling ffizer v2.13.1 (/opt/rustwide/workdir)
[INFO] [stderr]     Finished `test` profile [unoptimized + debuginfo] target(s) in 1m 04s
[INFO] running `Command { std: "docker" "inspect" "7a5fcd61b04adfb2fedd3462c54f6853109486c9cffa782c5e1131c0b76a20f0", kill_on_drop: false }`
[INFO] running `Command { std: "docker" "rm" "-f" "7a5fcd61b04adfb2fedd3462c54f6853109486c9cffa782c5e1131c0b76a20f0", kill_on_drop: false }`
[INFO] [stdout] 7a5fcd61b04adfb2fedd3462c54f6853109486c9cffa782c5e1131c0b76a20f0
[INFO] running `Command { std: "docker" "create" "-v" "/var/lib/crater-agent-workspace/builds/worker-2-tc1/target:/opt/rustwide/target:rw,Z" "-v" "/var/lib/crater-agent-workspace/builds/worker-2-tc1/source:/opt/rustwide/workdir:ro,Z" "-v" "/var/lib/crater-agent-workspace/cargo-home:/opt/rustwide/cargo-home:ro,Z" "-v" "/var/lib/crater-agent-workspace/rustup-home:/opt/rustwide/rustup-home:ro,Z" "-e" "SOURCE_DIR=/opt/rustwide/workdir" "-e" "CARGO_TARGET_DIR=/opt/rustwide/target" "-e" "CARGO_INCREMENTAL=0" "-e" "RUST_BACKTRACE=full" "-e" "RUSTFLAGS=--cap-lints=forbid" "-e" "RUSTDOCFLAGS=--cap-lints=forbid" "-e" "CARGO_HOME=/opt/rustwide/cargo-home" "-e" "RUSTUP_HOME=/opt/rustwide/rustup-home" "-w" "/opt/rustwide/workdir" "-m" "1610612736" "--user" "0:0" "--network" "none" "ghcr.io/rust-lang/crates-build-env/linux@sha256:819108c5571ea2e421544af4d832f968d213c87fbe3707a016657f43d2f853bc" "/opt/rustwide/cargo-home/bin/cargo" "+nightly-2025-01-18" "test" "--frozen", kill_on_drop: false }`
[INFO] [stdout] 7020c434f86259c8f095d2298108b3ae868c8ee6874bf06b5b8e9e90256bbc15
[INFO] running `Command { std: "docker" "start" "-a" "7020c434f86259c8f095d2298108b3ae868c8ee6874bf06b5b8e9e90256bbc15", kill_on_drop: false }`
[INFO] [stderr]     Finished `test` profile [unoptimized + debuginfo] target(s) in 0.76s
[INFO] [stderr]      Running unittests src/lib.rs (/opt/rustwide/target/debug/deps/ffizer-084ef993eb831546)
[INFO] [stdout] 
[INFO] [stdout] running 59 tests
[INFO] [stdout] test files::tests::test_add_suffix ... ok
[INFO] [stdout] test cfg::template_cfg::tests::test_deserialize_cfg_yaml_use_template_dir_true ... ok
[INFO] [stdout] test cfg::template_cfg::tests::various_assert_equals ... ok
[INFO] [stdout] test files::tests::test_remove_special_suffix_on_filename::case_2 ... ok
[INFO] [stdout] test cfg::template_cfg::tests::test_transforms_values ... ok
[INFO] [stdout] test files::tests::test_is_ffizer_handlebars ... ok
[INFO] [stdout] test files::tests::test_remove_special_suffix_on_filename::case_5 ... ok
[INFO] [stdout] test files::tests::test_remove_special_suffix_on_filename::case_1 ... ok
[INFO] [stdout] test files::tests::test_remove_special_suffix_on_filename::case_4 ... ok
[INFO] [stdout] test files::tests::test_remove_special_suffix_on_filename::case_6 ... ok
[INFO] [stdout] test files::tests::test_remove_special_suffix_on_filename::case_8 ... ok
[INFO] [stdout] test files::tests::test_remove_special_suffix_on_filename::case_7 ... ok
[INFO] [stdout] test cli_opt::tests::verify_cli ... ok
[INFO] [stdout] test files::tests::test_remove_special_suffix_on_filename::case_3 ... ok
[INFO] [stdout] test files::tests::test_remove_special_suffix_on_filename::case_9 ... ok
[INFO] [stdout] test cfg::template_cfg::tests::test_deserialize_cfg_yaml ... ok
[INFO] [stdout] test cfg::template_cfg::tests::test_accept_ignores_with_values ... ok
[INFO] [stdout] test git::tests::should_get_merge_cmd ... ignored, Only works on my laptop
[INFO] [stdout] test source_file::tests::test_cmp_sourcefile ... ok
[INFO] [stdout] test graph::tests::test_find_edges_ordered_by_depth ... ok
[INFO] [stdout] test path_pattern::tests::test_pattern_are_trimmed ... ok
[INFO] [stdout] test path_pattern::tests::test_pattern_with_glob ... ok
[INFO] [stdout] test source_uri::tests::assert_source_uri_from_str::case_1_abs_localpath ... ok
[INFO] [stdout] test source_uri::tests::assert_source_uri_from_str::case_4_https_with_git_extension ... ok
[INFO] [stdout] test source_uri::tests::assert_source_uri_from_str::case_2_git_with_git_extension ... ok
[INFO] [stdout] test cfg::template_cfg::tests::test_deserialize_cfg_yaml_use_template_dir_false ... ok
[INFO] [stdout] test source_uri::tests::assert_source_uri_from_str::case_7_abbreviation_gh ... ok
[INFO] [stdout] test source_uri::tests::assert_source_uri_from_str::case_6_https_with_git_extension_and_username ... ok
[INFO] [stdout] test source_uri::tests::assert_source_uri_from_str::case_3_git_without_git_extension ... ok
[INFO] [stdout] test source_uri::tests::assert_source_uri_from_str::case_5_https_without_git_extension ... ok
[INFO] [stdout] git version 2.34.1
[INFO] [stdout] test scripts::tests::should_redirect_io ... ok
[INFO] [stdout] test source_uri::tests::assert_source_uri_from_str::case_8_abbreviation_gl ... ok
[INFO] [stdout] test tests::test_compute_dst_path_ffizer_handlebars ... ok
[INFO] [stdout] test tests::test_compute_dst_path_rendered_folder ... ok
[INFO] [stdout] test tests::test_compute_dst_path_asis ... ok
[INFO] [stdout] test tests::test_mk_file_by_copy ... ok
[INFO] [stdout] test tests::test_mk_file_by_render ... ok
[INFO] [stdout] test tests::test_compute_dst_path_rendered_filename ... ok
[INFO] [stdout] test tests::test_copy_file_permissions ... ok
[INFO] [stdout] test tests::test_path_extension_extraction ... ok
[INFO] [stdout] test tests::test_plan_with_duplicate_from_2_templates ... ok
[INFO] [stdout] test tests::test_plan_with_empty ... ok
[INFO] [stdout] test source_uri::tests::assert_source_uri_from_str::case_9_abbreviation_bitbucket ... ok
[INFO] [stdout] test timeline::tests::test_make_template::empty ... ok
[INFO] [stdout] test tests::test_update_file_current_as_local ... ok
[INFO] [stdout] test tests::test_update_file_keep ... ok
[INFO] [stdout] test tests::test_update_file_update_as_remote ... ok
[INFO] [stdout] test timeline::tests::test_make_template::multi_source ... ok
[INFO] [stdout] test tests::test_update_file_override ... ok
[INFO] [stdout] test timeline::tests::test_make_template::single_source ... ok
[INFO] [stdout] test ui::tree::tests::test_ ... ok
[INFO] [stdout] test tests::test_hbs_expression ... ok
[INFO] [stdout] test variables::tests::test_to_value ... ok
[INFO] [stdout] test timeline::tests::test_save_load_variables ... ok
[INFO] [stdout] test timeline::tests::test_save_load_srcs::single_use ... ok
[INFO] [stdout] test timeline::tests::test_save_load_srcs::multi_use ... ok
[INFO] [stdout] test timeline::tests::test_save_load_srcs::multi_use_with_replacement ... ok
[INFO] [stdout] test git::git2::tests::retrieve_should_update_existing_template ... ok
[INFO] [stdout] test git::tests::retrieve_should_update_existing_template ... ok
[INFO] [stdout] 
[INFO] [stdout] test result: ok. 58 passed; 0 failed; 1 ignored; 0 measured; 0 filtered out; finished in 0.43s
[INFO] [stdout] 
[INFO] [stderr]      Running unittests src/main.rs (/opt/rustwide/target/debug/deps/ffizer-914f73ed37693287)
[INFO] [stdout] 
[INFO] [stdout] running 0 tests
[INFO] [stdout] 
[INFO] [stdout] test result: ok. 0 passed; 0 failed; 0 ignored; 0 measured; 0 filtered out; finished in 0.00s
[INFO] [stdout] 
[INFO] [stderr]      Running tests/e2e.rs (/opt/rustwide/target/debug/deps/e2e-28124a0cbbaf4ef2)
[INFO] [stdout] 
[INFO] [stdout] running 14 tests
[INFO] [stdout] test run_test_samples_tests_data_template_10_ignores_diff ... ok
[INFO] [stdout] test log_should_report_error ... ok
[INFO] [stdout] test run_test_samples_tests_data_template_5_use_template_dir ... ok
[INFO] [stdout] test run_test_samples_tests_data_template_0_empty ... ok
[INFO] [stdout] test run_test_samples_tests_data_template_3 ... ok
[INFO] [stdout] test run_test_samples_tests_data_template_1 ... ok
[INFO] [stdout] test run_test_samples_tests_data_template_6_if_bool ... ok
[INFO] [stdout] test run_test_samples_tests_data_template_8_variables ... ok
[INFO] [stdout] test run_test_samples_tests_data_template_7_ignores ... ok
[INFO] [stdout] test run_test_samples_tests_data_template_4_compose ... ok
[INFO] [stdout] test run_test_samples_tests_data_template_9_binary ... ok
[INFO] [stdout] test test_reapply::single_template_inplace ... ok
[INFO] [stdout] test test_reapply::single_template_moved ... ok
[INFO] [stdout] test run_test_samples_tests_data_template_2 ... FAILED
[INFO] [stdout] 
[INFO] [stdout] failures:
[INFO] [stdout] 
[INFO] [stdout] ---- run_test_samples_tests_data_template_2 stdout ----
[INFO] [stdout] [tests/e2e.rs:18:9] e = OutputError {
[INFO] [stdout]     cmd: Some(
[INFO] [stdout]         "\"/opt/rustwide/target/debug/ffizer\" \"test-samples\" \"--source\" \"tests/data/template_2\"",
[INFO] [stdout]     ),
[INFO] [stdout]     stdin: None,
[INFO] [stdout]     cause: Expected(
[INFO] [stdout]         Output {
[INFO] [stdout]             output: Output {
[INFO] [stdout]                 status: ExitStatus(
[INFO] [stdout]                     unix_wait_status(
[INFO] [stdout]                         256,
[INFO] [stdout]                     ),
[INFO] [stdout]                 ),
[INFO] [stdout]                 stdout: "",
[INFO] [stdout]                 stderr: "T  Configure variables\n|\no  Plan to execute ---------------------+\n|                                       |\n|     - make dir        \u{1b}[38;2;80;80;80m\u{1b}[0mmy-project      |\n|     - add file        \u{1b}[38;2;80;80;80m └─\u{1b}[0m.gitignore   |\n|                                       |\n+---------------------------------------+\n|\n  \u{1b}[2m2025-01-20T12:04:13.139877Z\u{1b}[0m \u{1b}[31mERROR\u{1b}[0m \u{1b}[1;31mffizer\u{1b}[0m\u{1b}[31m: \u{1b}[31mcmd: CliOpts {\n    verbose: 0,\n    cmd: TestSamples(\n        TestSamplesOpts {\n            src: SourceLoc {\n                uri: SourceUri {\n                    raw: \"tests/data/template_2\",\n                    path: \"tests/data/template_2\",\n                    host: None,\n                },\n                rev: Some(\n                    \"master\",\n                ),\n                subfolder: None,\n            },\n            offline: false,\n            review: false,\n        },\n    ),\n}\u{1b}[0m\n    \u{1b}[2;3mat\u{1b}[0m src/main.rs:98\n\n  \u{1b}[2m2025-01-20T12:04:13.139961Z\u{1b}[0m \u{1b}[31mERROR\u{1b}[0m \u{1b}[1;31mffizer\u{1b}[0m\u{1b}[31m: \u{1b}[31mfailed: Handlebars {\n    when: \"render template into buffer\",\n    template: \"/opt/rustwide/workdir/tests/data/template_2/.gitignore.ffizer.hbs\",\n    source: RenderError {\n        template_name: Some(\n            \"/opt/rustwide/workdir/tests/data/template_2/.gitignore.ffizer.hbs\",\n        ),\n        line_no: Some(\n            2,\n        ),\n        column_no: Some(\n            1,\n        ),\n        reason: NestedError(\n            reqwest::Error {\n                kind: Request,\n                url: \"https://www.gitignore.io/api/rust\",\n                source: hyper_util::client::legacy::Error(\n                    Connect,\n                    ConnectError(\n                        \"dns error\",\n                        Custom {\n                            kind: Uncategorized,\n                            error: \"failed to lookup address information: Temporary failure in name resolution\",\n                        },\n                    ),\n                ),\n            },\n        ),\n        unimplemented: false,\n    },\n}\u{1b}[0m\n    \u{1b}[2;3mat\u{1b}[0m src/main.rs:99\n\n",
[INFO] [stdout]             },
[INFO] [stdout]         },
[INFO] [stdout]     ),
[INFO] [stdout] }
[INFO] [stdout] 
[INFO] [stdout] thread 'run_test_samples_tests_data_template_2' panicked at tests/e2e.rs:19:9:
[INFO] [stdout] assertion failed: false
[INFO] [stdout] stack backtrace:
[INFO] [stdout]    0:     0x5fb6acb7263a - std::backtrace_rs::backtrace::libunwind::trace::hb059275cfc8d6126
[INFO] [stdout]                                at /rustc/6067b36314ab5eb2eb47cecc464545ba58e1ad24/library/std/src/../../backtrace/src/backtrace/libunwind.rs:116:5
[INFO] [stdout]    1:     0x5fb6acb7263a - std::backtrace_rs::backtrace::trace_unsynchronized::h2da071e4327ce3ee
[INFO] [stdout]                                at /rustc/6067b36314ab5eb2eb47cecc464545ba58e1ad24/library/std/src/../../backtrace/src/backtrace/mod.rs:66:5
[INFO] [stdout]    2:     0x5fb6acb7263a - std::sys::backtrace::_print_fmt::h842a1474e6f8d23f
[INFO] [stdout]                                at /rustc/6067b36314ab5eb2eb47cecc464545ba58e1ad24/library/std/src/sys/backtrace.rs:66:9
[INFO] [stdout]    3:     0x5fb6acb7263a - <std::sys::backtrace::BacktraceLock::print::DisplayBacktrace as core::fmt::Display>::fmt::h71a62eb3b9696b12
[INFO] [stdout]                                at /rustc/6067b36314ab5eb2eb47cecc464545ba58e1ad24/library/std/src/sys/backtrace.rs:39:26
[INFO] [stdout]    4:     0x5fb6acb9dbe3 - core::fmt::rt::Argument::fmt::hdb6b616786b41dc1
[INFO] [stdout]                                at /rustc/6067b36314ab5eb2eb47cecc464545ba58e1ad24/library/core/src/fmt/rt.rs:177:76
[INFO] [stdout]    5:     0x5fb6acb9dbe3 - core::fmt::write::h2cc1698af7e2d686
[INFO] [stdout]                                at /rustc/6067b36314ab5eb2eb47cecc464545ba58e1ad24/library/core/src/fmt/mod.rs:1440:21
[INFO] [stdout]    6:     0x5fb6acb6e3d3 - std::io::Write::write_fmt::hab1b4cd059a79022
[INFO] [stdout]                                at /rustc/6067b36314ab5eb2eb47cecc464545ba58e1ad24/library/std/src/io/mod.rs:1887:15
[INFO] [stdout]    7:     0x5fb6acb72482 - std::sys::backtrace::BacktraceLock::print::h147fe35b4ea13b08
[INFO] [stdout]                                at /rustc/6067b36314ab5eb2eb47cecc464545ba58e1ad24/library/std/src/sys/backtrace.rs:42:9
[INFO] [stdout]    8:     0x5fb6acb73adf - std::panicking::default_hook::{{closure}}::hbd44223dbdc0d208
[INFO] [stdout]                                at /rustc/6067b36314ab5eb2eb47cecc464545ba58e1ad24/library/std/src/panicking.rs:298:22
[INFO] [stdout]    9:     0x5fb6acb738f8 - std::panicking::default_hook::h20f81eb0576efcec
[INFO] [stdout]                                at /rustc/6067b36314ab5eb2eb47cecc464545ba58e1ad24/library/std/src/panicking.rs:322:9
[INFO] [stdout]   10:     0x5fb6ac7e8de3 - <alloc::boxed::Box<F,A> as core::ops::function::Fn<Args>>::call::hdb53814c496a4d34
[INFO] [stdout]                                at /rustc/6067b36314ab5eb2eb47cecc464545ba58e1ad24/library/alloc/src/boxed.rs:2027:9
[INFO] [stdout]   11:     0x5fb6ac7e8de3 - test::test_main::{{closure}}::hc0a4963c59427c24
[INFO] [stdout]                                at /rustc/6067b36314ab5eb2eb47cecc464545ba58e1ad24/library/test/src/lib.rs:134:21
[INFO] [stdout]   12:     0x5fb6acb745d3 - <alloc::boxed::Box<F,A> as core::ops::function::Fn<Args>>::call::h591b2225413a77e9
[INFO] [stdout]                                at /rustc/6067b36314ab5eb2eb47cecc464545ba58e1ad24/library/alloc/src/boxed.rs:2027:9
[INFO] [stdout]   13:     0x5fb6acb745d3 - std::panicking::rust_panic_with_hook::h625eea43051b2edc
[INFO] [stdout]                                at /rustc/6067b36314ab5eb2eb47cecc464545ba58e1ad24/library/std/src/panicking.rs:839:13
[INFO] [stdout]   14:     0x5fb6acb74256 - std::panicking::begin_panic_handler::{{closure}}::h4f9159cfbc3f6bd3
[INFO] [stdout]                                at /rustc/6067b36314ab5eb2eb47cecc464545ba58e1ad24/library/std/src/panicking.rs:697:13
[INFO] [stdout]   15:     0x5fb6acb72b39 - std::sys::backtrace::__rust_end_short_backtrace::h0390abce48353151
[INFO] [stdout]                                at /rustc/6067b36314ab5eb2eb47cecc464545ba58e1ad24/library/std/src/sys/backtrace.rs:168:18
[INFO] [stdout]   16:     0x5fb6acb73f1d - rust_begin_unwind
[INFO] [stdout]                                at /rustc/6067b36314ab5eb2eb47cecc464545ba58e1ad24/library/std/src/panicking.rs:695:5
[INFO] [stdout]   17:     0x5fb6acb9c250 - core::panicking::panic_fmt::h9e7c637e9e5f29c9
[INFO] [stdout]                                at /rustc/6067b36314ab5eb2eb47cecc464545ba58e1ad24/library/core/src/panicking.rs:75:14
[INFO] [stdout]   18:     0x5fb6acb9c2dc - core::panicking::panic::haa3255ea20181a33
[INFO] [stdout]                                at /rustc/6067b36314ab5eb2eb47cecc464545ba58e1ad24/library/core/src/panicking.rs:145:5
[INFO] [stdout]   19:     0x5fb6ac7a53fd - e2e::run_test_samples::h91ed968364508b9a
[INFO] [stdout]                                at /opt/rustwide/workdir/tests/e2e.rs:19:9
[INFO] [stdout]   20:     0x5fb6ac7a55b4 - e2e::run_test_samples_tests_data_template_2::hd60dc05c55f79d86
[INFO] [stdout]                                at /opt/rustwide/workdir/tests/e2e.rs:13:1
[INFO] [stdout]   21:     0x5fb6ac7a5577 - e2e::run_test_samples_tests_data_template_2::{{closure}}::ha83be4ef9c925fa2
[INFO] [stdout]                                at /opt/rustwide/workdir/tests/e2e.rs:13:43
[INFO] [stdout]   22:     0x5fb6ac7a03b6 - core::ops::function::FnOnce::call_once::h1af57a8bc2608ed1
[INFO] [stdout]                                at /rustc/6067b36314ab5eb2eb47cecc464545ba58e1ad24/library/core/src/ops/function.rs:250:5
[INFO] [stdout]   23:     0x5fb6ac7ee53b - core::ops::function::FnOnce::call_once::he27718dfdd183f43
[INFO] [stdout]                                at /rustc/6067b36314ab5eb2eb47cecc464545ba58e1ad24/library/core/src/ops/function.rs:250:5
[INFO] [stdout]   24:     0x5fb6ac7ee53b - test::__rust_begin_short_backtrace::h4e84902998457a5d
[INFO] [stdout]                                at /rustc/6067b36314ab5eb2eb47cecc464545ba58e1ad24/library/test/src/lib.rs:632:18
[INFO] [stdout]   25:     0x5fb6ac7ed473 - test::run_test_in_process::{{closure}}::h7176fd18fc1feca0
[INFO] [stdout]                                at /rustc/6067b36314ab5eb2eb47cecc464545ba58e1ad24/library/test/src/lib.rs:655:60
[INFO] [stdout]   26:     0x5fb6ac7ed473 - <core::panic::unwind_safe::AssertUnwindSafe<F> as core::ops::function::FnOnce<()>>::call_once::hf79cff2a624d8cf7
[INFO] [stdout]                                at /rustc/6067b36314ab5eb2eb47cecc464545ba58e1ad24/library/core/src/panic/unwind_safe.rs:272:9
[INFO] [stdout]   27:     0x5fb6ac7ed473 - std::panicking::try::do_call::h3da0561d9ab99c25
[INFO] [stdout]                                at /rustc/6067b36314ab5eb2eb47cecc464545ba58e1ad24/library/std/src/panicking.rs:587:40
[INFO] [stdout]   28:     0x5fb6ac7ed473 - std::panicking::try::h41c9fa508bc61df6
[INFO] [stdout]                                at /rustc/6067b36314ab5eb2eb47cecc464545ba58e1ad24/library/std/src/panicking.rs:550:19
[INFO] [stdout]   29:     0x5fb6ac7ed473 - std::panic::catch_unwind::h6b3ff07bb5afad93
[INFO] [stdout]                                at /rustc/6067b36314ab5eb2eb47cecc464545ba58e1ad24/library/std/src/panic.rs:358:14
[INFO] [stdout]   30:     0x5fb6ac7ed473 - test::run_test_in_process::hc7253dd11b39b9f4
[INFO] [stdout]                                at /rustc/6067b36314ab5eb2eb47cecc464545ba58e1ad24/library/test/src/lib.rs:655:27
[INFO] [stdout]   31:     0x5fb6ac7ed473 - test::run_test::{{closure}}::hfb2007f8649c30bb
[INFO] [stdout]                                at /rustc/6067b36314ab5eb2eb47cecc464545ba58e1ad24/library/test/src/lib.rs:576:43
[INFO] [stdout]   32:     0x5fb6ac7b0555 - test::run_test::{{closure}}::h56a17aa7a282a9f4
[INFO] [stdout]                                at /rustc/6067b36314ab5eb2eb47cecc464545ba58e1ad24/library/test/src/lib.rs:606:41
[INFO] [stdout]   33:     0x5fb6ac7b0555 - std::sys::backtrace::__rust_begin_short_backtrace::hd2d2d2fb8e8c6aac
[INFO] [stdout]                                at /rustc/6067b36314ab5eb2eb47cecc464545ba58e1ad24/library/std/src/sys/backtrace.rs:152:18
[INFO] [stdout]   34:     0x5fb6ac7b3e3a - std::thread::Builder::spawn_unchecked_::{{closure}}::{{closure}}::h4faa3f9db6133423
[INFO] [stdout]                                at /rustc/6067b36314ab5eb2eb47cecc464545ba58e1ad24/library/std/src/thread/mod.rs:559:17
[INFO] [stdout]   35:     0x5fb6ac7b3e3a - <core::panic::unwind_safe::AssertUnwindSafe<F> as core::ops::function::FnOnce<()>>::call_once::hf2e855a36a4ea846
[INFO] [stdout]                                at /rustc/6067b36314ab5eb2eb47cecc464545ba58e1ad24/library/core/src/panic/unwind_safe.rs:272:9
[INFO] [stdout]   36:     0x5fb6ac7b3e3a - std::panicking::try::do_call::h2f73af3616c35465
[INFO] [stdout]                                at /rustc/6067b36314ab5eb2eb47cecc464545ba58e1ad24/library/std/src/panicking.rs:587:40
[INFO] [stdout]   37:     0x5fb6ac7b3e3a - std::panicking::try::hd1660ce9efadef5a
[INFO] [stdout]                                at /rustc/6067b36314ab5eb2eb47cecc464545ba58e1ad24/library/std/src/panicking.rs:550:19
[INFO] [stdout]   38:     0x5fb6ac7b3e3a - std::panic::catch_unwind::h5ee8d7823b8ca744
[INFO] [stdout]                                at /rustc/6067b36314ab5eb2eb47cecc464545ba58e1ad24/library/std/src/panic.rs:358:14
[INFO] [stdout]   39:     0x5fb6ac7b3e3a - std::thread::Builder::spawn_unchecked_::{{closure}}::h53c3a1894dce8407
[INFO] [stdout]                                at /rustc/6067b36314ab5eb2eb47cecc464545ba58e1ad24/library/std/src/thread/mod.rs:557:30
[INFO] [stdout]   40:     0x5fb6ac7b3e3a - core::ops::function::FnOnce::call_once{{vtable.shim}}::h048ce291ad4f62bf
[INFO] [stdout]                                at /rustc/6067b36314ab5eb2eb47cecc464545ba58e1ad24/library/core/src/ops/function.rs:250:5
[INFO] [stdout]   41:     0x5fb6acb7a8eb - <alloc::boxed::Box<F,A> as core::ops::function::FnOnce<Args>>::call_once::ha52bedf99a3b4981
[INFO] [stdout]                                at /rustc/6067b36314ab5eb2eb47cecc464545ba58e1ad24/library/alloc/src/boxed.rs:2013:9
[INFO] [stdout]   42:     0x5fb6acb7a8eb - <alloc::boxed::Box<F,A> as core::ops::function::FnOnce<Args>>::call_once::h567748934d80ccf8
[INFO] [stdout]                                at /rustc/6067b36314ab5eb2eb47cecc464545ba58e1ad24/library/alloc/src/boxed.rs:2013:9
[INFO] [stdout]   43:     0x5fb6acb7a8eb - std::sys::pal::unix::thread::Thread::new::thread_start::h2d970728ae887adc
[INFO] [stdout]                                at /rustc/6067b36314ab5eb2eb47cecc464545ba58e1ad24/library/std/src/sys/pal/unix/thread.rs:106:17
[INFO] [stdout]   44:     0x73abf55d3ac3 - <unknown>
[INFO] [stdout]   45:     0x73abf5664a04 - clone
[INFO] [stdout]   46:                0x0 - <unknown>
[INFO] [stdout] 
[INFO] [stdout] 
[INFO] [stdout] failures:
[INFO] [stdout]     run_test_samples_tests_data_template_2
[INFO] [stdout] 
[INFO] [stdout] test result: FAILED. 13 passed; 1 failed; 0 ignored; 0 measured; 0 filtered out; finished in 0.69s
[INFO] [stdout] 
[INFO] [stderr] error: test failed, to rerun pass `--test e2e`
[INFO] running `Command { std: "docker" "inspect" "7020c434f86259c8f095d2298108b3ae868c8ee6874bf06b5b8e9e90256bbc15", kill_on_drop: false }`
[INFO] running `Command { std: "docker" "rm" "-f" "7020c434f86259c8f095d2298108b3ae868c8ee6874bf06b5b8e9e90256bbc15", kill_on_drop: false }`
[INFO] [stdout] 7020c434f86259c8f095d2298108b3ae868c8ee6874bf06b5b8e9e90256bbc15
