[INFO] cloning repository https://github.com/david-why/learn-rust
[INFO] running `Command { std: "git" "-c" "credential.helper=" "-c" "credential.helper=/workspace/cargo-home/bin/git-credential-null" "clone" "--bare" "https://github.com/david-why/learn-rust" "/workspace/cache/git-repos/https%3A%2F%2Fgithub.com%2Fdavid-why%2Flearn-rust", kill_on_drop: false }`
[INFO] [stderr] Cloning into bare repository '/workspace/cache/git-repos/https%3A%2F%2Fgithub.com%2Fdavid-why%2Flearn-rust'...
[INFO] running `Command { std: "git" "rev-parse" "HEAD", kill_on_drop: false }`
[INFO] [stdout] 68f61db1601ebfdbf11af59772a1998fae584c87
[INFO] testing david-why/learn-rust against nightly-2025-01-18+rustflags=-Zrandomize-layout for randomize-layout-2
[INFO] running `Command { std: "git" "clone" "/workspace/cache/git-repos/https%3A%2F%2Fgithub.com%2Fdavid-why%2Flearn-rust" "/workspace/builds/worker-2-tc2/source", kill_on_drop: false }`
[INFO] [stderr] Cloning into '/workspace/builds/worker-2-tc2/source'...
[INFO] [stderr] done.
[INFO] validating manifest of git repo https://github.com/david-why/learn-rust on toolchain nightly-2025-01-18
[INFO] running `Command { std: CARGO_HOME="/workspace/cargo-home" RUSTUP_HOME="/workspace/rustup-home" "/workspace/cargo-home/bin/cargo" "+nightly-2025-01-18" "metadata" "--manifest-path" "Cargo.toml" "--no-deps", kill_on_drop: false }`
[INFO] started tweaking git repo https://github.com/david-why/learn-rust
[INFO] finished tweaking git repo https://github.com/david-why/learn-rust
[INFO] tweaked toml for git repo https://github.com/david-why/learn-rust written to /workspace/builds/worker-2-tc2/source/Cargo.toml
[INFO] crate git repo https://github.com/david-why/learn-rust already has a lockfile, it will not be regenerated
[INFO] running `Command { std: CARGO_HOME="/workspace/cargo-home" RUSTUP_HOME="/workspace/rustup-home" "/workspace/cargo-home/bin/cargo" "+nightly-2025-01-18" "fetch" "--manifest-path" "Cargo.toml", kill_on_drop: false }`
[INFO] [stderr] warning: virtual workspace defaulting to `resolver = "1"` despite one or more workspace members being on edition 2021 which implies `resolver = "2"`
[INFO] [stderr] note: to keep the current resolver, specify `workspace.resolver = "1"` in the workspace root's manifest
[INFO] [stderr] note: to use the edition 2021 resolver, specify `workspace.resolver = "2"` in the workspace root's manifest
[INFO] [stderr] note: for more details see https://doc.rust-lang.org/cargo/reference/resolver.html#resolver-versions
[INFO] [stderr]     Blocking waiting for file lock on package cache
[INFO] [stderr]     Blocking waiting for file lock on package cache
[INFO] running `Command { std: "docker" "create" "-v" "/var/lib/crater-agent-workspace/builds/worker-2-tc2/target:/opt/rustwide/target:rw,Z" "-v" "/var/lib/crater-agent-workspace/builds/worker-2-tc2/source:/opt/rustwide/workdir:ro,Z" "-v" "/var/lib/crater-agent-workspace/cargo-home:/opt/rustwide/cargo-home:ro,Z" "-v" "/var/lib/crater-agent-workspace/rustup-home:/opt/rustwide/rustup-home:ro,Z" "-e" "SOURCE_DIR=/opt/rustwide/workdir" "-e" "CARGO_TARGET_DIR=/opt/rustwide/target" "-e" "CARGO_HOME=/opt/rustwide/cargo-home" "-e" "RUSTUP_HOME=/opt/rustwide/rustup-home" "-w" "/opt/rustwide/workdir" "-m" "1610612736" "--user" "0:0" "--network" "none" "ghcr.io/rust-lang/crates-build-env/linux@sha256:819108c5571ea2e421544af4d832f968d213c87fbe3707a016657f43d2f853bc" "/opt/rustwide/cargo-home/bin/cargo" "+nightly-2025-01-18" "metadata" "--no-deps" "--format-version=1", kill_on_drop: false }`
[INFO] [stdout] e2374ec19780cf05b83ebd0ab2c6fa1052c4dfdad37492eaa7bdcdc982adba7d
[INFO] running `Command { std: "docker" "start" "-a" "e2374ec19780cf05b83ebd0ab2c6fa1052c4dfdad37492eaa7bdcdc982adba7d", kill_on_drop: false }`
[INFO] running `Command { std: "docker" "inspect" "e2374ec19780cf05b83ebd0ab2c6fa1052c4dfdad37492eaa7bdcdc982adba7d", kill_on_drop: false }`
[INFO] running `Command { std: "docker" "rm" "-f" "e2374ec19780cf05b83ebd0ab2c6fa1052c4dfdad37492eaa7bdcdc982adba7d", kill_on_drop: false }`
[INFO] [stdout] e2374ec19780cf05b83ebd0ab2c6fa1052c4dfdad37492eaa7bdcdc982adba7d
[INFO] running `Command { std: "docker" "create" "-v" "/var/lib/crater-agent-workspace/builds/worker-2-tc2/target:/opt/rustwide/target:rw,Z" "-v" "/var/lib/crater-agent-workspace/builds/worker-2-tc2/source:/opt/rustwide/workdir:ro,Z" "-v" "/var/lib/crater-agent-workspace/cargo-home:/opt/rustwide/cargo-home:ro,Z" "-v" "/var/lib/crater-agent-workspace/rustup-home:/opt/rustwide/rustup-home:ro,Z" "-e" "SOURCE_DIR=/opt/rustwide/workdir" "-e" "CARGO_TARGET_DIR=/opt/rustwide/target" "-e" "CARGO_INCREMENTAL=0" "-e" "RUST_BACKTRACE=full" "-e" "RUSTFLAGS=--cap-lints=forbid -Zrandomize-layout" "-e" "RUSTDOCFLAGS=--cap-lints=forbid" "-e" "CARGO_HOME=/opt/rustwide/cargo-home" "-e" "RUSTUP_HOME=/opt/rustwide/rustup-home" "-w" "/opt/rustwide/workdir" "-m" "1610612736" "--user" "0:0" "--network" "none" "ghcr.io/rust-lang/crates-build-env/linux@sha256:819108c5571ea2e421544af4d832f968d213c87fbe3707a016657f43d2f853bc" "/opt/rustwide/cargo-home/bin/cargo" "+nightly-2025-01-18" "build" "--frozen" "--message-format=json", kill_on_drop: false }`
[INFO] [stdout] 007f869badcc4a3288223fdb726e47387cc804549665dc7e3f04437463a55585
[INFO] running `Command { std: "docker" "start" "-a" "007f869badcc4a3288223fdb726e47387cc804549665dc7e3f04437463a55585", kill_on_drop: false }`
[INFO] [stderr] warning: virtual workspace defaulting to `resolver = "1"` despite one or more workspace members being on edition 2021 which implies `resolver = "2"`
[INFO] [stderr] note: to keep the current resolver, specify `workspace.resolver = "1"` in the workspace root's manifest
[INFO] [stderr] note: to use the edition 2021 resolver, specify `workspace.resolver = "2"` in the workspace root's manifest
[INFO] [stderr] note: for more details see https://doc.rust-lang.org/cargo/reference/resolver.html#resolver-versions
[INFO] [stderr]    Compiling libc v0.2.155
[INFO] [stderr]    Compiling proc-macro2 v1.0.86
[INFO] [stderr]    Compiling unicode-ident v1.0.12
[INFO] [stderr]    Compiling pin-project-lite v0.2.14
[INFO] [stderr]    Compiling bytes v1.6.0
[INFO] [stderr]    Compiling cfg-if v1.0.0
[INFO] [stderr]    Compiling autocfg v1.3.0
[INFO] [stderr]    Compiling pkg-config v0.3.30
[INFO] [stderr]    Compiling once_cell v1.19.0
[INFO] [stderr]    Compiling futures-sink v0.3.30
[INFO] [stderr]    Compiling cc v1.1.1
[INFO] [stderr]    Compiling futures-core v0.3.30
[INFO] [stderr]    Compiling vcpkg v0.2.15
[INFO] [stderr]    Compiling itoa v1.0.11
[INFO] [stderr]    Compiling fnv v1.0.7
[INFO] [stderr]    Compiling pin-utils v0.1.0
[INFO] [stderr]    Compiling memchr v2.7.4
[INFO] [stderr]    Compiling futures-io v0.3.30
[INFO] [stderr]    Compiling futures-task v0.3.30
[INFO] [stderr]    Compiling httparse v1.9.4
[INFO] [stderr]    Compiling foreign-types-shared v0.1.1
[INFO] [stderr]    Compiling hashbrown v0.14.5
[INFO] [stderr]    Compiling openssl v0.10.64
[INFO] [stderr]    Compiling equivalent v1.0.1
[INFO] [stderr]    Compiling foreign-types v0.3.2
[INFO] [stderr]    Compiling tinyvec_macros v0.1.1
[INFO] [stderr]    Compiling bitflags v2.6.0
[INFO] [stderr]    Compiling try-lock v0.2.5
[INFO] [stderr]    Compiling atomic-waker v1.1.2
[INFO] [stderr]    Compiling tracing-core v0.1.32
[INFO] [stderr]    Compiling native-tls v0.2.12
[INFO] [stderr]    Compiling tinyvec v1.8.0
[INFO] [stderr]    Compiling want v0.3.1
[INFO] [stderr]    Compiling futures-channel v0.3.30
[INFO] [stderr]    Compiling serde v1.0.204
[INFO] [stderr]    Compiling smallvec v1.13.2
[INFO] [stderr]    Compiling openssl-probe v0.1.5
[INFO] [stderr]    Compiling slab v0.4.9
[INFO] [stderr]    Compiling tower-layer v0.3.2
[INFO] [stderr]    Compiling tower-service v0.3.2
[INFO] [stderr]    Compiling http v1.1.0
[INFO] [stderr]    Compiling log v0.4.22
[INFO] [stderr]    Compiling indexmap v2.2.6
[INFO] [stderr]    Compiling percent-encoding v2.3.1
[INFO] [stderr]    Compiling unicode-bidi v0.3.15
[INFO] [stderr]    Compiling quote v1.0.36
[INFO] [stderr]    Compiling futures-util v0.3.30
[INFO] [stderr]    Compiling unicode-normalization v0.1.23
[INFO] [stderr]    Compiling form_urlencoded v1.2.1
[INFO] [stderr]    Compiling rustls-pki-types v1.7.0
[INFO] [stderr]    Compiling tracing v0.1.40
[INFO] [stderr]    Compiling syn v2.0.71
[INFO] [stderr]    Compiling base64 v0.22.1
[INFO] [stderr]    Compiling ryu v1.0.18
[INFO] [stderr]    Compiling encoding_rs v0.8.34
[INFO] [stderr]    Compiling mime v0.3.17
[INFO] [stderr]    Compiling socket2 v0.5.7
[INFO] [stderr]    Compiling mio v0.8.11
[INFO] [stderr]    Compiling getrandom v0.2.15
[INFO] [stderr]    Compiling rustls-pemfile v2.1.2
[INFO] [stderr]    Compiling sync_wrapper v1.0.1
[INFO] [stderr]    Compiling ipnet v2.9.0
[INFO] [stderr]    Compiling http-body v1.0.1
[INFO] [stderr]    Compiling ppv-lite86 v0.2.17
[INFO] [stderr]    Compiling idna v0.5.0
[INFO] [stderr]    Compiling rand_core v0.6.4
[INFO] [stderr]    Compiling minigrep v0.1.0 (/opt/rustwide/workdir/minigrep)
[INFO] [stderr]    Compiling hello_cargo v0.1.0 (/opt/rustwide/workdir/hello_cargo)
[INFO] [stderr]    Compiling functions v0.1.0 (/opt/rustwide/workdir/functions)
[INFO] [stderr]    Compiling branches v0.1.0 (/opt/rustwide/workdir/branches)
[INFO] [stderr]    Compiling variables v0.1.0 (/opt/rustwide/workdir/variables)
[INFO] [stderr]    Compiling rectangles v0.1.0 (/opt/rustwide/workdir/rectangles)
[INFO] [stderr]    Compiling rand_chacha v0.3.1
[INFO] [stderr]    Compiling mybox v0.1.0 (/opt/rustwide/workdir/mybox)
[INFO] [stderr]    Compiling structs v0.1.0 (/opt/rustwide/workdir/structs)
[INFO] [stderr]    Compiling loops v0.1.0 (/opt/rustwide/workdir/loops)
[INFO] [stdout] warning: unused variable: `y`
[INFO] [stdout]  --> loops/src/main.rs:4:9
[INFO] [stdout]   |
[INFO] [stdout] 4 |     let y = 'label: loop {
[INFO] [stdout]   |         ^ help: if this is intentional, prefix it with an underscore: `_y`
[INFO] [stdout]   |
[INFO] [stdout]   = note: `#[warn(unused_variables)]` on by default
[INFO] [stdout] 
[INFO] [stdout] 
[INFO] [stderr]    Compiling adder v0.1.0 (/opt/rustwide/workdir/adder)
[INFO] [stderr]    Compiling slices v0.1.0 (/opt/rustwide/workdir/slices)
[INFO] [stdout] warning: unused variable: `black`
[INFO] [stdout]   --> structs/src/main.rs:20:9
[INFO] [stdout]    |
[INFO] [stdout] 20 |     let black = Color(0, 0, 0);
[INFO] [stdout]    |         ^^^^^ help: if this is intentional, prefix it with an underscore: `_black`
[INFO] [stdout]    |
[INFO] [stdout]    = note: `#[warn(unused_variables)]` on by default
[INFO] [stdout] 
[INFO] [stdout] 
[INFO] [stdout] warning: unused variable: `subject`
[INFO] [stdout]   --> structs/src/main.rs:22:9
[INFO] [stdout]    |
[INFO] [stdout] 22 |     let subject = AlwaysEqual;
[INFO] [stdout]    |         ^^^^^^^ help: if this is intentional, prefix it with an underscore: `_subject`
[INFO] [stdout] 
[INFO] [stdout] 
[INFO] [stdout] warning: unused variable: `user2`
[INFO] [stdout]   --> structs/src/main.rs:24:9
[INFO] [stdout]    |
[INFO] [stdout] 24 |     let user2 = User {
[INFO] [stdout]    |         ^^^^^ help: if this is intentional, prefix it with an underscore: `_user2`
[INFO] [stdout] 
[INFO] [stdout] 
[INFO] [stdout] warning: fields `active`, `username`, `email`, and `sign_in_count` are never read
[INFO] [stdout]  --> structs/src/main.rs:2:5
[INFO] [stdout]   |
[INFO] [stdout] 1 | struct User {
[INFO] [stdout]   |        ---- fields in this struct
[INFO] [stdout] 2 |     active: bool,
[INFO] [stdout]   |     ^^^^^^
[INFO] [stdout] 3 |     username: String,
[INFO] [stdout]   |     ^^^^^^^^
[INFO] [stdout] 4 |     email: String,
[INFO] [stdout]   |     ^^^^^
[INFO] [stdout] 5 |     sign_in_count: u64,
[INFO] [stdout]   |     ^^^^^^^^^^^^^
[INFO] [stdout]   |
[INFO] [stdout]   = note: `#[warn(dead_code)]` on by default
[INFO] [stdout] 
[INFO] [stdout] 
[INFO] [stdout] warning: fields `0`, `1`, and `2` are never read
[INFO] [stdout]  --> structs/src/main.rs:8:14
[INFO] [stdout]   |
[INFO] [stdout] 8 | struct Color(i32, i32, i32);
[INFO] [stdout]   |        ----- ^^^  ^^^  ^^^
[INFO] [stdout]   |        |
[INFO] [stdout]   |        fields in this struct
[INFO] [stdout]   |
[INFO] [stdout]   = help: consider removing these fields
[INFO] [stdout] 
[INFO] [stdout] 
[INFO] [stdout] warning: function `make_user` is never used
[INFO] [stdout]   --> structs/src/main.rs:35:4
[INFO] [stdout]    |
[INFO] [stdout] 35 | fn make_user(username: String, email: String) -> User {
[INFO] [stdout]    |    ^^^^^^^^^
[INFO] [stdout] 
[INFO] [stdout] 
[INFO] [stderr]    Compiling rand v0.8.5
[INFO] [stderr]    Compiling openssl-sys v0.9.102
[INFO] [stderr]    Compiling tokio v1.38.0
[INFO] [stderr]    Compiling url v2.5.2
[INFO] [stderr]    Compiling guessing_game v0.1.0 (/opt/rustwide/workdir/guessing_game)
[INFO] [stderr]    Compiling serde_urlencoded v0.7.1
[INFO] [stderr]    Compiling http-body-util v0.1.2
[INFO] [stderr]    Compiling pin-project-internal v1.1.5
[INFO] [stderr]    Compiling openssl-macros v0.1.1
[INFO] [stderr]    Compiling tokio-util v0.7.11
[INFO] [stderr]    Compiling h2 v0.4.5
[INFO] [stderr]    Compiling pin-project v1.1.5
[INFO] [stderr]    Compiling tower v0.4.13
[INFO] [stderr]    Compiling tokio-native-tls v0.3.1
[INFO] [stderr]    Compiling hyper v1.4.1
[INFO] [stderr]    Compiling hyper-util v0.1.6
[INFO] [stderr]    Compiling hyper-tls v0.6.0
[INFO] [stderr]    Compiling reqwest v0.12.5
[INFO] [stderr]    Compiling webserver v0.1.0 (/opt/rustwide/workdir/webserver)
[INFO] [stderr]     Finished `dev` profile [unoptimized + debuginfo] target(s) in 32.80s
[INFO] running `Command { std: "docker" "inspect" "007f869badcc4a3288223fdb726e47387cc804549665dc7e3f04437463a55585", kill_on_drop: false }`
[INFO] running `Command { std: "docker" "rm" "-f" "007f869badcc4a3288223fdb726e47387cc804549665dc7e3f04437463a55585", kill_on_drop: false }`
[INFO] [stdout] 007f869badcc4a3288223fdb726e47387cc804549665dc7e3f04437463a55585
[INFO] running `Command { std: "docker" "create" "-v" "/var/lib/crater-agent-workspace/builds/worker-2-tc2/target:/opt/rustwide/target:rw,Z" "-v" "/var/lib/crater-agent-workspace/builds/worker-2-tc2/source:/opt/rustwide/workdir:ro,Z" "-v" "/var/lib/crater-agent-workspace/cargo-home:/opt/rustwide/cargo-home:ro,Z" "-v" "/var/lib/crater-agent-workspace/rustup-home:/opt/rustwide/rustup-home:ro,Z" "-e" "SOURCE_DIR=/opt/rustwide/workdir" "-e" "CARGO_TARGET_DIR=/opt/rustwide/target" "-e" "CARGO_INCREMENTAL=0" "-e" "RUST_BACKTRACE=full" "-e" "RUSTFLAGS=--cap-lints=forbid -Zrandomize-layout" "-e" "RUSTDOCFLAGS=--cap-lints=forbid" "-e" "CARGO_HOME=/opt/rustwide/cargo-home" "-e" "RUSTUP_HOME=/opt/rustwide/rustup-home" "-w" "/opt/rustwide/workdir" "-m" "1610612736" "--user" "0:0" "--network" "none" "ghcr.io/rust-lang/crates-build-env/linux@sha256:819108c5571ea2e421544af4d832f968d213c87fbe3707a016657f43d2f853bc" "/opt/rustwide/cargo-home/bin/cargo" "+nightly-2025-01-18" "test" "--frozen" "--no-run" "--message-format=json", kill_on_drop: false }`
[INFO] [stdout] 3e817f2d00ed8d099684d75fe397e82ed5f1211de58eb1e318f099588eba582a
[INFO] running `Command { std: "docker" "start" "-a" "3e817f2d00ed8d099684d75fe397e82ed5f1211de58eb1e318f099588eba582a", kill_on_drop: false }`
[INFO] [stderr] warning: virtual workspace defaulting to `resolver = "1"` despite one or more workspace members being on edition 2021 which implies `resolver = "2"`
[INFO] [stderr] note: to keep the current resolver, specify `workspace.resolver = "1"` in the workspace root's manifest
[INFO] [stderr] note: to use the edition 2021 resolver, specify `workspace.resolver = "2"` in the workspace root's manifest
[INFO] [stderr] note: for more details see https://doc.rust-lang.org/cargo/reference/resolver.html#resolver-versions
[INFO] [stderr]    Compiling minigrep v0.1.0 (/opt/rustwide/workdir/minigrep)
[INFO] [stderr]    Compiling structs v0.1.0 (/opt/rustwide/workdir/structs)
[INFO] [stderr]    Compiling hello_cargo v0.1.0 (/opt/rustwide/workdir/hello_cargo)
[INFO] [stderr]    Compiling functions v0.1.0 (/opt/rustwide/workdir/functions)
[INFO] [stderr]    Compiling branches v0.1.0 (/opt/rustwide/workdir/branches)
[INFO] [stderr]    Compiling variables v0.1.0 (/opt/rustwide/workdir/variables)
[INFO] [stderr]    Compiling loops v0.1.0 (/opt/rustwide/workdir/loops)
[INFO] [stderr]    Compiling rectangles v0.1.0 (/opt/rustwide/workdir/rectangles)
[INFO] [stderr]    Compiling adder v0.1.0 (/opt/rustwide/workdir/adder)
[INFO] [stderr]    Compiling mybox v0.1.0 (/opt/rustwide/workdir/mybox)
[INFO] [stderr]    Compiling slices v0.1.0 (/opt/rustwide/workdir/slices)
[INFO] [stderr]    Compiling guessing_game v0.1.0 (/opt/rustwide/workdir/guessing_game)
[INFO] [stderr]    Compiling webserver v0.1.0 (/opt/rustwide/workdir/webserver)
[INFO] [stdout] warning: unused variable: `black`
[INFO] [stdout]   --> structs/src/main.rs:20:9
[INFO] [stdout]    |
[INFO] [stdout] 20 |     let black = Color(0, 0, 0);
[INFO] [stdout]    |         ^^^^^ help: if this is intentional, prefix it with an underscore: `_black`
[INFO] [stdout]    |
[INFO] [stdout]    = note: `#[warn(unused_variables)]` on by default
[INFO] [stdout] 
[INFO] [stdout] 
[INFO] [stdout] warning: unused variable: `subject`
[INFO] [stdout]   --> structs/src/main.rs:22:9
[INFO] [stdout]    |
[INFO] [stdout] 22 |     let subject = AlwaysEqual;
[INFO] [stdout]    |         ^^^^^^^ help: if this is intentional, prefix it with an underscore: `_subject`
[INFO] [stdout] 
[INFO] [stdout] 
[INFO] [stdout] warning: unused variable: `user2`
[INFO] [stdout]   --> structs/src/main.rs:24:9
[INFO] [stdout]    |
[INFO] [stdout] 24 |     let user2 = User {
[INFO] [stdout]    |         ^^^^^ help: if this is intentional, prefix it with an underscore: `_user2`
[INFO] [stdout] 
[INFO] [stdout] 
[INFO] [stdout] warning: fields `active`, `username`, `email`, and `sign_in_count` are never read
[INFO] [stdout]  --> structs/src/main.rs:2:5
[INFO] [stdout]   |
[INFO] [stdout] 1 | struct User {
[INFO] [stdout]   |        ---- fields in this struct
[INFO] [stdout] 2 |     active: bool,
[INFO] [stdout]   |     ^^^^^^
[INFO] [stdout] 3 |     username: String,
[INFO] [stdout]   |     ^^^^^^^^
[INFO] [stdout] 4 |     email: String,
[INFO] [stdout]   |     ^^^^^
[INFO] [stdout] 5 |     sign_in_count: u64,
[INFO] [stdout]   |     ^^^^^^^^^^^^^
[INFO] [stdout]   |
[INFO] [stdout]   = note: `#[warn(dead_code)]` on by default
[INFO] [stdout] 
[INFO] [stdout] 
[INFO] [stdout] warning: fields `0`, `1`, and `2` are never read
[INFO] [stdout]  --> structs/src/main.rs:8:14
[INFO] [stdout]   |
[INFO] [stdout] 8 | struct Color(i32, i32, i32);
[INFO] [stdout]   |        ----- ^^^  ^^^  ^^^
[INFO] [stdout]   |        |
[INFO] [stdout]   |        fields in this struct
[INFO] [stdout]   |
[INFO] [stdout]   = help: consider removing these fields
[INFO] [stdout] 
[INFO] [stdout] 
[INFO] [stdout] warning: function `make_user` is never used
[INFO] [stdout]   --> structs/src/main.rs:35:4
[INFO] [stdout]    |
[INFO] [stdout] 35 | fn make_user(username: String, email: String) -> User {
[INFO] [stdout]    |    ^^^^^^^^^
[INFO] [stdout] 
[INFO] [stdout] 
[INFO] [stdout] warning: unused variable: `y`
[INFO] [stdout]  --> loops/src/main.rs:4:9
[INFO] [stdout]   |
[INFO] [stdout] 4 |     let y = 'label: loop {
[INFO] [stdout]   |         ^ help: if this is intentional, prefix it with an underscore: `_y`
[INFO] [stdout]   |
[INFO] [stdout]   = note: `#[warn(unused_variables)]` on by default
[INFO] [stdout] 
[INFO] [stdout] 
[INFO] [stderr]     Finished `test` profile [unoptimized + debuginfo] target(s) in 2.65s
[INFO] running `Command { std: "docker" "inspect" "3e817f2d00ed8d099684d75fe397e82ed5f1211de58eb1e318f099588eba582a", kill_on_drop: false }`
[INFO] running `Command { std: "docker" "rm" "-f" "3e817f2d00ed8d099684d75fe397e82ed5f1211de58eb1e318f099588eba582a", kill_on_drop: false }`
[INFO] [stdout] 3e817f2d00ed8d099684d75fe397e82ed5f1211de58eb1e318f099588eba582a
[INFO] running `Command { std: "docker" "create" "-v" "/var/lib/crater-agent-workspace/builds/worker-2-tc2/target:/opt/rustwide/target:rw,Z" "-v" "/var/lib/crater-agent-workspace/builds/worker-2-tc2/source:/opt/rustwide/workdir:ro,Z" "-v" "/var/lib/crater-agent-workspace/cargo-home:/opt/rustwide/cargo-home:ro,Z" "-v" "/var/lib/crater-agent-workspace/rustup-home:/opt/rustwide/rustup-home:ro,Z" "-e" "SOURCE_DIR=/opt/rustwide/workdir" "-e" "CARGO_TARGET_DIR=/opt/rustwide/target" "-e" "CARGO_INCREMENTAL=0" "-e" "RUST_BACKTRACE=full" "-e" "RUSTFLAGS=--cap-lints=forbid -Zrandomize-layout" "-e" "RUSTDOCFLAGS=--cap-lints=forbid" "-e" "CARGO_HOME=/opt/rustwide/cargo-home" "-e" "RUSTUP_HOME=/opt/rustwide/rustup-home" "-w" "/opt/rustwide/workdir" "-m" "1610612736" "--user" "0:0" "--network" "none" "ghcr.io/rust-lang/crates-build-env/linux@sha256:819108c5571ea2e421544af4d832f968d213c87fbe3707a016657f43d2f853bc" "/opt/rustwide/cargo-home/bin/cargo" "+nightly-2025-01-18" "test" "--frozen", kill_on_drop: false }`
[INFO] [stdout] 5e4812c69ac0611742b85e53f4f1a1816a84afc811ae3b67c92436da1a41ac21
[INFO] running `Command { std: "docker" "start" "-a" "5e4812c69ac0611742b85e53f4f1a1816a84afc811ae3b67c92436da1a41ac21", kill_on_drop: false }`
[INFO] [stderr] warning: virtual workspace defaulting to `resolver = "1"` despite one or more workspace members being on edition 2021 which implies `resolver = "2"`
[INFO] [stderr] note: to keep the current resolver, specify `workspace.resolver = "1"` in the workspace root's manifest
[INFO] [stderr] note: to use the edition 2021 resolver, specify `workspace.resolver = "2"` in the workspace root's manifest
[INFO] [stderr] note: for more details see https://doc.rust-lang.org/cargo/reference/resolver.html#resolver-versions
[INFO] [stderr] warning: unused variable: `black`
[INFO] [stderr]   --> structs/src/main.rs:20:9
[INFO] [stderr]    |
[INFO] [stderr] 20 |     let black = Color(0, 0, 0);
[INFO] [stderr]    |         ^^^^^ help: if this is intentional, prefix it with an underscore: `_black`
[INFO] [stderr]    |
[INFO] [stderr]    = note: `#[warn(unused_variables)]` on by default
[INFO] [stderr] 
[INFO] [stderr] warning: unused variable: `subject`
[INFO] [stderr]   --> structs/src/main.rs:22:9
[INFO] [stderr]    |
[INFO] [stderr] 22 |     let subject = AlwaysEqual;
[INFO] [stderr]    |         ^^^^^^^ help: if this is intentional, prefix it with an underscore: `_subject`
[INFO] [stderr] 
[INFO] [stderr] warning: unused variable: `user2`
[INFO] [stderr]   --> structs/src/main.rs:24:9
[INFO] [stderr]    |
[INFO] [stderr] 24 |     let user2 = User {
[INFO] [stderr]    |         ^^^^^ help: if this is intentional, prefix it with an underscore: `_user2`
[INFO] [stderr] 
[INFO] [stderr] warning: fields `active`, `username`, `email`, and `sign_in_count` are never read
[INFO] [stderr]  --> structs/src/main.rs:2:5
[INFO] [stderr]   |
[INFO] [stderr] 1 | struct User {
[INFO] [stderr]   |        ---- fields in this struct
[INFO] [stderr] 2 |     active: bool,
[INFO] [stderr]   |     ^^^^^^
[INFO] [stderr] 3 |     username: String,
[INFO] [stderr]   |     ^^^^^^^^
[INFO] [stderr] 4 |     email: String,
[INFO] [stderr]   |     ^^^^^
[INFO] [stderr] 5 |     sign_in_count: u64,
[INFO] [stderr]   |     ^^^^^^^^^^^^^
[INFO] [stderr]   |
[INFO] [stderr]   = note: `#[warn(dead_code)]` on by default
[INFO] [stderr] 
[INFO] [stderr] warning: fields `0`, `1`, and `2` are never read
[INFO] [stderr]  --> structs/src/main.rs:8:14
[INFO] [stderr]   |
[INFO] [stderr] 8 | struct Color(i32, i32, i32);
[INFO] [stderr]   |        ----- ^^^  ^^^  ^^^
[INFO] [stderr]   |        |
[INFO] [stderr]   |        fields in this struct
[INFO] [stderr]   |
[INFO] [stderr]   = help: consider removing these fields
[INFO] [stderr] 
[INFO] [stderr] warning: function `make_user` is never used
[INFO] [stderr]   --> structs/src/main.rs:35:4
[INFO] [stderr]    |
[INFO] [stderr] 35 | fn make_user(username: String, email: String) -> User {
[INFO] [stderr]    |    ^^^^^^^^^
[INFO] [stderr] 
[INFO] [stderr] warning: unused variable: `y`
[INFO] [stderr]  --> loops/src/main.rs:4:9
[INFO] [stderr]   |
[INFO] [stderr] 4 |     let y = 'label: loop {
[INFO] [stderr]   |         ^ help: if this is intentional, prefix it with an underscore: `_y`
[INFO] [stderr]   |
[INFO] [stderr]   = note: `#[warn(unused_variables)]` on by default
[INFO] [stderr] 
[INFO] [stderr] warning: `structs` (bin "structs" test) generated 6 warnings
[INFO] [stderr] warning: `loops` (bin "loops" test) generated 1 warning
[INFO] [stderr]     Finished `test` profile [unoptimized + debuginfo] target(s) in 0.14s
[INFO] [stderr]      Running unittests src/lib.rs (/opt/rustwide/target/debug/deps/adder-dfcf03899e90a25d)
[INFO] [stdout] 
[INFO] [stdout] running 2 tests
[INFO] [stdout] test tests::exploration ... ok
[INFO] [stdout] test tests::another ... FAILED
[INFO] [stdout] 
[INFO] [stdout] failures:
[INFO] [stdout] 
[INFO] [stdout] ---- tests::another stdout ----
[INFO] [stdout] 
[INFO] [stdout] thread 'tests::another' panicked at adder/src/lib.rs:17:9:
[INFO] [stdout] this test fails hahahahahahahaha
[INFO] [stdout] stack backtrace:
[INFO] [stdout]    0:     0x5a8a9acd937a - std::backtrace_rs::backtrace::libunwind::trace::hb059275cfc8d6126
[INFO] [stdout]                                at /rustc/6067b36314ab5eb2eb47cecc464545ba58e1ad24/library/std/src/../../backtrace/src/backtrace/libunwind.rs:116:5
[INFO] [stdout]    1:     0x5a8a9acd937a - std::backtrace_rs::backtrace::trace_unsynchronized::h2da071e4327ce3ee
[INFO] [stdout]                                at /rustc/6067b36314ab5eb2eb47cecc464545ba58e1ad24/library/std/src/../../backtrace/src/backtrace/mod.rs:66:5
[INFO] [stdout]    2:     0x5a8a9acd937a - std::sys::backtrace::_print_fmt::h842a1474e6f8d23f
[INFO] [stdout]                                at /rustc/6067b36314ab5eb2eb47cecc464545ba58e1ad24/library/std/src/sys/backtrace.rs:66:9
[INFO] [stdout]    3:     0x5a8a9acd937a - <std::sys::backtrace::BacktraceLock::print::DisplayBacktrace as core::fmt::Display>::fmt::h71a62eb3b9696b12
[INFO] [stdout]                                at /rustc/6067b36314ab5eb2eb47cecc464545ba58e1ad24/library/std/src/sys/backtrace.rs:39:26
[INFO] [stdout]    4:     0x5a8a9ad00913 - core::fmt::rt::Argument::fmt::hdb6b616786b41dc1
[INFO] [stdout]                                at /rustc/6067b36314ab5eb2eb47cecc464545ba58e1ad24/library/core/src/fmt/rt.rs:177:76
[INFO] [stdout]    5:     0x5a8a9ad00913 - core::fmt::write::h2cc1698af7e2d686
[INFO] [stdout]                                at /rustc/6067b36314ab5eb2eb47cecc464545ba58e1ad24/library/core/src/fmt/mod.rs:1440:21
[INFO] [stdout]    6:     0x5a8a9acd5ed3 - std::io::Write::write_fmt::hab1b4cd059a79022
[INFO] [stdout]                                at /rustc/6067b36314ab5eb2eb47cecc464545ba58e1ad24/library/std/src/io/mod.rs:1887:15
[INFO] [stdout]    7:     0x5a8a9acd91c2 - std::sys::backtrace::BacktraceLock::print::h147fe35b4ea13b08
[INFO] [stdout]                                at /rustc/6067b36314ab5eb2eb47cecc464545ba58e1ad24/library/std/src/sys/backtrace.rs:42:9
[INFO] [stdout]    8:     0x5a8a9acda79f - std::panicking::default_hook::{{closure}}::hbd44223dbdc0d208
[INFO] [stdout]                                at /rustc/6067b36314ab5eb2eb47cecc464545ba58e1ad24/library/std/src/panicking.rs:298:22
[INFO] [stdout]    9:     0x5a8a9acda5b8 - std::panicking::default_hook::h20f81eb0576efcec
[INFO] [stdout]                                at /rustc/6067b36314ab5eb2eb47cecc464545ba58e1ad24/library/std/src/panicking.rs:322:9
[INFO] [stdout]   10:     0x5a8a9aca33d3 - <alloc::boxed::Box<F,A> as core::ops::function::Fn<Args>>::call::hdb53814c496a4d34
[INFO] [stdout]                                at /rustc/6067b36314ab5eb2eb47cecc464545ba58e1ad24/library/alloc/src/boxed.rs:2027:9
[INFO] [stdout]   11:     0x5a8a9aca33d3 - test::test_main::{{closure}}::hc0a4963c59427c24
[INFO] [stdout]                                at /rustc/6067b36314ab5eb2eb47cecc464545ba58e1ad24/library/test/src/lib.rs:134:21
[INFO] [stdout]   12:     0x5a8a9acdb293 - <alloc::boxed::Box<F,A> as core::ops::function::Fn<Args>>::call::h591b2225413a77e9
[INFO] [stdout]                                at /rustc/6067b36314ab5eb2eb47cecc464545ba58e1ad24/library/alloc/src/boxed.rs:2027:9
[INFO] [stdout]   13:     0x5a8a9acdb293 - std::panicking::rust_panic_with_hook::h625eea43051b2edc
[INFO] [stdout]                                at /rustc/6067b36314ab5eb2eb47cecc464545ba58e1ad24/library/std/src/panicking.rs:839:13
[INFO] [stdout]   14:     0x5a8a9acdaf16 - std::panicking::begin_panic_handler::{{closure}}::h4f9159cfbc3f6bd3
[INFO] [stdout]                                at /rustc/6067b36314ab5eb2eb47cecc464545ba58e1ad24/library/std/src/panicking.rs:697:13
[INFO] [stdout]   15:     0x5a8a9acd9879 - std::sys::backtrace::__rust_end_short_backtrace::h0390abce48353151
[INFO] [stdout]                                at /rustc/6067b36314ab5eb2eb47cecc464545ba58e1ad24/library/std/src/sys/backtrace.rs:168:18
[INFO] [stdout]   16:     0x5a8a9acdabdd - rust_begin_unwind
[INFO] [stdout]                                at /rustc/6067b36314ab5eb2eb47cecc464545ba58e1ad24/library/std/src/panicking.rs:695:5
[INFO] [stdout]   17:     0x5a8a9acff390 - core::panicking::panic_fmt::h9e7c637e9e5f29c9
[INFO] [stdout]                                at /rustc/6067b36314ab5eb2eb47cecc464545ba58e1ad24/library/core/src/panicking.rs:75:14
[INFO] [stdout]   18:     0x5a8a9ac692cd - adder::tests::another::hebaa7a3b7c5c7638
[INFO] [stdout]                                at /opt/rustwide/workdir/adder/src/lib.rs:17:9
[INFO] [stdout]   19:     0x5a8a9ac69287 - adder::tests::another::{{closure}}::h20a1b8fdb7822daa
[INFO] [stdout]                                at /opt/rustwide/workdir/adder/src/lib.rs:16:17
[INFO] [stdout]   20:     0x5a8a9ac68a96 - core::ops::function::FnOnce::call_once::h3d545e035216ab99
[INFO] [stdout]                                at /rustc/6067b36314ab5eb2eb47cecc464545ba58e1ad24/library/core/src/ops/function.rs:250:5
[INFO] [stdout]   21:     0x5a8a9aca8b2b - core::ops::function::FnOnce::call_once::he27718dfdd183f43
[INFO] [stdout]                                at /rustc/6067b36314ab5eb2eb47cecc464545ba58e1ad24/library/core/src/ops/function.rs:250:5
[INFO] [stdout]   22:     0x5a8a9aca8b2b - test::__rust_begin_short_backtrace::h4e84902998457a5d
[INFO] [stdout]                                at /rustc/6067b36314ab5eb2eb47cecc464545ba58e1ad24/library/test/src/lib.rs:632:18
[INFO] [stdout]   23:     0x5a8a9aca7a63 - test::run_test_in_process::{{closure}}::h7176fd18fc1feca0
[INFO] [stdout]                                at /rustc/6067b36314ab5eb2eb47cecc464545ba58e1ad24/library/test/src/lib.rs:655:60
[INFO] [stdout]   24:     0x5a8a9aca7a63 - <core::panic::unwind_safe::AssertUnwindSafe<F> as core::ops::function::FnOnce<()>>::call_once::hf79cff2a624d8cf7
[INFO] [stdout]                                at /rustc/6067b36314ab5eb2eb47cecc464545ba58e1ad24/library/core/src/panic/unwind_safe.rs:272:9
[INFO] [stdout]   25:     0x5a8a9aca7a63 - std::panicking::try::do_call::h3da0561d9ab99c25
[INFO] [stdout]                                at /rustc/6067b36314ab5eb2eb47cecc464545ba58e1ad24/library/std/src/panicking.rs:587:40
[INFO] [stdout]   26:     0x5a8a9aca7a63 - std::panicking::try::h41c9fa508bc61df6
[INFO] [stdout]                                at /rustc/6067b36314ab5eb2eb47cecc464545ba58e1ad24/library/std/src/panicking.rs:550:19
[INFO] [stdout]   27:     0x5a8a9aca7a63 - std::panic::catch_unwind::h6b3ff07bb5afad93
[INFO] [stdout]                                at /rustc/6067b36314ab5eb2eb47cecc464545ba58e1ad24/library/std/src/panic.rs:358:14
[INFO] [stdout]   28:     0x5a8a9aca7a63 - test::run_test_in_process::hc7253dd11b39b9f4
[INFO] [stdout]                                at /rustc/6067b36314ab5eb2eb47cecc464545ba58e1ad24/library/test/src/lib.rs:655:27
[INFO] [stdout]   29:     0x5a8a9aca7a63 - test::run_test::{{closure}}::hfb2007f8649c30bb
[INFO] [stdout]                                at /rustc/6067b36314ab5eb2eb47cecc464545ba58e1ad24/library/test/src/lib.rs:576:43
[INFO] [stdout]   30:     0x5a8a9ac6ab45 - test::run_test::{{closure}}::h56a17aa7a282a9f4
[INFO] [stdout]                                at /rustc/6067b36314ab5eb2eb47cecc464545ba58e1ad24/library/test/src/lib.rs:606:41
[INFO] [stdout]   31:     0x5a8a9ac6ab45 - std::sys::backtrace::__rust_begin_short_backtrace::hd2d2d2fb8e8c6aac
[INFO] [stdout]                                at /rustc/6067b36314ab5eb2eb47cecc464545ba58e1ad24/library/std/src/sys/backtrace.rs:152:18
[INFO] [stdout]   32:     0x5a8a9ac6e42a - std::thread::Builder::spawn_unchecked_::{{closure}}::{{closure}}::h4faa3f9db6133423
[INFO] [stdout]                                at /rustc/6067b36314ab5eb2eb47cecc464545ba58e1ad24/library/std/src/thread/mod.rs:559:17
[INFO] [stdout]   33:     0x5a8a9ac6e42a - <core::panic::unwind_safe::AssertUnwindSafe<F> as core::ops::function::FnOnce<()>>::call_once::hf2e855a36a4ea846
[INFO] [stdout]                                at /rustc/6067b36314ab5eb2eb47cecc464545ba58e1ad24/library/core/src/panic/unwind_safe.rs:272:9
[INFO] [stdout]   34:     0x5a8a9ac6e42a - std::panicking::try::do_call::h2f73af3616c35465
[INFO] [stdout]                                at /rustc/6067b36314ab5eb2eb47cecc464545ba58e1ad24/library/std/src/panicking.rs:587:40
[INFO] [stdout]   35:     0x5a8a9ac6e42a - std::panicking::try::hd1660ce9efadef5a
[INFO] [stdout]                                at /rustc/6067b36314ab5eb2eb47cecc464545ba58e1ad24/library/std/src/panicking.rs:550:19
[INFO] [stdout]   36:     0x5a8a9ac6e42a - std::panic::catch_unwind::h5ee8d7823b8ca744
[INFO] [stdout]                                at /rustc/6067b36314ab5eb2eb47cecc464545ba58e1ad24/library/std/src/panic.rs:358:14
[INFO] [stdout]   37:     0x5a8a9ac6e42a - std::thread::Builder::spawn_unchecked_::{{closure}}::h53c3a1894dce8407
[INFO] [stdout]                                at /rustc/6067b36314ab5eb2eb47cecc464545ba58e1ad24/library/std/src/thread/mod.rs:557:30
[INFO] [stdout]   38:     0x5a8a9ac6e42a - core::ops::function::FnOnce::call_once{{vtable.shim}}::h048ce291ad4f62bf
[INFO] [stdout]                                at /rustc/6067b36314ab5eb2eb47cecc464545ba58e1ad24/library/core/src/ops/function.rs:250:5
[INFO] [stdout]   39:     0x5a8a9acdf1cb - <alloc::boxed::Box<F,A> as core::ops::function::FnOnce<Args>>::call_once::ha52bedf99a3b4981
[INFO] [stdout]                                at /rustc/6067b36314ab5eb2eb47cecc464545ba58e1ad24/library/alloc/src/boxed.rs:2013:9
[INFO] [stdout]   40:     0x5a8a9acdf1cb - <alloc::boxed::Box<F,A> as core::ops::function::FnOnce<Args>>::call_once::h567748934d80ccf8
[INFO] [stdout]                                at /rustc/6067b36314ab5eb2eb47cecc464545ba58e1ad24/library/alloc/src/boxed.rs:2013:9
[INFO] [stdout]   41:     0x5a8a9acdf1cb - std::sys::pal::unix::thread::Thread::new::thread_start::h2d970728ae887adc
[INFO] [stdout]                                at /rustc/6067b36314ab5eb2eb47cecc464545ba58e1ad24/library/std/src/sys/pal/unix/thread.rs:106:17
[INFO] [stdout]   42:     0x76a487c57ac3 - <unknown>
[INFO] [stdout]   43:     0x76a487ce8a04 - clone
[INFO] [stdout]   44:                0x0 - <unknown>
[INFO] [stdout] 
[INFO] [stdout] 
[INFO] [stdout] failures:
[INFO] [stdout]     tests::another
[INFO] [stdout] 
[INFO] [stdout] test result: FAILED. 1 passed; 1 failed; 0 ignored; 0 measured; 0 filtered out; finished in 0.03s
[INFO] [stdout] 
[INFO] [stderr] error: test failed, to rerun pass `-p adder --lib`
[INFO] running `Command { std: "docker" "inspect" "5e4812c69ac0611742b85e53f4f1a1816a84afc811ae3b67c92436da1a41ac21", kill_on_drop: false }`
[INFO] running `Command { std: "docker" "rm" "-f" "5e4812c69ac0611742b85e53f4f1a1816a84afc811ae3b67c92436da1a41ac21", kill_on_drop: false }`
[INFO] [stdout] 5e4812c69ac0611742b85e53f4f1a1816a84afc811ae3b67c92436da1a41ac21
