[INFO] cloning repository https://github.com/david-ds/adventofcode-2020
[INFO] running `Command { std: "git" "-c" "credential.helper=" "-c" "credential.helper=/workspace/cargo-home/bin/git-credential-null" "clone" "--bare" "https://github.com/david-ds/adventofcode-2020" "/workspace/cache/git-repos/https%3A%2F%2Fgithub.com%2Fdavid-ds%2Fadventofcode-2020", kill_on_drop: false }`
[INFO] [stderr] Cloning into bare repository '/workspace/cache/git-repos/https%3A%2F%2Fgithub.com%2Fdavid-ds%2Fadventofcode-2020'...
[INFO] running `Command { std: "git" "rev-parse" "HEAD", kill_on_drop: false }`
[INFO] [stdout] 0589ef7a888175d95eb65b5f7bc36d13443e608e
[INFO] testing david-ds/adventofcode-2020 against nightly-2025-01-18+rustflags=-Zrandomize-layout for randomize-layout-2
[INFO] running `Command { std: "git" "clone" "/workspace/cache/git-repos/https%3A%2F%2Fgithub.com%2Fdavid-ds%2Fadventofcode-2020" "/workspace/builds/worker-5-tc2/source", kill_on_drop: false }`
[INFO] [stderr] Cloning into '/workspace/builds/worker-5-tc2/source'...
[INFO] [stderr] done.
[INFO] validating manifest of git repo https://github.com/david-ds/adventofcode-2020 on toolchain nightly-2025-01-18
[INFO] running `Command { std: CARGO_HOME="/workspace/cargo-home" RUSTUP_HOME="/workspace/rustup-home" "/workspace/cargo-home/bin/cargo" "+nightly-2025-01-18" "metadata" "--manifest-path" "Cargo.toml" "--no-deps", kill_on_drop: false }`
[INFO] removed /workspace/builds/worker-5-tc2/source/rust-toolchain
[INFO] started tweaking git repo https://github.com/david-ds/adventofcode-2020
[INFO] finished tweaking git repo https://github.com/david-ds/adventofcode-2020
[INFO] tweaked toml for git repo https://github.com/david-ds/adventofcode-2020 written to /workspace/builds/worker-5-tc2/source/Cargo.toml
[INFO] crate git repo https://github.com/david-ds/adventofcode-2020 already has a lockfile, it will not be regenerated
[INFO] running `Command { std: CARGO_HOME="/workspace/cargo-home" RUSTUP_HOME="/workspace/rustup-home" "/workspace/cargo-home/bin/cargo" "+nightly-2025-01-18" "fetch" "--manifest-path" "Cargo.toml", kill_on_drop: false }`
[INFO] running `Command { std: "docker" "create" "-v" "/var/lib/crater-agent-workspace/builds/worker-5-tc2/target:/opt/rustwide/target:rw,Z" "-v" "/var/lib/crater-agent-workspace/builds/worker-5-tc2/source:/opt/rustwide/workdir:ro,Z" "-v" "/var/lib/crater-agent-workspace/cargo-home:/opt/rustwide/cargo-home:ro,Z" "-v" "/var/lib/crater-agent-workspace/rustup-home:/opt/rustwide/rustup-home:ro,Z" "-e" "SOURCE_DIR=/opt/rustwide/workdir" "-e" "CARGO_TARGET_DIR=/opt/rustwide/target" "-e" "CARGO_HOME=/opt/rustwide/cargo-home" "-e" "RUSTUP_HOME=/opt/rustwide/rustup-home" "-w" "/opt/rustwide/workdir" "-m" "1610612736" "--user" "0:0" "--network" "none" "ghcr.io/rust-lang/crates-build-env/linux@sha256:819108c5571ea2e421544af4d832f968d213c87fbe3707a016657f43d2f853bc" "/opt/rustwide/cargo-home/bin/cargo" "+nightly-2025-01-18" "metadata" "--no-deps" "--format-version=1", kill_on_drop: false }`
[INFO] [stdout] 4f5397d9535f6d3707297cb0e372330e2fd8f043799e44f274352019c2bd4e4b
[INFO] running `Command { std: "docker" "start" "-a" "4f5397d9535f6d3707297cb0e372330e2fd8f043799e44f274352019c2bd4e4b", kill_on_drop: false }`
[INFO] running `Command { std: "docker" "inspect" "4f5397d9535f6d3707297cb0e372330e2fd8f043799e44f274352019c2bd4e4b", kill_on_drop: false }`
[INFO] running `Command { std: "docker" "rm" "-f" "4f5397d9535f6d3707297cb0e372330e2fd8f043799e44f274352019c2bd4e4b", kill_on_drop: false }`
[INFO] [stdout] 4f5397d9535f6d3707297cb0e372330e2fd8f043799e44f274352019c2bd4e4b
[INFO] running `Command { std: "docker" "create" "-v" "/var/lib/crater-agent-workspace/builds/worker-5-tc2/target:/opt/rustwide/target:rw,Z" "-v" "/var/lib/crater-agent-workspace/builds/worker-5-tc2/source:/opt/rustwide/workdir:ro,Z" "-v" "/var/lib/crater-agent-workspace/cargo-home:/opt/rustwide/cargo-home:ro,Z" "-v" "/var/lib/crater-agent-workspace/rustup-home:/opt/rustwide/rustup-home:ro,Z" "-e" "SOURCE_DIR=/opt/rustwide/workdir" "-e" "CARGO_TARGET_DIR=/opt/rustwide/target" "-e" "CARGO_INCREMENTAL=0" "-e" "RUST_BACKTRACE=full" "-e" "RUSTFLAGS=--cap-lints=forbid -Zrandomize-layout" "-e" "RUSTDOCFLAGS=--cap-lints=forbid" "-e" "CARGO_HOME=/opt/rustwide/cargo-home" "-e" "RUSTUP_HOME=/opt/rustwide/rustup-home" "-w" "/opt/rustwide/workdir" "-m" "1610612736" "--user" "0:0" "--network" "none" "ghcr.io/rust-lang/crates-build-env/linux@sha256:819108c5571ea2e421544af4d832f968d213c87fbe3707a016657f43d2f853bc" "/opt/rustwide/cargo-home/bin/cargo" "+nightly-2025-01-18" "build" "--frozen" "--message-format=json", kill_on_drop: false }`
[INFO] [stdout] ba189f25a950befa16f51785a9f6185944411a4166ea665e63d03f3c1b3e30b6
[INFO] running `Command { std: "docker" "start" "-a" "ba189f25a950befa16f51785a9f6185944411a4166ea665e63d03f3c1b3e30b6", kill_on_drop: false }`
[INFO] [stderr]    Compiling adventofcode-2020 v0.1.0 (/opt/rustwide/workdir)
[INFO] [stdout] warning: the feature `min_const_generics` has been stable since 1.51.0 and no longer requires an attribute to enable
[INFO] [stdout]  --> day-09/part-2/enizor.rs:1:12
[INFO] [stdout]   |
[INFO] [stdout] 1 | #![feature(min_const_generics)]
[INFO] [stdout]   |            ^^^^^^^^^^^^^^^^^^
[INFO] [stdout]   |
[INFO] [stdout]   = note: `#[warn(stable_features)]` on by default
[INFO] [stdout] 
[INFO] [stdout] 
[INFO] [stdout] warning: the feature `destructuring_assignment` has been stable since 1.59.0 and no longer requires an attribute to enable
[INFO] [stdout]  --> day-14/part-2/enizor.rs:1:12
[INFO] [stdout]   |
[INFO] [stdout] 1 | #![feature(destructuring_assignment)]
[INFO] [stdout]   |            ^^^^^^^^^^^^^^^^^^^^^^^^
[INFO] [stdout]   |
[INFO] [stdout]   = note: `#[warn(stable_features)]` on by default
[INFO] [stdout] 
[INFO] [stdout] 
[INFO] [stdout] warning: the feature `min_const_generics` has been stable since 1.51.0 and no longer requires an attribute to enable
[INFO] [stdout]  --> day-09/part-1/enizor.rs:1:12
[INFO] [stdout]   |
[INFO] [stdout] 1 | #![feature(min_const_generics)]
[INFO] [stdout]   |            ^^^^^^^^^^^^^^^^^^
[INFO] [stdout]   |
[INFO] [stdout]   = note: `#[warn(stable_features)]` on by default
[INFO] [stdout] 
[INFO] [stdout] 
[INFO] [stdout] warning: the feature `destructuring_assignment` has been stable since 1.59.0 and no longer requires an attribute to enable
[INFO] [stdout]  --> day-14/part-1/enizor.rs:1:12
[INFO] [stdout]   |
[INFO] [stdout] 1 | #![feature(destructuring_assignment)]
[INFO] [stdout]   |            ^^^^^^^^^^^^^^^^^^^^^^^^
[INFO] [stdout]   |
[INFO] [stdout]   = note: `#[warn(stable_features)]` on by default
[INFO] [stdout] 
[INFO] [stdout] 
[INFO] [stdout] warning: the feature `min_const_generics` has been stable since 1.51.0 and no longer requires an attribute to enable
[INFO] [stdout]  --> day-10/part-2/enizor.rs:1:12
[INFO] [stdout]   |
[INFO] [stdout] 1 | #![feature(min_const_generics)]
[INFO] [stdout]   |            ^^^^^^^^^^^^^^^^^^
[INFO] [stdout]   |
[INFO] [stdout]   = note: `#[warn(stable_features)]` on by default
[INFO] [stdout] 
[INFO] [stdout] 
[INFO] [stderr]     Finished `dev` profile [unoptimized + debuginfo] target(s) in 15.28s
[INFO] running `Command { std: "docker" "inspect" "ba189f25a950befa16f51785a9f6185944411a4166ea665e63d03f3c1b3e30b6", kill_on_drop: false }`
[INFO] running `Command { std: "docker" "rm" "-f" "ba189f25a950befa16f51785a9f6185944411a4166ea665e63d03f3c1b3e30b6", kill_on_drop: false }`
[INFO] [stdout] ba189f25a950befa16f51785a9f6185944411a4166ea665e63d03f3c1b3e30b6
[INFO] running `Command { std: "docker" "create" "-v" "/var/lib/crater-agent-workspace/builds/worker-5-tc2/target:/opt/rustwide/target:rw,Z" "-v" "/var/lib/crater-agent-workspace/builds/worker-5-tc2/source:/opt/rustwide/workdir:ro,Z" "-v" "/var/lib/crater-agent-workspace/cargo-home:/opt/rustwide/cargo-home:ro,Z" "-v" "/var/lib/crater-agent-workspace/rustup-home:/opt/rustwide/rustup-home:ro,Z" "-e" "SOURCE_DIR=/opt/rustwide/workdir" "-e" "CARGO_TARGET_DIR=/opt/rustwide/target" "-e" "CARGO_INCREMENTAL=0" "-e" "RUST_BACKTRACE=full" "-e" "RUSTFLAGS=--cap-lints=forbid -Zrandomize-layout" "-e" "RUSTDOCFLAGS=--cap-lints=forbid" "-e" "CARGO_HOME=/opt/rustwide/cargo-home" "-e" "RUSTUP_HOME=/opt/rustwide/rustup-home" "-w" "/opt/rustwide/workdir" "-m" "1610612736" "--user" "0:0" "--network" "none" "ghcr.io/rust-lang/crates-build-env/linux@sha256:819108c5571ea2e421544af4d832f968d213c87fbe3707a016657f43d2f853bc" "/opt/rustwide/cargo-home/bin/cargo" "+nightly-2025-01-18" "test" "--frozen" "--no-run" "--message-format=json", kill_on_drop: false }`
[INFO] [stdout] 96fb84b28b49aab9a666146e4be1c95fe4f92a72e7628a7f0cc2ca9b21777aa9
[INFO] running `Command { std: "docker" "start" "-a" "96fb84b28b49aab9a666146e4be1c95fe4f92a72e7628a7f0cc2ca9b21777aa9", kill_on_drop: false }`
[INFO] [stderr]    Compiling adventofcode-2020 v0.1.0 (/opt/rustwide/workdir)
[INFO] [stdout] warning: the feature `destructuring_assignment` has been stable since 1.59.0 and no longer requires an attribute to enable
[INFO] [stdout]  --> day-14/part-1/enizor.rs:1:12
[INFO] [stdout]   |
[INFO] [stdout] 1 | #![feature(destructuring_assignment)]
[INFO] [stdout]   |            ^^^^^^^^^^^^^^^^^^^^^^^^
[INFO] [stdout]   |
[INFO] [stdout]   = note: `#[warn(stable_features)]` on by default
[INFO] [stdout] 
[INFO] [stdout] 
[INFO] [stdout] warning: the feature `min_const_generics` has been stable since 1.51.0 and no longer requires an attribute to enable
[INFO] [stdout]  --> day-10/part-2/enizor.rs:1:12
[INFO] [stdout]   |
[INFO] [stdout] 1 | #![feature(min_const_generics)]
[INFO] [stdout]   |            ^^^^^^^^^^^^^^^^^^
[INFO] [stdout]   |
[INFO] [stdout]   = note: `#[warn(stable_features)]` on by default
[INFO] [stdout] 
[INFO] [stdout] 
[INFO] [stdout] warning: the feature `destructuring_assignment` has been stable since 1.59.0 and no longer requires an attribute to enable
[INFO] [stdout]  --> day-14/part-2/enizor.rs:1:12
[INFO] [stdout]   |
[INFO] [stdout] 1 | #![feature(destructuring_assignment)]
[INFO] [stdout]   |            ^^^^^^^^^^^^^^^^^^^^^^^^
[INFO] [stdout]   |
[INFO] [stdout]   = note: `#[warn(stable_features)]` on by default
[INFO] [stdout] 
[INFO] [stdout] 
[INFO] [stdout] warning: the feature `min_const_generics` has been stable since 1.51.0 and no longer requires an attribute to enable
[INFO] [stdout]  --> day-09/part-2/enizor.rs:1:12
[INFO] [stdout]   |
[INFO] [stdout] 1 | #![feature(min_const_generics)]
[INFO] [stdout]   |            ^^^^^^^^^^^^^^^^^^
[INFO] [stdout]   |
[INFO] [stdout]   = note: `#[warn(stable_features)]` on by default
[INFO] [stdout] 
[INFO] [stdout] 
[INFO] [stdout] warning: the feature `min_const_generics` has been stable since 1.51.0 and no longer requires an attribute to enable
[INFO] [stdout]  --> day-09/part-1/enizor.rs:1:12
[INFO] [stdout]   |
[INFO] [stdout] 1 | #![feature(min_const_generics)]
[INFO] [stdout]   |            ^^^^^^^^^^^^^^^^^^
[INFO] [stdout]   |
[INFO] [stdout]   = note: `#[warn(stable_features)]` on by default
[INFO] [stdout] 
[INFO] [stdout] 
[INFO] [stderr]     Finished `test` profile [unoptimized + debuginfo] target(s) in 16.62s
[INFO] running `Command { std: "docker" "inspect" "96fb84b28b49aab9a666146e4be1c95fe4f92a72e7628a7f0cc2ca9b21777aa9", kill_on_drop: false }`
[INFO] running `Command { std: "docker" "rm" "-f" "96fb84b28b49aab9a666146e4be1c95fe4f92a72e7628a7f0cc2ca9b21777aa9", kill_on_drop: false }`
[INFO] [stdout] 96fb84b28b49aab9a666146e4be1c95fe4f92a72e7628a7f0cc2ca9b21777aa9
[INFO] running `Command { std: "docker" "create" "-v" "/var/lib/crater-agent-workspace/builds/worker-5-tc2/target:/opt/rustwide/target:rw,Z" "-v" "/var/lib/crater-agent-workspace/builds/worker-5-tc2/source:/opt/rustwide/workdir:ro,Z" "-v" "/var/lib/crater-agent-workspace/cargo-home:/opt/rustwide/cargo-home:ro,Z" "-v" "/var/lib/crater-agent-workspace/rustup-home:/opt/rustwide/rustup-home:ro,Z" "-e" "SOURCE_DIR=/opt/rustwide/workdir" "-e" "CARGO_TARGET_DIR=/opt/rustwide/target" "-e" "CARGO_INCREMENTAL=0" "-e" "RUST_BACKTRACE=full" "-e" "RUSTFLAGS=--cap-lints=forbid -Zrandomize-layout" "-e" "RUSTDOCFLAGS=--cap-lints=forbid" "-e" "CARGO_HOME=/opt/rustwide/cargo-home" "-e" "RUSTUP_HOME=/opt/rustwide/rustup-home" "-w" "/opt/rustwide/workdir" "-m" "1610612736" "--user" "0:0" "--network" "none" "ghcr.io/rust-lang/crates-build-env/linux@sha256:819108c5571ea2e421544af4d832f968d213c87fbe3707a016657f43d2f853bc" "/opt/rustwide/cargo-home/bin/cargo" "+nightly-2025-01-18" "test" "--frozen", kill_on_drop: false }`
[INFO] [stdout] 9f5fce1e39bc421296cdf9fb4c7b22b57cb45e6a577249915ffcd78b0cad3d7f
[INFO] running `Command { std: "docker" "start" "-a" "9f5fce1e39bc421296cdf9fb4c7b22b57cb45e6a577249915ffcd78b0cad3d7f", kill_on_drop: false }`
[INFO] [stderr] warning: the feature `destructuring_assignment` has been stable since 1.59.0 and no longer requires an attribute to enable
[INFO] [stderr]  --> day-14/part-2/enizor.rs:1:12
[INFO] [stderr]   |
[INFO] [stderr] 1 | #![feature(destructuring_assignment)]
[INFO] [stderr]   |            ^^^^^^^^^^^^^^^^^^^^^^^^
[INFO] [stderr]   |
[INFO] [stderr]   = note: `#[warn(stable_features)]` on by default
[INFO] [stderr] 
[INFO] [stderr] warning: `adventofcode-2020` (bin "day-14-part-2-enizor" test) generated 1 warning
[INFO] [stderr] warning: the feature `min_const_generics` has been stable since 1.51.0 and no longer requires an attribute to enable
[INFO] [stderr]  --> day-10/part-2/enizor.rs:1:12
[INFO] [stderr]   |
[INFO] [stderr] 1 | #![feature(min_const_generics)]
[INFO] [stderr]   |            ^^^^^^^^^^^^^^^^^^
[INFO] [stderr]   |
[INFO] [stderr]   = note: `#[warn(stable_features)]` on by default
[INFO] [stderr] 
[INFO] [stderr] warning: `adventofcode-2020` (bin "day-10-part-2-enizor" test) generated 1 warning
[INFO] [stderr] warning: the feature `destructuring_assignment` has been stable since 1.59.0 and no longer requires an attribute to enable
[INFO] [stderr]  --> day-14/part-1/enizor.rs:1:12
[INFO] [stderr]   |
[INFO] [stderr] 1 | #![feature(destructuring_assignment)]
[INFO] [stderr]   |            ^^^^^^^^^^^^^^^^^^^^^^^^
[INFO] [stderr]   |
[INFO] [stderr]   = note: `#[warn(stable_features)]` on by default
[INFO] [stderr] 
[INFO] [stderr] warning: `adventofcode-2020` (bin "day-14-part-1-enizor" test) generated 1 warning
[INFO] [stderr] warning: the feature `min_const_generics` has been stable since 1.51.0 and no longer requires an attribute to enable
[INFO] [stderr]  --> day-09/part-1/enizor.rs:1:12
[INFO] [stderr]   |
[INFO] [stderr] 1 | #![feature(min_const_generics)]
[INFO] [stderr]   |            ^^^^^^^^^^^^^^^^^^
[INFO] [stderr]   |
[INFO] [stderr]   = note: `#[warn(stable_features)]` on by default
[INFO] [stderr] 
[INFO] [stderr] warning: `adventofcode-2020` (bin "day-09-part-1-enizor" test) generated 1 warning
[INFO] [stderr] warning: the feature `min_const_generics` has been stable since 1.51.0 and no longer requires an attribute to enable
[INFO] [stderr]  --> day-09/part-2/enizor.rs:1:12
[INFO] [stderr]   |
[INFO] [stderr] 1 | #![feature(min_const_generics)]
[INFO] [stderr]   |            ^^^^^^^^^^^^^^^^^^
[INFO] [stderr]   |
[INFO] [stderr]   = note: `#[warn(stable_features)]` on by default
[INFO] [stderr] 
[INFO] [stderr] warning: `adventofcode-2020` (bin "day-09-part-2-enizor" test) generated 1 warning
[INFO] [stderr]     Finished `test` profile [unoptimized + debuginfo] target(s) in 0.03s
[INFO] [stderr]      Running unittests day-01/part-1/enizor.rs (/opt/rustwide/target/debug/deps/day_01_part_1_enizor-342ea5c8aad5d738)
[INFO] [stdout] 
[INFO] [stdout] running 1 test
[INFO] [stdout] test tests::run_test ... ok
[INFO] [stdout] 
[INFO] [stdout] test result: ok. 1 passed; 0 failed; 0 ignored; 0 measured; 0 filtered out; finished in 0.00s
[INFO] [stdout] 
[INFO] [stderr]      Running unittests day-01/part-1/jd.rs (/opt/rustwide/target/debug/deps/day_01_part_1_jd-b8353db7f7fe97db)
[INFO] [stdout] 
[INFO] [stdout] running 1 test
[INFO] [stdout] test tests::run_test ... ok
[INFO] [stdout] 
[INFO] [stdout] test result: ok. 1 passed; 0 failed; 0 ignored; 0 measured; 0 filtered out; finished in 0.00s
[INFO] [stdout] 
[INFO] [stderr]      Running unittests day-01/part-2/enizor.rs (/opt/rustwide/target/debug/deps/day_01_part_2_enizor-07464873c362b7a1)
[INFO] [stdout] 
[INFO] [stdout] running 1 test
[INFO] [stdout] test tests::run_test ... ok
[INFO] [stderr]      Running unittests day-01/part-2/jd.rs (/opt/rustwide/target/debug/deps/day_01_part_2_jd-05e4c8e4de38de1b)
[INFO] [stdout] 
[INFO] [stdout] test result: ok. 1 passed; 0 failed; 0 ignored; 0 measured; 0 filtered out; finished in 0.00s
[INFO] [stdout] 
[INFO] [stdout] 
[INFO] [stdout] running 1 test
[INFO] [stdout] test tests::run_test ... ok
[INFO] [stdout] 
[INFO] [stdout] test result: ok. 1 passed; 0 failed; 0 ignored; 0 measured; 0 filtered out; finished in 0.00s
[INFO] [stdout] 
[INFO] [stderr]      Running unittests day-02/part-1/enizor.rs (/opt/rustwide/target/debug/deps/day_02_part_1_enizor-d14008c08b2444ed)
[INFO] [stdout] 
[INFO] [stdout] running 1 test
[INFO] [stdout] test tests::run_test ... ok
[INFO] [stderr]      Running unittests day-02/part-1/jd.rs (/opt/rustwide/target/debug/deps/day_02_part_1_jd-bf173a1dcd11bbc8)
[INFO] [stdout] 
[INFO] [stdout] test result: ok. 1 passed; 0 failed; 0 ignored; 0 measured; 0 filtered out; finished in 0.00s
[INFO] [stdout] 
[INFO] [stdout] 
[INFO] [stdout] running 1 test
[INFO] [stdout] test tests::run_test ... ok
[INFO] [stdout] 
[INFO] [stdout] test result: ok. 1 passed; 0 failed; 0 ignored; 0 measured; 0 filtered out; finished in 0.00s
[INFO] [stdout] 
[INFO] [stdout] 
[INFO] [stdout] running 1 test
[INFO] [stderr]      Running unittests day-02/part-2/enizor.rs (/opt/rustwide/target/debug/deps/day_02_part_2_enizor-a1ffbfa95b1781fa)
[INFO] [stdout] test tests::run_test ... ok
[INFO] [stderr]      Running unittests day-02/part-2/jd.rs (/opt/rustwide/target/debug/deps/day_02_part_2_jd-3e0dd5d83ae1c1cc)
[INFO] [stdout] 
[INFO] [stdout] test result: ok. 1 passed; 0 failed; 0 ignored; 0 measured; 0 filtered out; finished in 0.00s
[INFO] [stdout] 
[INFO] [stdout] 
[INFO] [stdout] running 1 test
[INFO] [stdout] test tests::run_test ... ok
[INFO] [stdout] 
[INFO] [stdout] test result: ok. 1 passed; 0 failed; 0 ignored; 0 measured; 0 filtered out; finished in 0.00s
[INFO] [stdout] 
[INFO] [stderr]      Running unittests day-03/part-1/enizor.rs (/opt/rustwide/target/debug/deps/day_03_part_1_enizor-b7056f83a14e759b)
[INFO] [stdout] 
[INFO] [stdout] running 1 test
[INFO] [stdout] test tests::run_test ... ok
[INFO] [stdout] 
[INFO] [stdout] test result: ok. 1 passed; 0 failed; 0 ignored; 0 measured; 0 filtered out; finished in 0.00s
[INFO] [stdout] 
[INFO] [stderr]      Running unittests day-03/part-1/jd.rs (/opt/rustwide/target/debug/deps/day_03_part_1_jd-300a004cfe190ce4)
[INFO] [stdout] 
[INFO] [stdout] running 1 test
[INFO] [stdout] test tests::run_test ... ok
[INFO] [stdout] 
[INFO] [stdout] test result: ok. 1 passed; 0 failed; 0 ignored; 0 measured; 0 filtered out; finished in 0.00s
[INFO] [stdout] 
[INFO] [stderr]      Running unittests day-03/part-2/enizor.rs (/opt/rustwide/target/debug/deps/day_03_part_2_enizor-921b78d6fe35721d)
[INFO] [stdout] 
[INFO] [stdout] running 1 test
[INFO] [stderr]      Running unittests day-03/part-2/jd.rs (/opt/rustwide/target/debug/deps/day_03_part_2_jd-444e222f668fec75)
[INFO] [stdout] test tests::run_test ... ok
[INFO] [stdout] 
[INFO] [stdout] test result: ok. 1 passed; 0 failed; 0 ignored; 0 measured; 0 filtered out; finished in 0.01s
[INFO] [stdout] 
[INFO] [stdout] 
[INFO] [stdout] running 1 test
[INFO] [stdout] test tests::run_test ... ok
[INFO] [stderr]      Running unittests day-04/part-1/enizor.rs (/opt/rustwide/target/debug/deps/day_04_part_1_enizor-be517abbe5e1a864)
[INFO] [stdout] 
[INFO] [stdout] test result: ok. 1 passed; 0 failed; 0 ignored; 0 measured; 0 filtered out; finished in 0.00s
[INFO] [stdout] 
[INFO] [stdout] 
[INFO] [stdout] running 1 test
[INFO] [stdout] test tests::run_test ... ok
[INFO] [stderr]      Running unittests day-04/part-1/jd.rs (/opt/rustwide/target/debug/deps/day_04_part_1_jd-0c1e1749fffbb269)
[INFO] [stdout] 
[INFO] [stdout] test result: ok. 1 passed; 0 failed; 0 ignored; 0 measured; 0 filtered out; finished in 0.01s
[INFO] [stdout] 
[INFO] [stdout] 
[INFO] [stdout] running 1 test
[INFO] [stderr]      Running unittests day-04/part-2/enizor.rs (/opt/rustwide/target/debug/deps/day_04_part_2_enizor-cf9c3a480a510b9b)
[INFO] [stdout] test tests::run_test ... ok
[INFO] [stdout] 
[INFO] [stdout] test result: ok. 1 passed; 0 failed; 0 ignored; 0 measured; 0 filtered out; finished in 0.00s
[INFO] [stdout] 
[INFO] [stdout] 
[INFO] [stdout] running 1 test
[INFO] [stdout] test tests::run_test ... ok
[INFO] [stdout] 
[INFO] [stdout] test result: ok. 1 passed; 0 failed; 0 ignored; 0 measured; 0 filtered out; finished in 0.00s
[INFO] [stdout] 
[INFO] [stderr]      Running unittests day-04/part-2/jd.rs (/opt/rustwide/target/debug/deps/day_04_part_2_jd-3750d2c1ac962417)
[INFO] [stdout] 
[INFO] [stderr]      Running unittests day-05/part-1/enizor.rs (/opt/rustwide/target/debug/deps/day_05_part_1_enizor-9eca7a2654e6335d)
[INFO] [stdout] running 1 test
[INFO] [stdout] test tests::run_test ... ok
[INFO] [stdout] 
[INFO] [stdout] test result: ok. 1 passed; 0 failed; 0 ignored; 0 measured; 0 filtered out; finished in 0.00s
[INFO] [stdout] 
[INFO] [stdout] 
[INFO] [stdout] running 1 test
[INFO] [stdout] test tests::parse_test ... ok
[INFO] [stdout] 
[INFO] [stdout] test result: ok. 1 passed; 0 failed; 0 ignored; 0 measured; 0 filtered out; finished in 0.00s
[INFO] [stdout] 
[INFO] [stderr]      Running unittests day-05/part-1/jd.rs (/opt/rustwide/target/debug/deps/day_05_part_1_jd-090ceffab5e5c7d0)
[INFO] [stdout] 
[INFO] [stdout] running 1 test
[INFO] [stdout] test tests::run_test ... ok
[INFO] [stdout] 
[INFO] [stdout] test result: ok. 1 passed; 0 failed; 0 ignored; 0 measured; 0 filtered out; finished in 0.01s
[INFO] [stdout] 
[INFO] [stderr]      Running unittests day-05/part-2/enizor.rs (/opt/rustwide/target/debug/deps/day_05_part_2_enizor-51fe3824d6c7b61b)
[INFO] [stdout] 
[INFO] [stdout] running 1 test
[INFO] [stdout] test tests::parse_test ... ok
[INFO] [stdout] 
[INFO] [stdout] test result: ok. 1 passed; 0 failed; 0 ignored; 0 measured; 0 filtered out; finished in 0.01s
[INFO] [stdout] 
[INFO] [stderr]      Running unittests day-05/part-2/jd.rs (/opt/rustwide/target/debug/deps/day_05_part_2_jd-5c100d4830f841f1)
[INFO] [stdout] 
[INFO] [stdout] running 0 tests
[INFO] [stdout] 
[INFO] [stdout] test result: ok. 0 passed; 0 failed; 0 ignored; 0 measured; 0 filtered out; finished in 0.00s
[INFO] [stdout] 
[INFO] [stderr]      Running unittests day-06/part-1/enizor.rs (/opt/rustwide/target/debug/deps/day_06_part_1_enizor-a9fd84e272f5c5da)
[INFO] [stdout] 
[INFO] [stdout] running 1 test
[INFO] [stdout] test tests::run_test ... ok
[INFO] [stdout] 
[INFO] [stdout] test result: ok. 1 passed; 0 failed; 0 ignored; 0 measured; 0 filtered out; finished in 0.00s
[INFO] [stdout] 
[INFO] [stderr]      Running unittests day-06/part-1/jd.rs (/opt/rustwide/target/debug/deps/day_06_part_1_jd-e4b8e77b543f7294)
[INFO] [stdout] 
[INFO] [stdout] running 1 test
[INFO] [stderr]      Running unittests day-06/part-2/enizor.rs (/opt/rustwide/target/debug/deps/day_06_part_2_enizor-be4419b70bc74bc2)
[INFO] [stdout] test tests::run_test ... ok
[INFO] [stdout] 
[INFO] [stdout] test result: ok. 1 passed; 0 failed; 0 ignored; 0 measured; 0 filtered out; finished in 0.01s
[INFO] [stdout] 
[INFO] [stdout] 
[INFO] [stdout] running 1 test
[INFO] [stdout] test tests::run_test ... ok
[INFO] [stdout] 
[INFO] [stdout] test result: ok. 1 passed; 0 failed; 0 ignored; 0 measured; 0 filtered out; finished in 0.00s
[INFO] [stdout] 
[INFO] [stderr]      Running unittests day-06/part-2/jd.rs (/opt/rustwide/target/debug/deps/day_06_part_2_jd-98e047b5006dfe86)
[INFO] [stdout] 
[INFO] [stdout] running 1 test
[INFO] [stdout] test tests::run_test ... ok
[INFO] [stdout] 
[INFO] [stdout] test result: ok. 1 passed; 0 failed; 0 ignored; 0 measured; 0 filtered out; finished in 0.01s
[INFO] [stdout] 
[INFO] [stderr]      Running unittests day-07/part-1/enizor.rs (/opt/rustwide/target/debug/deps/day_07_part_1_enizor-72dc0dd0fff22a5b)
[INFO] [stdout] 
[INFO] [stdout] running 1 test
[INFO] [stderr]      Running unittests day-07/part-1/jd.rs (/opt/rustwide/target/debug/deps/day_07_part_1_jd-a99c34dcdc4dff91)
[INFO] [stdout] test tests::run_test ... ok
[INFO] [stdout] 
[INFO] [stdout] test result: ok. 1 passed; 0 failed; 0 ignored; 0 measured; 0 filtered out; finished in 0.00s
[INFO] [stdout] 
[INFO] [stdout] 
[INFO] [stdout] running 1 test
[INFO] [stdout] test tests::run_test ... ok
[INFO] [stdout] 
[INFO] [stdout] test result: ok. 1 passed; 0 failed; 0 ignored; 0 measured; 0 filtered out; finished in 0.00s
[INFO] [stdout] 
[INFO] [stdout] 
[INFO] [stderr]      Running unittests day-07/part-2/enizor.rs (/opt/rustwide/target/debug/deps/day_07_part_2_enizor-bae0f712617953c8)
[INFO] [stdout] running 1 test
[INFO] [stdout] test tests::run_test ... ok
[INFO] [stdout] 
[INFO] [stdout] test result: ok. 1 passed; 0 failed; 0 ignored; 0 measured; 0 filtered out; finished in 0.00s
[INFO] [stdout] 
[INFO] [stderr]      Running unittests day-07/part-2/jd.rs (/opt/rustwide/target/debug/deps/day_07_part_2_jd-bc55206c09172bc7)
[INFO] [stdout] 
[INFO] [stdout] running 1 test
[INFO] [stderr]      Running unittests day-08/part-1/enizor.rs (/opt/rustwide/target/debug/deps/day_08_part_1_enizor-b9fa883e436c48c5)
[INFO] [stdout] test tests::run_test ... ok
[INFO] [stdout] 
[INFO] [stdout] test result: ok. 1 passed; 0 failed; 0 ignored; 0 measured; 0 filtered out; finished in 0.00s
[INFO] [stdout] 
[INFO] [stdout] 
[INFO] [stdout] running 1 test
[INFO] [stdout] test tests::run_test ... ok
[INFO] [stdout] 
[INFO] [stdout] test result: ok. 1 passed; 0 failed; 0 ignored; 0 measured; 0 filtered out; finished in 0.00s
[INFO] [stdout] 
[INFO] [stderr]      Running unittests day-08/part-1/jd.rs (/opt/rustwide/target/debug/deps/day_08_part_1_jd-edce05df076a6b30)
[INFO] [stdout] 
[INFO] [stdout] running 1 test
[INFO] [stdout] test tests::run_test ... ok
[INFO] [stderr]      Running unittests day-08/part-2/enizor.rs (/opt/rustwide/target/debug/deps/day_08_part_2_enizor-c1cd69decdaf5677)
[INFO] [stdout] 
[INFO] [stdout] test result: ok. 1 passed; 0 failed; 0 ignored; 0 measured; 0 filtered out; finished in 0.00s
[INFO] [stdout] 
[INFO] [stdout] 
[INFO] [stdout] running 1 test
[INFO] [stderr]      Running unittests day-08/part-2/jd.rs (/opt/rustwide/target/debug/deps/day_08_part_2_jd-9a521d69d0175a25)
[INFO] [stdout] test tests::run_test ... ok
[INFO] [stdout] 
[INFO] [stdout] test result: ok. 1 passed; 0 failed; 0 ignored; 0 measured; 0 filtered out; finished in 0.01s
[INFO] [stdout] 
[INFO] [stdout] 
[INFO] [stdout] running 1 test
[INFO] [stdout] test tests::run_test ... ok
[INFO] [stdout] 
[INFO] [stdout] test result: ok. 1 passed; 0 failed; 0 ignored; 0 measured; 0 filtered out; finished in 0.00s
[INFO] [stdout] 
[INFO] [stderr]      Running unittests day-09/part-1/enizor.rs (/opt/rustwide/target/debug/deps/day_09_part_1_enizor-5436b1d0fdbd3835)
[INFO] [stdout] 
[INFO] [stdout] running 1 test
[INFO] [stdout] test tests::run_test ... ok
[INFO] [stdout] 
[INFO] [stdout] test result: ok. 1 passed; 0 failed; 0 ignored; 0 measured; 0 filtered out; finished in 0.00s
[INFO] [stdout] 
[INFO] [stderr]      Running unittests day-09/part-1/jd.rs (/opt/rustwide/target/debug/deps/day_09_part_1_jd-9123f98b4a0a71d2)
[INFO] [stdout] 
[INFO] [stdout] running 1 test
[INFO] [stdout] test tests::run_test ... ok
[INFO] [stdout] 
[INFO] [stderr]      Running unittests day-09/part-2/enizor.rs (/opt/rustwide/target/debug/deps/day_09_part_2_enizor-6fe0bee951450a99)
[INFO] [stdout] test result: ok. 1 passed; 0 failed; 0 ignored; 0 measured; 0 filtered out; finished in 0.01s
[INFO] [stdout] 
[INFO] [stdout] 
[INFO] [stdout] running 1 test
[INFO] [stdout] test tests::run_test ... ok
[INFO] [stdout] 
[INFO] [stdout] test result: ok. 1 passed; 0 failed; 0 ignored; 0 measured; 0 filtered out; finished in 0.00s
[INFO] [stdout] 
[INFO] [stderr]      Running unittests day-09/part-2/jd.rs (/opt/rustwide/target/debug/deps/day_09_part_2_jd-e165db0e7cd75e64)
[INFO] [stdout] 
[INFO] [stdout] running 1 test
[INFO] [stdout] test tests::run_test ... ok
[INFO] [stdout] 
[INFO] [stdout] test result: ok. 1 passed; 0 failed; 0 ignored; 0 measured; 0 filtered out; finished in 0.01s
[INFO] [stdout] 
[INFO] [stderr]      Running unittests day-10/part-1/enizor.rs (/opt/rustwide/target/debug/deps/day_10_part_1_enizor-c253c472ee3f12d5)
[INFO] [stdout] 
[INFO] [stdout] running 1 test
[INFO] [stdout] test tests::run_test ... ok
[INFO] [stdout] 
[INFO] [stdout] test result: ok. 1 passed; 0 failed; 0 ignored; 0 measured; 0 filtered out; finished in 0.01s
[INFO] [stdout] 
[INFO] [stderr]      Running unittests day-10/part-1/jd.rs (/opt/rustwide/target/debug/deps/day_10_part_1_jd-c261ce16d184dd21)
[INFO] [stdout] 
[INFO] [stdout] running 1 test
[INFO] [stderr]      Running unittests day-10/part-2/enizor.rs (/opt/rustwide/target/debug/deps/day_10_part_2_enizor-074b3f930f4cfa8a)
[INFO] [stdout] test tests::run_test ... ok
[INFO] [stdout] 
[INFO] [stdout] test result: ok. 1 passed; 0 failed; 0 ignored; 0 measured; 0 filtered out; finished in 0.00s
[INFO] [stdout] 
[INFO] [stdout] 
[INFO] [stdout] running 1 test
[INFO] [stderr]      Running unittests day-10/part-2/jd.rs (/opt/rustwide/target/debug/deps/day_10_part_2_jd-eaebb47181a526d0)
[INFO] [stdout] test tests::run_test ... ok
[INFO] [stdout] 
[INFO] [stdout] test result: ok. 1 passed; 0 failed; 0 ignored; 0 measured; 0 filtered out; finished in 0.01s
[INFO] [stdout] 
[INFO] [stdout] 
[INFO] [stdout] running 1 test
[INFO] [stdout] test tests::run_test ... ok
[INFO] [stdout] 
[INFO] [stdout] test result: ok. 1 passed; 0 failed; 0 ignored; 0 measured; 0 filtered out; finished in 0.01s
[INFO] [stdout] 
[INFO] [stderr]      Running unittests day-11/part-1/enizor.rs (/opt/rustwide/target/debug/deps/day_11_part_1_enizor-b064647e300b7bd4)
[INFO] [stdout] 
[INFO] [stdout] running 1 test
[INFO] [stdout] test tests::run_test ... ok
[INFO] [stderr]      Running unittests day-11/part-1/jd.rs (/opt/rustwide/target/debug/deps/day_11_part_1_jd-614338c888ced060)
[INFO] [stdout] 
[INFO] [stdout] test result: ok. 1 passed; 0 failed; 0 ignored; 0 measured; 0 filtered out; finished in 0.01s
[INFO] [stdout] 
[INFO] [stdout] 
[INFO] [stdout] running 1 test
[INFO] [stdout] test tests::run_test ... ok
[INFO] [stdout] 
[INFO] [stdout] test result: ok. 1 passed; 0 failed; 0 ignored; 0 measured; 0 filtered out; finished in 0.00s
[INFO] [stdout] 
[INFO] [stderr]      Running unittests day-11/part-2/enizor.rs (/opt/rustwide/target/debug/deps/day_11_part_2_enizor-b726a879312b0d30)
[INFO] [stdout] 
[INFO] [stdout] running 2 tests
[INFO] [stdout] test tests::run_test ... ok
[INFO] [stdout] test tests::update_test ... ok
[INFO] [stdout] 
[INFO] [stdout] test result: ok. 2 passed; 0 failed; 0 ignored; 0 measured; 0 filtered out; finished in 0.00s
[INFO] [stdout] 
[INFO] [stderr]      Running unittests day-11/part-2/jd.rs (/opt/rustwide/target/debug/deps/day_11_part_2_jd-5ae30e8c89753911)
[INFO] [stdout] 
[INFO] [stdout] running 1 test
[INFO] [stderr]      Running unittests day-12/part-1/enizor.rs (/opt/rustwide/target/debug/deps/day_12_part_1_enizor-5f9e76d64caca837)
[INFO] [stdout] test tests::run_test ... ok
[INFO] [stdout] 
[INFO] [stdout] test result: ok. 1 passed; 0 failed; 0 ignored; 0 measured; 0 filtered out; finished in 0.00s
[INFO] [stdout] 
[INFO] [stdout] 
[INFO] [stdout] running 1 test
[INFO] [stdout] test tests::run_test ... ok
[INFO] [stdout] 
[INFO] [stdout] test result: ok. 1 passed; 0 failed; 0 ignored; 0 measured; 0 filtered out; finished in 0.00s
[INFO] [stderr]      Running unittests day-12/part-1/jd.rs (/opt/rustwide/target/debug/deps/day_12_part_1_jd-bb6189d0b567fd39)
[INFO] [stdout] 
[INFO] [stdout] 
[INFO] [stdout] running 1 test
[INFO] [stdout] test tests::run_test ... ok
[INFO] [stdout] 
[INFO] [stdout] test result: ok. 1 passed; 0 failed; 0 ignored; 0 measured; 0 filtered out; finished in 0.00s
[INFO] [stdout] 
[INFO] [stdout] 
[INFO] [stderr]      Running unittests day-12/part-2/enizor.rs (/opt/rustwide/target/debug/deps/day_12_part_2_enizor-f4b649e9e074b9ca)
[INFO] [stdout] running 1 test
[INFO] [stderr]      Running unittests day-12/part-2/jd.rs (/opt/rustwide/target/debug/deps/day_12_part_2_jd-d2918f343d996ba6)
[INFO] [stdout] test tests::run_test ... ok
[INFO] [stdout] 
[INFO] [stdout] test result: ok. 1 passed; 0 failed; 0 ignored; 0 measured; 0 filtered out; finished in 0.00s
[INFO] [stdout] 
[INFO] [stdout] 
[INFO] [stdout] running 1 test
[INFO] [stderr]      Running unittests day-13/part-1/enizor.rs (/opt/rustwide/target/debug/deps/day_13_part_1_enizor-cdb77a4845684020)
[INFO] [stdout] test tests::run_test ... ok
[INFO] [stderr]      Running unittests day-13/part-1/jd.rs (/opt/rustwide/target/debug/deps/day_13_part_1_jd-b837273d45bc29e7)
[INFO] [stdout] 
[INFO] [stdout] test result: ok. 1 passed; 0 failed; 0 ignored; 0 measured; 0 filtered out; finished in 0.00s
[INFO] [stdout] 
[INFO] [stdout] 
[INFO] [stdout] running 1 test
[INFO] [stdout] test tests::run_test ... ok
[INFO] [stdout] 
[INFO] [stdout] test result: ok. 1 passed; 0 failed; 0 ignored; 0 measured; 0 filtered out; finished in 0.00s
[INFO] [stdout] 
[INFO] [stdout] 
[INFO] [stdout] running 1 test
[INFO] [stderr]      Running unittests day-13/part-2/enizor.rs (/opt/rustwide/target/debug/deps/day_13_part_2_enizor-a06d1ddaed29000d)
[INFO] [stdout] test tests::run_test ... ok
[INFO] [stdout] 
[INFO] [stdout] test result: ok. 1 passed; 0 failed; 0 ignored; 0 measured; 0 filtered out; finished in 0.01s
[INFO] [stdout] 
[INFO] [stdout] 
[INFO] [stdout] running 3 tests
[INFO] [stdout] test tests::solve_test ... ok
[INFO] [stdout] test tests::run_test ... ok
[INFO] [stderr] error: test failed, to rerun pass `--bin day-13-part-2-enizor`
[INFO] [stdout] test tests::euclid_test ... FAILED
[INFO] [stdout] 
[INFO] [stdout] failures:
[INFO] [stdout] 
[INFO] [stdout] ---- tests::euclid_test stdout ----
[INFO] [stdout] 
[INFO] [stdout] thread 'tests::euclid_test' panicked at day-13/part-2/enizor.rs:53:9:
[INFO] [stdout] assertion `left == right` failed
[INFO] [stdout]   left: (1, -1, 12)
[INFO] [stdout]  right: (1, 2, -23)
[INFO] [stdout] stack backtrace:
[INFO] [stdout]    0:     0x621882b1d2ba - std::backtrace_rs::backtrace::libunwind::trace::hb059275cfc8d6126
[INFO] [stdout]                                at /rustc/6067b36314ab5eb2eb47cecc464545ba58e1ad24/library/std/src/../../backtrace/src/backtrace/libunwind.rs:116:5
[INFO] [stdout]    1:     0x621882b1d2ba - std::backtrace_rs::backtrace::trace_unsynchronized::h2da071e4327ce3ee
[INFO] [stdout]                                at /rustc/6067b36314ab5eb2eb47cecc464545ba58e1ad24/library/std/src/../../backtrace/src/backtrace/mod.rs:66:5
[INFO] [stdout]    2:     0x621882b1d2ba - std::sys::backtrace::_print_fmt::h842a1474e6f8d23f
[INFO] [stdout]                                at /rustc/6067b36314ab5eb2eb47cecc464545ba58e1ad24/library/std/src/sys/backtrace.rs:66:9
[INFO] [stdout]    3:     0x621882b1d2ba - <std::sys::backtrace::BacktraceLock::print::DisplayBacktrace as core::fmt::Display>::fmt::h71a62eb3b9696b12
[INFO] [stdout]                                at /rustc/6067b36314ab5eb2eb47cecc464545ba58e1ad24/library/std/src/sys/backtrace.rs:39:26
[INFO] [stdout]    4:     0x621882b449b3 - core::fmt::rt::Argument::fmt::hdb6b616786b41dc1
[INFO] [stdout]                                at /rustc/6067b36314ab5eb2eb47cecc464545ba58e1ad24/library/core/src/fmt/rt.rs:177:76
[INFO] [stdout]    5:     0x621882b449b3 - core::fmt::write::h2cc1698af7e2d686
[INFO] [stdout]                                at /rustc/6067b36314ab5eb2eb47cecc464545ba58e1ad24/library/core/src/fmt/mod.rs:1440:21
[INFO] [stdout]    6:     0x621882b19e13 - std::io::Write::write_fmt::hab1b4cd059a79022
[INFO] [stdout]                                at /rustc/6067b36314ab5eb2eb47cecc464545ba58e1ad24/library/std/src/io/mod.rs:1887:15
[INFO] [stdout]    7:     0x621882b1d102 - std::sys::backtrace::BacktraceLock::print::h147fe35b4ea13b08
[INFO] [stdout]                                at /rustc/6067b36314ab5eb2eb47cecc464545ba58e1ad24/library/std/src/sys/backtrace.rs:42:9
[INFO] [stdout]    8:     0x621882b1e6df - std::panicking::default_hook::{{closure}}::hbd44223dbdc0d208
[INFO] [stdout]                                at /rustc/6067b36314ab5eb2eb47cecc464545ba58e1ad24/library/std/src/panicking.rs:298:22
[INFO] [stdout]    9:     0x621882b1e4f8 - std::panicking::default_hook::h20f81eb0576efcec
[INFO] [stdout]                                at /rustc/6067b36314ab5eb2eb47cecc464545ba58e1ad24/library/std/src/panicking.rs:322:9
[INFO] [stdout]   10:     0x621882ae7313 - <alloc::boxed::Box<F,A> as core::ops::function::Fn<Args>>::call::hdb53814c496a4d34
[INFO] [stdout]                                at /rustc/6067b36314ab5eb2eb47cecc464545ba58e1ad24/library/alloc/src/boxed.rs:2027:9
[INFO] [stdout]   11:     0x621882ae7313 - test::test_main::{{closure}}::hc0a4963c59427c24
[INFO] [stdout]                                at /rustc/6067b36314ab5eb2eb47cecc464545ba58e1ad24/library/test/src/lib.rs:134:21
[INFO] [stdout]   12:     0x621882b1f1d3 - <alloc::boxed::Box<F,A> as core::ops::function::Fn<Args>>::call::h591b2225413a77e9
[INFO] [stdout]                                at /rustc/6067b36314ab5eb2eb47cecc464545ba58e1ad24/library/alloc/src/boxed.rs:2027:9
[INFO] [stdout]   13:     0x621882b1f1d3 - std::panicking::rust_panic_with_hook::h625eea43051b2edc
[INFO] [stdout]                                at /rustc/6067b36314ab5eb2eb47cecc464545ba58e1ad24/library/std/src/panicking.rs:839:13
[INFO] [stdout]   14:     0x621882b1ee8a - std::panicking::begin_panic_handler::{{closure}}::h4f9159cfbc3f6bd3
[INFO] [stdout]                                at /rustc/6067b36314ab5eb2eb47cecc464545ba58e1ad24/library/std/src/panicking.rs:704:13
[INFO] [stdout]   15:     0x621882b1d7b9 - std::sys::backtrace::__rust_end_short_backtrace::h0390abce48353151
[INFO] [stdout]                                at /rustc/6067b36314ab5eb2eb47cecc464545ba58e1ad24/library/std/src/sys/backtrace.rs:168:18
[INFO] [stdout]   16:     0x621882b1eb1d - rust_begin_unwind
[INFO] [stdout]                                at /rustc/6067b36314ab5eb2eb47cecc464545ba58e1ad24/library/std/src/panicking.rs:695:5
[INFO] [stdout]   17:     0x621882b433c0 - core::panicking::panic_fmt::h9e7c637e9e5f29c9
[INFO] [stdout]                                at /rustc/6067b36314ab5eb2eb47cecc464545ba58e1ad24/library/core/src/panicking.rs:75:14
[INFO] [stdout]   18:     0x621882b43782 - core::panicking::assert_failed_inner::h538bec7c1374cd9c
[INFO] [stdout]   19:     0x621882aaab9a - core::panicking::assert_failed::h02c7ad6f44ad0d32
[INFO] [stdout]                                at /rustc/6067b36314ab5eb2eb47cecc464545ba58e1ad24/library/core/src/panicking.rs:364:5
[INFO] [stdout]   20:     0x621882aaccc3 - day_13_part_2_enizor::tests::euclid_test::h2aeceac8ec818e16
[INFO] [stdout]                                at /opt/rustwide/workdir/day-13/part-2/enizor.rs:53:9
[INFO] [stdout]   21:     0x621882aacc37 - day_13_part_2_enizor::tests::euclid_test::{{closure}}::h46c9839ffed18806
[INFO] [stdout]                                at /opt/rustwide/workdir/day-13/part-2/enizor.rs:52:21
[INFO] [stdout]   22:     0x621882aa9596 - core::ops::function::FnOnce::call_once::h2d60827416d50519
[INFO] [stdout]                                at /rustc/6067b36314ab5eb2eb47cecc464545ba58e1ad24/library/core/src/ops/function.rs:250:5
[INFO] [stdout]   23:     0x621882aeca6b - core::ops::function::FnOnce::call_once::he27718dfdd183f43
[INFO] [stdout]                                at /rustc/6067b36314ab5eb2eb47cecc464545ba58e1ad24/library/core/src/ops/function.rs:250:5
[INFO] [stdout]   24:     0x621882aeca6b - test::__rust_begin_short_backtrace::h4e84902998457a5d
[INFO] [stdout]                                at /rustc/6067b36314ab5eb2eb47cecc464545ba58e1ad24/library/test/src/lib.rs:632:18
[INFO] [stdout]   25:     0x621882aeb9a3 - test::run_test_in_process::{{closure}}::h7176fd18fc1feca0
[INFO] [stdout]                                at /rustc/6067b36314ab5eb2eb47cecc464545ba58e1ad24/library/test/src/lib.rs:655:60
[INFO] [stdout]   26:     0x621882aeb9a3 - <core::panic::unwind_safe::AssertUnwindSafe<F> as core::ops::function::FnOnce<()>>::call_once::hf79cff2a624d8cf7
[INFO] [stdout]                                at /rustc/6067b36314ab5eb2eb47cecc464545ba58e1ad24/library/core/src/panic/unwind_safe.rs:272:9
[INFO] [stdout]   27:     0x621882aeb9a3 - std::panicking::try::do_call::h3da0561d9ab99c25
[INFO] [stdout]                                at /rustc/6067b36314ab5eb2eb47cecc464545ba58e1ad24/library/std/src/panicking.rs:587:40
[INFO] [stdout]   28:     0x621882aeb9a3 - std::panicking::try::h41c9fa508bc61df6
[INFO] [stdout]                                at /rustc/6067b36314ab5eb2eb47cecc464545ba58e1ad24/library/std/src/panicking.rs:550:19
[INFO] [stdout]   29:     0x621882aeb9a3 - std::panic::catch_unwind::h6b3ff07bb5afad93
[INFO] [stdout]                                at /rustc/6067b36314ab5eb2eb47cecc464545ba58e1ad24/library/std/src/panic.rs:358:14
[INFO] [stdout]   30:     0x621882aeb9a3 - test::run_test_in_process::hc7253dd11b39b9f4
[INFO] [stdout]                                at /rustc/6067b36314ab5eb2eb47cecc464545ba58e1ad24/library/test/src/lib.rs:655:27
[INFO] [stdout]   31:     0x621882aeb9a3 - test::run_test::{{closure}}::hfb2007f8649c30bb
[INFO] [stdout]                                at /rustc/6067b36314ab5eb2eb47cecc464545ba58e1ad24/library/test/src/lib.rs:576:43
[INFO] [stdout]   32:     0x621882aaea85 - test::run_test::{{closure}}::h56a17aa7a282a9f4
[INFO] [stdout]                                at /rustc/6067b36314ab5eb2eb47cecc464545ba58e1ad24/library/test/src/lib.rs:606:41
[INFO] [stdout]   33:     0x621882aaea85 - std::sys::backtrace::__rust_begin_short_backtrace::hd2d2d2fb8e8c6aac
[INFO] [stdout]                                at /rustc/6067b36314ab5eb2eb47cecc464545ba58e1ad24/library/std/src/sys/backtrace.rs:152:18
[INFO] [stdout]   34:     0x621882ab236a - std::thread::Builder::spawn_unchecked_::{{closure}}::{{closure}}::h4faa3f9db6133423
[INFO] [stdout]                                at /rustc/6067b36314ab5eb2eb47cecc464545ba58e1ad24/library/std/src/thread/mod.rs:559:17
[INFO] [stdout]   35:     0x621882ab236a - <core::panic::unwind_safe::AssertUnwindSafe<F> as core::ops::function::FnOnce<()>>::call_once::hf2e855a36a4ea846
[INFO] [stdout]                                at /rustc/6067b36314ab5eb2eb47cecc464545ba58e1ad24/library/core/src/panic/unwind_safe.rs:272:9
[INFO] [stdout]   36:     0x621882ab236a - std::panicking::try::do_call::h2f73af3616c35465
[INFO] [stdout]                                at /rustc/6067b36314ab5eb2eb47cecc464545ba58e1ad24/library/std/src/panicking.rs:587:40
[INFO] [stdout]   37:     0x621882ab236a - std::panicking::try::hd1660ce9efadef5a
[INFO] [stdout]                                at /rustc/6067b36314ab5eb2eb47cecc464545ba58e1ad24/library/std/src/panicking.rs:550:19
[INFO] [stdout]   38:     0x621882ab236a - std::panic::catch_unwind::h5ee8d7823b8ca744
[INFO] [stdout]                                at /rustc/6067b36314ab5eb2eb47cecc464545ba58e1ad24/library/std/src/panic.rs:358:14
[INFO] [stdout]   39:     0x621882ab236a - std::thread::Builder::spawn_unchecked_::{{closure}}::h53c3a1894dce8407
[INFO] [stdout]                                at /rustc/6067b36314ab5eb2eb47cecc464545ba58e1ad24/library/std/src/thread/mod.rs:557:30
[INFO] [stdout]   40:     0x621882ab236a - core::ops::function::FnOnce::call_once{{vtable.shim}}::h048ce291ad4f62bf
[INFO] [stdout]                                at /rustc/6067b36314ab5eb2eb47cecc464545ba58e1ad24/library/core/src/ops/function.rs:250:5
[INFO] [stdout]   41:     0x621882b2310b - <alloc::boxed::Box<F,A> as core::ops::function::FnOnce<Args>>::call_once::ha52bedf99a3b4981
[INFO] [stdout]                                at /rustc/6067b36314ab5eb2eb47cecc464545ba58e1ad24/library/alloc/src/boxed.rs:2013:9
[INFO] [stdout]   42:     0x621882b2310b - <alloc::boxed::Box<F,A> as core::ops::function::FnOnce<Args>>::call_once::h567748934d80ccf8
[INFO] [stdout]                                at /rustc/6067b36314ab5eb2eb47cecc464545ba58e1ad24/library/alloc/src/boxed.rs:2013:9
[INFO] [stdout]   43:     0x621882b2310b - std::sys::pal::unix::thread::Thread::new::thread_start::h2d970728ae887adc
[INFO] [stdout]                                at /rustc/6067b36314ab5eb2eb47cecc464545ba58e1ad24/library/std/src/sys/pal/unix/thread.rs:106:17
[INFO] [stdout]   44:     0x771634430ac3 - <unknown>
[INFO] [stdout]   45:     0x7716344c1a04 - clone
[INFO] [stdout]   46:                0x0 - <unknown>
[INFO] [stdout] 
[INFO] [stdout] 
[INFO] [stdout] failures:
[INFO] [stdout]     tests::euclid_test
[INFO] [stdout] 
[INFO] [stdout] test result: FAILED. 2 passed; 1 failed; 0 ignored; 0 measured; 0 filtered out; finished in 0.02s
[INFO] [stdout] 
[INFO] running `Command { std: "docker" "inspect" "9f5fce1e39bc421296cdf9fb4c7b22b57cb45e6a577249915ffcd78b0cad3d7f", kill_on_drop: false }`
[INFO] running `Command { std: "docker" "rm" "-f" "9f5fce1e39bc421296cdf9fb4c7b22b57cb45e6a577249915ffcd78b0cad3d7f", kill_on_drop: false }`
[INFO] [stdout] 9f5fce1e39bc421296cdf9fb4c7b22b57cb45e6a577249915ffcd78b0cad3d7f
