[INFO] cloning repository https://github.com/darylhjd/learning-rust
[INFO] running `Command { std: "git" "-c" "credential.helper=" "-c" "credential.helper=/workspace/cargo-home/bin/git-credential-null" "clone" "--bare" "https://github.com/darylhjd/learning-rust" "/workspace/cache/git-repos/https%3A%2F%2Fgithub.com%2Fdarylhjd%2Flearning-rust", kill_on_drop: false }`
[INFO] [stderr] Cloning into bare repository '/workspace/cache/git-repos/https%3A%2F%2Fgithub.com%2Fdarylhjd%2Flearning-rust'...
[INFO] running `Command { std: "git" "rev-parse" "HEAD", kill_on_drop: false }`
[INFO] [stdout] 8b539e1230978bf3e7259487667214072f9fb01a
[INFO] testing darylhjd/learning-rust against nightly-2025-01-18+rustflags=-Zrandomize-layout for randomize-layout-2
[INFO] running `Command { std: "git" "clone" "/workspace/cache/git-repos/https%3A%2F%2Fgithub.com%2Fdarylhjd%2Flearning-rust" "/workspace/builds/worker-4-tc2/source", kill_on_drop: false }`
[INFO] [stderr] Cloning into '/workspace/builds/worker-4-tc2/source'...
[INFO] [stderr] done.
[INFO] validating manifest of git repo https://github.com/darylhjd/learning-rust on toolchain nightly-2025-01-18
[INFO] running `Command { std: CARGO_HOME="/workspace/cargo-home" RUSTUP_HOME="/workspace/rustup-home" "/workspace/cargo-home/bin/cargo" "+nightly-2025-01-18" "metadata" "--manifest-path" "Cargo.toml" "--no-deps", kill_on_drop: false }`
[INFO] started tweaking git repo https://github.com/darylhjd/learning-rust
[INFO] finished tweaking git repo https://github.com/darylhjd/learning-rust
[INFO] tweaked toml for git repo https://github.com/darylhjd/learning-rust written to /workspace/builds/worker-4-tc2/source/Cargo.toml
[INFO] crate git repo https://github.com/darylhjd/learning-rust already has a lockfile, it will not be regenerated
[INFO] running `Command { std: CARGO_HOME="/workspace/cargo-home" RUSTUP_HOME="/workspace/rustup-home" "/workspace/cargo-home/bin/cargo" "+nightly-2025-01-18" "fetch" "--manifest-path" "Cargo.toml", kill_on_drop: false }`
[INFO] [stderr]     Blocking waiting for file lock on package cache
[INFO] [stderr]     Blocking waiting for file lock on package cache
[INFO] running `Command { std: "docker" "create" "-v" "/var/lib/crater-agent-workspace/builds/worker-4-tc2/target:/opt/rustwide/target:rw,Z" "-v" "/var/lib/crater-agent-workspace/builds/worker-4-tc2/source:/opt/rustwide/workdir:ro,Z" "-v" "/var/lib/crater-agent-workspace/cargo-home:/opt/rustwide/cargo-home:ro,Z" "-v" "/var/lib/crater-agent-workspace/rustup-home:/opt/rustwide/rustup-home:ro,Z" "-e" "SOURCE_DIR=/opt/rustwide/workdir" "-e" "CARGO_TARGET_DIR=/opt/rustwide/target" "-e" "CARGO_HOME=/opt/rustwide/cargo-home" "-e" "RUSTUP_HOME=/opt/rustwide/rustup-home" "-w" "/opt/rustwide/workdir" "-m" "1610612736" "--user" "0:0" "--network" "none" "ghcr.io/rust-lang/crates-build-env/linux@sha256:819108c5571ea2e421544af4d832f968d213c87fbe3707a016657f43d2f853bc" "/opt/rustwide/cargo-home/bin/cargo" "+nightly-2025-01-18" "metadata" "--no-deps" "--format-version=1", kill_on_drop: false }`
[INFO] [stdout] 1bd4753da5c18467fdfd01f075ecee6f2956c8058ddee3befa56a9a94cc2eb7e
[INFO] running `Command { std: "docker" "start" "-a" "1bd4753da5c18467fdfd01f075ecee6f2956c8058ddee3befa56a9a94cc2eb7e", kill_on_drop: false }`
[INFO] running `Command { std: "docker" "inspect" "1bd4753da5c18467fdfd01f075ecee6f2956c8058ddee3befa56a9a94cc2eb7e", kill_on_drop: false }`
[INFO] running `Command { std: "docker" "rm" "-f" "1bd4753da5c18467fdfd01f075ecee6f2956c8058ddee3befa56a9a94cc2eb7e", kill_on_drop: false }`
[INFO] [stdout] 1bd4753da5c18467fdfd01f075ecee6f2956c8058ddee3befa56a9a94cc2eb7e
[INFO] running `Command { std: "docker" "create" "-v" "/var/lib/crater-agent-workspace/builds/worker-4-tc2/target:/opt/rustwide/target:rw,Z" "-v" "/var/lib/crater-agent-workspace/builds/worker-4-tc2/source:/opt/rustwide/workdir:ro,Z" "-v" "/var/lib/crater-agent-workspace/cargo-home:/opt/rustwide/cargo-home:ro,Z" "-v" "/var/lib/crater-agent-workspace/rustup-home:/opt/rustwide/rustup-home:ro,Z" "-e" "SOURCE_DIR=/opt/rustwide/workdir" "-e" "CARGO_TARGET_DIR=/opt/rustwide/target" "-e" "CARGO_INCREMENTAL=0" "-e" "RUST_BACKTRACE=full" "-e" "RUSTFLAGS=--cap-lints=forbid -Zrandomize-layout" "-e" "RUSTDOCFLAGS=--cap-lints=forbid" "-e" "CARGO_HOME=/opt/rustwide/cargo-home" "-e" "RUSTUP_HOME=/opt/rustwide/rustup-home" "-w" "/opt/rustwide/workdir" "-m" "1610612736" "--user" "0:0" "--network" "none" "ghcr.io/rust-lang/crates-build-env/linux@sha256:819108c5571ea2e421544af4d832f968d213c87fbe3707a016657f43d2f853bc" "/opt/rustwide/cargo-home/bin/cargo" "+nightly-2025-01-18" "build" "--frozen" "--message-format=json", kill_on_drop: false }`
[INFO] [stdout] 66675e6ed113ac84b4090f760e68df14593b08ea7fa6511cf810c78432f1b8dd
[INFO] running `Command { std: "docker" "start" "-a" "66675e6ed113ac84b4090f760e68df14593b08ea7fa6511cf810c78432f1b8dd", kill_on_drop: false }`
[INFO] [stderr]    Compiling proc-macro2 v1.0.27
[INFO] [stderr]    Compiling unicode-xid v0.2.2
[INFO] [stderr]    Compiling libc v0.2.98
[INFO] [stderr]    Compiling syn v1.0.73
[INFO] [stderr]    Compiling serde_derive v1.0.126
[INFO] [stderr]    Compiling ryu v1.0.5
[INFO] [stderr]    Compiling serde v1.0.126
[INFO] [stderr]    Compiling memchr v2.4.0
[INFO] [stderr]    Compiling serde_json v1.0.64
[INFO] [stderr]    Compiling ppv-lite86 v0.2.10
[INFO] [stderr]    Compiling itoa v0.4.7
[INFO] [stderr]    Compiling quote v1.0.9
[INFO] [stderr]    Compiling getrandom v0.2.3
[INFO] [stderr]    Compiling quick-xml v0.22.0
[INFO] [stderr]    Compiling rand_core v0.6.3
[INFO] [stderr]    Compiling rand_chacha v0.3.1
[INFO] [stderr]    Compiling rand v0.8.4
[INFO] [stderr]    Compiling learning-rust v0.1.0 (/opt/rustwide/workdir)
[INFO] [stdout] warning: unused imports: `dedup`, `filter`, and `sum`
[INFO] [stdout]  --> src/hw01/tests_provided.rs:1:23
[INFO] [stdout]   |
[INFO] [stdout] 1 | use super::problem1::{dedup, filter, sum};
[INFO] [stdout]   |                       ^^^^^  ^^^^^^  ^^^
[INFO] [stdout]   |
[INFO] [stdout]   = note: `#[warn(unused_imports)]` on by default
[INFO] [stdout] 
[INFO] [stdout] 
[INFO] [stdout] warning: unused import: `super::problem2::mat_mult`
[INFO] [stdout]  --> src/hw01/tests_provided.rs:2:5
[INFO] [stdout]   |
[INFO] [stdout] 2 | use super::problem2::mat_mult;
[INFO] [stdout]   |     ^^^^^^^^^^^^^^^^^^^^^^^^^
[INFO] [stdout] 
[INFO] [stdout] 
[INFO] [stdout] warning: unused import: `super::problem3::sieve`
[INFO] [stdout]  --> src/hw01/tests_provided.rs:3:5
[INFO] [stdout]   |
[INFO] [stdout] 3 | use super::problem3::sieve;
[INFO] [stdout]   |     ^^^^^^^^^^^^^^^^^^^^^^
[INFO] [stdout] 
[INFO] [stdout] 
[INFO] [stdout] warning: unused imports: `Peg` and `hanoi`
[INFO] [stdout]  --> src/hw01/tests_provided.rs:4:23
[INFO] [stdout]   |
[INFO] [stdout] 4 | use super::problem4::{hanoi, Peg};
[INFO] [stdout]   |                       ^^^^^  ^^^
[INFO] [stdout] 
[INFO] [stdout] 
[INFO] [stdout] warning: function `sum` is never used
[INFO] [stdout]  --> src/hw01/problem1.rs:2:8
[INFO] [stdout]   |
[INFO] [stdout] 2 | pub fn sum(slice: &[i32]) -> i32 {
[INFO] [stdout]   |        ^^^
[INFO] [stdout]   |
[INFO] [stdout]   = note: `#[warn(dead_code)]` on by default
[INFO] [stdout] 
[INFO] [stdout] 
[INFO] [stdout] warning: function `dedup` is never used
[INFO] [stdout]  --> src/hw01/problem1.rs:9:8
[INFO] [stdout]   |
[INFO] [stdout] 9 | pub fn dedup(vs: &Vec<i32>) -> Vec<i32> {
[INFO] [stdout]   |        ^^^^^
[INFO] [stdout] 
[INFO] [stdout] 
[INFO] [stdout] warning: function `filter` is never used
[INFO] [stdout]   --> src/hw01/problem1.rs:21:8
[INFO] [stdout]    |
[INFO] [stdout] 21 | pub fn filter(vs: &Vec<i32>, pred: &dyn Fn(i32) -> bool) -> Vec<i32> {
[INFO] [stdout]    |        ^^^^^^
[INFO] [stdout] 
[INFO] [stdout] 
[INFO] [stdout] warning: type alias `Matrix` is never used
[INFO] [stdout]  --> src/hw01/problem2.rs:2:10
[INFO] [stdout]   |
[INFO] [stdout] 2 | pub type Matrix = Vec<Vec<f32>>;
[INFO] [stdout]   |          ^^^^^^
[INFO] [stdout] 
[INFO] [stdout] 
[INFO] [stdout] warning: function `mat_mult` is never used
[INFO] [stdout]  --> src/hw01/problem2.rs:5:8
[INFO] [stdout]   |
[INFO] [stdout] 5 | pub fn mat_mult(mat1: &Matrix, mat2: &Matrix) -> Matrix {
[INFO] [stdout]   |        ^^^^^^^^
[INFO] [stdout] 
[INFO] [stdout] 
[INFO] [stdout] warning: function `sieve` is never used
[INFO] [stdout]  --> src/hw01/problem3.rs:6:8
[INFO] [stdout]   |
[INFO] [stdout] 6 | pub fn sieve(n: u32) -> Vec<u32> {
[INFO] [stdout]   |        ^^^^^
[INFO] [stdout] 
[INFO] [stdout] 
[INFO] [stdout] warning: variants `A`, `B`, and `C` are never constructed
[INFO] [stdout]   --> src/hw01/problem4.rs:8:5
[INFO] [stdout]    |
[INFO] [stdout] 7  | pub enum Peg {
[INFO] [stdout]    |          --- variants in this enum
[INFO] [stdout] 8  |     A,
[INFO] [stdout]    |     ^
[INFO] [stdout] 9  |     B,
[INFO] [stdout]    |     ^
[INFO] [stdout] 10 |     C,
[INFO] [stdout]    |     ^
[INFO] [stdout]    |
[INFO] [stdout]    = note: `Peg` has derived impls for the traits `Debug` and `Clone`, but these are intentionally ignored during dead code analysis
[INFO] [stdout] 
[INFO] [stdout] 
[INFO] [stdout] warning: type alias `Move` is never used
[INFO] [stdout]   --> src/hw01/problem4.rs:14:10
[INFO] [stdout]    |
[INFO] [stdout] 14 | pub type Move = (Peg, Peg);
[INFO] [stdout]    |          ^^^^
[INFO] [stdout] 
[INFO] [stdout] 
[INFO] [stdout] warning: function `hanoi` is never used
[INFO] [stdout]   --> src/hw01/problem4.rs:18:8
[INFO] [stdout]    |
[INFO] [stdout] 18 | pub fn hanoi(num_discs: u32, src: Peg, aux: Peg, dst: Peg) -> Vec<Move> {
[INFO] [stdout]    |        ^^^^^
[INFO] [stdout] 
[INFO] [stdout] 
[INFO] [stdout] warning: enum `Link` is never used
[INFO] [stdout]  --> src/hw02/first.rs:3:6
[INFO] [stdout]   |
[INFO] [stdout] 3 | enum Link {
[INFO] [stdout]   |      ^^^^
[INFO] [stdout] 
[INFO] [stdout] 
[INFO] [stdout] warning: struct `Node` is never constructed
[INFO] [stdout]  --> src/hw02/first.rs:9:8
[INFO] [stdout]   |
[INFO] [stdout] 9 | struct Node {
[INFO] [stdout]   |        ^^^^
[INFO] [stdout] 
[INFO] [stdout] 
[INFO] [stdout] warning: struct `BST` is never constructed
[INFO] [stdout]   --> src/hw02/first.rs:16:12
[INFO] [stdout]    |
[INFO] [stdout] 16 | pub struct BST {
[INFO] [stdout]    |            ^^^
[INFO] [stdout]    |
[INFO] [stdout]    = note: `BST` has a derived impl for the trait `Debug`, but this is intentionally ignored during dead code analysis
[INFO] [stdout] 
[INFO] [stdout] 
[INFO] [stdout] warning: associated items `new`, `insert`, and `search` are never used
[INFO] [stdout]   --> src/hw02/first.rs:22:12
[INFO] [stdout]    |
[INFO] [stdout] 20 | impl BST {
[INFO] [stdout]    | -------- associated items in this implementation
[INFO] [stdout] 21 |     // Create a new BST.
[INFO] [stdout] 22 |     pub fn new() -> Self {
[INFO] [stdout]    |            ^^^
[INFO] [stdout] ...
[INFO] [stdout] 29 |     pub fn insert(&mut self, element: i32) -> bool {
[INFO] [stdout]    |            ^^^^^^
[INFO] [stdout] ...
[INFO] [stdout] 34 |     pub fn search(&self, element: i32) -> bool {
[INFO] [stdout]    |            ^^^^^^
[INFO] [stdout] 
[INFO] [stdout] 
[INFO] [stdout] warning: methods `insert` and `search` are never used
[INFO] [stdout]   --> src/hw02/first.rs:40:8
[INFO] [stdout]    |
[INFO] [stdout] 39 | impl Link {
[INFO] [stdout]    | --------- methods in this implementation
[INFO] [stdout] 40 |     fn insert(&mut self, element: i32) -> bool {
[INFO] [stdout]    |        ^^^^^^
[INFO] [stdout] ...
[INFO] [stdout] 64 |     fn search(&self, element: i32) -> bool {
[INFO] [stdout]    |        ^^^^^^
[INFO] [stdout] 
[INFO] [stdout] 
[INFO] [stdout] warning: type alias `Link` is never used
[INFO] [stdout]  --> src/hw03/second.rs:2:6
[INFO] [stdout]   |
[INFO] [stdout] 2 | type Link<T> = Option<Box<Node<T>>>;
[INFO] [stdout]   |      ^^^^
[INFO] [stdout] 
[INFO] [stdout] 
[INFO] [stdout] warning: trait `InsertSearch` is never used
[INFO] [stdout]  --> src/hw03/second.rs:4:7
[INFO] [stdout]   |
[INFO] [stdout] 4 | trait InsertSearch<T> {
[INFO] [stdout]   |       ^^^^^^^^^^^^
[INFO] [stdout] 
[INFO] [stdout] 
[INFO] [stdout] warning: struct `Node` is never constructed
[INFO] [stdout]   --> src/hw03/second.rs:10:8
[INFO] [stdout]    |
[INFO] [stdout] 10 | struct Node<T> {
[INFO] [stdout]    |        ^^^^
[INFO] [stdout] 
[INFO] [stdout] 
[INFO] [stdout] warning: struct `BST` is never constructed
[INFO] [stdout]   --> src/hw03/second.rs:17:12
[INFO] [stdout]    |
[INFO] [stdout] 17 | pub struct BST<T> {
[INFO] [stdout]    |            ^^^
[INFO] [stdout]    |
[INFO] [stdout]    = note: `BST` has a derived impl for the trait `Debug`, but this is intentionally ignored during dead code analysis
[INFO] [stdout] 
[INFO] [stdout] 
[INFO] [stdout] warning: associated items `new`, `insert`, and `search` are never used
[INFO] [stdout]   --> src/hw03/second.rs:24:12
[INFO] [stdout]    |
[INFO] [stdout] 21 | / impl<T> BST<T>
[INFO] [stdout] 22 | |     where T: Ord {
[INFO] [stdout]    | |________________- associated items in this implementation
[INFO] [stdout] 23 |       // Create a new BST.
[INFO] [stdout] 24 |       pub fn new() -> Self {
[INFO] [stdout]    |              ^^^
[INFO] [stdout] ...
[INFO] [stdout] 31 |       pub fn insert(&mut self, element: T) -> bool {
[INFO] [stdout]    |              ^^^^^^
[INFO] [stdout] ...
[INFO] [stdout] 36 |       pub fn search(&self, element: T) -> bool {
[INFO] [stdout]    |              ^^^^^^
[INFO] [stdout] 
[INFO] [stdout] 
[INFO] [stderr]     Finished `dev` profile [unoptimized + debuginfo] target(s) in 18.35s
[INFO] [stderr] warning: the following packages contain code that will be rejected by a future version of Rust: quick-xml v0.22.0
[INFO] [stderr] note: to see what the problems were, use the option `--future-incompat-report`, or run `cargo report future-incompatibilities --id 2`
[INFO] running `Command { std: "docker" "inspect" "66675e6ed113ac84b4090f760e68df14593b08ea7fa6511cf810c78432f1b8dd", kill_on_drop: false }`
[INFO] running `Command { std: "docker" "rm" "-f" "66675e6ed113ac84b4090f760e68df14593b08ea7fa6511cf810c78432f1b8dd", kill_on_drop: false }`
[INFO] [stdout] 66675e6ed113ac84b4090f760e68df14593b08ea7fa6511cf810c78432f1b8dd
[INFO] running `Command { std: "docker" "create" "-v" "/var/lib/crater-agent-workspace/builds/worker-4-tc2/target:/opt/rustwide/target:rw,Z" "-v" "/var/lib/crater-agent-workspace/builds/worker-4-tc2/source:/opt/rustwide/workdir:ro,Z" "-v" "/var/lib/crater-agent-workspace/cargo-home:/opt/rustwide/cargo-home:ro,Z" "-v" "/var/lib/crater-agent-workspace/rustup-home:/opt/rustwide/rustup-home:ro,Z" "-e" "SOURCE_DIR=/opt/rustwide/workdir" "-e" "CARGO_TARGET_DIR=/opt/rustwide/target" "-e" "CARGO_INCREMENTAL=0" "-e" "RUST_BACKTRACE=full" "-e" "RUSTFLAGS=--cap-lints=forbid -Zrandomize-layout" "-e" "RUSTDOCFLAGS=--cap-lints=forbid" "-e" "CARGO_HOME=/opt/rustwide/cargo-home" "-e" "RUSTUP_HOME=/opt/rustwide/rustup-home" "-w" "/opt/rustwide/workdir" "-m" "1610612736" "--user" "0:0" "--network" "none" "ghcr.io/rust-lang/crates-build-env/linux@sha256:819108c5571ea2e421544af4d832f968d213c87fbe3707a016657f43d2f853bc" "/opt/rustwide/cargo-home/bin/cargo" "+nightly-2025-01-18" "test" "--frozen" "--no-run" "--message-format=json", kill_on_drop: false }`
[INFO] [stdout] 1931c549f4c09a03687bd2e9685c1bf37096594a62f3cfbf735d4996f2b27492
[INFO] running `Command { std: "docker" "start" "-a" "1931c549f4c09a03687bd2e9685c1bf37096594a62f3cfbf735d4996f2b27492", kill_on_drop: false }`
[INFO] [stderr]    Compiling learning-rust v0.1.0 (/opt/rustwide/workdir)
[INFO] [stdout] warning: unused imports: `dedup`, `filter`, and `sum`
[INFO] [stdout]  --> src/hw01/tests_provided.rs:1:23
[INFO] [stdout]   |
[INFO] [stdout] 1 | use super::problem1::{dedup, filter, sum};
[INFO] [stdout]   |                       ^^^^^  ^^^^^^  ^^^
[INFO] [stdout]   |
[INFO] [stdout]   = note: `#[warn(unused_imports)]` on by default
[INFO] [stdout] 
[INFO] [stdout] 
[INFO] [stdout] warning: unused import: `super::problem2::mat_mult`
[INFO] [stdout]  --> src/hw01/tests_provided.rs:2:5
[INFO] [stdout]   |
[INFO] [stdout] 2 | use super::problem2::mat_mult;
[INFO] [stdout]   |     ^^^^^^^^^^^^^^^^^^^^^^^^^
[INFO] [stdout] 
[INFO] [stdout] 
[INFO] [stdout] warning: unused import: `super::problem3::sieve`
[INFO] [stdout]  --> src/hw01/tests_provided.rs:3:5
[INFO] [stdout]   |
[INFO] [stdout] 3 | use super::problem3::sieve;
[INFO] [stdout]   |     ^^^^^^^^^^^^^^^^^^^^^^
[INFO] [stdout] 
[INFO] [stdout] 
[INFO] [stdout] warning: unused imports: `Peg` and `hanoi`
[INFO] [stdout]  --> src/hw01/tests_provided.rs:4:23
[INFO] [stdout]   |
[INFO] [stdout] 4 | use super::problem4::{hanoi, Peg};
[INFO] [stdout]   |                       ^^^^^  ^^^
[INFO] [stdout] 
[INFO] [stdout] 
[INFO] [stdout] warning: function `sum` is never used
[INFO] [stdout]  --> src/hw01/problem1.rs:2:8
[INFO] [stdout]   |
[INFO] [stdout] 2 | pub fn sum(slice: &[i32]) -> i32 {
[INFO] [stdout]   |        ^^^
[INFO] [stdout]   |
[INFO] [stdout]   = note: `#[warn(dead_code)]` on by default
[INFO] [stdout] 
[INFO] [stdout] 
[INFO] [stdout] warning: function `dedup` is never used
[INFO] [stdout]  --> src/hw01/problem1.rs:9:8
[INFO] [stdout]   |
[INFO] [stdout] 9 | pub fn dedup(vs: &Vec<i32>) -> Vec<i32> {
[INFO] [stdout]   |        ^^^^^
[INFO] [stdout] 
[INFO] [stdout] 
[INFO] [stdout] warning: function `filter` is never used
[INFO] [stdout]   --> src/hw01/problem1.rs:21:8
[INFO] [stdout]    |
[INFO] [stdout] 21 | pub fn filter(vs: &Vec<i32>, pred: &dyn Fn(i32) -> bool) -> Vec<i32> {
[INFO] [stdout]    |        ^^^^^^
[INFO] [stdout] 
[INFO] [stdout] 
[INFO] [stdout] warning: type alias `Matrix` is never used
[INFO] [stdout]  --> src/hw01/problem2.rs:2:10
[INFO] [stdout]   |
[INFO] [stdout] 2 | pub type Matrix = Vec<Vec<f32>>;
[INFO] [stdout]   |          ^^^^^^
[INFO] [stdout] 
[INFO] [stdout] 
[INFO] [stdout] warning: function `mat_mult` is never used
[INFO] [stdout]  --> src/hw01/problem2.rs:5:8
[INFO] [stdout]   |
[INFO] [stdout] 5 | pub fn mat_mult(mat1: &Matrix, mat2: &Matrix) -> Matrix {
[INFO] [stdout]   |        ^^^^^^^^
[INFO] [stdout] 
[INFO] [stdout] 
[INFO] [stdout] warning: function `sieve` is never used
[INFO] [stdout]  --> src/hw01/problem3.rs:6:8
[INFO] [stdout]   |
[INFO] [stdout] 6 | pub fn sieve(n: u32) -> Vec<u32> {
[INFO] [stdout]   |        ^^^^^
[INFO] [stdout] 
[INFO] [stdout] 
[INFO] [stdout] warning: variants `A`, `B`, and `C` are never constructed
[INFO] [stdout]   --> src/hw01/problem4.rs:8:5
[INFO] [stdout]    |
[INFO] [stdout] 7  | pub enum Peg {
[INFO] [stdout]    |          --- variants in this enum
[INFO] [stdout] 8  |     A,
[INFO] [stdout]    |     ^
[INFO] [stdout] 9  |     B,
[INFO] [stdout]    |     ^
[INFO] [stdout] 10 |     C,
[INFO] [stdout]    |     ^
[INFO] [stdout]    |
[INFO] [stdout]    = note: `Peg` has derived impls for the traits `Debug` and `Clone`, but these are intentionally ignored during dead code analysis
[INFO] [stdout] 
[INFO] [stdout] 
[INFO] [stdout] warning: type alias `Move` is never used
[INFO] [stdout]   --> src/hw01/problem4.rs:14:10
[INFO] [stdout]    |
[INFO] [stdout] 14 | pub type Move = (Peg, Peg);
[INFO] [stdout]    |          ^^^^
[INFO] [stdout] 
[INFO] [stdout] 
[INFO] [stdout] warning: function `hanoi` is never used
[INFO] [stdout]   --> src/hw01/problem4.rs:18:8
[INFO] [stdout]    |
[INFO] [stdout] 18 | pub fn hanoi(num_discs: u32, src: Peg, aux: Peg, dst: Peg) -> Vec<Move> {
[INFO] [stdout]    |        ^^^^^
[INFO] [stdout] 
[INFO] [stdout] 
[INFO] [stdout] warning: enum `Link` is never used
[INFO] [stdout]  --> src/hw02/first.rs:3:6
[INFO] [stdout]   |
[INFO] [stdout] 3 | enum Link {
[INFO] [stdout]   |      ^^^^
[INFO] [stdout] 
[INFO] [stdout] 
[INFO] [stdout] warning: struct `Node` is never constructed
[INFO] [stdout]  --> src/hw02/first.rs:9:8
[INFO] [stdout]   |
[INFO] [stdout] 9 | struct Node {
[INFO] [stdout]   |        ^^^^
[INFO] [stdout] 
[INFO] [stdout] 
[INFO] [stdout] warning: struct `BST` is never constructed
[INFO] [stdout]   --> src/hw02/first.rs:16:12
[INFO] [stdout]    |
[INFO] [stdout] 16 | pub struct BST {
[INFO] [stdout]    |            ^^^
[INFO] [stdout]    |
[INFO] [stdout]    = note: `BST` has a derived impl for the trait `Debug`, but this is intentionally ignored during dead code analysis
[INFO] [stdout] 
[INFO] [stdout] 
[INFO] [stdout] warning: associated items `new`, `insert`, and `search` are never used
[INFO] [stdout]   --> src/hw02/first.rs:22:12
[INFO] [stdout]    |
[INFO] [stdout] 20 | impl BST {
[INFO] [stdout]    | -------- associated items in this implementation
[INFO] [stdout] 21 |     // Create a new BST.
[INFO] [stdout] 22 |     pub fn new() -> Self {
[INFO] [stdout]    |            ^^^
[INFO] [stdout] ...
[INFO] [stdout] 29 |     pub fn insert(&mut self, element: i32) -> bool {
[INFO] [stdout]    |            ^^^^^^
[INFO] [stdout] ...
[INFO] [stdout] 34 |     pub fn search(&self, element: i32) -> bool {
[INFO] [stdout]    |            ^^^^^^
[INFO] [stdout] 
[INFO] [stdout] 
[INFO] [stdout] warning: methods `insert` and `search` are never used
[INFO] [stdout]   --> src/hw02/first.rs:40:8
[INFO] [stdout]    |
[INFO] [stdout] 39 | impl Link {
[INFO] [stdout]    | --------- methods in this implementation
[INFO] [stdout] 40 |     fn insert(&mut self, element: i32) -> bool {
[INFO] [stdout]    |        ^^^^^^
[INFO] [stdout] ...
[INFO] [stdout] 64 |     fn search(&self, element: i32) -> bool {
[INFO] [stdout]    |        ^^^^^^
[INFO] [stdout] 
[INFO] [stdout] 
[INFO] [stdout] warning: type alias `Link` is never used
[INFO] [stdout]  --> src/hw03/second.rs:2:6
[INFO] [stdout]   |
[INFO] [stdout] 2 | type Link<T> = Option<Box<Node<T>>>;
[INFO] [stdout]   |      ^^^^
[INFO] [stdout] 
[INFO] [stdout] 
[INFO] [stdout] warning: trait `InsertSearch` is never used
[INFO] [stdout]  --> src/hw03/second.rs:4:7
[INFO] [stdout]   |
[INFO] [stdout] 4 | trait InsertSearch<T> {
[INFO] [stdout]   |       ^^^^^^^^^^^^
[INFO] [stdout] 
[INFO] [stdout] 
[INFO] [stdout] warning: struct `Node` is never constructed
[INFO] [stdout]   --> src/hw03/second.rs:10:8
[INFO] [stdout]    |
[INFO] [stdout] 10 | struct Node<T> {
[INFO] [stdout]    |        ^^^^
[INFO] [stdout] 
[INFO] [stdout] 
[INFO] [stdout] warning: struct `BST` is never constructed
[INFO] [stdout]   --> src/hw03/second.rs:17:12
[INFO] [stdout]    |
[INFO] [stdout] 17 | pub struct BST<T> {
[INFO] [stdout]    |            ^^^
[INFO] [stdout]    |
[INFO] [stdout]    = note: `BST` has a derived impl for the trait `Debug`, but this is intentionally ignored during dead code analysis
[INFO] [stdout] 
[INFO] [stdout] 
[INFO] [stdout] warning: associated items `new`, `insert`, and `search` are never used
[INFO] [stdout]   --> src/hw03/second.rs:24:12
[INFO] [stdout]    |
[INFO] [stdout] 21 | / impl<T> BST<T>
[INFO] [stdout] 22 | |     where T: Ord {
[INFO] [stdout]    | |________________- associated items in this implementation
[INFO] [stdout] 23 |       // Create a new BST.
[INFO] [stdout] 24 |       pub fn new() -> Self {
[INFO] [stdout]    |              ^^^
[INFO] [stdout] ...
[INFO] [stdout] 31 |       pub fn insert(&mut self, element: T) -> bool {
[INFO] [stdout]    |              ^^^^^^
[INFO] [stdout] ...
[INFO] [stdout] 36 |       pub fn search(&self, element: T) -> bool {
[INFO] [stdout]    |              ^^^^^^
[INFO] [stdout] 
[INFO] [stdout] 
[INFO] [stderr]     Finished `test` profile [unoptimized + debuginfo] target(s) in 1.54s
[INFO] [stderr] warning: the following packages contain code that will be rejected by a future version of Rust: quick-xml v0.22.0
[INFO] [stderr] note: to see what the problems were, use the option `--future-incompat-report`, or run `cargo report future-incompatibilities --id 2`
[INFO] running `Command { std: "docker" "inspect" "1931c549f4c09a03687bd2e9685c1bf37096594a62f3cfbf735d4996f2b27492", kill_on_drop: false }`
[INFO] running `Command { std: "docker" "rm" "-f" "1931c549f4c09a03687bd2e9685c1bf37096594a62f3cfbf735d4996f2b27492", kill_on_drop: false }`
[INFO] [stdout] 1931c549f4c09a03687bd2e9685c1bf37096594a62f3cfbf735d4996f2b27492
[INFO] running `Command { std: "docker" "create" "-v" "/var/lib/crater-agent-workspace/builds/worker-4-tc2/target:/opt/rustwide/target:rw,Z" "-v" "/var/lib/crater-agent-workspace/builds/worker-4-tc2/source:/opt/rustwide/workdir:ro,Z" "-v" "/var/lib/crater-agent-workspace/cargo-home:/opt/rustwide/cargo-home:ro,Z" "-v" "/var/lib/crater-agent-workspace/rustup-home:/opt/rustwide/rustup-home:ro,Z" "-e" "SOURCE_DIR=/opt/rustwide/workdir" "-e" "CARGO_TARGET_DIR=/opt/rustwide/target" "-e" "CARGO_INCREMENTAL=0" "-e" "RUST_BACKTRACE=full" "-e" "RUSTFLAGS=--cap-lints=forbid -Zrandomize-layout" "-e" "RUSTDOCFLAGS=--cap-lints=forbid" "-e" "CARGO_HOME=/opt/rustwide/cargo-home" "-e" "RUSTUP_HOME=/opt/rustwide/rustup-home" "-w" "/opt/rustwide/workdir" "-m" "1610612736" "--user" "0:0" "--network" "none" "ghcr.io/rust-lang/crates-build-env/linux@sha256:819108c5571ea2e421544af4d832f968d213c87fbe3707a016657f43d2f853bc" "/opt/rustwide/cargo-home/bin/cargo" "+nightly-2025-01-18" "test" "--frozen", kill_on_drop: false }`
[INFO] [stdout] 4987977ec4e2b597ce637e542a16c23c6cc9441deb63a9037216afdef003d43c
[INFO] running `Command { std: "docker" "start" "-a" "4987977ec4e2b597ce637e542a16c23c6cc9441deb63a9037216afdef003d43c", kill_on_drop: false }`
[INFO] [stderr] warning: unused imports: `dedup`, `filter`, and `sum`
[INFO] [stderr]  --> src/hw01/tests_provided.rs:1:23
[INFO] [stderr]   |
[INFO] [stderr] 1 | use super::problem1::{dedup, filter, sum};
[INFO] [stderr]   |                       ^^^^^  ^^^^^^  ^^^
[INFO] [stderr]   |
[INFO] [stderr]   = note: `#[warn(unused_imports)]` on by default
[INFO] [stderr] 
[INFO] [stderr] warning: unused import: `super::problem2::mat_mult`
[INFO] [stderr]  --> src/hw01/tests_provided.rs:2:5
[INFO] [stderr]   |
[INFO] [stderr] 2 | use super::problem2::mat_mult;
[INFO] [stderr]   |     ^^^^^^^^^^^^^^^^^^^^^^^^^
[INFO] [stderr] 
[INFO] [stderr] warning: unused import: `super::problem3::sieve`
[INFO] [stderr]  --> src/hw01/tests_provided.rs:3:5
[INFO] [stderr]   |
[INFO] [stderr] 3 | use super::problem3::sieve;
[INFO] [stderr]   |     ^^^^^^^^^^^^^^^^^^^^^^
[INFO] [stderr] 
[INFO] [stderr] warning: unused imports: `Peg` and `hanoi`
[INFO] [stderr]  --> src/hw01/tests_provided.rs:4:23
[INFO] [stderr]   |
[INFO] [stderr] 4 | use super::problem4::{hanoi, Peg};
[INFO] [stderr]   |                       ^^^^^  ^^^
[INFO] [stderr] 
[INFO] [stderr] warning: function `sum` is never used
[INFO] [stderr]  --> src/hw01/problem1.rs:2:8
[INFO] [stderr]   |
[INFO] [stderr] 2 | pub fn sum(slice: &[i32]) -> i32 {
[INFO] [stderr]   |        ^^^
[INFO] [stderr]   |
[INFO] [stderr]   = note: `#[warn(dead_code)]` on by default
[INFO] [stderr] 
[INFO] [stderr] warning: function `dedup` is never used
[INFO] [stderr]  --> src/hw01/problem1.rs:9:8
[INFO] [stderr]   |
[INFO] [stderr] 9 | pub fn dedup(vs: &Vec<i32>) -> Vec<i32> {
[INFO] [stderr]   |        ^^^^^
[INFO] [stderr] 
[INFO] [stderr] warning: function `filter` is never used
[INFO] [stderr]   --> src/hw01/problem1.rs:21:8
[INFO] [stderr]    |
[INFO] [stderr] 21 | pub fn filter(vs: &Vec<i32>, pred: &dyn Fn(i32) -> bool) -> Vec<i32> {
[INFO] [stderr]    |        ^^^^^^
[INFO] [stderr] 
[INFO] [stderr] warning: type alias `Matrix` is never used
[INFO] [stderr]  --> src/hw01/problem2.rs:2:10
[INFO] [stderr]   |
[INFO] [stderr] 2 | pub type Matrix = Vec<Vec<f32>>;
[INFO] [stderr]   |          ^^^^^^
[INFO] [stderr] 
[INFO] [stderr] warning: function `mat_mult` is never used
[INFO] [stderr]  --> src/hw01/problem2.rs:5:8
[INFO] [stderr]   |
[INFO] [stderr] 5 | pub fn mat_mult(mat1: &Matrix, mat2: &Matrix) -> Matrix {
[INFO] [stderr]   |        ^^^^^^^^
[INFO] [stderr] 
[INFO] [stderr] warning: function `sieve` is never used
[INFO] [stderr]  --> src/hw01/problem3.rs:6:8
[INFO] [stderr]   |
[INFO] [stderr] 6 | pub fn sieve(n: u32) -> Vec<u32> {
[INFO] [stderr]   |        ^^^^^
[INFO] [stderr] 
[INFO] [stderr] warning: variants `A`, `B`, and `C` are never constructed
[INFO] [stderr]   --> src/hw01/problem4.rs:8:5
[INFO] [stderr]    |
[INFO] [stderr] 7  | pub enum Peg {
[INFO] [stderr]    |          --- variants in this enum
[INFO] [stderr] 8  |     A,
[INFO] [stderr]    |     ^
[INFO] [stderr] 9  |     B,
[INFO] [stderr]    |     ^
[INFO] [stderr] 10 |     C,
[INFO] [stderr]    |     ^
[INFO] [stderr]    |
[INFO] [stderr]    = note: `Peg` has derived impls for the traits `Debug` and `Clone`, but these are intentionally ignored during dead code analysis
[INFO] [stderr] 
[INFO] [stderr] warning: type alias `Move` is never used
[INFO] [stderr]   --> src/hw01/problem4.rs:14:10
[INFO] [stderr]    |
[INFO] [stderr] 14 | pub type Move = (Peg, Peg);
[INFO] [stderr]    |          ^^^^
[INFO] [stderr] 
[INFO] [stderr] warning: function `hanoi` is never used
[INFO] [stderr]   --> src/hw01/problem4.rs:18:8
[INFO] [stderr]    |
[INFO] [stderr] 18 | pub fn hanoi(num_discs: u32, src: Peg, aux: Peg, dst: Peg) -> Vec<Move> {
[INFO] [stderr]    |        ^^^^^
[INFO] [stderr] 
[INFO] [stderr] warning: enum `Link` is never used
[INFO] [stderr]  --> src/hw02/first.rs:3:6
[INFO] [stderr]   |
[INFO] [stderr] 3 | enum Link {
[INFO] [stderr]   |      ^^^^
[INFO] [stderr] 
[INFO] [stderr] warning: struct `Node` is never constructed
[INFO] [stderr]  --> src/hw02/first.rs:9:8
[INFO] [stderr]   |
[INFO] [stderr] 9 | struct Node {
[INFO] [stderr]   |        ^^^^
[INFO] [stderr] 
[INFO] [stderr] warning: struct `BST` is never constructed
[INFO] [stderr]   --> src/hw02/first.rs:16:12
[INFO] [stderr]    |
[INFO] [stderr] 16 | pub struct BST {
[INFO] [stderr]    |            ^^^
[INFO] [stderr]    |
[INFO] [stderr]    = note: `BST` has a derived impl for the trait `Debug`, but this is intentionally ignored during dead code analysis
[INFO] [stderr] 
[INFO] [stderr] warning: associated items `new`, `insert`, and `search` are never used
[INFO] [stderr]   --> src/hw02/first.rs:22:12
[INFO] [stderr]    |
[INFO] [stderr] 20 | impl BST {
[INFO] [stderr]    | -------- associated items in this implementation
[INFO] [stderr] 21 |     // Create a new BST.
[INFO] [stderr] 22 |     pub fn new() -> Self {
[INFO] [stderr]    |            ^^^
[INFO] [stderr] ...
[INFO] [stderr] 29 |     pub fn insert(&mut self, element: i32) -> bool {
[INFO] [stderr]    |            ^^^^^^
[INFO] [stderr] ...
[INFO] [stderr] 34 |     pub fn search(&self, element: i32) -> bool {
[INFO] [stderr]    |            ^^^^^^
[INFO] [stderr] 
[INFO] [stderr] warning: methods `insert` and `search` are never used
[INFO] [stderr]   --> src/hw02/first.rs:40:8
[INFO] [stderr]    |
[INFO] [stderr] 39 | impl Link {
[INFO] [stderr]    | --------- methods in this implementation
[INFO] [stderr] 40 |     fn insert(&mut self, element: i32) -> bool {
[INFO] [stderr]    |        ^^^^^^
[INFO] [stderr] ...
[INFO] [stderr] 64 |     fn search(&self, element: i32) -> bool {
[INFO] [stderr]    |        ^^^^^^
[INFO] [stderr] 
[INFO] [stderr] warning: type alias `Link` is never used
[INFO] [stderr]  --> src/hw03/second.rs:2:6
[INFO] [stderr]   |
[INFO] [stderr] 2 | type Link<T> = Option<Box<Node<T>>>;
[INFO] [stderr]   |      ^^^^
[INFO] [stderr] 
[INFO] [stderr] warning: trait `InsertSearch` is never used
[INFO] [stderr]  --> src/hw03/second.rs:4:7
[INFO] [stderr]   |
[INFO] [stderr] 4 | trait InsertSearch<T> {
[INFO] [stderr]   |       ^^^^^^^^^^^^
[INFO] [stderr] 
[INFO] [stderr] warning: struct `Node` is never constructed
[INFO] [stderr]   --> src/hw03/second.rs:10:8
[INFO] [stderr]    |
[INFO] [stderr] 10 | struct Node<T> {
[INFO] [stderr]    |        ^^^^
[INFO] [stderr] 
[INFO] [stderr] warning: struct `BST` is never constructed
[INFO] [stderr]   --> src/hw03/second.rs:17:12
[INFO] [stderr]    |
[INFO] [stderr] 17 | pub struct BST<T> {
[INFO] [stderr]    |            ^^^
[INFO] [stderr]    |
[INFO] [stderr]    = note: `BST` has a derived impl for the trait `Debug`, but this is intentionally ignored during dead code analysis
[INFO] [stderr] 
[INFO] [stderr] warning: associated items `new`, `insert`, and `search` are never used
[INFO] [stderr]   --> src/hw03/second.rs:24:12
[INFO] [stderr]    |
[INFO] [stderr] 21 | / impl<T> BST<T>
[INFO] [stderr] 22 | |     where T: Ord {
[INFO] [stderr]    | |________________- associated items in this implementation
[INFO] [stderr] 23 |       // Create a new BST.
[INFO] [stderr] 24 |       pub fn new() -> Self {
[INFO] [stderr]    |              ^^^
[INFO] [stderr] ...
[INFO] [stderr] 31 |       pub fn insert(&mut self, element: T) -> bool {
[INFO] [stderr]    |              ^^^^^^
[INFO] [stderr] ...
[INFO] [stderr] 36 |       pub fn search(&self, element: T) -> bool {
[INFO] [stderr]    |              ^^^^^^
[INFO] [stderr] 
[INFO] [stderr] warning: `learning-rust` (lib) generated 23 warnings (run `cargo fix --lib -p learning-rust` to apply 4 suggestions)
[INFO] [stderr]     Finished `test` profile [unoptimized + debuginfo] target(s) in 0.06s
[INFO] [stderr] warning: the following packages contain code that will be rejected by a future version of Rust: quick-xml v0.22.0
[INFO] [stderr] note: to see what the problems were, use the option `--future-incompat-report`, or run `cargo report future-incompatibilities --id 2`
[INFO] [stderr]      Running unittests src/lib.rs (/opt/rustwide/target/debug/deps/learning_rust-f2ec72f0cc41861b)
[INFO] [stdout] 
[INFO] [stdout] running 23 tests
[INFO] [stdout] test hw01::tests_provided::problem_1::test_dedup_small ... ok
[INFO] [stdout] test hw01::tests_provided::problem_3::test_sieve_basic ... ok
[INFO] [stdout] test learning_projects::beginner::tests::test_backwards_string ... ok
[INFO] [stdout] test hw01::tests_provided::problem_1::test_sum_small ... ok
[INFO] [stdout] test hw03::second::test::test_bst ... ok
[INFO] [stdout] test hw01::tests_provided::problem_4::test_hanoi_1_disks ... ok
[INFO] [stdout] test hw01::tests_provided::problem_1::test_filter_small ... ok
[INFO] [stdout] test hw02::first::test::test_bst ... ok
[INFO] [stdout] test learning_projects::beginner::tests::test_convert_currency ... ok
[INFO] [stdout] test learning_projects::beginner::tests::test_count_vow_cons ... ok
[INFO] [stdout] test learning_projects::beginner::tests::test_piggy_bank ... ok
[INFO] [stdout] test learning_projects::intermediate::test::test_check_prime ... ok
[INFO] [stdout] test hw01::tests_provided::problem_2::test_mat_mult_identity ... ok
[INFO] [stdout] test learning_projects::beginner::tests::test_word_scramble ... ok
[INFO] [stdout] test learning_projects::beginner::tests::test_factorial ... ok
[INFO] [stdout] test learning_projects::intermediate::test::test_rot13 ... ok
[INFO] [stdout] test learning_projects::intermediate::test::test_prime_pairs ... ok
[INFO] [stdout] test learning_projects::beginner::tests::test_find_fifth_root ... ok
[INFO] [stdout] test learning_projects::beginner::tests::test_calculator ... ok
[INFO] [stdout] test learning_projects::beginner::tests::test_check_palindrome ... ok
[INFO] [stdout] test learning_projects::intermediate::test::test_quiz ... FAILED
[INFO] [stdout] test learning_projects::intermediate::test::test_parse_xml ... FAILED
[INFO] [stdout] test learning_projects::intermediate::test::test_matrix ... ok
[INFO] [stdout] 
[INFO] [stdout] failures:
[INFO] [stdout] 
[INFO] [stdout] ---- learning_projects::intermediate::test::test_quiz stdout ----
[INFO] [stdout] 
[INFO] [stdout] thread 'learning_projects::intermediate::test::test_quiz' panicked at src/learning_projects/intermediate.rs:292:9:
[INFO] [stdout] assertion failed: Quiz::new("assets/quiz.json").is_ok()
[INFO] [stdout] stack backtrace:
[INFO] [stdout]    0:     0x6018435092aa - std::backtrace_rs::backtrace::libunwind::trace::hb059275cfc8d6126
[INFO] [stdout]                                at /rustc/6067b36314ab5eb2eb47cecc464545ba58e1ad24/library/std/src/../../backtrace/src/backtrace/libunwind.rs:116:5
[INFO] [stdout]    1:     0x6018435092aa - std::backtrace_rs::backtrace::trace_unsynchronized::h2da071e4327ce3ee
[INFO] [stdout]                                at /rustc/6067b36314ab5eb2eb47cecc464545ba58e1ad24/library/std/src/../../backtrace/src/backtrace/mod.rs:66:5
[INFO] [stdout]    2:     0x6018435092aa - std::sys::backtrace::_print_fmt::h842a1474e6f8d23f
[INFO] [stdout]                                at /rustc/6067b36314ab5eb2eb47cecc464545ba58e1ad24/library/std/src/sys/backtrace.rs:66:9
[INFO] [stdout]    3:     0x6018435092aa - <std::sys::backtrace::BacktraceLock::print::DisplayBacktrace as core::fmt::Display>::fmt::h71a62eb3b9696b12
[INFO] [stdout]                                at /rustc/6067b36314ab5eb2eb47cecc464545ba58e1ad24/library/std/src/sys/backtrace.rs:39:26
[INFO] [stdout]    4:     0x601843531f23 - core::fmt::rt::Argument::fmt::hdb6b616786b41dc1
[INFO] [stdout]                                at /rustc/6067b36314ab5eb2eb47cecc464545ba58e1ad24/library/core/src/fmt/rt.rs:177:76
[INFO] [stdout]    5:     0x601843531f23 - core::fmt::write::h2cc1698af7e2d686
[INFO] [stdout]                                at /rustc/6067b36314ab5eb2eb47cecc464545ba58e1ad24/library/core/src/fmt/mod.rs:1440:21
[INFO] [stdout]    6:     0x601843505e03 - std::io::Write::write_fmt::hab1b4cd059a79022
[INFO] [stdout]                                at /rustc/6067b36314ab5eb2eb47cecc464545ba58e1ad24/library/std/src/io/mod.rs:1887:15
[INFO] [stdout]    7:     0x6018435090f2 - std::sys::backtrace::BacktraceLock::print::h147fe35b4ea13b08
[INFO] [stdout]                                at /rustc/6067b36314ab5eb2eb47cecc464545ba58e1ad24/library/std/src/sys/backtrace.rs:42:9
[INFO] [stdout]    8:     0x60184350a6cf - std::panicking::default_hook::{{closure}}::hbd44223dbdc0d208
[INFO] [stdout]                                at /rustc/6067b36314ab5eb2eb47cecc464545ba58e1ad24/library/std/src/panicking.rs:298:22
[INFO] [stdout]    9:     0x60184350a4e8 - std::panicking::default_hook::h20f81eb0576efcec
[INFO] [stdout]                                at /rustc/6067b36314ab5eb2eb47cecc464545ba58e1ad24/library/std/src/panicking.rs:322:9
[INFO] [stdout]   10:     0x6018434bdf53 - <alloc::boxed::Box<F,A> as core::ops::function::Fn<Args>>::call::hdb53814c496a4d34
[INFO] [stdout]                                at /rustc/6067b36314ab5eb2eb47cecc464545ba58e1ad24/library/alloc/src/boxed.rs:2027:9
[INFO] [stdout]   11:     0x6018434bdf53 - test::test_main::{{closure}}::hc0a4963c59427c24
[INFO] [stdout]                                at /rustc/6067b36314ab5eb2eb47cecc464545ba58e1ad24/library/test/src/lib.rs:134:21
[INFO] [stdout]   12:     0x60184350b1c3 - <alloc::boxed::Box<F,A> as core::ops::function::Fn<Args>>::call::h591b2225413a77e9
[INFO] [stdout]                                at /rustc/6067b36314ab5eb2eb47cecc464545ba58e1ad24/library/alloc/src/boxed.rs:2027:9
[INFO] [stdout]   13:     0x60184350b1c3 - std::panicking::rust_panic_with_hook::h625eea43051b2edc
[INFO] [stdout]                                at /rustc/6067b36314ab5eb2eb47cecc464545ba58e1ad24/library/std/src/panicking.rs:839:13
[INFO] [stdout]   14:     0x60184350ae46 - std::panicking::begin_panic_handler::{{closure}}::h4f9159cfbc3f6bd3
[INFO] [stdout]                                at /rustc/6067b36314ab5eb2eb47cecc464545ba58e1ad24/library/std/src/panicking.rs:697:13
[INFO] [stdout]   15:     0x6018435097a9 - std::sys::backtrace::__rust_end_short_backtrace::h0390abce48353151
[INFO] [stdout]                                at /rustc/6067b36314ab5eb2eb47cecc464545ba58e1ad24/library/std/src/sys/backtrace.rs:168:18
[INFO] [stdout]   16:     0x60184350ab0d - rust_begin_unwind
[INFO] [stdout]                                at /rustc/6067b36314ab5eb2eb47cecc464545ba58e1ad24/library/std/src/panicking.rs:695:5
[INFO] [stdout]   17:     0x60184352faf0 - core::panicking::panic_fmt::h9e7c637e9e5f29c9
[INFO] [stdout]                                at /rustc/6067b36314ab5eb2eb47cecc464545ba58e1ad24/library/core/src/panicking.rs:75:14
[INFO] [stdout]   18:     0x60184352fb7c - core::panicking::panic::haa3255ea20181a33
[INFO] [stdout]                                at /rustc/6067b36314ab5eb2eb47cecc464545ba58e1ad24/library/core/src/panicking.rs:145:5
[INFO] [stdout]   19:     0x6018434489cf - learning_rust::learning_projects::intermediate::test::test_quiz::hc1cc41a00bd8cd3c
[INFO] [stdout]                                at /opt/rustwide/workdir/src/learning_projects/intermediate.rs:292:9
[INFO] [stdout]   20:     0x6018434488b7 - learning_rust::learning_projects::intermediate::test::test_quiz::{{closure}}::hbbfd2c4a516195c3
[INFO] [stdout]                                at /opt/rustwide/workdir/src/learning_projects/intermediate.rs:290:19
[INFO] [stdout]   21:     0x60184346c706 - core::ops::function::FnOnce::call_once::ha95840b03d975e8e
[INFO] [stdout]                                at /rustc/6067b36314ab5eb2eb47cecc464545ba58e1ad24/library/core/src/ops/function.rs:250:5
[INFO] [stdout]   22:     0x6018434c36ab - core::ops::function::FnOnce::call_once::he27718dfdd183f43
[INFO] [stdout]                                at /rustc/6067b36314ab5eb2eb47cecc464545ba58e1ad24/library/core/src/ops/function.rs:250:5
[INFO] [stdout]   23:     0x6018434c36ab - test::__rust_begin_short_backtrace::h4e84902998457a5d
[INFO] [stdout]                                at /rustc/6067b36314ab5eb2eb47cecc464545ba58e1ad24/library/test/src/lib.rs:632:18
[INFO] [stdout]   24:     0x6018434c25e3 - test::run_test_in_process::{{closure}}::h7176fd18fc1feca0
[INFO] [stdout]                                at /rustc/6067b36314ab5eb2eb47cecc464545ba58e1ad24/library/test/src/lib.rs:655:60
[INFO] [stdout]   25:     0x6018434c25e3 - <core::panic::unwind_safe::AssertUnwindSafe<F> as core::ops::function::FnOnce<()>>::call_once::hf79cff2a624d8cf7
[INFO] [stdout]                                at /rustc/6067b36314ab5eb2eb47cecc464545ba58e1ad24/library/core/src/panic/unwind_safe.rs:272:9
[INFO] [stdout]   26:     0x6018434c25e3 - std::panicking::try::do_call::h3da0561d9ab99c25
[INFO] [stdout]                                at /rustc/6067b36314ab5eb2eb47cecc464545ba58e1ad24/library/std/src/panicking.rs:587:40
[INFO] [stdout]   27:     0x6018434c25e3 - std::panicking::try::h41c9fa508bc61df6
[INFO] [stdout]                                at /rustc/6067b36314ab5eb2eb47cecc464545ba58e1ad24/library/std/src/panicking.rs:550:19
[INFO] [stdout]   28:     0x6018434c25e3 - std::panic::catch_unwind::h6b3ff07bb5afad93
[INFO] [stdout]                                at /rustc/6067b36314ab5eb2eb47cecc464545ba58e1ad24/library/std/src/panic.rs:358:14
[INFO] [stdout]   29:     0x6018434c25e3 - test::run_test_in_process::hc7253dd11b39b9f4
[INFO] [stdout]                                at /rustc/6067b36314ab5eb2eb47cecc464545ba58e1ad24/library/test/src/lib.rs:655:27
[INFO] [stdout]   30:     0x6018434c25e3 - test::run_test::{{closure}}::hfb2007f8649c30bb
[INFO] [stdout]                                at /rustc/6067b36314ab5eb2eb47cecc464545ba58e1ad24/library/test/src/lib.rs:576:43
[INFO] [stdout]   31:     0x6018434856c5 - test::run_test::{{closure}}::h56a17aa7a282a9f4
[INFO] [stdout]                                at /rustc/6067b36314ab5eb2eb47cecc464545ba58e1ad24/library/test/src/lib.rs:606:41
[INFO] [stdout]   32:     0x6018434856c5 - std::sys::backtrace::__rust_begin_short_backtrace::hd2d2d2fb8e8c6aac
[INFO] [stdout]                                at /rustc/6067b36314ab5eb2eb47cecc464545ba58e1ad24/library/std/src/sys/backtrace.rs:152:18
[INFO] [stdout]   33:     0x601843488faa - std::thread::Builder::spawn_unchecked_::{{closure}}::{{closure}}::h4faa3f9db6133423
[INFO] [stdout]                                at /rustc/6067b36314ab5eb2eb47cecc464545ba58e1ad24/library/std/src/thread/mod.rs:559:17
[INFO] [stdout]   34:     0x601843488faa - <core::panic::unwind_safe::AssertUnwindSafe<F> as core::ops::function::FnOnce<()>>::call_once::hf2e855a36a4ea846
[INFO] [stdout]                                at /rustc/6067b36314ab5eb2eb47cecc464545ba58e1ad24/library/core/src/panic/unwind_safe.rs:272:9
[INFO] [stdout]   35:     0x601843488faa - std::panicking::try::do_call::h2f73af3616c35465
[INFO] [stdout]                                at /rustc/6067b36314ab5eb2eb47cecc464545ba58e1ad24/library/std/src/panicking.rs:587:40
[INFO] [stdout]   36:     0x601843488faa - std::panicking::try::hd1660ce9efadef5a
[INFO] [stdout]                                at /rustc/6067b36314ab5eb2eb47cecc464545ba58e1ad24/library/std/src/panicking.rs:550:19
[INFO] [stdout]   37:     0x601843488faa - std::panic::catch_unwind::h5ee8d7823b8ca744
[INFO] [stdout]                                at /rustc/6067b36314ab5eb2eb47cecc464545ba58e1ad24/library/std/src/panic.rs:358:14
[INFO] [stdout]   38:     0x601843488faa - std::thread::Builder::spawn_unchecked_::{{closure}}::h53c3a1894dce8407
[INFO] [stdout]                                at /rustc/6067b36314ab5eb2eb47cecc464545ba58e1ad24/library/std/src/thread/mod.rs:557:30
[INFO] [stdout]   39:     0x601843488faa - core::ops::function::FnOnce::call_once{{vtable.shim}}::h048ce291ad4f62bf
[INFO] [stdout]                                at /rustc/6067b36314ab5eb2eb47cecc464545ba58e1ad24/library/core/src/ops/function.rs:250:5
[INFO] [stdout]   40:     0x60184350f10b - <alloc::boxed::Box<F,A> as core::ops::function::FnOnce<Args>>::call_once::ha52bedf99a3b4981
[INFO] [stdout]                                at /rustc/6067b36314ab5eb2eb47cecc464545ba58e1ad24/library/alloc/src/boxed.rs:2013:9
[INFO] [stdout]   41:     0x60184350f10b - <alloc::boxed::Box<F,A> as core::ops::function::FnOnce<Args>>::call_once::h567748934d80ccf8
[INFO] [stdout]                                at /rustc/6067b36314ab5eb2eb47cecc464545ba58e1ad24/library/alloc/src/boxed.rs:2013:9
[INFO] [stdout]   42:     0x60184350f10b - std::sys::pal::unix::thread::Thread::new::thread_start::h2d970728ae887adc
[INFO] [stdout]                                at /rustc/6067b36314ab5eb2eb47cecc464545ba58e1ad24/library/std/src/sys/pal/unix/thread.rs:106:17
[INFO] [stdout]   43:     0x7b1995de8ac3 - <unknown>
[INFO] [stdout]   44:     0x7b1995e79a04 - clone
[INFO] [stdout]   45:                0x0 - <unknown>
[INFO] [stdout] 
[INFO] [stdout] ---- learning_projects::intermediate::test::test_parse_xml stdout ----
[INFO] [stdout] 
[INFO] [stdout] thread 'learning_projects::intermediate::test::test_parse_xml' panicked at src/learning_projects/intermediate.rs:302:58:
[INFO] [stdout] called `Result::unwrap()` on an `Err` value: Io(Os { code: 2, kind: NotFound, message: "No such file or directory" })
[INFO] [stdout] stack backtrace:
[INFO] [stdout]    0:     0x6018435092aa - std::backtrace_rs::backtrace::libunwind::trace::hb059275cfc8d6126
[INFO] [stdout]                                at /rustc/6067b36314ab5eb2eb47cecc464545ba58e1ad24/library/std/src/../../backtrace/src/backtrace/libunwind.rs:116:5
[INFO] [stdout]    1:     0x6018435092aa - std::backtrace_rs::backtrace::trace_unsynchronized::h2da071e4327ce3ee
[INFO] [stdout]                                at /rustc/6067b36314ab5eb2eb47cecc464545ba58e1ad24/library/std/src/../../backtrace/src/backtrace/mod.rs:66:5
[INFO] [stdout]    2:     0x6018435092aa - std::sys::backtrace::_print_fmt::h842a1474e6f8d23f
[INFO] [stdout]                                at /rustc/6067b36314ab5eb2eb47cecc464545ba58e1ad24/library/std/src/sys/backtrace.rs:66:9
[INFO] [stdout]    3:     0x6018435092aa - <std::sys::backtrace::BacktraceLock::print::DisplayBacktrace as core::fmt::Display>::fmt::h71a62eb3b9696b12
[INFO] [stdout]                                at /rustc/6067b36314ab5eb2eb47cecc464545ba58e1ad24/library/std/src/sys/backtrace.rs:39:26
[INFO] [stdout]    4:     0x601843531f23 - core::fmt::rt::Argument::fmt::hdb6b616786b41dc1
[INFO] [stdout]                                at /rustc/6067b36314ab5eb2eb47cecc464545ba58e1ad24/library/core/src/fmt/rt.rs:177:76
[INFO] [stdout]    5:     0x601843531f23 - core::fmt::write::h2cc1698af7e2d686
[INFO] [stdout]                                at /rustc/6067b36314ab5eb2eb47cecc464545ba58e1ad24/library/core/src/fmt/mod.rs:1440:21
[INFO] [stdout]    6:     0x601843505e03 - std::io::Write::write_fmt::hab1b4cd059a79022
[INFO] [stdout]                                at /rustc/6067b36314ab5eb2eb47cecc464545ba58e1ad24/library/std/src/io/mod.rs:1887:15
[INFO] [stdout]    7:     0x6018435090f2 - std::sys::backtrace::BacktraceLock::print::h147fe35b4ea13b08
[INFO] [stdout]                                at /rustc/6067b36314ab5eb2eb47cecc464545ba58e1ad24/library/std/src/sys/backtrace.rs:42:9
[INFO] [stdout]    8:     0x60184350a6cf - std::panicking::default_hook::{{closure}}::hbd44223dbdc0d208
[INFO] [stdout]                                at /rustc/6067b36314ab5eb2eb47cecc464545ba58e1ad24/library/std/src/panicking.rs:298:22
[INFO] [stdout]    9:     0x60184350a4e8 - std::panicking::default_hook::h20f81eb0576efcec
[INFO] [stdout]                                at /rustc/6067b36314ab5eb2eb47cecc464545ba58e1ad24/library/std/src/panicking.rs:322:9
[INFO] [stdout]   10:     0x6018434bdf53 - <alloc::boxed::Box<F,A> as core::ops::function::Fn<Args>>::call::hdb53814c496a4d34
[INFO] [stdout]                                at /rustc/6067b36314ab5eb2eb47cecc464545ba58e1ad24/library/alloc/src/boxed.rs:2027:9
[INFO] [stdout]   11:     0x6018434bdf53 - test::test_main::{{closure}}::hc0a4963c59427c24
[INFO] [stdout]                                at /rustc/6067b36314ab5eb2eb47cecc464545ba58e1ad24/library/test/src/lib.rs:134:21
[INFO] [stdout]   12:     0x60184350b1c3 - <alloc::boxed::Box<F,A> as core::ops::function::Fn<Args>>::call::h591b2225413a77e9
[INFO] [stdout]                                at /rustc/6067b36314ab5eb2eb47cecc464545ba58e1ad24/library/alloc/src/boxed.rs:2027:9
[INFO] [stdout]   13:     0x60184350b1c3 - std::panicking::rust_panic_with_hook::h625eea43051b2edc
[INFO] [stdout]                                at /rustc/6067b36314ab5eb2eb47cecc464545ba58e1ad24/library/std/src/panicking.rs:839:13
[INFO] [stdout]   14:     0x60184350ae7a - std::panicking::begin_panic_handler::{{closure}}::h4f9159cfbc3f6bd3
[INFO] [stdout]                                at /rustc/6067b36314ab5eb2eb47cecc464545ba58e1ad24/library/std/src/panicking.rs:704:13
[INFO] [stdout]   15:     0x6018435097a9 - std::sys::backtrace::__rust_end_short_backtrace::h0390abce48353151
[INFO] [stdout]                                at /rustc/6067b36314ab5eb2eb47cecc464545ba58e1ad24/library/std/src/sys/backtrace.rs:168:18
[INFO] [stdout]   16:     0x60184350ab0d - rust_begin_unwind
[INFO] [stdout]                                at /rustc/6067b36314ab5eb2eb47cecc464545ba58e1ad24/library/std/src/panicking.rs:695:5
[INFO] [stdout]   17:     0x60184352faf0 - core::panicking::panic_fmt::h9e7c637e9e5f29c9
[INFO] [stdout]                                at /rustc/6067b36314ab5eb2eb47cecc464545ba58e1ad24/library/core/src/panicking.rs:75:14
[INFO] [stdout]   18:     0x60184352ff66 - core::result::unwrap_failed::h7979f09313fe1849
[INFO] [stdout]                                at /rustc/6067b36314ab5eb2eb47cecc464545ba58e1ad24/library/core/src/result.rs:1704:5
[INFO] [stdout]   19:     0x601843448ba5 - core::result::Result<T,E>::unwrap::hbff3ebc83e333e5e
[INFO] [stdout]                                at /rustc/6067b36314ab5eb2eb47cecc464545ba58e1ad24/library/core/src/result.rs:1109:23
[INFO] [stdout]   20:     0x601843448ba5 - learning_rust::learning_projects::intermediate::test::test_parse_xml::h3696d99e962f80e1
[INFO] [stdout]                                at /opt/rustwide/workdir/src/learning_projects/intermediate.rs:302:28
[INFO] [stdout]   21:     0x601843448a17 - learning_rust::learning_projects::intermediate::test::test_parse_xml::{{closure}}::he5ee41ec15bd666b
[INFO] [stdout]                                at /opt/rustwide/workdir/src/learning_projects/intermediate.rs:296:24
[INFO] [stdout]   22:     0x60184346c0a6 - core::ops::function::FnOnce::call_once::h0f583da9293367c8
[INFO] [stdout]                                at /rustc/6067b36314ab5eb2eb47cecc464545ba58e1ad24/library/core/src/ops/function.rs:250:5
[INFO] [stdout]   23:     0x6018434c36ab - core::ops::function::FnOnce::call_once::he27718dfdd183f43
[INFO] [stdout]                                at /rustc/6067b36314ab5eb2eb47cecc464545ba58e1ad24/library/core/src/ops/function.rs:250:5
[INFO] [stdout]   24:     0x6018434c36ab - test::__rust_begin_short_backtrace::h4e84902998457a5d
[INFO] [stdout]                                at /rustc/6067b36314ab5eb2eb47cecc464545ba58e1ad24/library/test/src/lib.rs:632:18
[INFO] [stdout]   25:     0x6018434c25e3 - test::run_test_in_process::{{closure}}::h7176fd18fc1feca0
[INFO] [stdout]                                at /rustc/6067b36314ab5eb2eb47cecc464545ba58e1ad24/library/test/src/lib.rs:655:60
[INFO] [stdout]   26:     0x6018434c25e3 - <core::panic::unwind_safe::AssertUnwindSafe<F> as core::ops::function::FnOnce<()>>::call_once::hf79cff2a624d8cf7
[INFO] [stdout]                                at /rustc/6067b36314ab5eb2eb47cecc464545ba58e1ad24/library/core/src/panic/unwind_safe.rs:272:9
[INFO] [stdout]   27:     0x6018434c25e3 - std::panicking::try::do_call::h3da0561d9ab99c25
[INFO] [stdout]                                at /rustc/6067b36314ab5eb2eb47cecc464545ba58e1ad24/library/std/src/panicking.rs:587:40
[INFO] [stdout]   28:     0x6018434c25e3 - std::panicking::try::h41c9fa508bc61df6
[INFO] [stdout]                                at /rustc/6067b36314ab5eb2eb47cecc464545ba58e1ad24/library/std/src/panicking.rs:550:19
[INFO] [stdout]   29:     0x6018434c25e3 - std::panic::catch_unwind::h6b3ff07bb5afad93
[INFO] [stdout]                                at /rustc/6067b36314ab5eb2eb47cecc464545ba58e1ad24/library/std/src/panic.rs:358:14
[INFO] [stdout]   30:     0x6018434c25e3 - test::run_test_in_process::hc7253dd11b39b9f4
[INFO] [stdout]                                at /rustc/6067b36314ab5eb2eb47cecc464545ba58e1ad24/library/test/src/lib.rs:655:27
[INFO] [stdout]   31:     0x6018434c25e3 - test::run_test::{{closure}}::hfb2007f8649c30bb
[INFO] [stdout]                                at /rustc/6067b36314ab5eb2eb47cecc464545ba58e1ad24/library/test/src/lib.rs:576:43
[INFO] [stdout]   32:     0x6018434856c5 - test::run_test::{{closure}}::h56a17aa7a282a9f4
[INFO] [stdout]                                at /rustc/6067b36314ab5eb2eb47cecc464545ba58e1ad24/library/test/src/lib.rs:606:41
[INFO] [stdout]   33:     0x6018434856c5 - std::sys::backtrace::__rust_begin_short_backtrace::hd2d2d2fb8e8c6aac
[INFO] [stdout]                                at /rustc/6067b36314ab5eb2eb47cecc464545ba58e1ad24/library/std/src/sys/backtrace.rs:152:18
[INFO] [stdout]   34:     0x601843488faa - std::thread::Builder::spawn_unchecked_::{{closure}}::{{closure}}::h4faa3f9db6133423
[INFO] [stdout]                                at /rustc/6067b36314ab5eb2eb47cecc464545ba58e1ad24/library/std/src/thread/mod.rs:559:17
[INFO] [stdout]   35:     0x601843488faa - <core::panic::unwind_safe::AssertUnwindSafe<F> as core::ops::function::FnOnce<()>>::call_once::hf2e855a36a4ea846
[INFO] [stdout]                                at /rustc/6067b36314ab5eb2eb47cecc464545ba58e1ad24/library/core/src/panic/unwind_safe.rs:272:9
[INFO] [stdout]   36:     0x601843488faa - std::panicking::try::do_call::h2f73af3616c35465
[INFO] [stdout]                                at /rustc/6067b36314ab5eb2eb47cecc464545ba58e1ad24/library/std/src/panicking.rs:587:40
[INFO] [stdout]   37:     0x601843488faa - std::panicking::try::hd1660ce9efadef5a
[INFO] [stdout]                                at /rustc/6067b36314ab5eb2eb47cecc464545ba58e1ad24/library/std/src/panicking.rs:550:19
[INFO] [stdout]   38:     0x601843488faa - std::panic::catch_unwind::h5ee8d7823b8ca744
[INFO] [stdout]                                at /rustc/6067b36314ab5eb2eb47cecc464545ba58e1ad24/library/std/src/panic.rs:358:14
[INFO] [stdout]   39:     0x601843488faa - std::thread::Builder::spawn_unchecked_::{{closure}}::h53c3a1894dce8407
[INFO] [stdout]                                at /rustc/6067b36314ab5eb2eb47cecc464545ba58e1ad24/library/std/src/thread/mod.rs:557:30
[INFO] [stdout]   40:     0x601843488faa - core::ops::function::FnOnce::call_once{{vtable.shim}}::h048ce291ad4f62bf
[INFO] [stdout]                                at /rustc/6067b36314ab5eb2eb47cecc464545ba58e1ad24/library/core/src/ops/function.rs:250:5
[INFO] [stdout]   41:     0x60184350f10b - <alloc::boxed::Box<F,A> as core::ops::function::FnOnce<Args>>::call_once::ha52bedf99a3b4981
[INFO] [stdout]                                at /rustc/6067b36314ab5eb2eb47cecc464545ba58e1ad24/library/alloc/src/boxed.rs:2013:9
[INFO] [stdout]   42:     0x60184350f10b - <alloc::boxed::Box<F,A> as core::ops::function::FnOnce<Args>>::call_once::h567748934d80ccf8
[INFO] [stdout]                                at /rustc/6067b36314ab5eb2eb47cecc464545ba58e1ad24/library/alloc/src/boxed.rs:2013:9
[INFO] [stdout]   43:     0x60184350f10b - std::sys::pal::unix::thread::Thread::new::thread_start::h2d970728ae887adc
[INFO] [stdout]                                at /rustc/6067b36314ab5eb2eb47cecc464545ba58e1ad24/library/std/src/sys/pal/unix/thread.rs:106:17
[INFO] [stdout]   44:     0x7b1995de8ac3 - <unknown>
[INFO] [stdout]   45:     0x7b1995e79a04 - clone
[INFO] [stdout]   46:                0x0 - <unknown>
[INFO] [stdout] 
[INFO] [stdout] 
[INFO] [stdout] failures:
[INFO] [stdout]     learning_projects::intermediate::test::test_parse_xml
[INFO] [stdout]     learning_projects::intermediate::test::test_quiz
[INFO] [stdout] 
[INFO] [stdout] test result: FAILED. 21 passed; 2 failed; 0 ignored; 0 measured; 0 filtered out; finished in 0.05s
[INFO] [stdout] 
[INFO] [stderr] error: test failed, to rerun pass `--lib`
[INFO] running `Command { std: "docker" "inspect" "4987977ec4e2b597ce637e542a16c23c6cc9441deb63a9037216afdef003d43c", kill_on_drop: false }`
[INFO] running `Command { std: "docker" "rm" "-f" "4987977ec4e2b597ce637e542a16c23c6cc9441deb63a9037216afdef003d43c", kill_on_drop: false }`
[INFO] [stdout] 4987977ec4e2b597ce637e542a16c23c6cc9441deb63a9037216afdef003d43c
