[INFO] cloning repository https://github.com/danthegoodman1/BlockDB
[INFO] running `Command { std: "git" "-c" "credential.helper=" "-c" "credential.helper=/workspace/cargo-home/bin/git-credential-null" "clone" "--bare" "https://github.com/danthegoodman1/BlockDB" "/workspace/cache/git-repos/https%3A%2F%2Fgithub.com%2Fdanthegoodman1%2FBlockDB", kill_on_drop: false }`
[INFO] [stderr] Cloning into bare repository '/workspace/cache/git-repos/https%3A%2F%2Fgithub.com%2Fdanthegoodman1%2FBlockDB'...
[INFO] running `Command { std: "git" "rev-parse" "HEAD", kill_on_drop: false }`
[INFO] [stdout] 6fccd0553d65ca99176bcdf869f5b295fd84c65d
[INFO] testing danthegoodman1/BlockDB against nightly-2025-01-18 for randomize-layout-2
[INFO] running `Command { std: "git" "clone" "/workspace/cache/git-repos/https%3A%2F%2Fgithub.com%2Fdanthegoodman1%2FBlockDB" "/workspace/builds/worker-3-tc1/source", kill_on_drop: false }`
[INFO] [stderr] Cloning into '/workspace/builds/worker-3-tc1/source'...
[INFO] [stderr] done.
[INFO] validating manifest of git repo https://github.com/danthegoodman1/BlockDB on toolchain nightly-2025-01-18
[INFO] running `Command { std: CARGO_HOME="/workspace/cargo-home" RUSTUP_HOME="/workspace/rustup-home" "/workspace/cargo-home/bin/cargo" "+nightly-2025-01-18" "metadata" "--manifest-path" "Cargo.toml" "--no-deps", kill_on_drop: false }`
[INFO] started tweaking git repo https://github.com/danthegoodman1/BlockDB
[INFO] finished tweaking git repo https://github.com/danthegoodman1/BlockDB
[INFO] tweaked toml for git repo https://github.com/danthegoodman1/BlockDB written to /workspace/builds/worker-3-tc1/source/Cargo.toml
[INFO] crate git repo https://github.com/danthegoodman1/BlockDB already has a lockfile, it will not be regenerated
[INFO] running `Command { std: CARGO_HOME="/workspace/cargo-home" RUSTUP_HOME="/workspace/rustup-home" "/workspace/cargo-home/bin/cargo" "+nightly-2025-01-18" "fetch" "--manifest-path" "Cargo.toml", kill_on_drop: false }`
[INFO] [stderr]     Blocking waiting for file lock on package cache
[INFO] [stderr]  Downloading crates ...
[INFO] [stderr]   Downloaded io-uring v0.7.2
[INFO] running `Command { std: "docker" "create" "-v" "/var/lib/crater-agent-workspace/builds/worker-3-tc1/target:/opt/rustwide/target:rw,Z" "-v" "/var/lib/crater-agent-workspace/builds/worker-3-tc1/source:/opt/rustwide/workdir:ro,Z" "-v" "/var/lib/crater-agent-workspace/cargo-home:/opt/rustwide/cargo-home:ro,Z" "-v" "/var/lib/crater-agent-workspace/rustup-home:/opt/rustwide/rustup-home:ro,Z" "-e" "SOURCE_DIR=/opt/rustwide/workdir" "-e" "CARGO_TARGET_DIR=/opt/rustwide/target" "-e" "CARGO_HOME=/opt/rustwide/cargo-home" "-e" "RUSTUP_HOME=/opt/rustwide/rustup-home" "-w" "/opt/rustwide/workdir" "-m" "1610612736" "--user" "0:0" "--network" "none" "ghcr.io/rust-lang/crates-build-env/linux@sha256:819108c5571ea2e421544af4d832f968d213c87fbe3707a016657f43d2f853bc" "/opt/rustwide/cargo-home/bin/cargo" "+nightly-2025-01-18" "metadata" "--no-deps" "--format-version=1", kill_on_drop: false }`
[INFO] [stdout] 4e474a7254c978f3034ed3e294da880f0e01f79374a1d1072ca0aa47dd771921
[INFO] running `Command { std: "docker" "start" "-a" "4e474a7254c978f3034ed3e294da880f0e01f79374a1d1072ca0aa47dd771921", kill_on_drop: false }`
[INFO] running `Command { std: "docker" "inspect" "4e474a7254c978f3034ed3e294da880f0e01f79374a1d1072ca0aa47dd771921", kill_on_drop: false }`
[INFO] running `Command { std: "docker" "rm" "-f" "4e474a7254c978f3034ed3e294da880f0e01f79374a1d1072ca0aa47dd771921", kill_on_drop: false }`
[INFO] [stdout] 4e474a7254c978f3034ed3e294da880f0e01f79374a1d1072ca0aa47dd771921
[INFO] running `Command { std: "docker" "create" "-v" "/var/lib/crater-agent-workspace/builds/worker-3-tc1/target:/opt/rustwide/target:rw,Z" "-v" "/var/lib/crater-agent-workspace/builds/worker-3-tc1/source:/opt/rustwide/workdir:ro,Z" "-v" "/var/lib/crater-agent-workspace/cargo-home:/opt/rustwide/cargo-home:ro,Z" "-v" "/var/lib/crater-agent-workspace/rustup-home:/opt/rustwide/rustup-home:ro,Z" "-e" "SOURCE_DIR=/opt/rustwide/workdir" "-e" "CARGO_TARGET_DIR=/opt/rustwide/target" "-e" "CARGO_INCREMENTAL=0" "-e" "RUST_BACKTRACE=full" "-e" "RUSTFLAGS=--cap-lints=forbid" "-e" "RUSTDOCFLAGS=--cap-lints=forbid" "-e" "CARGO_HOME=/opt/rustwide/cargo-home" "-e" "RUSTUP_HOME=/opt/rustwide/rustup-home" "-w" "/opt/rustwide/workdir" "-m" "1610612736" "--user" "0:0" "--network" "none" "ghcr.io/rust-lang/crates-build-env/linux@sha256:819108c5571ea2e421544af4d832f968d213c87fbe3707a016657f43d2f853bc" "/opt/rustwide/cargo-home/bin/cargo" "+nightly-2025-01-18" "build" "--frozen" "--message-format=json", kill_on_drop: false }`
[INFO] [stdout] c82df047c3dcd2acb2c20238d86ea7a3cbaccad885399cfb57361971903d2b0e
[INFO] running `Command { std: "docker" "start" "-a" "c82df047c3dcd2acb2c20238d86ea7a3cbaccad885399cfb57361971903d2b0e", kill_on_drop: false }`
[INFO] [stderr]    Compiling libc v0.2.168
[INFO] [stderr]    Compiling proc-macro2 v1.0.92
[INFO] [stderr]    Compiling autocfg v1.4.0
[INFO] [stderr]    Compiling unicode-ident v1.0.14
[INFO] [stderr]    Compiling cfg-if v1.0.0
[INFO] [stderr]    Compiling parking_lot_core v0.9.10
[INFO] [stderr]    Compiling rustix v0.38.42
[INFO] [stderr]    Compiling smallvec v1.13.2
[INFO] [stderr]    Compiling scopeguard v1.2.0
[INFO] [stderr]    Compiling bitflags v2.6.0
[INFO] [stderr]    Compiling io-uring v0.7.2
[INFO] [stderr]    Compiling linux-raw-sys v0.4.14
[INFO] [stderr]    Compiling once_cell v1.20.2
[INFO] [stderr]    Compiling bytes v1.9.0
[INFO] [stderr]    Compiling pin-project-lite v0.2.15
[INFO] [stderr]    Compiling fastrand v2.3.0
[INFO] [stderr]    Compiling lock_api v0.4.12
[INFO] [stderr]    Compiling quote v1.0.37
[INFO] [stderr]    Compiling syn v2.0.90
[INFO] [stderr]    Compiling mio v1.0.3
[INFO] [stderr]    Compiling signal-hook-registry v1.4.2
[INFO] [stderr]    Compiling socket2 v0.5.8
[INFO] [stderr]    Compiling parking_lot v0.12.3
[INFO] [stderr]    Compiling tempfile v3.14.0
[INFO] [stderr]    Compiling tokio-macros v2.4.0
[INFO] [stderr]    Compiling tokio v1.42.0
[INFO] [stderr]    Compiling block_db v0.1.0 (/opt/rustwide/workdir)
[INFO] [stderr]     Finished `dev` profile [unoptimized + debuginfo] target(s) in 28.44s
[INFO] running `Command { std: "docker" "inspect" "c82df047c3dcd2acb2c20238d86ea7a3cbaccad885399cfb57361971903d2b0e", kill_on_drop: false }`
[INFO] running `Command { std: "docker" "rm" "-f" "c82df047c3dcd2acb2c20238d86ea7a3cbaccad885399cfb57361971903d2b0e", kill_on_drop: false }`
[INFO] [stdout] c82df047c3dcd2acb2c20238d86ea7a3cbaccad885399cfb57361971903d2b0e
[INFO] running `Command { std: "docker" "create" "-v" "/var/lib/crater-agent-workspace/builds/worker-3-tc1/target:/opt/rustwide/target:rw,Z" "-v" "/var/lib/crater-agent-workspace/builds/worker-3-tc1/source:/opt/rustwide/workdir:ro,Z" "-v" "/var/lib/crater-agent-workspace/cargo-home:/opt/rustwide/cargo-home:ro,Z" "-v" "/var/lib/crater-agent-workspace/rustup-home:/opt/rustwide/rustup-home:ro,Z" "-e" "SOURCE_DIR=/opt/rustwide/workdir" "-e" "CARGO_TARGET_DIR=/opt/rustwide/target" "-e" "CARGO_INCREMENTAL=0" "-e" "RUST_BACKTRACE=full" "-e" "RUSTFLAGS=--cap-lints=forbid" "-e" "RUSTDOCFLAGS=--cap-lints=forbid" "-e" "CARGO_HOME=/opt/rustwide/cargo-home" "-e" "RUSTUP_HOME=/opt/rustwide/rustup-home" "-w" "/opt/rustwide/workdir" "-m" "1610612736" "--user" "0:0" "--network" "none" "ghcr.io/rust-lang/crates-build-env/linux@sha256:819108c5571ea2e421544af4d832f968d213c87fbe3707a016657f43d2f853bc" "/opt/rustwide/cargo-home/bin/cargo" "+nightly-2025-01-18" "test" "--frozen" "--no-run" "--message-format=json", kill_on_drop: false }`
[INFO] [stdout] 5b8e70b1839d80654815bc8f39ce75b37ea175c436a8c4d7ef0a49482c0ac7f3
[INFO] running `Command { std: "docker" "start" "-a" "5b8e70b1839d80654815bc8f39ce75b37ea175c436a8c4d7ef0a49482c0ac7f3", kill_on_drop: false }`
[INFO] [stderr]    Compiling block_db v0.1.0 (/opt/rustwide/workdir)
[INFO] [stderr]     Finished `test` profile [unoptimized + debuginfo] target(s) in 1.13s
[INFO] running `Command { std: "docker" "inspect" "5b8e70b1839d80654815bc8f39ce75b37ea175c436a8c4d7ef0a49482c0ac7f3", kill_on_drop: false }`
[INFO] running `Command { std: "docker" "rm" "-f" "5b8e70b1839d80654815bc8f39ce75b37ea175c436a8c4d7ef0a49482c0ac7f3", kill_on_drop: false }`
[INFO] [stdout] 5b8e70b1839d80654815bc8f39ce75b37ea175c436a8c4d7ef0a49482c0ac7f3
[INFO] running `Command { std: "docker" "create" "-v" "/var/lib/crater-agent-workspace/builds/worker-3-tc1/target:/opt/rustwide/target:rw,Z" "-v" "/var/lib/crater-agent-workspace/builds/worker-3-tc1/source:/opt/rustwide/workdir:ro,Z" "-v" "/var/lib/crater-agent-workspace/cargo-home:/opt/rustwide/cargo-home:ro,Z" "-v" "/var/lib/crater-agent-workspace/rustup-home:/opt/rustwide/rustup-home:ro,Z" "-e" "SOURCE_DIR=/opt/rustwide/workdir" "-e" "CARGO_TARGET_DIR=/opt/rustwide/target" "-e" "CARGO_INCREMENTAL=0" "-e" "RUST_BACKTRACE=full" "-e" "RUSTFLAGS=--cap-lints=forbid" "-e" "RUSTDOCFLAGS=--cap-lints=forbid" "-e" "CARGO_HOME=/opt/rustwide/cargo-home" "-e" "RUSTUP_HOME=/opt/rustwide/rustup-home" "-w" "/opt/rustwide/workdir" "-m" "1610612736" "--user" "0:0" "--network" "none" "ghcr.io/rust-lang/crates-build-env/linux@sha256:819108c5571ea2e421544af4d832f968d213c87fbe3707a016657f43d2f853bc" "/opt/rustwide/cargo-home/bin/cargo" "+nightly-2025-01-18" "test" "--frozen", kill_on_drop: false }`
[INFO] [stdout] aff635d8fb09dc1a12318ac86f188a3ee9f338c49dc73b157c55c98805ddba04
[INFO] running `Command { std: "docker" "start" "-a" "aff635d8fb09dc1a12318ac86f188a3ee9f338c49dc73b157c55c98805ddba04", kill_on_drop: false }`
[INFO] [stderr]     Finished `test` profile [unoptimized + debuginfo] target(s) in 0.05s
[INFO] [stderr]      Running unittests src/lib.rs (/opt/rustwide/target/debug/deps/block_db-31488ea35630063e)
[INFO] [stdout] 
[INFO] [stdout] running 3 tests
[INFO] [stdout] test block_device::io_uring_device::tests::test_io_uring_sqpoll ... FAILED
[INFO] [stdout] test erasure_coding::xor::tests::test_ec ... ok
[INFO] [stdout] test block_device::io_uring_device::tests::test_io_uring_read_write ... FAILED
[INFO] [stdout] 
[INFO] [stdout] failures:
[INFO] [stdout] 
[INFO] [stdout] ---- block_device::io_uring_device::tests::test_io_uring_sqpoll stdout ----
[INFO] [stdout] Error: Os { code: 1, kind: PermissionDenied, message: "Operation not permitted" }
[INFO] [stdout] 
[INFO] [stdout] ---- block_device::io_uring_device::tests::test_io_uring_read_write stdout ----
[INFO] [stdout] Error: Os { code: 1, kind: PermissionDenied, message: "Operation not permitted" }
[INFO] [stdout] 
[INFO] [stdout] 
[INFO] [stdout] failures:
[INFO] [stdout]     block_device::io_uring_device::tests::test_io_uring_read_write
[INFO] [stdout]     block_device::io_uring_device::tests::test_io_uring_sqpoll
[INFO] [stdout] 
[INFO] [stdout] test result: FAILED. 1 passed; 2 failed; 0 ignored; 0 measured; 0 filtered out; finished in 0.00s
[INFO] [stdout] 
[INFO] [stderr] error: test failed, to rerun pass `--lib`
[INFO] running `Command { std: "docker" "inspect" "aff635d8fb09dc1a12318ac86f188a3ee9f338c49dc73b157c55c98805ddba04", kill_on_drop: false }`
[INFO] running `Command { std: "docker" "rm" "-f" "aff635d8fb09dc1a12318ac86f188a3ee9f338c49dc73b157c55c98805ddba04", kill_on_drop: false }`
[INFO] [stdout] aff635d8fb09dc1a12318ac86f188a3ee9f338c49dc73b157c55c98805ddba04
