[INFO] cloning repository https://github.com/daniel-j-anderson-dev/ray_tracing
[INFO] running `Command { std: "git" "-c" "credential.helper=" "-c" "credential.helper=/workspace/cargo-home/bin/git-credential-null" "clone" "--bare" "https://github.com/daniel-j-anderson-dev/ray_tracing" "/workspace/cache/git-repos/https%3A%2F%2Fgithub.com%2Fdaniel-j-anderson-dev%2Fray_tracing", kill_on_drop: false }`
[INFO] [stderr] Cloning into bare repository '/workspace/cache/git-repos/https%3A%2F%2Fgithub.com%2Fdaniel-j-anderson-dev%2Fray_tracing'...
[INFO] running `Command { std: "git" "rev-parse" "HEAD", kill_on_drop: false }`
[INFO] [stdout] 85b4d2166194b7fe575a9e58b0749a9696c80011
[INFO] testing daniel-j-anderson-dev/ray_tracing against nightly-2025-01-18 for randomize-layout-2
[INFO] running `Command { std: "git" "clone" "/workspace/cache/git-repos/https%3A%2F%2Fgithub.com%2Fdaniel-j-anderson-dev%2Fray_tracing" "/workspace/builds/worker-7-tc1/source", kill_on_drop: false }`
[INFO] [stderr] Cloning into '/workspace/builds/worker-7-tc1/source'...
[INFO] [stderr] done.
[INFO] validating manifest of git repo https://github.com/daniel-j-anderson-dev/ray_tracing on toolchain nightly-2025-01-18
[INFO] running `Command { std: CARGO_HOME="/workspace/cargo-home" RUSTUP_HOME="/workspace/rustup-home" "/workspace/cargo-home/bin/cargo" "+nightly-2025-01-18" "metadata" "--manifest-path" "Cargo.toml" "--no-deps", kill_on_drop: false }`
[INFO] started tweaking git repo https://github.com/daniel-j-anderson-dev/ray_tracing
[INFO] finished tweaking git repo https://github.com/daniel-j-anderson-dev/ray_tracing
[INFO] tweaked toml for git repo https://github.com/daniel-j-anderson-dev/ray_tracing written to /workspace/builds/worker-7-tc1/source/Cargo.toml
[INFO] crate git repo https://github.com/daniel-j-anderson-dev/ray_tracing already has a lockfile, it will not be regenerated
[INFO] running `Command { std: CARGO_HOME="/workspace/cargo-home" RUSTUP_HOME="/workspace/rustup-home" "/workspace/cargo-home/bin/cargo" "+nightly-2025-01-18" "fetch" "--manifest-path" "Cargo.toml", kill_on_drop: false }`
[INFO] [stderr]  Downloading crates ...
[INFO] [stderr]   Downloaded syn v2.0.74
[INFO] running `Command { std: "docker" "create" "-v" "/var/lib/crater-agent-workspace/builds/worker-7-tc1/target:/opt/rustwide/target:rw,Z" "-v" "/var/lib/crater-agent-workspace/builds/worker-7-tc1/source:/opt/rustwide/workdir:ro,Z" "-v" "/var/lib/crater-agent-workspace/cargo-home:/opt/rustwide/cargo-home:ro,Z" "-v" "/var/lib/crater-agent-workspace/rustup-home:/opt/rustwide/rustup-home:ro,Z" "-e" "SOURCE_DIR=/opt/rustwide/workdir" "-e" "CARGO_TARGET_DIR=/opt/rustwide/target" "-e" "CARGO_HOME=/opt/rustwide/cargo-home" "-e" "RUSTUP_HOME=/opt/rustwide/rustup-home" "-w" "/opt/rustwide/workdir" "-m" "1610612736" "--user" "0:0" "--network" "none" "ghcr.io/rust-lang/crates-build-env/linux@sha256:819108c5571ea2e421544af4d832f968d213c87fbe3707a016657f43d2f853bc" "/opt/rustwide/cargo-home/bin/cargo" "+nightly-2025-01-18" "metadata" "--no-deps" "--format-version=1", kill_on_drop: false }`
[INFO] [stdout] f789d68513c14513980e5621cf8f9246d3950ae3fb31275cb57e74b8d8855cb3
[INFO] running `Command { std: "docker" "start" "-a" "f789d68513c14513980e5621cf8f9246d3950ae3fb31275cb57e74b8d8855cb3", kill_on_drop: false }`
[INFO] running `Command { std: "docker" "inspect" "f789d68513c14513980e5621cf8f9246d3950ae3fb31275cb57e74b8d8855cb3", kill_on_drop: false }`
[INFO] running `Command { std: "docker" "rm" "-f" "f789d68513c14513980e5621cf8f9246d3950ae3fb31275cb57e74b8d8855cb3", kill_on_drop: false }`
[INFO] [stdout] f789d68513c14513980e5621cf8f9246d3950ae3fb31275cb57e74b8d8855cb3
[INFO] running `Command { std: "docker" "create" "-v" "/var/lib/crater-agent-workspace/builds/worker-7-tc1/target:/opt/rustwide/target:rw,Z" "-v" "/var/lib/crater-agent-workspace/builds/worker-7-tc1/source:/opt/rustwide/workdir:ro,Z" "-v" "/var/lib/crater-agent-workspace/cargo-home:/opt/rustwide/cargo-home:ro,Z" "-v" "/var/lib/crater-agent-workspace/rustup-home:/opt/rustwide/rustup-home:ro,Z" "-e" "SOURCE_DIR=/opt/rustwide/workdir" "-e" "CARGO_TARGET_DIR=/opt/rustwide/target" "-e" "CARGO_INCREMENTAL=0" "-e" "RUST_BACKTRACE=full" "-e" "RUSTFLAGS=--cap-lints=forbid" "-e" "RUSTDOCFLAGS=--cap-lints=forbid" "-e" "CARGO_HOME=/opt/rustwide/cargo-home" "-e" "RUSTUP_HOME=/opt/rustwide/rustup-home" "-w" "/opt/rustwide/workdir" "-m" "1610612736" "--user" "0:0" "--network" "none" "ghcr.io/rust-lang/crates-build-env/linux@sha256:819108c5571ea2e421544af4d832f968d213c87fbe3707a016657f43d2f853bc" "/opt/rustwide/cargo-home/bin/cargo" "+nightly-2025-01-18" "build" "--frozen" "--message-format=json", kill_on_drop: false }`
[INFO] [stdout] 49a9c183f7448aa0025ee0d28cde4b97664f6e4d0798dd736980854b464baa40
[INFO] running `Command { std: "docker" "start" "-a" "49a9c183f7448aa0025ee0d28cde4b97664f6e4d0798dd736980854b464baa40", kill_on_drop: false }`
[INFO] [stderr]    Compiling proc-macro2 v1.0.86
[INFO] [stderr]    Compiling thiserror v1.0.63
[INFO] [stderr]    Compiling quote v1.0.36
[INFO] [stderr]    Compiling syn v2.0.74
[INFO] [stderr]    Compiling thiserror-impl v1.0.63
[INFO] [stderr]    Compiling ray_tracing v0.1.0 (/opt/rustwide/workdir)
[INFO] [stdout] warning: constant `CLEAR_LINE` is never used
[INFO] [stdout]  --> src/main.rs:8:7
[INFO] [stdout]   |
[INFO] [stdout] 8 | const CLEAR_LINE: &'static str = "\r\x1B[K";
[INFO] [stdout]   |       ^^^^^^^^^^
[INFO] [stdout]   |
[INFO] [stdout]   = note: `#[warn(dead_code)]` on by default
[INFO] [stdout] 
[INFO] [stdout] 
[INFO] [stdout] warning: function `generate_red_green_gradient_ppm` is never used
[INFO] [stdout]  --> src/ppm.rs:5:4
[INFO] [stdout]   |
[INFO] [stdout] 5 | fn generate_red_green_gradient_ppm(
[INFO] [stdout]   |    ^^^^^^^^^^^^^^^^^^^^^^^^^^^^^^^
[INFO] [stdout] 
[INFO] [stdout] 
[INFO] [stdout] warning: associated items `new`, `origin`, `direction`, and `at` are never used
[INFO] [stdout]   --> src/ray.rs:9:18
[INFO] [stdout]    |
[INFO] [stdout] 8  | impl Ray {
[INFO] [stdout]    | -------- associated items in this implementation
[INFO] [stdout] 9  |     pub const fn new(origin: Vec3, direction: Vec3) -> Self {
[INFO] [stdout]    |                  ^^^
[INFO] [stdout] ...
[INFO] [stdout] 12 |     pub const fn origin(&self) -> Vec3 {
[INFO] [stdout]    |                  ^^^^^^
[INFO] [stdout] ...
[INFO] [stdout] 15 |     pub const fn direction(&self) -> Vec3 {
[INFO] [stdout]    |                  ^^^^^^^^^
[INFO] [stdout] ...
[INFO] [stdout] 19 |     pub fn at(&self, t: f64) -> Vec3 {
[INFO] [stdout]    |            ^^
[INFO] [stdout] 
[INFO] [stdout] 
[INFO] [stderr]     Finished `dev` profile [unoptimized + debuginfo] target(s) in 5.99s
[INFO] running `Command { std: "docker" "inspect" "49a9c183f7448aa0025ee0d28cde4b97664f6e4d0798dd736980854b464baa40", kill_on_drop: false }`
[INFO] running `Command { std: "docker" "rm" "-f" "49a9c183f7448aa0025ee0d28cde4b97664f6e4d0798dd736980854b464baa40", kill_on_drop: false }`
[INFO] [stdout] 49a9c183f7448aa0025ee0d28cde4b97664f6e4d0798dd736980854b464baa40
[INFO] running `Command { std: "docker" "create" "-v" "/var/lib/crater-agent-workspace/builds/worker-7-tc1/target:/opt/rustwide/target:rw,Z" "-v" "/var/lib/crater-agent-workspace/builds/worker-7-tc1/source:/opt/rustwide/workdir:ro,Z" "-v" "/var/lib/crater-agent-workspace/cargo-home:/opt/rustwide/cargo-home:ro,Z" "-v" "/var/lib/crater-agent-workspace/rustup-home:/opt/rustwide/rustup-home:ro,Z" "-e" "SOURCE_DIR=/opt/rustwide/workdir" "-e" "CARGO_TARGET_DIR=/opt/rustwide/target" "-e" "CARGO_INCREMENTAL=0" "-e" "RUST_BACKTRACE=full" "-e" "RUSTFLAGS=--cap-lints=forbid" "-e" "RUSTDOCFLAGS=--cap-lints=forbid" "-e" "CARGO_HOME=/opt/rustwide/cargo-home" "-e" "RUSTUP_HOME=/opt/rustwide/rustup-home" "-w" "/opt/rustwide/workdir" "-m" "1610612736" "--user" "0:0" "--network" "none" "ghcr.io/rust-lang/crates-build-env/linux@sha256:819108c5571ea2e421544af4d832f968d213c87fbe3707a016657f43d2f853bc" "/opt/rustwide/cargo-home/bin/cargo" "+nightly-2025-01-18" "test" "--frozen" "--no-run" "--message-format=json", kill_on_drop: false }`
[INFO] [stdout] da28eb71f48a2e0912d81e69a0624e342ad9de0edcc5f4109b834b21ba4d4e77
[INFO] running `Command { std: "docker" "start" "-a" "da28eb71f48a2e0912d81e69a0624e342ad9de0edcc5f4109b834b21ba4d4e77", kill_on_drop: false }`
[INFO] [stderr]    Compiling ray_tracing v0.1.0 (/opt/rustwide/workdir)
[INFO] [stdout] warning: associated items `new`, `origin`, `direction`, and `at` are never used
[INFO] [stdout]   --> src/ray.rs:9:18
[INFO] [stdout]    |
[INFO] [stdout] 8  | impl Ray {
[INFO] [stdout]    | -------- associated items in this implementation
[INFO] [stdout] 9  |     pub const fn new(origin: Vec3, direction: Vec3) -> Self {
[INFO] [stdout]    |                  ^^^
[INFO] [stdout] ...
[INFO] [stdout] 12 |     pub const fn origin(&self) -> Vec3 {
[INFO] [stdout]    |                  ^^^^^^
[INFO] [stdout] ...
[INFO] [stdout] 15 |     pub const fn direction(&self) -> Vec3 {
[INFO] [stdout]    |                  ^^^^^^^^^
[INFO] [stdout] ...
[INFO] [stdout] 19 |     pub fn at(&self, t: f64) -> Vec3 {
[INFO] [stdout]    |            ^^
[INFO] [stdout]    |
[INFO] [stdout]    = note: `#[warn(dead_code)]` on by default
[INFO] [stdout] 
[INFO] [stdout] 
[INFO] [stderr]     Finished `test` profile [unoptimized + debuginfo] target(s) in 0.48s
[INFO] running `Command { std: "docker" "inspect" "da28eb71f48a2e0912d81e69a0624e342ad9de0edcc5f4109b834b21ba4d4e77", kill_on_drop: false }`
[INFO] running `Command { std: "docker" "rm" "-f" "da28eb71f48a2e0912d81e69a0624e342ad9de0edcc5f4109b834b21ba4d4e77", kill_on_drop: false }`
[INFO] [stdout] da28eb71f48a2e0912d81e69a0624e342ad9de0edcc5f4109b834b21ba4d4e77
[INFO] running `Command { std: "docker" "create" "-v" "/var/lib/crater-agent-workspace/builds/worker-7-tc1/target:/opt/rustwide/target:rw,Z" "-v" "/var/lib/crater-agent-workspace/builds/worker-7-tc1/source:/opt/rustwide/workdir:ro,Z" "-v" "/var/lib/crater-agent-workspace/cargo-home:/opt/rustwide/cargo-home:ro,Z" "-v" "/var/lib/crater-agent-workspace/rustup-home:/opt/rustwide/rustup-home:ro,Z" "-e" "SOURCE_DIR=/opt/rustwide/workdir" "-e" "CARGO_TARGET_DIR=/opt/rustwide/target" "-e" "CARGO_INCREMENTAL=0" "-e" "RUST_BACKTRACE=full" "-e" "RUSTFLAGS=--cap-lints=forbid" "-e" "RUSTDOCFLAGS=--cap-lints=forbid" "-e" "CARGO_HOME=/opt/rustwide/cargo-home" "-e" "RUSTUP_HOME=/opt/rustwide/rustup-home" "-w" "/opt/rustwide/workdir" "-m" "1610612736" "--user" "0:0" "--network" "none" "ghcr.io/rust-lang/crates-build-env/linux@sha256:819108c5571ea2e421544af4d832f968d213c87fbe3707a016657f43d2f853bc" "/opt/rustwide/cargo-home/bin/cargo" "+nightly-2025-01-18" "test" "--frozen", kill_on_drop: false }`
[INFO] [stdout] 93871cd4cc399d875491f4e8e9f4bd77cd753e31e9e84c74a0c45271eb9c4702
[INFO] running `Command { std: "docker" "start" "-a" "93871cd4cc399d875491f4e8e9f4bd77cd753e31e9e84c74a0c45271eb9c4702", kill_on_drop: false }`
[INFO] [stderr] warning: associated items `new`, `origin`, `direction`, and `at` are never used
[INFO] [stderr]   --> src/ray.rs:9:18
[INFO] [stderr]    |
[INFO] [stderr] 8  | impl Ray {
[INFO] [stderr]    | -------- associated items in this implementation
[INFO] [stderr] 9  |     pub const fn new(origin: Vec3, direction: Vec3) -> Self {
[INFO] [stderr]    |                  ^^^
[INFO] [stderr] ...
[INFO] [stderr] 12 |     pub const fn origin(&self) -> Vec3 {
[INFO] [stderr]    |                  ^^^^^^
[INFO] [stderr] ...
[INFO] [stderr] 15 |     pub const fn direction(&self) -> Vec3 {
[INFO] [stderr]    |                  ^^^^^^^^^
[INFO] [stderr] ...
[INFO] [stderr] 19 |     pub fn at(&self, t: f64) -> Vec3 {
[INFO] [stderr]    |            ^^
[INFO] [stderr]    |
[INFO] [stderr]    = note: `#[warn(dead_code)]` on by default
[INFO] [stderr] 
[INFO] [stderr] warning: `ray_tracing` (bin "ray_tracing" test) generated 1 warning
[INFO] [stderr]     Finished `test` profile [unoptimized + debuginfo] target(s) in 0.03s
[INFO] [stderr]      Running unittests src/main.rs (/opt/rustwide/target/debug/deps/ray_tracing-239932d2ee20577f)
[INFO] [stdout] 
[INFO] [stdout] running 1 test
[INFO] [stdout] test ppm::save_red_green_gradient_ppm ... FAILED
[INFO] [stdout] 
[INFO] [stdout] failures:
[INFO] [stdout] 
[INFO] [stdout] ---- ppm::save_red_green_gradient_ppm stdout ----
[INFO] [stdout] generating 256x256 red green gradient
[INFO] [stdout] Lines remaining: 
[INFO] [stdout] 
[K256
[K255
[K254
[K253
[K252
[K251
[K250
[K249
[K248
[K247
[K246
[K245
[K244
[K243
[K242
[K241
[K240
[K239
[K238
[K237
[K236
[K235
[K234
[K233
[K232
[K231
[K230
[K229
[K228
[K227
[K226
[K225
[K224
[K223
[K222
[K221
[K220
[K219
[K218
[K217
[K216
[K215
[K214
[K213
[K212
[K211
[K210
[K209
[K208
[K207
[K206
[K205
[K204
[K203
[K202
[K201
[K200
[K199
[K198
[K197
[K196
[K195
[K194
[K193
[K192
[K191
[K190
[K189
[K188
[K187
[K186
[K185
[K184
[K183
[K182
[K181
[K180
[K179
[K178
[K177
[K176
[K175
[K174
[K173
[K172
[K171
[K170
[K169
[K168
[K167
[K166
[K165
[K164
[K163
[K162
[K161
[K160
[K159
[K158
[K157
[K156
[K155
[K154
[K153
[K152
[K151
[K150
[K149
[K148
[K147
[K146
[K145
[K144
[K143
[K142
[K141
[K140
[K139
[K138
[K137
[K136
[K135
[K134
[K133
[K132
[K131
[K130
[K129
[K128
[K127
[K126
[K125
[K124
[K123
[K122
[K121
[K120
[K119
[K118
[K117
[K116
[K115
[K114
[K113
[K112
[K111
[K110
[K109
[K108
[K107
[K106
[K105
[K104
[K103
[K102
[K101
[K100
[K99
[K98
[K97
[K96
[K95
[K94
[K93
[K92
[K91
[K90
[K89
[K88
[K87
[K86
[K85
[K84
[K83
[K82
[K81
[K80
[K79
[K78
[K77
[K76
[K75
[K74
[K73
[K72
[K71
[K70
[K69
[K68
[K67
[K66
[K65
[K64
[K63
[K62
[K61
[K60
[K59
[K58
[K57
[K56
[K55
[K54
[K53
[K52
[K51
[K50
[K49
[K48
[K47
[K46
[K45
[K44
[K43
[K42
[K41
[K40
[K39
[K38
[K37
[K36
[K35
[K34
[K33
[K32
[K31
[K30
[K29
[K28
[K27
[K26
[K25
[K24
[K23
[K22
[K21
[K20
[K19
[K18
[K17
[K16
[K15
[K14
[K13
[K12
[K11
[K10
[K9
[K8
[K7
[K6
[K5
[K4
[K3
[K2
[K1
[K0
[INFO] [stdout] saving gradient
[INFO] [stdout] 
[INFO] [stdout] thread 'ppm::save_red_green_gradient_ppm' panicked at src/ppm.rs:53:10:
[INFO] [stdout] called `Result::unwrap()` on an `Err` value: Os { code: 30, kind: ReadOnlyFilesystem, message: "Read-only file system" }
[INFO] [stdout] stack backtrace:
[INFO] [stdout]    0:     0x60240cb9eaaa - std::backtrace_rs::backtrace::libunwind::trace::hb059275cfc8d6126
[INFO] [stdout]                                at /rustc/6067b36314ab5eb2eb47cecc464545ba58e1ad24/library/std/src/../../backtrace/src/backtrace/libunwind.rs:116:5
[INFO] [stdout]    1:     0x60240cb9eaaa - std::backtrace_rs::backtrace::trace_unsynchronized::h2da071e4327ce3ee
[INFO] [stdout]                                at /rustc/6067b36314ab5eb2eb47cecc464545ba58e1ad24/library/std/src/../../backtrace/src/backtrace/mod.rs:66:5
[INFO] [stdout]    2:     0x60240cb9eaaa - std::sys::backtrace::_print_fmt::h842a1474e6f8d23f
[INFO] [stdout]                                at /rustc/6067b36314ab5eb2eb47cecc464545ba58e1ad24/library/std/src/sys/backtrace.rs:66:9
[INFO] [stdout]    3:     0x60240cb9eaaa - <std::sys::backtrace::BacktraceLock::print::DisplayBacktrace as core::fmt::Display>::fmt::h71a62eb3b9696b12
[INFO] [stdout]                                at /rustc/6067b36314ab5eb2eb47cecc464545ba58e1ad24/library/std/src/sys/backtrace.rs:39:26
[INFO] [stdout]    4:     0x60240cbc6043 - core::fmt::rt::Argument::fmt::hdb6b616786b41dc1
[INFO] [stdout]                                at /rustc/6067b36314ab5eb2eb47cecc464545ba58e1ad24/library/core/src/fmt/rt.rs:177:76
[INFO] [stdout]    5:     0x60240cbc6043 - core::fmt::write::h2cc1698af7e2d686
[INFO] [stdout]                                at /rustc/6067b36314ab5eb2eb47cecc464545ba58e1ad24/library/core/src/fmt/mod.rs:1440:21
[INFO] [stdout]    6:     0x60240cb9b603 - std::io::Write::write_fmt::hab1b4cd059a79022
[INFO] [stdout]                                at /rustc/6067b36314ab5eb2eb47cecc464545ba58e1ad24/library/std/src/io/mod.rs:1887:15
[INFO] [stdout]    7:     0x60240cb9e8f2 - std::sys::backtrace::BacktraceLock::print::h147fe35b4ea13b08
[INFO] [stdout]                                at /rustc/6067b36314ab5eb2eb47cecc464545ba58e1ad24/library/std/src/sys/backtrace.rs:42:9
[INFO] [stdout]    8:     0x60240cb9fecf - std::panicking::default_hook::{{closure}}::hbd44223dbdc0d208
[INFO] [stdout]                                at /rustc/6067b36314ab5eb2eb47cecc464545ba58e1ad24/library/std/src/panicking.rs:298:22
[INFO] [stdout]    9:     0x60240cb9fce8 - std::panicking::default_hook::h20f81eb0576efcec
[INFO] [stdout]                                at /rustc/6067b36314ab5eb2eb47cecc464545ba58e1ad24/library/std/src/panicking.rs:322:9
[INFO] [stdout]   10:     0x60240cb68b03 - <alloc::boxed::Box<F,A> as core::ops::function::Fn<Args>>::call::hdb53814c496a4d34
[INFO] [stdout]                                at /rustc/6067b36314ab5eb2eb47cecc464545ba58e1ad24/library/alloc/src/boxed.rs:2027:9
[INFO] [stdout]   11:     0x60240cb68b03 - test::test_main::{{closure}}::hc0a4963c59427c24
[INFO] [stdout]                                at /rustc/6067b36314ab5eb2eb47cecc464545ba58e1ad24/library/test/src/lib.rs:134:21
[INFO] [stdout]   12:     0x60240cba09c3 - <alloc::boxed::Box<F,A> as core::ops::function::Fn<Args>>::call::h591b2225413a77e9
[INFO] [stdout]                                at /rustc/6067b36314ab5eb2eb47cecc464545ba58e1ad24/library/alloc/src/boxed.rs:2027:9
[INFO] [stdout]   13:     0x60240cba09c3 - std::panicking::rust_panic_with_hook::h625eea43051b2edc
[INFO] [stdout]                                at /rustc/6067b36314ab5eb2eb47cecc464545ba58e1ad24/library/std/src/panicking.rs:839:13
[INFO] [stdout]   14:     0x60240cba067a - std::panicking::begin_panic_handler::{{closure}}::h4f9159cfbc3f6bd3
[INFO] [stdout]                                at /rustc/6067b36314ab5eb2eb47cecc464545ba58e1ad24/library/std/src/panicking.rs:704:13
[INFO] [stdout]   15:     0x60240cb9efa9 - std::sys::backtrace::__rust_end_short_backtrace::h0390abce48353151
[INFO] [stdout]                                at /rustc/6067b36314ab5eb2eb47cecc464545ba58e1ad24/library/std/src/sys/backtrace.rs:168:18
[INFO] [stdout]   16:     0x60240cba030d - rust_begin_unwind
[INFO] [stdout]                                at /rustc/6067b36314ab5eb2eb47cecc464545ba58e1ad24/library/std/src/panicking.rs:695:5
[INFO] [stdout]   17:     0x60240cbc4af0 - core::panicking::panic_fmt::h9e7c637e9e5f29c9
[INFO] [stdout]                                at /rustc/6067b36314ab5eb2eb47cecc464545ba58e1ad24/library/core/src/panicking.rs:75:14
[INFO] [stdout]   18:     0x60240cbc4e96 - core::result::unwrap_failed::h7979f09313fe1849
[INFO] [stdout]                                at /rustc/6067b36314ab5eb2eb47cecc464545ba58e1ad24/library/core/src/result.rs:1704:5
[INFO] [stdout]   19:     0x60240cb2e7cd - core::result::Result<T,E>::unwrap::h6fdea6e7fe74b3ab
[INFO] [stdout]                                at /rustc/6067b36314ab5eb2eb47cecc464545ba58e1ad24/library/core/src/result.rs:1109:23
[INFO] [stdout]   20:     0x60240cb2e7cd - ray_tracing::ppm::save_red_green_gradient_ppm::h15001317662d4292
[INFO] [stdout]                                at /opt/rustwide/workdir/src/ppm.rs:48:5
[INFO] [stdout]   21:     0x60240cb2e477 - ray_tracing::ppm::save_red_green_gradient_ppm::{{closure}}::he68ce3c1197ba4c6
[INFO] [stdout]                                at /opt/rustwide/workdir/src/ppm.rs:32:33
[INFO] [stdout]   22:     0x60240cb2c556 - core::ops::function::FnOnce::call_once::h5d524272453b616b
[INFO] [stdout]                                at /rustc/6067b36314ab5eb2eb47cecc464545ba58e1ad24/library/core/src/ops/function.rs:250:5
[INFO] [stdout]   23:     0x60240cb6e25b - core::ops::function::FnOnce::call_once::he27718dfdd183f43
[INFO] [stdout]                                at /rustc/6067b36314ab5eb2eb47cecc464545ba58e1ad24/library/core/src/ops/function.rs:250:5
[INFO] [stdout]   24:     0x60240cb6e25b - test::__rust_begin_short_backtrace::h4e84902998457a5d
[INFO] [stdout]                                at /rustc/6067b36314ab5eb2eb47cecc464545ba58e1ad24/library/test/src/lib.rs:632:18
[INFO] [stdout]   25:     0x60240cb6d193 - test::run_test_in_process::{{closure}}::h7176fd18fc1feca0
[INFO] [stdout]                                at /rustc/6067b36314ab5eb2eb47cecc464545ba58e1ad24/library/test/src/lib.rs:655:60
[INFO] [stdout]   26:     0x60240cb6d193 - <core::panic::unwind_safe::AssertUnwindSafe<F> as core::ops::function::FnOnce<()>>::call_once::hf79cff2a624d8cf7
[INFO] [stdout]                                at /rustc/6067b36314ab5eb2eb47cecc464545ba58e1ad24/library/core/src/panic/unwind_safe.rs:272:9
[INFO] [stdout]   27:     0x60240cb6d193 - std::panicking::try::do_call::h3da0561d9ab99c25
[INFO] [stdout]                                at /rustc/6067b36314ab5eb2eb47cecc464545ba58e1ad24/library/std/src/panicking.rs:587:40
[INFO] [stdout]   28:     0x60240cb6d193 - std::panicking::try::h41c9fa508bc61df6
[INFO] [stdout]                                at /rustc/6067b36314ab5eb2eb47cecc464545ba58e1ad24/library/std/src/panicking.rs:550:19
[INFO] [stdout]   29:     0x60240cb6d193 - std::panic::catch_unwind::h6b3ff07bb5afad93
[INFO] [stdout]                                at /rustc/6067b36314ab5eb2eb47cecc464545ba58e1ad24/library/std/src/panic.rs:358:14
[INFO] [stdout]   30:     0x60240cb6d193 - test::run_test_in_process::hc7253dd11b39b9f4
[INFO] [stdout]                                at /rustc/6067b36314ab5eb2eb47cecc464545ba58e1ad24/library/test/src/lib.rs:655:27
[INFO] [stdout]   31:     0x60240cb6d193 - test::run_test::{{closure}}::hfb2007f8649c30bb
[INFO] [stdout]                                at /rustc/6067b36314ab5eb2eb47cecc464545ba58e1ad24/library/test/src/lib.rs:576:43
[INFO] [stdout]   32:     0x60240cb30275 - test::run_test::{{closure}}::h56a17aa7a282a9f4
[INFO] [stdout]                                at /rustc/6067b36314ab5eb2eb47cecc464545ba58e1ad24/library/test/src/lib.rs:606:41
[INFO] [stdout]   33:     0x60240cb30275 - std::sys::backtrace::__rust_begin_short_backtrace::hd2d2d2fb8e8c6aac
[INFO] [stdout]                                at /rustc/6067b36314ab5eb2eb47cecc464545ba58e1ad24/library/std/src/sys/backtrace.rs:152:18
[INFO] [stdout]   34:     0x60240cb33b5a - std::thread::Builder::spawn_unchecked_::{{closure}}::{{closure}}::h4faa3f9db6133423
[INFO] [stdout]                                at /rustc/6067b36314ab5eb2eb47cecc464545ba58e1ad24/library/std/src/thread/mod.rs:559:17
[INFO] [stdout]   35:     0x60240cb33b5a - <core::panic::unwind_safe::AssertUnwindSafe<F> as core::ops::function::FnOnce<()>>::call_once::hf2e855a36a4ea846
[INFO] [stdout]                                at /rustc/6067b36314ab5eb2eb47cecc464545ba58e1ad24/library/core/src/panic/unwind_safe.rs:272:9
[INFO] [stdout]   36:     0x60240cb33b5a - std::panicking::try::do_call::h2f73af3616c35465
[INFO] [stdout]                                at /rustc/6067b36314ab5eb2eb47cecc464545ba58e1ad24/library/std/src/panicking.rs:587:40
[INFO] [stdout]   37:     0x60240cb33b5a - std::panicking::try::hd1660ce9efadef5a
[INFO] [stdout]                                at /rustc/6067b36314ab5eb2eb47cecc464545ba58e1ad24/library/std/src/panicking.rs:550:19
[INFO] [stdout]   38:     0x60240cb33b5a - std::panic::catch_unwind::h5ee8d7823b8ca744
[INFO] [stdout]                                at /rustc/6067b36314ab5eb2eb47cecc464545ba58e1ad24/library/std/src/panic.rs:358:14
[INFO] [stdout]   39:     0x60240cb33b5a - std::thread::Builder::spawn_unchecked_::{{closure}}::h53c3a1894dce8407
[INFO] [stdout]                                at /rustc/6067b36314ab5eb2eb47cecc464545ba58e1ad24/library/std/src/thread/mod.rs:557:30
[INFO] [stdout]   40:     0x60240cb33b5a - core::ops::function::FnOnce::call_once{{vtable.shim}}::h048ce291ad4f62bf
[INFO] [stdout]                                at /rustc/6067b36314ab5eb2eb47cecc464545ba58e1ad24/library/core/src/ops/function.rs:250:5
[INFO] [stdout]   41:     0x60240cba490b - <alloc::boxed::Box<F,A> as core::ops::function::FnOnce<Args>>::call_once::ha52bedf99a3b4981
[INFO] [stdout]                                at /rustc/6067b36314ab5eb2eb47cecc464545ba58e1ad24/library/alloc/src/boxed.rs:2013:9
[INFO] [stdout]   42:     0x60240cba490b - <alloc::boxed::Box<F,A> as core::ops::function::FnOnce<Args>>::call_once::h567748934d80ccf8
[INFO] [stdout]                                at /rustc/6067b36314ab5eb2eb47cecc464545ba58e1ad24/library/alloc/src/boxed.rs:2013:9
[INFO] [stdout]   43:     0x60240cba490b - std::sys::pal::unix::thread::Thread::new::thread_start::h2d970728ae887adc
[INFO] [stdout]                                at /rustc/6067b36314ab5eb2eb47cecc464545ba58e1ad24/library/std/src/sys/pal/unix/thread.rs:106:17
[INFO] [stdout]   44:     0x78afae811ac3 - <unknown>
[INFO] [stdout]   45:     0x78afae8a2a04 - clone
[INFO] [stdout]   46:                0x0 - <unknown>
[INFO] [stdout] 
[INFO] [stdout] 
[INFO] [stdout] failures:
[INFO] [stdout]     ppm::save_red_green_gradient_ppm
[INFO] [stdout] 
[INFO] [stdout] test result: FAILED. 0 passed; 1 failed; 0 ignored; 0 measured; 0 filtered out; finished in 0.06s
[INFO] [stdout] 
[INFO] [stderr] error: test failed, to rerun pass `--bin ray_tracing`
[INFO] running `Command { std: "docker" "inspect" "93871cd4cc399d875491f4e8e9f4bd77cd753e31e9e84c74a0c45271eb9c4702", kill_on_drop: false }`
[INFO] running `Command { std: "docker" "rm" "-f" "93871cd4cc399d875491f4e8e9f4bd77cd753e31e9e84c74a0c45271eb9c4702", kill_on_drop: false }`
[INFO] [stdout] 93871cd4cc399d875491f4e8e9f4bd77cd753e31e9e84c74a0c45271eb9c4702
